
--
-- Table structure for table `publications`
--

CREATE TABLE `publications` (
  `publication_id` bigint NOT NULL AUTO_INCREMENT,
  `access_status` bigint DEFAULT '0',
  `date_published` date DEFAULT NULL,
  `last_modified` datetime DEFAULT NULL,
  `primary_contact_id` bigint DEFAULT NULL,
  `section_id` bigint DEFAULT NULL,
  `seq` double NOT NULL DEFAULT '0',
  `submission_id` bigint NOT NULL,
  `status` tinyint NOT NULL DEFAULT '1',
  `url_path` varchar(64) DEFAULT NULL,
  `version` bigint DEFAULT NULL,
  PRIMARY KEY (`publication_id`),
  KEY `publications_submission_id` (`submission_id`),
  KEY `publications_section_id` (`section_id`),
  KEY `publications_url_path` (`url_path`)
) ENGINE=InnoDB AUTO_INCREMENT=765 DEFAULT CHARSET=utf8mb4 COLLATE=utf8mb4_general_ci;

--
-- Dumping data for table `publications`
--

INSERT INTO `publications` VALUES (1,0,'2016-08-01','2020-06-12 15:30:36',NULL,7,1,4,3,NULL,1),(2,0,'2016-11-28','2018-07-24 14:00:00',9,2,1,6,3,NULL,1),(3,0,'2016-11-28','2018-07-24 14:01:33',11,2,2,7,3,NULL,1),(4,0,'2016-11-28','2018-07-24 14:01:01',13,2,3,8,3,'Globaliure2016',1),(5,0,'2016-11-28','2018-07-24 13:56:17',15,2,4,9,3,NULL,1),(6,0,'2016-11-28','2018-07-24 13:53:58',18,2,5,10,3,NULL,1),(7,0,'2016-11-28','2018-07-24 13:57:00',20,2,6,11,3,NULL,1),(8,0,'2016-11-28','2018-07-24 13:55:03',22,2,7,12,3,NULL,1),(9,0,'2016-11-28','2018-07-24 13:58:12',24,2,8,13,3,NULL,1),(10,0,'2016-11-28','2018-07-24 13:59:02',26,2,9,14,3,NULL,1),(11,0,'2016-11-28','2018-07-24 14:06:36',28,10,1,15,3,'',1),(12,0,'2016-11-28','2018-07-24 14:07:21',31,10,2,16,3,NULL,1),(13,0,'2016-11-28','2018-07-24 14:08:07',33,10,3,17,3,NULL,1),(14,0,'2016-06-06','2020-06-05 15:56:02',NULL,7,1,18,3,NULL,1),(15,0,'2017-10-30','2019-03-20 15:16:43',69,13,1,22,3,NULL,1),(16,0,'2017-10-30','2018-07-30 16:37:55',NULL,30,1,23,3,NULL,1),(17,0,'2017-10-30','2018-07-30 16:39:38',NULL,31,1,24,3,NULL,1),(18,0,'2017-10-30','2018-07-30 16:41:37',NULL,31,2,25,3,NULL,1),(19,0,'2017-10-30','2018-07-30 16:44:28',NULL,31,3,26,3,NULL,1),(20,0,'2017-10-30','2018-07-30 16:16:18',53,12,1,28,3,NULL,1),(21,0,'2017-10-30','2018-07-30 16:46:36',NULL,31,4,29,3,NULL,1),(22,0,'2017-10-30','2018-07-30 16:21:57',59,12,2,30,3,NULL,1),(23,0,'2017-10-30','2018-07-30 16:28:05',61,12,3,31,3,NULL,1),(24,0,'2017-10-30','2018-07-30 16:35:14',65,12,4,32,3,NULL,1),(25,0,'2017-10-30','2018-07-30 17:21:11',67,31,5,33,3,NULL,1),(26,0,'2016-10-24','2019-03-20 15:17:36',NULL,13,1,34,3,NULL,1),(27,0,'2016-10-24','2018-07-30 15:38:31',73,12,3,35,3,NULL,1),(28,0,'2016-10-24','2018-07-30 20:48:13',77,31,1,36,3,NULL,1),(29,0,'2016-10-24','2018-07-30 20:51:21',79,31,2,37,3,NULL,1),(30,0,'2016-10-24','2018-07-30 20:43:00',83,30,1,38,3,NULL,1),(31,0,'2016-10-24','2018-07-30 20:54:03',85,31,3,39,3,NULL,1),(32,0,'2016-10-24','2018-07-30 20:45:50',88,30,2,40,3,NULL,1),(33,0,'2016-10-24','2018-07-30 20:58:04',90,31,4,41,3,NULL,1),(34,0,'2016-10-24','2018-07-30 20:19:48',92,12,1,42,3,NULL,1),(35,0,'2016-10-24','2018-07-30 20:36:07',96,12,2,43,3,NULL,1),(36,0,'2016-08-01','2020-06-12 15:41:02',NULL,3,2,44,3,NULL,1),(37,0,'2016-08-01','2020-06-12 15:36:12',NULL,3,1,45,3,NULL,1),(38,0,'2016-08-01','2020-06-12 15:55:46',NULL,4,4,46,3,NULL,1),(39,0,'2016-08-01','2020-06-12 15:48:04',NULL,4,3,47,3,NULL,1),(40,0,'2016-08-01','2020-06-12 15:45:53',NULL,4,2,48,3,NULL,1),(41,0,'2016-08-01','2020-06-12 15:43:24',NULL,4,1,49,3,NULL,1),(42,0,'2016-08-01','2020-06-12 15:56:10',NULL,6,1,50,3,NULL,1),(43,0,'2016-05-24','2018-07-24 15:56:14',NULL,17,1,51,3,NULL,1),(44,0,'2016-04-22','2018-07-24 15:56:14',NULL,18,1,52,3,NULL,1),(45,0,'2016-04-20','2018-07-24 15:56:15',NULL,18,2,53,3,NULL,1),(46,0,'2016-04-22','2018-07-24 15:56:14',NULL,19,1,54,3,NULL,1),(47,0,'2017-07-25','2018-07-25 13:05:47',NULL,20,1,55,3,NULL,1),(48,0,'2017-07-13','2020-07-01 13:25:29',NULL,21,1,56,3,NULL,1),(49,0,'2016-11-12','2020-07-01 13:15:49',NULL,21,2,57,3,NULL,1),(50,0,'2016-10-31','2020-07-01 13:40:11',NULL,21,3,58,3,NULL,1),(51,0,'2016-09-29','2020-07-01 13:46:30',NULL,21,4,59,3,NULL,1),(52,0,'2016-10-10','2020-07-01 15:07:20',NULL,21,5,60,3,NULL,1),(53,0,'2016-11-11','2020-07-01 16:03:59',NULL,22,1,61,3,NULL,1),(54,0,'2016-12-16','2020-07-01 16:49:49',NULL,22,2,62,3,NULL,1),(55,0,'2016-11-13','2020-07-01 15:41:11',NULL,21,6,63,3,NULL,1),(56,0,'2016-10-18','2020-07-01 15:55:22',NULL,21,7,64,3,NULL,1),(57,0,'2016-09-21','2020-07-01 19:16:30',NULL,22,3,65,3,NULL,1),(58,0,'2016-11-28','2018-07-24 23:43:58',165,8,1,67,3,'',1),(59,0,'2017-11-27','2018-07-25 21:58:41',166,27,1,68,3,NULL,1),(60,0,'2017-11-27','2022-06-17 09:39:14',168,26,1,69,3,NULL,1),(61,0,'2017-11-27','2022-06-17 09:19:30',170,16,1,70,3,NULL,1),(62,0,'2017-11-27','2022-06-17 09:18:30',172,16,2,71,3,NULL,1),(63,0,NULL,'2018-12-05 16:44:47',NULL,27,0,72,1,NULL,1),(64,0,'2017-11-27','2022-06-17 09:48:24',177,26,2,73,3,NULL,1),(65,0,'2017-11-27','2022-06-17 09:49:44',180,26,3,74,3,NULL,1),(66,0,'2017-11-27','2022-06-17 09:27:25',NULL,25,1,75,3,NULL,1),(67,0,'2017-11-27','2022-06-17 09:28:14',185,25,2,76,3,NULL,1),(68,0,'2017-11-27','2022-06-17 09:21:45',187,16,3,77,3,NULL,1),(69,0,'2017-11-27','2022-06-17 09:29:26',190,25,3,78,3,'',1),(70,0,'2018-07-25','2022-06-17 09:34:24',193,25,4,79,3,NULL,1),(71,0,'2017-11-27','2022-06-17 09:22:54',195,16,4,80,3,NULL,1),(72,0,'2017-11-27','2022-06-17 09:23:45',197,16,5,81,3,NULL,1),(73,0,'2016-06-06','2020-06-12 15:26:13',NULL,5,1,84,3,NULL,1),(74,0,'2016-06-06','2020-06-12 15:23:42',NULL,3,1,85,3,NULL,1),(75,0,'2016-06-06','2020-06-12 15:24:38',NULL,3,2,86,3,NULL,1),(76,0,'2016-06-06','2020-06-12 15:27:15',NULL,4,1,87,3,NULL,1),(77,0,'2016-06-06','2020-06-12 15:26:44',NULL,28,1,88,3,NULL,1),(78,0,'2016-06-06','2020-06-12 15:25:13',NULL,3,3,89,3,NULL,1),(79,0,'2016-06-06','2020-06-12 15:29:37',NULL,6,1,90,3,NULL,1),(80,0,'2015-12-10','2018-07-26 17:01:09',NULL,7,1,91,3,NULL,1),(81,0,'2015-04-15','2020-06-12 15:10:26',224,4,1,92,3,NULL,1),(82,0,'2015-05-22','2020-06-12 15:09:25',NULL,3,1,93,3,NULL,1),(83,0,'2015-05-25','2020-06-12 15:11:05',NULL,4,2,94,3,NULL,1),(84,0,'2015-05-12','2020-06-12 15:14:43',NULL,4,3,95,3,NULL,1),(85,0,'2015-04-10','2020-06-12 15:16:48',NULL,4,4,96,3,NULL,1),(86,0,'2015-05-20','2020-06-12 15:17:27',NULL,4,5,97,3,NULL,1),(87,0,'2015-04-20','2020-06-12 15:17:55',NULL,6,1,98,3,NULL,1),(88,0,'2015-11-30','2024-03-26 10:00:03',241,27,1,99,3,NULL,1),(89,0,'2015-06-10','2020-06-12 02:36:56',NULL,7,1,100,3,NULL,1),(90,0,'2015-11-30','2024-03-26 10:00:03',243,26,1,101,3,NULL,1),(91,0,'2015-03-02','2020-06-12 02:37:53',NULL,3,1,102,3,NULL,1),(92,0,'2015-02-18','2020-06-12 02:39:32',NULL,3,2,103,3,NULL,1),(93,0,'2015-11-30','2024-03-26 10:00:02',253,25,1,104,3,NULL,1),(94,0,'2015-11-30','2024-03-26 10:00:02',NULL,25,2,105,3,NULL,1),(95,0,'2015-03-25','2020-06-12 02:45:56',NULL,4,1,106,3,NULL,1),(96,0,'2015-11-30','2024-03-26 10:00:01',260,26,2,107,3,NULL,1),(97,0,'2015-11-30','2024-03-26 10:00:01',263,25,3,108,3,NULL,1),(98,0,'2015-04-18','2020-06-12 02:56:43',NULL,28,1,109,3,NULL,1),(99,0,'2015-11-30','2024-03-26 09:59:59',269,16,1,110,3,NULL,1),(100,0,'2015-04-20','2020-06-12 02:53:32',NULL,4,2,111,3,NULL,1),(101,0,'2015-11-30','2024-03-26 09:59:59',273,26,3,112,3,NULL,1),(102,0,'2015-11-30','2024-03-26 09:59:58',277,26,4,113,3,NULL,1),(103,0,'2015-04-20','2020-06-12 02:57:58',NULL,6,1,114,3,NULL,1),(104,0,'2018-07-26','2024-03-26 09:59:58',282,26,5,115,3,NULL,1),(105,0,'2018-07-26','2024-03-26 09:59:57',286,16,2,116,3,NULL,1),(106,0,'2015-11-30','2024-03-26 09:59:57',289,25,4,117,3,NULL,1),(107,0,'2013-11-25','2024-03-26 09:54:22',291,27,1,118,3,NULL,1),(108,0,'2013-11-25','2024-03-26 09:54:21',293,16,1,119,3,'',1),(109,0,'2013-11-25','2024-03-26 09:54:20',298,26,1,120,3,NULL,1),(110,0,'2013-11-25','2024-03-26 09:54:19',302,26,2,121,3,NULL,1),(111,0,'2013-11-25','2024-03-26 09:54:18',306,26,3,122,3,NULL,1),(112,0,'2013-11-25','2024-03-26 09:54:17',310,26,4,123,3,NULL,1),(113,0,'2014-06-10','2018-07-27 21:04:18',NULL,7,1,124,3,NULL,1),(114,0,'2013-11-25','2024-03-26 09:54:16',316,25,1,125,3,NULL,1),(115,0,'2014-05-05','2018-07-27 21:04:18',NULL,3,1,126,3,NULL,1),(116,0,'2013-11-25','2024-03-26 09:54:15',322,29,1,127,3,NULL,1),(117,0,'2014-04-21','2018-07-27 21:04:19',NULL,3,2,128,3,NULL,1),(118,0,'2014-05-30','2018-07-27 21:04:19',NULL,3,3,129,3,NULL,1),(119,0,'2014-05-07','2018-07-27 21:04:18',NULL,4,1,130,3,NULL,1),(120,0,'2014-05-20','2018-07-27 21:04:19',NULL,4,2,131,3,NULL,1),(121,0,'2014-04-30','2018-07-27 21:04:19',NULL,3,4,132,3,NULL,1),(122,0,'2014-05-27','2018-07-27 21:04:19',NULL,6,1,133,3,NULL,1),(123,0,'2015-10-26','2019-03-20 15:18:12',338,13,1,134,3,NULL,1),(124,0,'2015-10-26','2018-07-31 14:11:44',342,12,1,135,3,NULL,1),(125,0,'2015-10-26','2018-07-31 14:11:45',344,12,2,136,3,NULL,1),(126,0,'2015-10-26','2018-07-31 14:11:46',347,12,3,137,3,NULL,1),(127,0,'2015-10-26','2018-07-31 14:11:44',351,31,1,138,3,NULL,1),(128,0,'2015-10-26','2018-07-31 14:11:47',353,12,4,139,3,NULL,1),(129,0,'2015-10-26','2018-07-31 14:11:45',355,30,1,140,3,NULL,1),(130,0,'2015-10-26','2018-07-31 14:11:47',357,12,5,141,3,NULL,1),(131,0,'2015-10-26','2018-07-31 14:11:45',361,30,2,142,3,NULL,1),(132,0,'2018-07-31','2018-07-31 14:11:46',364,31,2,143,3,NULL,1),(133,0,'2015-11-03','2018-08-01 17:08:09',NULL,20,1,144,3,NULL,1),(134,0,'2014-10-27','2019-03-20 15:18:54',368,13,1,145,3,NULL,1),(135,0,'2014-10-27','2018-07-31 20:30:41',372,31,1,146,3,NULL,1),(136,0,'2015-10-04','2018-08-01 17:08:09',NULL,21,1,147,3,NULL,1),(137,0,'2014-10-27','2018-07-31 20:30:41',378,12,1,148,3,NULL,1),(138,0,'2015-06-30','2018-08-01 17:08:10',NULL,21,2,149,3,NULL,1),(139,0,'2014-10-27','2018-07-31 20:30:42',381,31,2,150,3,NULL,1),(140,0,'2014-10-27','2018-07-31 20:30:42',388,12,2,151,3,NULL,1),(141,0,'2014-10-27','2018-07-31 20:30:42',390,12,3,152,3,NULL,1),(142,0,'2014-10-27','2018-07-31 20:30:43',394,12,4,153,3,NULL,1),(143,0,'2014-10-27','2018-07-31 20:30:43',398,31,3,154,3,NULL,1),(144,0,'2014-10-27','2018-07-31 20:30:43',400,31,4,155,3,NULL,1),(145,0,'2014-10-27','2018-07-31 20:30:44',403,12,5,156,3,NULL,1),(146,0,'2014-10-27','2018-07-31 20:30:44',407,31,5,157,3,NULL,1),(147,0,'2015-07-31','2018-08-01 17:08:10',NULL,23,1,158,3,NULL,1),(148,0,'2015-06-30','2018-08-01 17:08:11',NULL,21,3,159,3,NULL,1),(149,0,'2015-11-11','2018-08-01 17:08:11',NULL,23,2,160,3,NULL,1),(150,0,'2015-11-11','2018-08-01 17:08:11',NULL,23,3,161,3,NULL,1),(151,0,'2015-06-30','2018-08-01 17:08:10',NULL,22,1,162,3,NULL,1),(152,0,'2015-06-30','2018-08-01 17:08:11',NULL,21,4,163,3,NULL,1),(153,0,'2015-07-24','2018-08-01 17:08:12',NULL,21,5,164,3,NULL,1),(154,0,'2015-06-06','2018-08-01 17:08:12',NULL,23,4,165,3,NULL,1),(155,0,'2013-10-28','2019-03-20 15:20:25',427,13,1,166,3,NULL,1),(156,0,'2013-10-28','2018-08-01 15:56:22',430,12,1,167,3,NULL,1),(157,0,'2013-10-28','2018-08-01 16:15:52',433,31,1,168,3,NULL,1),(158,0,'2018-08-01','2018-08-01 16:54:27',439,12,2,169,3,NULL,1),(159,0,'2013-10-28','2018-08-01 17:03:39',445,30,1,170,3,NULL,1),(160,0,'2013-10-28','2018-09-21 14:20:46',447,30,5,171,3,NULL,1),(161,0,'2013-10-28','2018-08-01 17:21:24',449,31,2,172,3,NULL,1),(162,0,'2015-08-09','2018-08-02 13:16:09',NULL,20,1,173,3,NULL,1),(163,0,'2015-06-30','2018-08-02 13:16:09',NULL,22,1,174,3,NULL,1),(164,0,'2013-10-28','2018-08-01 17:27:59',454,12,3,175,3,NULL,1),(165,0,'2018-08-01','2018-08-01 17:32:44',457,30,2,176,3,NULL,1),(166,0,'2018-08-01','2018-08-01 19:15:04',460,31,3,177,3,NULL,1),(167,0,'2018-08-01','2018-08-01 19:20:18',462,30,3,178,3,NULL,1),(168,0,'2013-10-28','2018-08-01 19:44:15',465,12,4,179,3,NULL,1),(169,0,'2015-06-06','2018-08-02 13:16:10',NULL,22,2,180,3,NULL,1),(170,0,'2015-03-27','2018-08-02 13:16:09',NULL,21,1,181,3,NULL,1),(171,0,'2013-10-28','2018-08-01 19:52:11',474,12,5,182,3,NULL,1),(172,0,'2013-10-28','2018-08-01 20:06:18',476,30,4,183,3,NULL,1),(173,0,'2015-02-24','2018-08-02 13:16:09',NULL,23,1,184,3,NULL,1),(174,0,'2013-10-28','2018-08-01 20:18:51',481,34,1,185,3,NULL,1),(175,0,'2015-02-28','2018-08-02 13:16:10',NULL,23,2,186,3,NULL,1),(176,0,'2015-02-12','2018-08-02 13:16:11',NULL,21,2,187,3,NULL,1),(177,0,'2015-02-02','2018-08-02 13:16:11',NULL,23,3,188,3,NULL,1),(178,0,'2015-01-23','2018-08-02 13:16:11',NULL,23,4,189,3,NULL,1),(179,0,'2015-02-02','2018-08-02 13:16:11',NULL,22,3,190,3,NULL,1),(180,0,NULL,'2018-10-03 19:07:13',NULL,23,0,191,4,NULL,1),(181,0,'2012-10-22','2019-03-20 16:30:51',500,13,1,192,3,NULL,1),(182,0,'2012-10-22','2018-08-02 15:21:05',504,12,1,193,3,NULL,1),(183,0,'2012-10-22','2018-08-02 15:21:06',508,12,2,194,3,NULL,1),(184,0,'2012-10-22','2018-08-02 15:21:07',510,12,3,195,3,NULL,1),(185,0,'2012-10-22','2018-08-02 15:21:07',513,12,4,196,3,NULL,1),(186,0,'2012-10-22','2018-08-02 15:21:08',516,30,4,197,3,NULL,1),(187,0,'2018-08-02','2018-08-02 15:21:05',518,30,1,198,3,NULL,1),(188,0,'2012-10-22','2018-08-02 15:21:05',520,31,1,199,3,NULL,1),(189,0,'2012-10-22','2018-08-02 15:21:06',523,30,2,200,3,NULL,1),(190,0,'2012-10-22','2018-08-02 15:21:06',525,31,2,201,3,NULL,1),(191,0,'2012-10-22','2018-08-02 15:21:07',527,30,3,202,3,NULL,1),(192,0,'2012-10-22','2018-08-02 15:21:06',531,32,1,203,3,NULL,1),(193,0,'2012-10-22','2018-08-02 15:21:06',533,32,2,204,3,NULL,1),(194,0,'2014-10-02','2018-08-02 22:23:11',NULL,17,1,205,3,NULL,1),(195,0,'2014-09-07','2018-08-02 22:23:12',NULL,18,1,206,3,NULL,1),(196,0,'2014-09-07','2018-08-02 22:23:12',NULL,18,2,207,3,NULL,1),(197,0,'2014-12-25','2018-08-02 22:23:12',NULL,19,1,208,3,NULL,1),(198,0,'2014-07-22','2018-08-02 22:23:13',NULL,19,2,209,3,NULL,1),(199,0,'2014-12-22','2018-08-02 22:23:13',NULL,19,3,210,3,NULL,1),(200,0,'2011-10-24','2019-03-20 16:32:09',563,13,1,211,3,NULL,1),(201,0,'2011-10-24','2018-08-02 23:33:05',565,12,1,212,3,NULL,1),(202,0,'2011-10-24','2018-08-02 23:33:05',568,12,2,213,3,NULL,1),(203,0,'2011-10-24','2018-08-02 23:33:06',571,12,3,214,3,NULL,1),(204,0,'2011-10-24','2018-08-02 23:33:06',576,12,4,215,3,NULL,1),(205,0,'2011-10-24','2018-08-02 23:33:05',578,30,1,216,3,NULL,1),(206,0,'2011-10-24','2018-08-02 23:33:07',581,12,5,217,3,NULL,1),(207,0,'2011-10-24','2018-08-02 23:33:07',583,12,6,218,3,NULL,1),(208,0,'2011-10-24','2018-08-02 23:33:07',586,12,7,219,3,NULL,1),(209,0,'2011-10-24','2018-08-02 23:33:08',591,12,8,220,3,NULL,1),(210,0,'2011-10-24','2018-08-02 23:33:08',594,12,9,221,3,NULL,1),(211,0,'2011-10-24','2018-08-02 23:33:06',599,30,2,222,3,NULL,1),(212,0,'2014-06-06','2018-08-03 15:26:35',NULL,17,1,223,3,NULL,1),(213,0,'2014-06-08','2020-08-10 17:02:23',1551,19,1,224,3,NULL,1),(214,0,'2014-06-23','2018-08-03 15:26:35',NULL,19,2,225,3,NULL,1),(215,0,'2014-06-15','2018-08-03 15:26:36',NULL,19,3,226,3,NULL,1),(216,0,'2014-05-26','2018-08-03 15:26:35',NULL,18,1,227,3,NULL,1),(217,0,'2014-06-17','2018-08-03 15:26:37',NULL,19,4,228,3,NULL,1),(218,0,'2010-10-25','2019-03-20 16:34:18',616,13,1,229,3,NULL,1),(219,0,'2010-10-25','2019-03-20 16:44:33',NULL,31,1,230,3,NULL,1),(220,0,'2010-10-25','2019-03-20 16:35:08',620,12,1,231,3,NULL,1),(221,0,'2010-10-25','2019-03-20 16:41:04',622,30,1,232,3,NULL,1),(222,0,'2010-10-25','2019-03-20 16:36:07',624,12,2,233,3,NULL,1),(223,0,'2010-10-25','2019-03-20 16:42:20',626,30,2,234,3,NULL,1),(224,0,'2010-10-25','2019-03-20 16:43:10',628,30,3,235,3,NULL,1),(225,0,'2018-08-03','2019-03-20 20:45:28',630,12,4,236,3,NULL,1),(226,0,'2010-10-25','2019-03-20 16:38:38',635,12,3,237,3,NULL,1),(227,0,'2010-10-25','2019-03-20 16:43:51',637,30,4,238,3,NULL,1),(228,0,'2009-10-26','2019-03-20 16:45:26',639,13,1,239,3,NULL,1),(229,0,'2009-10-26','2019-03-20 16:47:32',641,12,1,240,3,NULL,1),(230,0,'2009-10-26','2019-03-20 16:48:22',643,12,2,241,3,NULL,1),(231,0,'2009-10-26','2019-03-20 16:52:36',645,30,1,242,3,NULL,1),(232,0,'2009-10-26','2019-03-20 16:49:02',649,12,3,243,3,NULL,1),(233,0,'2009-10-26','2019-03-20 16:53:10',651,30,2,244,3,NULL,1),(234,0,'2009-10-26','2019-03-20 16:53:49',654,30,3,245,3,NULL,1),(235,0,'2009-10-26','2019-03-20 16:49:37',660,12,4,246,3,NULL,1),(236,0,'2009-10-26','2019-03-20 16:50:19',663,12,5,247,3,NULL,1),(237,0,'2009-10-26','2019-03-20 16:54:36',665,30,4,248,3,NULL,1),(238,0,'2017-01-30','2020-06-05 16:04:45',NULL,7,1,249,3,NULL,1),(239,0,'2017-01-30','2020-06-05 16:04:55',NULL,3,1,250,3,NULL,1),(240,0,'2017-01-30','2020-06-05 16:05:12',NULL,3,2,251,3,NULL,1),(241,0,'2017-01-30','2020-06-05 16:05:20',NULL,3,3,252,3,NULL,1),(242,0,'2017-01-30','2020-06-05 16:06:03',NULL,3,4,253,3,NULL,1),(243,0,'2017-01-30','2020-06-05 16:06:13',NULL,3,5,254,3,NULL,1),(244,0,'2017-01-30','2020-06-05 16:06:21',NULL,4,1,255,3,NULL,1),(245,0,'2017-01-30','2020-06-05 16:04:36',NULL,6,1,256,3,NULL,1),(246,0,'2015-11-30','2018-08-27 19:06:18',691,8,1,258,3,NULL,1),(247,0,'2015-11-30','2018-08-27 19:06:19',NULL,2,1,259,3,NULL,1),(248,0,'2015-11-30','2018-08-27 19:06:19',695,2,2,260,3,NULL,1),(249,0,'2015-11-30','2018-08-27 19:06:19',697,2,3,261,3,NULL,1),(250,0,'2015-11-30','2018-08-27 19:06:20',699,2,4,262,3,NULL,1),(251,0,'2015-11-30','2018-08-27 19:06:20',702,2,5,263,3,NULL,1),(252,0,'2015-11-30','2018-08-27 19:06:21',704,2,6,264,3,NULL,1),(253,0,'2015-11-30','2018-08-27 19:06:19',706,10,1,265,3,NULL,1),(254,0,'2015-11-30','2018-08-27 19:06:19',708,10,2,266,3,NULL,1),(255,0,'2015-11-30','2018-08-27 19:06:20',710,10,3,267,3,NULL,1),(256,0,'2015-11-30','2018-08-27 19:06:20',712,10,4,268,3,NULL,1),(257,0,'2015-11-30','2018-08-27 19:06:21',714,10,5,269,3,NULL,1),(258,0,'2015-11-30','2018-08-27 19:06:21',716,10,6,270,3,NULL,1),(259,0,'2014-11-24','2018-08-27 20:58:16',718,8,1,271,3,NULL,1),(260,0,'2014-11-24','2018-08-27 20:58:17',720,2,1,272,3,NULL,1),(261,0,'2014-11-24','2018-08-27 20:58:17',723,2,2,273,3,NULL,1),(262,0,'2014-11-24','2018-08-27 20:58:18',725,2,3,274,3,NULL,1),(263,0,'2014-11-24','2018-08-27 20:58:19',727,2,4,275,3,NULL,1),(264,0,'2014-11-24','2018-08-27 20:58:19',729,2,5,276,3,NULL,1),(265,0,'2014-11-24','2018-08-27 20:58:20',731,2,6,277,3,NULL,1),(266,0,'2014-11-24','2018-08-27 20:58:17',733,10,1,278,3,NULL,1),(267,0,'2014-11-24','2018-08-27 20:58:18',735,10,2,279,3,NULL,1),(268,0,'2014-11-24','2018-08-27 20:58:18',737,10,3,280,3,NULL,1),(269,0,'2014-11-24','2018-08-27 20:58:19',739,10,4,281,3,NULL,1),(270,0,'2014-11-24','2018-08-27 20:58:20',741,10,5,282,3,NULL,1),(271,0,'2014-11-24','2018-08-27 20:58:17',743,11,1,283,3,NULL,1),(272,0,'2013-11-25','2018-08-27 22:06:29',745,8,1,284,3,NULL,1),(273,0,'2013-11-25','2018-10-22 22:09:01',747,2,2,285,3,NULL,1),(274,0,'2013-11-25','2018-10-22 22:13:10',749,2,1,286,3,NULL,1),(275,0,'2013-11-25','2018-08-27 22:06:30',751,10,1,287,3,NULL,1),(276,0,'2013-11-25','2018-08-27 22:06:30',753,10,2,288,3,NULL,1),(277,0,'2013-11-25','2018-08-27 22:06:31',755,10,3,289,3,NULL,1),(278,0,'2013-11-25','2018-08-27 22:06:31',757,10,4,290,3,NULL,1),(279,0,'2013-11-25','2018-08-27 22:06:31',759,10,5,291,3,NULL,1),(280,0,'2013-11-25','2018-08-27 22:06:30',761,11,1,292,3,NULL,1),(281,0,'2013-11-25','2018-08-27 22:06:30',763,11,2,293,3,NULL,1),(282,0,'2008-10-27','2019-03-20 19:17:43',766,13,1,295,3,NULL,1),(283,0,'2008-10-27','2019-03-20 19:20:03',768,12,1,296,3,NULL,1),(284,0,'2008-10-27','2019-03-20 19:22:13',770,12,2,297,3,NULL,1),(285,0,'2008-10-27','2019-03-20 19:30:32',772,30,1,298,3,NULL,1),(286,0,'2008-10-27','2019-03-20 19:23:49',774,12,3,299,3,NULL,1),(287,0,'2008-10-27','2019-03-20 19:25:43',777,12,4,300,3,NULL,1),(288,0,'2008-10-27','2019-03-20 19:31:28',780,30,2,301,3,NULL,1),(289,0,'2008-10-27','2019-03-20 19:26:41',782,12,5,302,3,NULL,1),(290,0,'2008-10-27','2019-03-20 19:27:43',785,12,6,303,3,NULL,1),(291,0,'2008-10-27','2019-03-20 19:28:24',787,12,7,304,3,NULL,1),(292,0,'2008-10-27','2019-03-20 19:32:15',793,30,3,305,3,NULL,1),(293,0,'2008-10-27','2019-03-20 19:32:56',795,30,4,306,3,NULL,1),(294,0,'2018-08-30','2019-03-20 19:29:24',799,12,8,307,3,NULL,1),(295,0,'2013-11-11','2018-08-31 21:46:57',803,17,1,308,3,NULL,1),(296,0,'2013-11-14','2018-09-03 21:08:57',NULL,36,1,309,3,NULL,1),(297,0,'2013-10-09','2018-08-31 21:46:57',NULL,36,2,310,3,NULL,1),(298,0,'2013-08-27','2018-08-31 21:46:58',NULL,36,3,311,3,NULL,1),(299,0,'2013-10-28','2018-08-31 21:46:58',NULL,36,4,312,3,NULL,1),(300,0,'2013-09-27','2018-08-31 21:46:57',NULL,37,1,313,3,NULL,1),(301,0,'2007-10-29','2019-03-20 19:34:26',820,13,1,314,3,NULL,1),(302,0,'2007-10-29','2019-03-20 19:48:21',822,30,2,315,3,NULL,1),(303,0,'2007-10-29','2019-03-20 19:44:52',825,30,1,316,3,NULL,1),(304,0,'2007-10-29','2019-03-20 19:49:09',827,30,3,317,3,NULL,1),(305,0,'2007-10-29','2019-03-20 19:35:24',829,12,1,318,3,NULL,1),(306,0,'2007-10-29','2019-03-20 19:36:13',836,12,2,319,3,NULL,1),(307,0,'2007-10-29','2019-03-20 19:37:58',838,12,3,320,3,NULL,1),(308,0,'2007-10-29','2019-03-20 19:40:37',840,12,4,321,3,NULL,1),(309,0,'2007-10-29','2019-03-20 19:42:06',842,12,5,322,3,NULL,1),(310,0,'2007-10-29','2019-03-20 19:43:30',845,12,6,323,3,NULL,1),(311,0,'2007-10-29','2019-03-20 19:44:14',847,12,7,324,3,NULL,1),(312,0,'2007-10-29','2019-03-20 19:49:51',849,30,4,325,3,NULL,1),(313,0,'2013-05-30','2018-09-12 16:45:19',NULL,17,1,326,3,NULL,1),(314,0,'2013-05-06','2018-09-17 20:54:39',NULL,36,1,327,3,NULL,1),(315,0,'2013-08-10','2018-09-12 16:45:20',NULL,36,2,328,3,NULL,1),(316,0,'2013-08-26','2018-09-12 16:45:20',NULL,36,3,329,3,NULL,1),(317,0,'2013-09-20','2018-09-12 16:45:19',NULL,38,1,330,3,NULL,1),(318,0,'2013-07-10','2018-09-12 16:45:20',NULL,40,1,331,3,NULL,1),(319,0,'2012-11-12','2018-09-12 20:41:49',NULL,17,1,332,3,NULL,1),(320,0,'2012-02-25','2018-09-12 20:41:49',NULL,36,1,333,3,NULL,1),(321,0,'2012-03-18','2018-09-12 20:41:49',NULL,36,2,334,3,NULL,1),(322,0,'2012-09-10','2018-09-12 20:41:49',NULL,36,3,335,3,NULL,1),(323,0,'2012-09-28','2018-09-17 16:23:26',NULL,17,1,336,3,NULL,1),(324,0,'2012-09-10','2018-09-17 16:23:27',NULL,36,1,337,3,NULL,1),(325,0,'2012-09-10','2018-09-17 16:23:27',NULL,36,2,338,3,NULL,1),(326,0,'2012-09-20','2018-09-17 16:23:27',NULL,38,1,339,3,NULL,1),(327,0,'2012-07-11','2018-09-17 16:23:28',NULL,38,2,340,3,NULL,1),(328,0,'2012-06-22','2018-09-17 16:23:27',NULL,37,1,341,3,NULL,1),(329,0,'2011-07-17','2018-09-17 19:59:54',NULL,17,1,342,3,NULL,1),(330,0,'2011-07-08','2018-09-17 19:59:55',NULL,17,2,343,3,NULL,1),(331,0,'2011-07-20','2022-06-13 09:26:07',NULL,36,1,344,3,NULL,1),(332,0,'2011-07-05','2018-09-17 19:59:54',NULL,38,1,345,3,NULL,1),(333,0,'2011-07-05','2018-09-17 19:59:55',NULL,36,2,346,3,NULL,1),(334,0,'2011-07-20','2018-09-17 19:59:55',NULL,38,2,347,3,NULL,1),(335,0,'2011-07-15','2018-09-17 19:59:55',NULL,37,1,348,3,NULL,1),(336,0,'2011-07-12','2018-09-17 19:59:55',NULL,40,1,349,3,NULL,1),(337,0,'2017-10-23','2018-09-21 22:42:26',923,13,1,350,3,NULL,1),(338,0,'2014-05-21','2018-09-21 16:23:14',NULL,7,1,351,3,NULL,1),(339,0,'2014-02-02','2018-09-21 16:23:14',NULL,3,1,352,3,NULL,1),(340,0,'2014-06-22','2018-09-21 16:23:14',NULL,3,2,353,3,NULL,1),(341,0,'2014-04-14','2018-09-21 16:23:15',NULL,3,3,354,3,NULL,1),(342,0,'2017-11-20','2018-09-21 20:09:05',933,8,1,355,3,NULL,1),(343,0,'2017-11-27','2018-09-21 20:09:05',935,9,1,356,3,NULL,1),(344,0,'2014-05-01','2018-09-21 16:23:14',NULL,4,1,357,3,NULL,1),(345,0,'2014-05-25','2018-09-21 16:23:15',NULL,4,2,358,3,NULL,1),(346,0,'2017-11-27','2018-09-21 20:09:05',945,2,1,359,3,NULL,1),(347,0,'2014-05-07','2018-09-21 16:23:15',NULL,4,3,360,3,NULL,1),(348,0,'2017-10-30','2018-09-21 20:09:06',949,2,2,361,3,NULL,1),(349,0,'2014-05-20','2018-09-21 16:23:14',NULL,6,1,362,3,NULL,1),(350,0,'2017-11-27','2018-09-21 20:09:06',953,2,3,363,3,NULL,1),(351,0,'2017-11-27','2018-09-21 20:09:07',955,2,4,364,3,NULL,1),(352,0,'2013-11-29','2018-09-21 21:31:00',NULL,7,1,365,3,NULL,1),(353,0,'2017-11-27','2018-09-21 20:09:07',963,2,5,366,3,NULL,1),(354,0,'2013-10-25','2018-09-21 21:31:00',NULL,3,1,367,3,NULL,1),(355,0,'2013-10-25','2018-09-21 21:31:01',NULL,3,2,368,3,NULL,1),(356,0,'2017-11-27','2018-09-21 20:09:07',966,2,6,369,3,NULL,1),(357,0,'2017-11-27','2018-09-21 20:09:08',971,2,7,370,3,NULL,1),(358,0,'2017-11-27','2018-09-21 20:09:08',973,2,8,371,3,NULL,1),(359,0,'2013-12-13','2018-09-21 21:31:01',NULL,4,1,372,3,NULL,1),(360,0,'2017-11-27','2018-09-21 20:09:09',976,2,9,373,3,NULL,1),(361,0,'2013-12-10','2018-09-21 21:31:01',NULL,4,2,374,3,NULL,1),(362,0,'2017-11-27','2018-09-21 20:09:06',980,10,1,375,3,NULL,1),(363,0,'2018-09-21','2018-09-21 20:09:06',982,10,2,376,3,NULL,1),(364,0,'2013-12-01','2018-09-21 21:31:01',NULL,4,3,377,3,NULL,1),(365,0,'2013-10-21','2018-09-21 21:31:01',NULL,6,1,378,3,NULL,1),(366,0,'2006-10-30','2019-03-20 19:51:09',991,12,1,379,3,NULL,1),(367,0,'2006-10-30','2019-03-20 19:52:07',993,12,2,380,3,NULL,1),(368,0,'2006-10-30','2019-03-20 19:55:00',995,12,3,381,3,NULL,1),(369,0,'2006-10-30','2019-03-20 19:55:55',998,12,4,382,3,NULL,1),(370,0,'2006-10-30','2019-03-20 19:56:52',1003,12,5,383,3,NULL,1),(371,0,'2006-10-30','2019-03-20 19:57:44',1006,12,6,384,3,NULL,1),(372,0,'2006-10-30','2019-03-20 19:58:44',1009,12,7,385,3,NULL,1),(373,0,'2018-09-21','2019-03-20 20:01:48',1011,30,1,386,3,NULL,1),(374,0,'2006-10-30','2019-03-20 19:59:52',1013,12,8,387,3,NULL,1),(375,0,'2006-10-30','2019-03-20 20:00:36',1016,12,9,388,3,NULL,1),(376,0,'2006-10-30','2019-03-20 20:02:34',1019,30,2,389,3,NULL,1),(377,0,'2013-09-26','2018-09-26 22:28:16',NULL,7,1,391,3,NULL,1),(378,0,'2013-08-12','2018-09-26 22:28:16',NULL,3,1,392,3,NULL,1),(379,0,'2013-08-18','2018-09-26 22:28:17',NULL,3,2,393,3,NULL,1),(380,0,'2013-10-13','2018-09-26 22:28:18',NULL,3,3,394,3,NULL,1),(381,0,'2013-10-25','2018-09-26 22:28:18',NULL,3,4,395,3,NULL,1),(382,0,'2013-08-26','2018-09-26 22:28:17',NULL,5,1,396,3,NULL,1),(383,0,'2013-09-15','2018-09-26 22:28:18',NULL,5,2,397,3,NULL,1),(384,0,'2013-09-23','2018-09-26 22:28:17',NULL,28,1,398,3,NULL,1),(385,0,'2013-08-21','2018-09-26 22:28:17',NULL,4,1,399,3,NULL,1),(386,0,'2013-09-20','2018-09-26 22:28:17',NULL,6,1,400,3,NULL,1),(387,0,'2012-12-14','2018-10-01 14:36:04',NULL,7,1,401,3,NULL,1),(388,0,'2012-12-10','2018-10-01 14:36:04',NULL,3,1,402,3,NULL,1),(389,0,'2012-12-01','2018-10-01 14:36:04',NULL,4,1,403,3,NULL,1),(390,0,'2012-12-10','2018-10-01 14:36:05',NULL,4,2,404,3,NULL,1),(391,0,'2012-12-01','2018-10-01 14:36:05',NULL,4,3,405,3,NULL,1),(392,0,'2012-12-03','2018-10-01 14:36:04',NULL,5,1,406,3,NULL,1),(393,0,'2012-12-15','2018-10-01 14:36:04',NULL,28,1,407,3,NULL,1),(394,0,'2018-10-01','2018-10-01 14:36:05',NULL,6,1,408,3,NULL,1),(395,0,'2012-10-01','2018-10-01 17:01:38',NULL,7,1,409,3,NULL,1),(396,0,'2012-10-01','2018-10-01 17:01:40',NULL,7,2,410,3,NULL,1),(397,0,'2012-10-10','2018-10-01 17:01:39',NULL,3,1,411,3,NULL,1),(398,0,'2012-05-07','2018-10-01 17:01:39',NULL,4,1,412,3,NULL,1),(399,0,'2012-09-25','2018-10-01 17:01:40',NULL,4,2,413,3,NULL,1),(400,0,'2012-10-20','2018-10-01 17:01:40',NULL,4,3,414,3,NULL,1),(401,0,'2012-08-01','2018-10-01 17:01:39',NULL,5,1,415,3,NULL,1),(402,0,'2012-11-05','2018-10-01 17:01:40',NULL,5,2,416,3,NULL,1),(403,0,'2012-10-15','2018-10-01 17:01:39',NULL,6,1,417,3,NULL,1),(404,0,'2011-10-03','2018-10-01 20:43:58',NULL,7,1,418,3,NULL,1),(405,0,'2011-12-01','2018-10-01 20:43:59',NULL,7,2,419,3,NULL,1),(406,0,'2011-12-06','2018-10-01 20:43:58',NULL,3,1,420,3,NULL,1),(407,0,'2011-12-13','2018-10-01 20:43:59',NULL,3,2,421,3,NULL,1),(408,0,'2011-12-14','2018-10-01 20:43:59',NULL,4,1,422,3,NULL,1),(409,0,'2011-12-10','2018-10-01 20:43:59',NULL,4,2,423,3,NULL,1),(410,0,'2011-11-16','2018-10-01 20:44:00',NULL,4,3,424,3,NULL,1),(411,0,'2011-12-10','2018-10-01 20:44:00',NULL,4,4,425,3,NULL,1),(412,0,'2011-11-16','2018-10-01 20:43:59',NULL,28,1,426,3,NULL,1),(413,0,'2014-10-20','2018-10-03 14:45:27',NULL,20,1,427,3,NULL,1),(414,0,'2014-06-30','2018-10-03 14:45:27',NULL,22,1,428,3,NULL,1),(415,0,'2014-07-13','2018-10-03 14:45:28',NULL,23,1,429,3,NULL,1),(416,0,'2014-10-14','2018-10-03 14:45:29',NULL,22,2,430,3,NULL,1),(417,0,'2014-07-14','2018-10-03 14:45:29',NULL,23,2,431,3,NULL,1),(418,0,'2014-05-30','2018-10-03 14:45:29',NULL,21,1,432,3,NULL,1),(419,0,'2014-07-07','2018-10-03 14:45:30',NULL,22,3,433,3,NULL,1),(420,0,'2014-10-07','2018-10-03 14:45:30',NULL,22,4,434,3,NULL,1),(421,0,'2014-07-27','2018-10-03 14:45:29',NULL,21,2,435,3,NULL,1),(422,0,'2018-10-04','2018-10-04 22:53:10',NULL,41,1,436,3,NULL,1),(423,0,'2018-10-04','2018-10-04 22:53:10',NULL,41,2,437,3,NULL,1),(424,0,'2018-10-04','2018-10-04 22:53:10',NULL,41,3,438,3,NULL,1),(425,0,'2018-10-04','2018-10-04 22:53:10',NULL,41,4,439,3,NULL,1),(426,0,'2018-10-04','2018-10-04 22:53:10',NULL,41,5,440,3,NULL,1),(427,0,'2018-10-04','2018-10-04 22:53:10',NULL,41,5,441,3,NULL,1),(428,0,'2018-10-04','2018-10-04 22:53:10',NULL,41,6,442,3,NULL,1),(429,0,'2018-10-04','2018-10-04 22:53:10',NULL,41,7,443,3,NULL,1),(430,0,'2018-10-04','2018-10-04 22:53:10',NULL,41,8,444,3,NULL,1),(431,0,'2018-10-04','2018-10-04 22:53:11',NULL,41,9,445,3,NULL,1),(432,0,'2018-10-04','2018-10-04 22:53:11',NULL,41,10,446,3,NULL,1),(433,0,'2018-10-04','2018-10-04 22:53:11',NULL,41,11,447,3,NULL,1),(434,0,'2018-10-04','2018-10-04 22:53:11',NULL,41,12,448,3,NULL,1),(435,0,'2018-10-04','2018-10-04 22:53:11',NULL,41,13,449,3,NULL,1),(436,0,'2018-10-04','2018-10-04 22:53:11',NULL,41,14,450,3,NULL,1),(437,0,'2018-10-04','2018-10-04 22:53:11',NULL,41,15,451,3,NULL,1),(438,0,'2013-10-18','2018-10-18 21:05:41',NULL,20,1,452,3,NULL,1),(439,0,'2013-09-18','2018-10-18 21:05:43',NULL,20,2,453,3,NULL,1),(440,0,'2013-03-11','2018-10-18 21:05:42',NULL,21,1,454,3,NULL,1),(441,0,'2013-04-10','2018-10-18 21:05:43',NULL,21,2,455,3,NULL,1),(442,0,'2013-05-02','2018-10-18 21:05:42',NULL,23,1,456,3,NULL,1),(443,0,'2013-06-18','2018-10-18 21:05:42',NULL,22,1,457,3,NULL,1),(444,0,'2013-09-16','2018-10-18 21:05:43',NULL,22,2,458,3,NULL,1),(445,0,'2013-10-01','2018-10-18 21:05:43',NULL,22,3,459,3,NULL,1),(446,0,'2013-07-10','2018-10-18 21:05:43',NULL,22,4,460,3,NULL,1),(447,0,'2013-06-30','2018-10-18 21:05:44',NULL,22,5,461,3,NULL,1),(448,0,'2013-05-26','2018-10-18 21:05:42',NULL,42,1,462,3,NULL,1),(449,0,'2005-10-31','2018-10-22 16:36:40',1191,13,1,463,3,NULL,1),(450,0,'2005-10-31','2019-03-20 20:06:57',1193,12,1,464,3,NULL,1),(451,0,'2005-10-31','2019-03-20 20:08:01',1197,12,2,465,3,NULL,1),(452,0,'2005-10-31','2019-03-20 20:10:04',1199,12,3,466,3,NULL,1),(453,0,'2005-10-31','2019-03-20 20:10:39',1201,12,4,467,3,NULL,1),(454,0,'2005-10-31','2019-03-20 20:11:17',1203,12,5,468,3,NULL,1),(455,0,'2005-10-31','2019-03-20 20:11:56',1205,12,6,469,3,NULL,1),(456,0,'2005-10-31','2019-03-20 20:12:34',1208,12,7,470,3,NULL,1),(457,0,'2005-10-31','2019-03-20 20:13:21',1211,12,8,471,3,NULL,1),(458,0,'2005-10-31','2019-03-20 20:14:15',1213,12,9,472,3,NULL,1),(459,0,'2005-10-31','2019-03-20 20:15:00',1216,12,10,473,3,NULL,1),(460,0,'2005-10-31','2019-03-20 20:15:36',1218,12,11,474,3,NULL,1),(461,0,'2005-10-31','2019-03-20 20:16:08',1221,12,12,475,3,NULL,1),(462,0,'2004-10-25','2018-10-22 20:09:51',1223,13,1,476,3,NULL,1),(463,0,'2004-10-25','2019-03-20 20:16:46',1225,12,1,477,3,NULL,1),(464,0,'2004-10-25','2019-03-20 20:17:22',1227,12,2,478,3,NULL,1),(465,0,'2004-10-25','2019-03-20 20:18:30',1229,12,3,479,3,NULL,1),(466,0,'2004-10-25','2019-03-20 20:24:46',1231,12,4,480,3,NULL,1),(467,0,'2004-10-25','2019-03-20 20:25:28',1233,12,5,481,3,NULL,1),(468,0,'2004-10-25','2019-03-20 20:26:19',1235,12,6,482,3,NULL,1),(469,0,'2004-10-25','2019-03-20 20:27:11',1237,12,7,483,3,NULL,1),(470,0,'2004-10-25','2018-10-22 20:09:54',1239,12,8,484,3,NULL,1),(471,0,'2004-10-25','2019-03-20 20:27:48',1241,12,9,485,3,NULL,1),(472,0,'2004-10-25','2019-03-20 20:28:22',1243,12,10,486,3,NULL,1),(473,0,'2004-10-25','2019-03-20 20:28:53',1246,12,11,487,3,NULL,1),(474,0,'2004-10-25','2019-03-20 20:29:34',1249,12,12,488,3,NULL,1),(475,0,'2001-10-22','2018-10-22 21:34:42',1251,13,1,489,3,NULL,1),(476,0,'2001-10-22','2020-06-12 22:19:30',1253,12,1,490,3,NULL,1),(477,0,'2001-10-22','2020-06-12 22:16:58',1255,12,2,491,3,NULL,1),(478,0,'2001-10-22','2019-03-20 20:31:50',1257,12,3,492,3,NULL,1),(479,0,'2001-10-22','2019-03-20 20:32:30',1259,12,4,493,3,NULL,1),(480,0,'2001-10-22','2019-03-20 20:33:17',1261,12,5,494,3,NULL,1),(481,0,'2001-10-22','2019-03-20 20:34:18',1263,12,6,495,3,NULL,1),(482,0,'2001-10-22','2019-03-20 20:34:55',1265,12,7,496,3,NULL,1),(483,0,'2001-10-22','2019-03-20 20:35:31',1267,12,8,497,3,NULL,1),(484,0,'2001-10-22','2019-03-20 20:36:05',1269,12,9,498,3,NULL,1),(485,0,'2012-11-12','2018-10-30 14:28:51',NULL,20,1,499,3,NULL,1),(486,0,'2012-11-06','2018-10-30 14:28:54',NULL,20,2,500,3,NULL,1),(487,0,'2012-07-30','2022-05-24 12:43:35',NULL,21,1,501,3,NULL,1),(488,0,'2012-08-01','2018-10-30 14:28:54',NULL,21,2,502,3,NULL,1),(489,0,'2012-10-03','2018-10-30 14:28:55',NULL,21,3,503,3,NULL,1),(490,0,'2012-08-15','2018-10-30 14:28:51',NULL,23,1,504,3,NULL,1),(491,0,'2012-08-28','2018-10-30 14:28:53',NULL,23,2,505,3,NULL,1),(492,0,'2012-09-06','2018-10-30 14:28:54',NULL,23,3,506,3,NULL,1),(493,0,'2012-09-20','2018-10-30 14:28:56',NULL,23,4,507,3,NULL,1),(494,0,'2012-09-30','2018-10-30 14:28:50',NULL,22,1,508,3,NULL,1),(495,0,'2012-10-03','2018-10-30 14:28:52',NULL,22,2,509,3,NULL,1),(496,0,'2012-10-19','2018-10-30 14:28:54',NULL,22,3,510,3,NULL,1),(497,0,'2012-10-30','2018-10-30 14:28:55',NULL,22,4,511,3,NULL,1),(498,0,NULL,'2019-06-14 20:56:39',1298,4,0,512,4,NULL,1),(499,0,NULL,'2019-01-14 16:47:32',1299,25,0,513,4,NULL,1),(500,0,NULL,'2019-06-14 20:54:48',1300,28,0,514,4,NULL,1),(501,0,NULL,'2019-06-14 20:55:13',1303,3,0,517,4,NULL,1),(502,0,'2015-03-26','2018-11-26 19:18:56',NULL,17,1,518,3,NULL,1),(503,0,'2015-04-10','2019-02-21 15:40:09',NULL,18,2,519,3,NULL,1),(504,0,'2015-04-23','2018-11-26 19:18:57',NULL,18,1,520,3,NULL,1),(505,0,'2015-03-12','2018-11-26 19:18:56',NULL,19,1,522,3,NULL,1),(506,0,'2015-04-01','2018-11-26 19:18:57',NULL,19,2,523,3,NULL,1),(507,0,NULL,'2018-11-26 19:18:58',NULL,19,0,524,3,NULL,1),(508,0,NULL,'2020-07-27 19:03:46',1325,30,0,526,4,NULL,1),(509,0,NULL,'2019-01-14 16:56:28',1326,27,0,527,1,NULL,1),(510,0,'2018-12-03','2020-08-04 16:24:43',1330,13,1,529,3,NULL,1),(511,0,'2018-12-03','2020-08-04 16:49:14',1332,12,1,530,3,NULL,1),(512,0,'2018-12-03','2020-08-04 16:25:04',1339,12,2,531,3,NULL,1),(513,0,'2018-12-03','2020-08-04 16:50:48',1340,12,3,532,3,NULL,1),(514,0,'2018-12-03','2020-08-05 19:19:58',1342,12,4,533,3,NULL,1),(515,0,'2018-12-03','2020-08-04 16:25:39',1343,12,5,534,3,NULL,1),(516,0,'2018-12-03','2020-08-04 16:25:51',1344,12,6,535,3,NULL,1),(517,0,'2018-12-03','2020-08-04 16:26:00',1346,12,7,536,3,NULL,1),(518,0,'2018-12-03','2020-08-04 16:26:11',1349,12,8,537,3,NULL,1),(519,0,'2018-12-03','2020-08-04 16:39:26',1350,12,9,538,3,NULL,1),(520,0,'2018-12-03','2020-08-05 19:21:37',1351,30,1,539,3,NULL,1),(521,0,'2018-12-03','2020-08-04 16:26:47',1352,43,1,540,3,NULL,1),(522,0,'2017-06-05','2020-06-05 16:08:14',1356,7,1,541,3,NULL,1),(523,0,'2017-06-05','2020-02-25 21:47:00',1359,3,1,542,3,NULL,1),(524,0,'2017-06-05','2019-02-06 14:15:22',1361,3,2,543,3,NULL,1),(525,0,'2017-06-05','2019-02-06 14:15:24',1366,3,3,544,3,NULL,1),(526,0,'2017-06-05','2019-02-06 14:15:24',1368,3,4,545,3,NULL,1),(527,0,'2017-06-05','2019-02-06 14:15:21',1372,4,1,546,3,NULL,1),(528,0,'2017-06-05','2019-02-06 14:15:23',1374,4,2,547,3,NULL,1),(529,0,'2017-06-05','2019-02-06 14:15:22',1377,6,1,548,3,NULL,1),(530,0,NULL,'2020-06-24 21:03:03',1379,31,0,550,4,NULL,1),(531,0,'2015-11-30','2019-05-24 14:50:42',1382,17,1,552,3,NULL,1),(532,0,'2019-08-05','2020-10-28 15:09:42',1468,12,5,553,3,NULL,1),(533,0,'2015-11-30','2019-05-24 14:50:42',1389,36,1,554,3,NULL,1),(534,0,'2015-11-30','2019-05-24 14:50:43',1392,38,1,557,3,NULL,1),(535,0,'2015-11-30','2019-05-24 14:50:44',1400,36,2,558,3,NULL,1),(536,0,'2015-11-30','2019-05-24 14:50:44',1403,38,2,559,3,NULL,1),(537,0,NULL,'2019-06-10 14:44:18',1407,19,0,560,1,NULL,1),(538,0,'2016-11-11','2019-07-12 15:14:26',1410,17,1,562,3,NULL,1),(539,0,'2016-11-11','2019-07-12 15:14:27',1412,36,1,563,3,NULL,1),(540,0,'2016-11-11','2019-07-12 15:14:27',1414,38,1,564,3,NULL,1),(541,0,'2016-11-11','2019-07-12 15:14:28',1415,38,2,565,3,NULL,1),(542,0,'2016-11-11','2019-07-12 15:14:28',1417,36,2,566,3,NULL,1),(543,0,'2016-11-11','2019-07-12 15:14:29',1420,36,3,567,3,NULL,1),(544,0,'2017-05-29','2020-06-12 02:36:03',1423,17,1,568,3,NULL,1),(545,0,'2017-05-29','2020-06-12 02:36:40',1426,36,1,569,3,NULL,1),(546,0,'2017-05-29','2020-06-12 02:37:14',1428,36,2,570,3,NULL,1),(547,0,'2017-05-29','2020-06-12 02:37:50',1431,36,3,571,3,NULL,1),(548,0,'2017-05-29','2020-06-12 02:38:21',1432,36,4,572,3,NULL,1),(549,0,NULL,'2020-06-24 13:19:34',1442,30,0,580,4,NULL,1),(550,0,NULL,'2019-12-26 15:15:36',1446,3,0,584,1,NULL,1),(551,0,NULL,'2020-01-04 04:28:19',1448,28,0,586,1,NULL,1),(552,0,'2019-08-05','2020-07-23 19:14:16',1461,13,1,590,3,NULL,1),(553,0,'2019-08-05','2020-07-23 19:14:26',1454,12,1,591,3,NULL,1),(554,0,'2019-08-05','2020-07-23 19:14:36',1458,12,2,592,3,NULL,1),(555,0,'2019-08-05','2020-10-28 14:57:31',1463,12,3,593,3,NULL,1),(556,0,'2019-08-05','2020-07-23 19:14:58',1467,12,4,594,3,NULL,1),(557,0,'2019-08-05','2020-07-23 19:15:21',1470,12,6,595,3,NULL,1),(558,0,'2019-08-05','2020-07-27 21:09:00',1474,12,7,596,3,NULL,1),(559,0,'2019-08-05','2020-07-27 21:45:01',1476,12,8,597,3,NULL,1),(560,0,'2019-08-05','2020-07-23 19:04:28',1480,12,9,598,3,NULL,1),(561,0,'2017-11-27','2020-06-12 02:30:47',1484,17,1,602,3,NULL,1),(562,0,'2017-11-27','2020-06-12 02:31:44',1485,18,1,603,3,NULL,1),(563,0,'2017-11-27','2020-06-12 02:32:31',1487,18,2,604,3,NULL,1),(564,0,'2017-11-27','2020-06-12 02:33:06',1489,18,3,606,3,NULL,1),(565,0,'2017-11-27','2020-06-12 02:33:45',1492,18,4,607,3,NULL,1),(566,0,'2017-11-27','2020-06-12 02:34:39',1494,19,1,608,3,NULL,1),(567,0,'2017-11-27','2020-06-12 02:35:13',1496,19,2,609,3,NULL,1),(568,0,NULL,'2021-07-01 21:11:22',1498,19,0,610,4,NULL,1),(569,0,NULL,'2020-06-10 23:17:23',1501,18,0,612,1,NULL,1),(570,0,'2018-05-28','2020-08-19 15:55:47',1502,17,1,613,3,NULL,1),(571,0,'2018-05-28','2020-08-19 15:30:50',1503,18,1,614,3,NULL,1),(572,0,'2018-05-28','2020-08-19 15:31:39',1505,18,2,615,3,NULL,1),(573,0,'2018-05-28','2020-08-19 15:32:43',1506,19,1,616,3,NULL,1),(574,0,'2018-05-28','2020-08-19 15:33:16',1510,19,2,617,3,NULL,1),(575,0,'2018-05-28','2020-08-19 15:53:53',1512,19,3,618,3,NULL,1),(576,0,NULL,'2020-06-10 23:14:11',1513,18,0,619,1,NULL,1),(577,0,NULL,'2020-08-28 15:17:38',1515,12,0,621,4,NULL,1),(578,0,'2018-12-03','2020-08-19 13:19:27',1517,20,1,623,3,NULL,1),(579,0,'2018-12-03','2020-08-19 13:19:40',1519,21,1,625,3,NULL,1),(580,0,'2018-12-03','2020-08-19 13:19:52',1521,21,2,626,3,NULL,1),(581,0,'2018-12-03','2020-08-19 13:20:02',1524,21,3,627,3,NULL,1),(582,0,'2018-12-03','2020-08-19 13:20:16',1526,21,4,628,3,NULL,1),(583,0,'2018-12-03','2020-08-19 13:20:28',1527,21,5,629,3,NULL,1),(584,0,'2012-12-03','2020-08-19 13:20:39',1529,21,6,630,3,NULL,1),(585,0,'2018-12-03','2020-08-19 13:20:53',1530,21,7,631,3,NULL,1),(586,0,'2018-12-03','2020-08-19 13:21:02',1531,22,1,632,3,NULL,1),(587,0,'2018-12-03','2020-08-19 13:21:11',1532,22,2,633,3,NULL,1),(588,0,'2018-12-03','2020-08-19 13:21:22',1535,22,3,634,3,NULL,1),(589,0,'2018-12-03','2020-08-19 13:21:32',1537,22,4,635,3,NULL,1),(590,0,NULL,'2020-08-28 15:17:04',1539,12,0,637,4,NULL,1),(591,0,NULL,'2020-06-22 22:38:43',1544,31,0,640,4,NULL,1),(592,0,'2020-09-22','2020-09-22 20:48:58',1557,20,1,651,3,NULL,1),(593,0,'2020-09-22','2022-05-04 11:38:32',1558,22,1,652,3,NULL,1),(594,0,'2020-09-22','2022-05-04 11:41:51',1560,22,2,653,3,NULL,1),(595,0,'2020-09-22','2022-05-04 11:43:28',1561,22,3,654,3,NULL,1),(596,0,'2020-09-22','2022-05-04 11:48:58',1562,22,5,655,3,NULL,1),(597,0,'2020-09-22','2022-05-04 12:00:46',1563,22,6,656,3,NULL,1),(598,0,'2020-09-22','2022-05-04 12:02:12',1566,22,7,657,3,NULL,1),(599,0,'2020-09-22','2022-05-04 12:03:48',1569,22,8,658,3,NULL,1),(600,0,'2020-09-22','2022-05-04 12:04:52',1571,22,9,659,3,NULL,1),(601,0,'2020-09-22','2022-05-04 12:05:37',1572,22,10,660,3,NULL,1),(602,0,'2020-09-22','2022-05-04 08:36:02',1574,22,11,661,3,NULL,1),(603,0,'2020-09-22','2022-05-04 11:44:50',1575,22,4,662,3,NULL,1),(604,0,'2018-06-01','2020-10-08 15:47:26',1576,7,1,663,3,NULL,1),(605,0,'2018-06-01','2020-10-08 15:47:44',1578,3,1,665,3,NULL,1),(606,0,'2018-06-01','2020-10-08 15:47:54',1579,3,2,666,3,NULL,1),(607,0,'2018-06-01','2020-10-08 15:48:08',1580,3,3,667,3,NULL,1),(608,0,'2018-06-01','2020-10-08 15:59:50',1583,3,4,668,3,NULL,1),(609,0,'2018-06-01','2020-10-08 15:48:29',1585,3,5,669,3,NULL,1),(610,0,'2018-06-01','2020-10-08 15:48:40',1587,4,1,670,3,NULL,1),(611,0,NULL,'2020-11-04 20:51:18',1589,3,0,672,1,NULL,1),(612,0,NULL,'2020-11-05 02:14:39',1591,28,0,674,1,NULL,1),(613,0,NULL,'2020-11-05 02:20:38',1592,28,0,675,1,NULL,1),(614,0,NULL,'2020-11-05 03:16:25',1593,28,0,676,1,NULL,1),(615,0,'2020-12-14','2021-10-12 09:21:30',1609,12,1,689,3,'',1),(616,0,'2020-12-14','2021-04-05 15:24:33',1610,12,2,690,3,'',1),(617,0,'2020-12-14','2021-04-05 15:25:08',1611,12,3,691,3,'',1),(618,0,'2020-12-14','2021-04-05 15:25:42',1612,12,4,692,3,'',1),(619,0,'2020-12-14','2021-04-05 15:26:46',1615,12,5,693,3,'',1),(620,0,'2020-12-14','2021-04-05 15:27:18',1617,12,6,694,3,'',1),(621,0,'2020-12-14','2021-04-05 15:27:51',1620,12,7,697,3,'',1),(622,0,'2020-12-14','2021-04-05 15:28:36',1622,31,1,698,3,'',1),(623,0,'2020-12-14','2021-04-05 15:29:09',1624,44,1,700,3,'',1),(624,0,NULL,'2021-04-16 13:56:16',1626,12,0,701,4,NULL,1),(625,0,'2019-06-17','2021-06-24 03:31:31',1627,3,1,702,3,NULL,1),(626,0,'2019-06-17','2021-06-24 03:32:30',1629,4,1,703,3,NULL,1),(627,0,'2019-06-17','2021-06-24 03:34:26',1630,5,1,704,3,NULL,1),(628,0,'2021-06-15','2021-11-14 13:52:17',1633,12,2,705,3,NULL,1),(629,0,NULL,'2021-04-16 03:25:20',1634,12,0,706,1,NULL,1),(630,0,'2021-06-15','2023-01-18 06:17:30',1636,12,1,707,3,NULL,1),(631,0,'2021-06-15','2021-11-14 14:06:55',1637,12,5,708,3,NULL,1),(632,0,NULL,'2021-05-27 03:47:09',1638,12,0,709,1,NULL,1),(633,0,NULL,'2021-09-08 07:31:11',1641,35,0,710,4,NULL,1),(634,0,NULL,'2021-06-28 23:33:43',1642,31,0,711,4,NULL,1),(635,0,NULL,'2021-05-29 03:14:03',1644,35,0,713,1,NULL,1),(636,0,NULL,'2021-05-29 23:38:33',1645,35,0,714,1,NULL,1),(637,0,NULL,'2021-07-08 14:46:27',1646,35,0,715,4,NULL,1),(638,0,'2020-06-05','2022-04-26 12:02:38',1648,20,1,717,3,NULL,1),(639,0,'2020-06-05','2022-04-26 12:02:58',1649,22,1,718,3,NULL,1),(640,0,'2020-06-05','2022-04-25 09:12:02',1650,22,2,719,3,NULL,1),(641,0,'2020-06-05','2022-04-25 09:16:54',1653,42,1,721,3,NULL,1),(642,0,'2020-06-05','2022-04-26 12:03:37',1654,23,1,722,3,NULL,1),(643,0,'2020-06-05','2022-04-26 12:03:58',1655,21,1,723,3,NULL,1),(644,0,'2019-12-02','2022-04-25 09:26:26',1656,21,2,724,1,NULL,1),(645,0,NULL,'2021-06-10 15:42:45',1659,31,0,725,1,NULL,1),(646,0,NULL,'2021-10-13 07:51:48',1660,30,0,726,1,NULL,1),(647,0,'2018-12-14','2021-06-21 01:51:27',1662,7,1,727,3,NULL,1),(648,0,'2018-12-14','2021-06-21 01:51:27',1663,3,1,728,3,NULL,1),(649,0,'2018-12-14','2021-06-21 01:51:28',1665,3,2,729,3,NULL,1),(650,0,'2018-12-14','2021-06-21 01:51:27',1667,4,1,730,3,NULL,1),(651,0,'2021-06-15','2021-12-02 06:08:51',1673,12,4,733,3,NULL,1),(652,0,'2021-06-15','2021-12-02 06:02:29',1675,12,7,734,3,NULL,1),(653,0,'2021-06-15','2021-12-02 05:57:23',1677,12,3,735,3,NULL,1),(654,0,'2021-06-15','2021-12-02 05:59:37',1679,12,6,736,3,NULL,1),(655,0,'2021-09-22','2022-05-24 10:20:25',1680,21,1,737,3,NULL,1),(656,0,'2021-06-15','2021-12-02 06:04:27',1681,12,9,738,3,NULL,1),(657,0,'2021-06-15','2021-12-02 06:03:39',1682,12,8,739,3,NULL,1),(658,0,NULL,'2021-09-06 13:03:13',1683,3,0,740,1,NULL,1),(659,0,NULL,'2021-08-12 12:03:12',1685,12,0,742,1,NULL,1),(660,0,NULL,'2021-08-18 02:07:21',1688,35,0,743,1,NULL,1),(661,0,'2021-09-22','2022-05-24 10:33:48',1689,21,2,744,3,NULL,1),(662,0,NULL,'2021-08-22 16:50:52',1691,12,0,745,1,NULL,1),(663,0,NULL,'2021-08-25 03:25:36',1692,12,0,746,1,NULL,1),(664,0,NULL,'2021-09-18 15:24:54',1693,19,0,747,1,NULL,1),(665,0,'2021-09-22','2022-05-24 10:26:40',1697,21,0,748,3,NULL,1),(666,0,NULL,'2021-11-04 16:50:16',1701,12,0,749,1,NULL,1),(667,0,NULL,'2021-11-26 08:44:39',1704,30,0,750,1,NULL,1),(668,0,NULL,'2021-12-02 09:51:21',1705,19,0,751,1,NULL,1),(669,0,NULL,'2022-02-10 06:13:14',1706,21,0,752,1,NULL,1),(670,0,'2020-06-05','2022-04-25 09:28:02',1707,21,2,724,3,NULL,2),(671,0,NULL,'2022-04-30 20:21:49',1710,21,0,753,1,NULL,1),(672,0,NULL,'2022-06-15 12:50:42',1711,22,0,754,1,NULL,1),(673,0,NULL,'2022-06-24 17:15:04',1712,21,0,755,1,NULL,1),(674,0,NULL,'2022-06-24 17:30:12',1713,21,0,756,1,NULL,1),(675,0,NULL,'2022-06-24 21:33:21',1715,35,0,757,1,NULL,1),(676,0,NULL,'2022-06-27 18:28:59',1716,35,0,758,1,NULL,1),(677,0,NULL,'2022-07-30 05:38:44',1717,21,0,759,1,NULL,1),(678,0,NULL,'2022-07-30 05:40:20',1718,21,0,760,1,NULL,1),(679,0,NULL,'2024-08-12 08:39:46',1719,12,0,761,1,NULL,1),(680,0,NULL,'2023-01-23 18:38:49',1720,23,0,762,1,NULL,1),(681,0,NULL,'2023-03-07 08:48:52',1721,13,0,763,1,NULL,1),(682,0,NULL,'2023-03-07 08:55:27',NULL,20,0,764,1,NULL,1),(683,0,'2021-09-22','2023-03-15 08:16:48',1722,21,3,765,3,NULL,1),(685,0,NULL,'2023-04-24 15:47:17',1725,16,0,767,1,NULL,1),(686,0,NULL,'2023-05-12 13:10:52',NULL,20,0,768,1,NULL,1),(687,0,NULL,'2023-05-12 13:17:17',NULL,20,0,769,1,NULL,1),(688,0,NULL,'2023-05-12 13:17:18',NULL,20,0,770,1,NULL,1),(689,0,NULL,'2023-05-12 13:49:14',NULL,20,0,771,1,NULL,1),(690,0,NULL,'2023-05-12 13:50:54',NULL,20,0,772,1,NULL,1),(691,0,NULL,'2023-05-12 14:30:18',NULL,16,0,773,1,NULL,1),(692,0,NULL,'2023-05-12 14:30:26',NULL,27,0,774,1,NULL,1),(693,0,NULL,'2023-05-12 14:33:29',NULL,20,0,775,1,NULL,1),(694,0,NULL,'2023-05-12 14:46:34',NULL,20,0,776,1,NULL,1),(695,0,NULL,'2023-05-12 14:46:34',NULL,20,0,777,1,NULL,1),(696,0,NULL,'2023-05-12 14:49:57',NULL,20,0,778,1,NULL,1),(697,0,NULL,'2023-05-12 14:56:53',NULL,20,0,779,1,NULL,1),(698,0,NULL,'2023-05-12 15:07:36',NULL,20,0,780,1,NULL,1),(699,0,NULL,'2023-05-12 15:37:44',NULL,20,0,781,1,NULL,1),(700,0,'2021-09-22','2023-06-08 09:50:28',NULL,21,4,782,3,NULL,1),(701,0,NULL,'2023-05-15 12:40:09',NULL,20,0,783,1,NULL,1),(702,0,NULL,'2023-05-15 15:17:10',NULL,20,0,784,1,NULL,1),(703,0,'2024-08-12','2024-08-12 08:43:53',1741,12,0,785,1,NULL,1),(704,0,'2017-11-27','2023-07-31 09:00:03',1742,25,4,79,3,NULL,2),(705,0,'2024-03-26','2024-03-26 09:16:19',1744,16,1,786,3,NULL,1),(706,0,'2024-03-26','2024-03-26 09:16:18',1748,16,2,787,3,NULL,1),(707,0,'2024-03-26','2024-03-26 09:16:18',1752,16,3,788,3,NULL,1),(708,0,'2024-03-26','2024-03-26 09:16:17',1755,16,4,789,3,NULL,1),(709,0,'2024-03-26','2024-03-26 09:16:16',1757,16,5,790,3,NULL,1),(710,0,'2024-03-26','2024-03-26 09:16:16',1759,27,0,791,3,NULL,1),(711,0,NULL,'2023-08-03 18:34:22',1760,26,0,792,1,NULL,1),(712,0,NULL,'2023-08-06 18:45:41',1761,26,0,793,1,NULL,1),(713,0,'2022-09-13','2023-11-22 09:01:26',1763,12,7,794,3,NULL,1),(714,0,'2022-09-13','2024-03-15 12:30:22',1765,12,5,795,3,NULL,1),(715,0,'2022-09-13','2023-11-22 08:45:04',1767,12,4,796,3,NULL,1),(716,0,'2022-09-13','2023-11-22 08:49:18',1770,12,6,797,3,NULL,1),(717,0,'2022-09-14','2023-11-22 08:43:26',1773,12,3,798,3,NULL,1),(718,0,'2022-09-14','2023-11-22 08:36:42',1777,31,1,799,3,NULL,1),(719,0,NULL,'2023-10-15 18:42:06',NULL,20,0,800,1,NULL,1),(720,0,'2023-11-22','2023-11-22 04:53:17',1778,21,0,801,3,NULL,1),(721,0,NULL,'2023-10-15 19:16:00',NULL,20,0,802,1,NULL,1),(722,0,NULL,'2023-10-15 19:38:24',NULL,20,0,803,1,NULL,1),(723,0,'2023-11-22','2023-11-22 04:53:15',1782,21,1,804,3,NULL,1),(724,0,'2022-10-23','2023-11-22 08:39:12',1783,12,1,805,3,NULL,1),(725,0,'2022-10-23','2023-11-22 08:41:42',1788,12,2,806,3,NULL,1),(726,0,'2022-10-25','2023-11-22 08:34:22',1792,13,1,807,3,NULL,1),(727,0,NULL,'2023-10-28 17:01:33',1794,26,0,808,1,NULL,1),(728,0,NULL,'2023-11-01 14:53:27',1795,26,0,809,1,NULL,1),(729,0,NULL,'2023-11-02 08:59:35',1796,16,0,810,1,NULL,1),(730,0,NULL,'2023-11-09 21:04:32',1797,26,0,811,1,NULL,1),(731,0,NULL,'2023-11-11 11:11:26',1798,26,0,812,1,NULL,1),(732,0,NULL,'2023-11-12 08:34:28',1799,16,0,813,1,NULL,1),(733,0,'2024-08-12','2024-08-12 08:39:21',1800,31,0,814,1,NULL,1),(734,0,NULL,'2024-01-29 09:48:07',1802,30,0,815,1,NULL,1),(735,0,'2024-06-12','2024-07-22 07:34:10',1804,31,0,816,1,NULL,1),(736,0,NULL,'2024-03-19 17:21:32',1805,34,0,817,1,NULL,1),(737,0,NULL,'2024-04-12 03:42:26',1806,12,0,818,1,NULL,1),(738,0,'2023-12-01','2024-06-25 12:35:20',1808,12,0,819,3,NULL,1),(739,0,'2023-12-01','2024-06-25 12:35:19',1812,12,0,820,3,NULL,1),(740,0,'2023-12-01','2024-06-25 12:35:17',1816,12,0,821,3,NULL,1),(741,0,'2023-12-01','2024-06-25 12:35:17',1818,12,0,822,3,NULL,1),(742,0,'2023-12-01','2024-06-25 12:35:15',1820,12,0,823,3,NULL,1),(743,0,'2023-12-01','2024-06-25 12:35:14',1824,12,0,824,3,NULL,1),(744,0,NULL,'2024-07-08 14:52:42',1825,30,0,825,1,NULL,1),(745,0,NULL,'2024-07-08 18:31:55',1826,30,0,826,1,NULL,1),(746,0,'2024-07-10','2024-07-10 09:58:28',1832,23,0,827,3,NULL,1),(747,0,NULL,'2024-07-10 07:23:40',1829,22,0,828,1,NULL,1),(748,0,NULL,'2024-07-10 08:55:36',1831,22,0,829,1,NULL,1),(749,0,NULL,'2024-07-15 13:25:57',1835,22,0,830,1,NULL,1),(750,0,NULL,'2024-07-15 13:32:54',1836,22,0,831,1,NULL,1),(751,0,NULL,'2024-07-15 14:29:29',1837,22,0,832,1,NULL,1),(752,0,NULL,'2024-07-17 07:22:52',1838,22,0,833,1,NULL,1),(753,0,NULL,'2024-07-25 07:17:38',1839,21,0,834,1,NULL,1),(754,0,'2024-08-22','2024-08-22 06:11:20',1840,27,1,118,3,NULL,2),(755,0,'2024-08-22','2024-08-22 06:12:04',1841,16,1,119,3,'',2),(756,0,'2024-08-22','2024-08-22 06:12:46',1845,25,1,125,3,NULL,2),(757,0,'2024-08-22','2024-08-22 06:15:12',1848,26,1,120,3,NULL,2),(758,0,'2024-08-22','2024-08-22 06:15:56',1851,26,2,121,3,NULL,2),(759,0,'2024-08-22','2024-08-22 06:17:59',1854,26,3,122,3,NULL,2),(760,0,'2024-08-22','2024-08-22 06:18:52',1857,26,4,123,3,NULL,2),(761,0,'2024-08-22','2024-08-22 06:19:25',1859,29,1,127,3,NULL,2),(762,0,'2024-08-22','2024-08-22 06:23:44',1861,27,1,99,3,NULL,2),(763,0,'2024-08-22','2024-08-22 06:24:45',1863,16,1,110,3,NULL,2),(764,0,'2024-08-22','2024-08-22 06:33:18',1865,27,1,68,3,NULL,2);

--
-- Table structure for table `queries`
--

CREATE TABLE `queries` (
  `query_id` bigint NOT NULL AUTO_INCREMENT,
  `assoc_type` bigint NOT NULL,
  `assoc_id` bigint NOT NULL,
  `stage_id` tinyint NOT NULL DEFAULT '1',
  `seq` double NOT NULL DEFAULT '0',
  `date_posted` datetime DEFAULT NULL,
  `date_modified` datetime DEFAULT NULL,
  `closed` smallint NOT NULL DEFAULT '0',
  PRIMARY KEY (`query_id`),
  KEY `queries_assoc_id` (`assoc_type`,`assoc_id`)
) ENGINE=InnoDB AUTO_INCREMENT=94 DEFAULT CHARSET=utf8mb3;

--
-- Dumping data for table `queries`
--

INSERT INTO `queries` VALUES (6,1048585,8,3,1,NULL,NULL,0),(7,1048585,8,3,2,NULL,NULL,0),(19,1048585,512,1,1,NULL,NULL,0),(20,1048585,513,1,1,NULL,NULL,0),(21,1048585,514,1,1,NULL,NULL,0),(23,1048585,512,3,2,NULL,NULL,0),(25,1048585,517,1,1,NULL,NULL,0),(27,1048585,513,3,2,NULL,NULL,0),(28,1048585,550,1,1,NULL,NULL,0),(33,1048585,580,1,1,NULL,NULL,0),(36,1048585,586,1,1,NULL,NULL,0),(40,1048585,610,1,1,NULL,NULL,0),(41,1048585,610,1,2,NULL,NULL,0),(42,1048585,621,1,1,NULL,NULL,0),(55,1048585,672,1,1,NULL,NULL,0),(56,1048585,676,1,1,NULL,NULL,0),(60,1048585,706,1,1,NULL,NULL,0),(61,1048585,713,1,1,NULL,NULL,0),(62,1048585,715,1,1,NULL,NULL,0),(63,1048585,734,3,1,NULL,NULL,0),(64,1048585,740,1,1,NULL,NULL,0),(65,1048585,745,1,1,NULL,NULL,0),(66,1048585,749,1,1,NULL,NULL,0),(67,1048585,747,1,1,NULL,NULL,0),(68,1048585,751,1,1,NULL,NULL,0),(69,1048585,751,1,2,NULL,NULL,0),(70,1048585,758,1,1,NULL,NULL,0),(73,1048585,792,1,1,NULL,NULL,0),(74,1048585,792,1,2,NULL,NULL,0),(76,1048585,762,1,1,NULL,NULL,1),(77,1048585,792,1,3,NULL,NULL,0),(78,1048585,808,1,1,NULL,NULL,0),(79,1048585,810,3,1,NULL,NULL,0),(81,1048585,809,3,1,NULL,NULL,0),(83,1048585,814,1,1,NULL,NULL,0),(85,1048585,817,1,1,NULL,NULL,0),(87,1048585,767,3,1,NULL,NULL,1),(88,1048585,818,1,1,NULL,NULL,0),(89,1048585,814,1,2,NULL,NULL,0),(90,1048585,826,1,1,NULL,NULL,0),(91,1048585,816,3,2,NULL,NULL,0),(92,1048585,834,1,1,NULL,NULL,0),(93,1048585,818,1,2,NULL,NULL,0);

--
-- Table structure for table `query_participants`
--

CREATE TABLE `query_participants` (
  `query_id` bigint NOT NULL,
  `user_id` bigint NOT NULL,
  UNIQUE KEY `query_participants_pkey` (`query_id`,`user_id`)
) ENGINE=InnoDB DEFAULT CHARSET=utf8mb3;

--
-- Dumping data for table `query_participants`
--

INSERT INTO `query_participants` VALUES (19,19),(20,20),(21,21),(23,1),(23,19),(25,1),(25,25),(27,1),(27,20),(28,40),(33,72),(36,78),(40,80),(41,1),(41,80),(42,100),(55,127),(56,129),(60,142),(61,153),(62,156),(64,167),(65,171),(66,1),(66,196),(67,1),(67,176),(68,198),(69,198),(70,214),(73,1),(73,264),(74,1),(74,264),(76,250),(77,1),(77,264),(78,268),(79,1),(79,267),(81,1),(81,268),(83,274),(85,275),(87,1),(87,255),(88,278),(89,84),(89,274),(90,280),(92,281),(93,84),(93,278);

--
-- Table structure for table `queued_payments`
--

CREATE TABLE `queued_payments` (
  `queued_payment_id` bigint NOT NULL AUTO_INCREMENT,
  `date_created` datetime NOT NULL,
  `date_modified` datetime NOT NULL,
  `expiry_date` date DEFAULT NULL,
  `payment_data` text,
  PRIMARY KEY (`queued_payment_id`)
) ENGINE=InnoDB DEFAULT CHARSET=utf8mb3;

--
-- Dumping data for table `queued_payments`
--


--
-- Table structure for table `review_assignments`
--

CREATE TABLE `review_assignments` (
  `review_id` bigint NOT NULL AUTO_INCREMENT,
  `submission_id` bigint NOT NULL,
  `reviewer_id` bigint NOT NULL,
  `competing_interests` text,
  `recommendation` tinyint DEFAULT NULL,
  `date_assigned` datetime DEFAULT NULL,
  `date_notified` datetime DEFAULT NULL,
  `date_confirmed` datetime DEFAULT NULL,
  `date_completed` datetime DEFAULT NULL,
  `date_acknowledged` datetime DEFAULT NULL,
  `date_due` datetime DEFAULT NULL,
  `date_response_due` datetime DEFAULT NULL,
  `last_modified` datetime DEFAULT NULL,
  `reminder_was_automatic` tinyint NOT NULL DEFAULT '0',
  `declined` tinyint NOT NULL DEFAULT '0',
  `reviewer_file_id` bigint DEFAULT NULL,
  `date_rated` datetime DEFAULT NULL,
  `date_reminded` datetime DEFAULT NULL,
  `quality` tinyint DEFAULT NULL,
  `review_round_id` bigint NOT NULL,
  `stage_id` tinyint NOT NULL DEFAULT '1',
  `review_method` tinyint NOT NULL DEFAULT '1',
  `round` tinyint NOT NULL DEFAULT '1',
  `step` tinyint NOT NULL DEFAULT '1',
  `review_form_id` bigint DEFAULT NULL,
  `unconsidered` tinyint DEFAULT NULL,
  `cancelled` tinyint NOT NULL DEFAULT '0',
  PRIMARY KEY (`review_id`),
  KEY `review_assignments_submission_id` (`submission_id`),
  KEY `review_assignments_reviewer_id` (`reviewer_id`),
  KEY `review_assignments_form_id` (`review_form_id`),
  KEY `review_assignments_reviewer_review` (`reviewer_id`,`review_id`)
) ENGINE=InnoDB AUTO_INCREMENT=8 DEFAULT CHARSET=utf8mb3;

--
-- Dumping data for table `review_assignments`
--

INSERT INTO `review_assignments` VALUES (1,767,262,NULL,1,'2023-08-03 07:45:04','2023-08-03 07:45:04','2023-08-24 09:27:46','2023-08-29 14:26:22',NULL,'2023-09-03 00:00:00','2023-08-10 00:00:00','2023-08-29 14:26:22',0,0,NULL,NULL,'2023-08-17 06:11:07',NULL,355,3,2,1,4,15,0,0),(3,792,262,NULL,1,'2023-08-29 08:44:13','2023-08-29 08:44:13','2023-09-08 09:11:22','2023-09-08 09:14:01',NULL,'2023-09-26 00:00:00','2023-09-12 00:00:00','2023-09-08 09:14:01',0,0,NULL,NULL,NULL,NULL,356,3,2,1,4,15,0,0),(5,809,114,NULL,3,'2023-11-02 08:50:29','2023-11-02 08:50:30','2023-11-02 09:22:45','2023-11-10 07:05:51','2023-11-14 13:02:24','2023-11-16 00:00:00','2023-11-06 00:00:00','2023-11-14 13:02:24',0,0,NULL,NULL,NULL,NULL,358,3,1,1,4,15,0,0),(6,810,262,NULL,1,'2023-11-02 09:00:48','2023-11-02 09:00:48','2023-11-03 08:45:02','2023-11-03 14:04:25','2023-11-03 17:17:45','2023-11-16 00:00:00','2023-11-06 00:00:00','2023-11-03 17:17:45',0,0,NULL,NULL,NULL,NULL,359,3,2,1,4,15,0,0),(7,809,114,NULL,NULL,'2023-11-15 05:45:26','2023-11-15 05:45:26',NULL,NULL,NULL,'2023-12-18 00:00:00','2023-11-16 00:00:00','2023-11-15 05:45:26',0,0,NULL,NULL,NULL,NULL,360,3,2,2,1,15,0,0);

--
-- Table structure for table `review_files`
--

CREATE TABLE `review_files` (
  `review_id` bigint NOT NULL,
  `submission_file_id` bigint unsigned NOT NULL,
  UNIQUE KEY `review_files_pkey` (`review_id`,`submission_file_id`),
  KEY `review_files_review_id` (`review_id`),
  KEY `review_files_submission_file_id_foreign` (`submission_file_id`),
  CONSTRAINT `review_files_submission_file_id_foreign` FOREIGN KEY (`submission_file_id`) REFERENCES `submission_files` (`submission_file_id`)
) ENGINE=InnoDB DEFAULT CHARSET=utf8mb3;

--
-- Dumping data for table `review_files`
--

INSERT INTO `review_files` VALUES (1,2417),(3,2422),(5,2470),(6,2472),(7,2479);

--
-- Table structure for table `review_form_element_settings`
--

CREATE TABLE `review_form_element_settings` (
  `review_form_element_id` bigint NOT NULL,
  `locale` varchar(14) NOT NULL DEFAULT '',
  `setting_name` varchar(255) NOT NULL,
  `setting_value` text,
  `setting_type` varchar(6) NOT NULL,
  UNIQUE KEY `review_form_element_settings_pkey` (`review_form_element_id`,`locale`,`setting_name`),
  KEY `review_form_element_settings_review_form_element_id` (`review_form_element_id`)
) ENGINE=InnoDB DEFAULT CHARSET=utf8mb3;

--
-- Dumping data for table `review_form_element_settings`
--

INSERT INTO `review_form_element_settings` VALUES (8,'en_US','description','','string'),(8,'en_US','possibleResponses','[\"\",\"\"]','object'),(8,'en_US','question','','string'),(8,'es_ES','description','','string'),(8,'es_ES','possibleResponses','[\"Si\",\"No\"]','object'),(8,'es_ES','question','<p><strong>1. Criterios de evaluación</strong></p>\r\n<p>Responda las preguntas que considere pertinentes de acuerdo con el carácter de la propuesta de publicación</p>\r\n<p>1. ¿El tema de la propuesta de publicación se ajusta al perfil de la revista?</p>','string'),(8,'pt_BR','description','','string'),(8,'pt_BR','possibleResponses','[\"\",\"\"]','object'),(8,'pt_BR','question','','string'),(9,'en_US','description','','string'),(9,'en_US','possibleResponses','[\"\",\"\"]','object'),(9,'en_US','question','','string'),(9,'es_ES','description','','string'),(9,'es_ES','possibleResponses','[\"Si\",\"No\"]','object'),(9,'es_ES','question','<p><strong>2. ¿El título es adecuado?</strong></p>','string'),(9,'pt_BR','description','','string'),(9,'pt_BR','possibleResponses','[\"\",\"\"]','object'),(9,'pt_BR','question','','string'),(10,'en_US','description','','string'),(10,'en_US','possibleResponses','[\"\",\"\"]','object'),(10,'en_US','question','','string'),(10,'es_ES','description','','string'),(10,'es_ES','possibleResponses','[\"Si\",\"No\"]','object'),(10,'es_ES','question','<p><strong>3. ¿La propuesta de publicación es de interés para los lectores de la revista?</strong></p>','string'),(10,'pt_BR','description','','string'),(10,'pt_BR','possibleResponses','[\"\",\"\"]','object'),(10,'pt_BR','question','','string'),(11,'en_US','description','','string'),(11,'en_US','possibleResponses','[\"\",\"\"]','object'),(11,'en_US','question','','string'),(11,'es_ES','description','','string'),(11,'es_ES','possibleResponses','[\"Si\",\"No\"]','object'),(11,'es_ES','question','<p><strong>4. ¿Se identifica el tema principal de la propuesta de publicación?</strong></p>','string'),(11,'pt_BR','description','','string'),(11,'pt_BR','possibleResponses','[\"\",\"\"]','object'),(11,'pt_BR','question','','string'),(12,'en_US','description','','string'),(12,'en_US','possibleResponses','[\"\",\"\"]','object'),(12,'en_US','question','','string'),(12,'es_ES','description','','string'),(12,'es_ES','possibleResponses','[\"Si\",\"No\"]','object'),(12,'es_ES','question','<p><strong>5. ¿Las tablas y figuras son pertinentes y aportan información nueva al contenido?</strong></p>','string'),(12,'pt_BR','description','','string'),(12,'pt_BR','possibleResponses','[\"\",\"\"]','object'),(12,'pt_BR','question','','string'),(13,'en_US','description','','string'),(13,'en_US','possibleResponses','[\"\",\"\"]','object'),(13,'en_US','question','','string'),(13,'es_ES','description','','string'),(13,'es_ES','possibleResponses','[\"Si\",\"No\"]','object'),(13,'es_ES','question','<p><strong>6. ¿Las tablas y figuras tienen los requisitos técnicos para su publicación?</strong></p>','string'),(13,'pt_BR','description','','string'),(13,'pt_BR','possibleResponses','[\"\",\"\"]','object'),(13,'pt_BR','question','','string'),(14,'en_US','description','','string'),(14,'en_US','possibleResponses','[\"\",\"\"]','object'),(14,'en_US','question','','string'),(14,'es_ES','description','','string'),(14,'es_ES','possibleResponses','[\"Si\",\"No\"]','object'),(14,'es_ES','question','<p><strong>7. ¿La propuesta de publicación aporta nuevos conocimientos teóricos o prácticos sobre la temática abordada? </strong></p>','string'),(14,'pt_BR','description','','string'),(14,'pt_BR','possibleResponses','[\"\",\"\"]','object'),(14,'pt_BR','question','','string'),(15,'en_US','description','','string'),(15,'en_US','question','','string'),(15,'es_ES','description','','string'),(15,'es_ES','question','<p><strong>Observaciones</strong></p>','string'),(15,'pt_BR','description','','string'),(15,'pt_BR','question','','string'),(16,'en_US','description','','string'),(16,'en_US','possibleResponses','[\"\",\"\",\"\",\"\",\"\"]','object'),(16,'en_US','question','','string'),(16,'es_ES','description','','string'),(16,'es_ES','possibleResponses','[\"E\",\"B\",\"A\",\"R\",\"D\"]','object'),(16,'es_ES','question','<table>\r\n<tbody>\r\n<tr>\r\n<td width=\"589\">\r\n<p><strong>2. Evalúe el contenido teniendo en cuenta la siguiente escala</strong></p>\r\n<p><strong>E: Excelente B: Bueno A: Aceptable R: Regular D: Deficiente</strong></p>\r\n<p><strong>1. ¿El resumen y las palabras clave dan cuenta del contenido?</strong></p>\r\n</td>\r\n</tr>\r\n</tbody>\r\n</table>','string'),(16,'pt_BR','description','','string'),(16,'pt_BR','possibleResponses','[\"\",\"\",\"\",\"\",\"\"]','object'),(16,'pt_BR','question','','string'),(17,'en_US','description','','string'),(17,'en_US','possibleResponses','[\"\",\"\",\"\",\"\",\"\"]','object'),(17,'en_US','question','','string'),(17,'es_ES','description','','string'),(17,'es_ES','possibleResponses','[\"E\",\"B\",\"A\",\"R\",\"D\"]','object'),(17,'es_ES','question','<p><strong>2. ¿La introducción plantea la problemática, la contextualización, y los antecedentes que sustentan el objetivo de la propuesta de publicación?</strong></p>','string'),(17,'pt_BR','description','','string'),(17,'pt_BR','possibleResponses','[\"\",\"\",\"\",\"\",\"\"]','object'),(17,'pt_BR','question','','string'),(18,'en_US','description','','string'),(18,'en_US','possibleResponses','[\"\",\"\",\"\",\"\",\"\"]','object'),(18,'en_US','question','','string'),(18,'es_ES','description','','string'),(18,'es_ES','possibleResponses','[\"E\",\"B\",\"A\",\"R\",\"D\"]','object'),(18,'es_ES','question','<p><strong>3. ¿La metodología se plantea de manera adecuada? (Tipo, método, diseño, técnicas o equipos, instrumentos, programas, tratamiento de los datos)</strong></p>','string'),(18,'pt_BR','description','','string'),(18,'pt_BR','possibleResponses','[\"\",\"\",\"\",\"\",\"\"]','object'),(18,'pt_BR','question','','string'),(19,'en_US','description','','string'),(19,'en_US','possibleResponses','[\"\",\"\",\"\",\"\",\"\"]','object'),(19,'en_US','question','','string'),(19,'es_ES','description','','string'),(19,'es_ES','possibleResponses','[\"E\",\"B\",\"A\",\"R\",\"D\"]','object'),(19,'es_ES','question','<p><strong>4. ¿Los resultados y las conclusiones son claros y se presentan adecuadamente para una fácil comprensión de los lectores?</strong></p>','string'),(19,'pt_BR','description','','string'),(19,'pt_BR','possibleResponses','[\"\",\"\",\"\",\"\",\"\"]','object'),(19,'pt_BR','question','','string'),(20,'en_US','description','','string'),(20,'en_US','possibleResponses','[\"\",\"\",\"\",\"\",\"\"]','object'),(20,'en_US','question','','string'),(20,'es_ES','description','','string'),(20,'es_ES','possibleResponses','[\"E\",\"B\",\"A\",\"R\",\"D\"]','object'),(20,'es_ES','question','<p><strong>5. ¿La conclusión expone, de forma clara, concisa y lógica, el aporte del autor?</strong></p>','string'),(20,'pt_BR','description','','string'),(20,'pt_BR','possibleResponses','[\"\",\"\",\"\",\"\",\"\"]','object'),(20,'pt_BR','question','','string'),(21,'en_US','description','','string'),(21,'en_US','possibleResponses','[\"\",\"\",\"\",\"\",\"\"]','object'),(21,'en_US','question','','string'),(21,'es_ES','description','','string'),(21,'es_ES','possibleResponses','[\"E\",\"B\",\"A\",\"R\",\"D\"]','object'),(21,'es_ES','question','<p><strong>6. ¿Las referencias son actuales y adecuadas para sustentar la temática tratada en el texto?</strong></p>','string'),(21,'pt_BR','description','','string'),(21,'pt_BR','possibleResponses','[\"\",\"\",\"\",\"\",\"\"]','object'),(21,'pt_BR','question','','string'),(22,'en_US','description','','string'),(22,'en_US','possibleResponses','[\"\",\"\",\"\",\"\",\"\"]','object'),(22,'en_US','question','','string'),(22,'es_ES','description','','string'),(22,'es_ES','possibleResponses','[\"E\",\"B\",\"A\",\"R\",\"D\"]','object'),(22,'es_ES','question','<p><strong>7. ¿La propuesta de publicación tiene una estructura clara?</strong></p>','string'),(22,'pt_BR','description','','string'),(22,'pt_BR','possibleResponses','[\"\",\"\",\"\",\"\",\"\"]','object'),(22,'pt_BR','question','','string'),(23,'en_US','description','','string'),(23,'en_US','possibleResponses','[\"\",\"\",\"\",\"\",\"\"]','object'),(23,'en_US','question','','string'),(23,'es_ES','description','','string'),(23,'es_ES','possibleResponses','[\"E\",\"B\",\"A\",\"R\",\"D\"]','object'),(23,'es_ES','question','<p><strong>8. ¿La calidad de la escritura es adecuada (ortografía, gramática, sintaxis)?</strong></p>','string'),(23,'pt_BR','description','','string'),(23,'pt_BR','possibleResponses','[\"\",\"\",\"\",\"\",\"\"]','object'),(23,'pt_BR','question','','string'),(24,'en_US','description','','string'),(24,'en_US','question','','string'),(24,'es_ES','description','','string'),(24,'es_ES','question','<p><strong>Observaciones</strong></p>','string'),(24,'pt_BR','description','','string'),(24,'pt_BR','question','','string'),(30,'en_US','description','','string'),(30,'en_US','question','','string'),(30,'es_ES','description','','string'),(30,'es_ES','question','<p><strong>Comentarios generales</strong></p>','string'),(30,'pt_BR','description','','string'),(30,'pt_BR','question','','string'),(247,'en_US','description','','string'),(247,'en_US','possibleResponses','[\"\",\"\"]','object'),(247,'en_US','question','','string'),(247,'es_ES','description','','string'),(247,'es_ES','possibleResponses','[\"Si\",\"No\"]','object'),(247,'es_ES','question','<p><strong>1. Criterios de evaluación</strong></p>\r\n<p>Responda las preguntas que considere pertinentes de acuerdo con el carácter de la propuesta de publicación</p>\r\n<p>1. ¿El tema de la propuesta de publicación se ajusta al perfil de la revista?</p>','string'),(247,'pt_BR','description','','string'),(247,'pt_BR','possibleResponses','[\"\",\"\"]','object'),(247,'pt_BR','question','','string'),(248,'en_US','description','','string'),(248,'en_US','possibleResponses','[\"\",\"\"]','object'),(248,'en_US','question','','string'),(248,'es_ES','description','','string'),(248,'es_ES','possibleResponses','[\"Si\",\"No\"]','object'),(248,'es_ES','question','<p><strong>2. ¿El título es adecuado?</strong></p>','string'),(248,'pt_BR','description','','string'),(248,'pt_BR','possibleResponses','[\"\",\"\"]','object'),(248,'pt_BR','question','','string'),(249,'en_US','description','','string'),(249,'en_US','possibleResponses','[\"\",\"\"]','object'),(249,'en_US','question','','string'),(249,'es_ES','description','','string'),(249,'es_ES','possibleResponses','[\"Si\",\"No\"]','object'),(249,'es_ES','question','<p><strong>3. ¿La propuesta de publicación es de interés para los lectores de la revista?</strong></p>','string'),(249,'pt_BR','description','','string'),(249,'pt_BR','possibleResponses','[\"\",\"\"]','object'),(249,'pt_BR','question','','string'),(250,'en_US','description','','string'),(250,'en_US','possibleResponses','[\"\",\"\"]','object'),(250,'en_US','question','','string'),(250,'es_ES','description','','string'),(250,'es_ES','possibleResponses','[\"Si\",\"No\"]','object'),(250,'es_ES','question','<p><strong>4. ¿Se identifica el tema principal de la propuesta de publicación?</strong></p>','string'),(250,'pt_BR','description','','string'),(250,'pt_BR','possibleResponses','[\"\",\"\"]','object'),(250,'pt_BR','question','','string'),(251,'en_US','description','','string'),(251,'en_US','possibleResponses','[\"\",\"\"]','object'),(251,'en_US','question','','string'),(251,'es_ES','description','','string'),(251,'es_ES','possibleResponses','[\"Si\",\"No\"]','object'),(251,'es_ES','question','<p><strong>5. ¿Las tablas y figuras son pertinentes y aportan información nueva al contenido?</strong></p>','string'),(251,'pt_BR','description','','string'),(251,'pt_BR','possibleResponses','[\"\",\"\"]','object'),(251,'pt_BR','question','','string'),(252,'en_US','description','','string'),(252,'en_US','possibleResponses','[\"\",\"\"]','object'),(252,'en_US','question','','string'),(252,'es_ES','description','','string'),(252,'es_ES','possibleResponses','[\"Si\",\"No\"]','object'),(252,'es_ES','question','<p><strong>6. ¿Las tablas y figuras tienen los requisitos técnicos para su publicación?</strong></p>','string'),(252,'pt_BR','description','','string'),(252,'pt_BR','possibleResponses','[\"\",\"\"]','object'),(252,'pt_BR','question','','string'),(253,'en_US','description','','string'),(253,'en_US','possibleResponses','[\"\",\"\"]','object'),(253,'en_US','question','','string'),(253,'es_ES','description','','string'),(253,'es_ES','possibleResponses','[\"Si\",\"No\"]','object'),(253,'es_ES','question','<p><strong>7. ¿La propuesta de publicación aporta nuevos conocimientos teóricos o prácticos sobre la temática abordada?</strong></p>','string'),(253,'pt_BR','description','','string'),(253,'pt_BR','possibleResponses','[\"\",\"\"]','object'),(253,'pt_BR','question','','string'),(254,'en_US','description','','string'),(254,'en_US','question','','string'),(254,'es_ES','description','','string'),(254,'es_ES','question','<p><strong>Observaciones</strong></p>','string'),(254,'pt_BR','description','','string'),(254,'pt_BR','question','','string'),(255,'en_US','description','','string'),(255,'en_US','possibleResponses','[\"\",\"\",\"\",\"\",\"\"]','object'),(255,'en_US','question','','string'),(255,'es_ES','description','','string'),(255,'es_ES','possibleResponses','[\"E\",\"B\",\"A\",\"R\",\"D\"]','object'),(255,'es_ES','question','<p><strong>2. Evalúe el contenido teniendo en cuenta la siguiente escala</strong></p>\r\n<p><strong>E: Excelente B: Bueno A: Aceptable R: Regular D: Deficiente</strong></p>\r\n<p><strong>1. ¿El resumen y las palabras clave dan cuenta del contenido?</strong></p>','string'),(255,'pt_BR','description','','string'),(255,'pt_BR','possibleResponses','[\"\",\"\",\"\",\"\",\"\"]','object'),(255,'pt_BR','question','','string'),(256,'en_US','description','','string'),(256,'en_US','possibleResponses','[\"\",\"\",\"\",\"\",\"\"]','object'),(256,'en_US','question','','string'),(256,'es_ES','description','','string'),(256,'es_ES','possibleResponses','[\"E\",\"B\",\"A\",\"R\",\"D\"]','object'),(256,'es_ES','question','<p><strong>2. ¿La introducción plantea la problemática, la contextualización, y los antecedentes que sustentan el objetivo de la propuesta de publicación?</strong></p>','string'),(256,'pt_BR','description','','string'),(256,'pt_BR','possibleResponses','[\"\",\"\",\"\",\"\",\"\"]','object'),(256,'pt_BR','question','','string'),(257,'en_US','description','','string'),(257,'en_US','possibleResponses','[\"\",\"\",\"\",\"\",\"\"]','object'),(257,'en_US','question','','string'),(257,'es_ES','description','','string'),(257,'es_ES','possibleResponses','[\"E\",\"B\",\"A\",\"R\",\"D\"]','object'),(257,'es_ES','question','<p><strong>3. ¿La metodología se plantea de manera adecuada? (Tipo, método, diseño, técnicas o equipos, instrumentos, programas, tratamiento de los datos)</strong></p>','string'),(257,'pt_BR','description','','string'),(257,'pt_BR','possibleResponses','[\"\",\"\",\"\",\"\",\"\"]','object'),(257,'pt_BR','question','','string'),(258,'en_US','description','','string'),(258,'en_US','possibleResponses','[\"\",\"\",\"\",\"\",\"\"]','object'),(258,'en_US','question','','string'),(258,'es_ES','description','','string'),(258,'es_ES','possibleResponses','[\"E\",\"B\",\"A\",\"R\",\"D\"]','object'),(258,'es_ES','question','<p><strong>4. ¿Los resultados y las conclusiones son claros y se presentan adecuadamente para una fácil comprensión de los lectores?</strong></p>','string'),(258,'pt_BR','description','','string'),(258,'pt_BR','possibleResponses','[\"\",\"\",\"\",\"\",\"\"]','object'),(258,'pt_BR','question','','string'),(259,'en_US','description','','string'),(259,'en_US','possibleResponses','[\"\",\"\",\"\",\"\",\"\"]','object'),(259,'en_US','question','','string'),(259,'es_ES','description','','string'),(259,'es_ES','possibleResponses','[\"E\",\"B\",\"A\",\"R\",\"D\"]','object'),(259,'es_ES','question','<p><strong>5. ¿La conclusión expone, de forma clara, concisa y lógica, el aporte del autor?</strong></p>','string'),(259,'pt_BR','description','','string'),(259,'pt_BR','possibleResponses','[\"\",\"\",\"\",\"\",\"\"]','object'),(259,'pt_BR','question','','string'),(260,'en_US','description','','string'),(260,'en_US','possibleResponses','[\"\",\"\",\"\",\"\",\"\"]','object'),(260,'en_US','question','','string'),(260,'es_ES','description','','string'),(260,'es_ES','possibleResponses','[\"E\",\"B\",\"A\",\"R\",\"D\"]','object'),(260,'es_ES','question','<p><strong>6. ¿Las referencias son actuales y adecuadas para sustentar la temática tratada en el texto?</strong></p>','string'),(260,'pt_BR','description','','string'),(260,'pt_BR','possibleResponses','[\"\",\"\",\"\",\"\",\"\"]','object'),(260,'pt_BR','question','','string'),(261,'en_US','description','','string'),(261,'en_US','possibleResponses','[\"\",\"\",\"\",\"\",\"\"]','object'),(261,'en_US','question','','string'),(261,'es_ES','description','','string'),(261,'es_ES','possibleResponses','[\"E\",\"B\",\"A\",\"R\",\"D\"]','object'),(261,'es_ES','question','<p><strong>7. ¿La propuesta de publicación tiene una estructura clara?</strong></p>','string'),(261,'pt_BR','description','','string'),(261,'pt_BR','possibleResponses','[\"\",\"\",\"\",\"\",\"\"]','object'),(261,'pt_BR','question','','string'),(262,'en_US','description','','string'),(262,'en_US','possibleResponses','[\"\",\"\",\"\",\"\",\"\"]','object'),(262,'en_US','question','','string'),(262,'es_ES','description','','string'),(262,'es_ES','possibleResponses','[\"E\",\"B\",\"A\",\"R\",\"D\"]','object'),(262,'es_ES','question','<p><strong>8. ¿La calidad de la escritura es adecuada (ortografía, gramática, sintaxis)?</strong></p>','string'),(262,'pt_BR','description','','string'),(262,'pt_BR','possibleResponses','[\"\",\"\",\"\",\"\",\"\"]','object'),(262,'pt_BR','question','','string'),(263,'en_US','description','','string'),(263,'en_US','question','','string'),(263,'es_ES','description','','string'),(263,'es_ES','question','<p><strong>Observaciones</strong></p>','string'),(263,'pt_BR','description','','string'),(263,'pt_BR','question','','string'),(264,'en_US','description','','string'),(264,'en_US','question','','string'),(264,'es_ES','description','','string'),(264,'es_ES','question','<p><strong>Comentarios generales</strong></p>','string'),(264,'pt_BR','description','','string'),(264,'pt_BR','question','','string'),(265,'en_US','description','','string'),(265,'en_US','possibleResponses','[\"\",\"\",\"\"]','object'),(265,'en_US','question','','string'),(265,'es_ES','description','','string'),(265,'es_ES','possibleResponses','[\"\",\"Si\",\"No\"]','object'),(265,'es_ES','question','<p><strong>1. Criterios de evaluación</strong></p>\r\n<p>Responda las preguntas que considere pertinentes de acuerdo con el carácter de la propuesta de publicación</p>\r\n<p>1. ¿El tema de la propuesta de publicación se ajusta al perfil de la revista?</p>','string'),(265,'pt_BR','description','','string'),(265,'pt_BR','possibleResponses','[\"\",\"\",\"\"]','object'),(265,'pt_BR','question','','string'),(266,'en_US','description','','string'),(266,'en_US','possibleResponses','[\"\",\"\"]','object'),(266,'en_US','question','','string'),(266,'es_ES','description','','string'),(266,'es_ES','possibleResponses','[\"Si\",\"No\"]','object'),(266,'es_ES','question','<p><strong>2. ¿El título es adecuado?</strong></p>','string'),(266,'pt_BR','description','','string'),(266,'pt_BR','possibleResponses','[\"\",\"\"]','object'),(266,'pt_BR','question','','string'),(267,'en_US','description','','string'),(267,'en_US','possibleResponses','[\"\",\"\"]','object'),(267,'en_US','question','','string'),(267,'es_ES','description','','string'),(267,'es_ES','possibleResponses','[\"Si\",\"No\"]','object'),(267,'es_ES','question','<p><strong>3. ¿La propuesta de publicación es de interés para los lectores de la revista?</strong></p>','string'),(267,'pt_BR','description','','string'),(267,'pt_BR','possibleResponses','[\"\",\"\"]','object'),(267,'pt_BR','question','','string'),(268,'en_US','description','','string'),(268,'en_US','possibleResponses','[\"\",\"\"]','object'),(268,'en_US','question','','string'),(268,'es_ES','description','','string'),(268,'es_ES','possibleResponses','[\"Si\",\"No\"]','object'),(268,'es_ES','question','<p><strong>4. ¿Se identifica el tema principal de la propuesta de publicación?</strong></p>','string'),(268,'pt_BR','description','','string'),(268,'pt_BR','possibleResponses','[\"\",\"\"]','object'),(268,'pt_BR','question','','string'),(269,'en_US','description','','string'),(269,'en_US','possibleResponses','[\"\",\"\"]','object'),(269,'en_US','question','','string'),(269,'es_ES','description','','string'),(269,'es_ES','possibleResponses','[\"Si\",\"No\"]','object'),(269,'es_ES','question','<p><strong>5. ¿Las tablas y figuras son pertinentes y aportan información nueva al contenido?</strong></p>','string'),(269,'pt_BR','description','','string'),(269,'pt_BR','possibleResponses','[\"\",\"\"]','object'),(269,'pt_BR','question','','string'),(270,'en_US','description','','string'),(270,'en_US','possibleResponses','[\"\",\"\"]','object'),(270,'en_US','question','','string'),(270,'es_ES','description','','string'),(270,'es_ES','possibleResponses','[\"Si\",\"No\"]','object'),(270,'es_ES','question','<p><strong>6. ¿Las tablas y figuras tienen los requisitos técnicos para su publicación?</strong></p>','string'),(270,'pt_BR','description','','string'),(270,'pt_BR','possibleResponses','[\"\",\"\"]','object'),(270,'pt_BR','question','','string'),(271,'en_US','description','','string'),(271,'en_US','possibleResponses','[\"\",\"\"]','object'),(271,'en_US','question','','string'),(271,'es_ES','description','','string'),(271,'es_ES','possibleResponses','[\"Si\",\"No\"]','object'),(271,'es_ES','question','<p><strong>7. ¿La propuesta de publicación aporta nuevos conocimientos teóricos o prácticos sobre la temática abordada?</strong></p>','string'),(271,'pt_BR','description','','string'),(271,'pt_BR','possibleResponses','[\"\",\"\"]','object'),(271,'pt_BR','question','','string'),(272,'en_US','description','','string'),(272,'en_US','question','','string'),(272,'es_ES','description','','string'),(272,'es_ES','question','<p><strong>Observaciones</strong></p>','string'),(272,'pt_BR','description','','string'),(272,'pt_BR','question','','string'),(273,'en_US','description','','string'),(273,'en_US','possibleResponses','[\"\",\"\",\"\",\"\",\"\"]','object'),(273,'en_US','question','','string'),(273,'es_ES','description','','string'),(273,'es_ES','possibleResponses','[\"E\",\"B\",\"A\",\"R\",\"D\"]','object'),(273,'es_ES','question','<p><strong>2. Evalúe el contenido teniendo en cuenta la siguiente escala</strong></p>\r\n<p><strong>E: Excelente B: Bueno A: Aceptable R: Regular D: Deficiente</strong></p>\r\n<p><strong>1. ¿El resumen y las palabras clave dan cuenta del contenido?</strong></p>','string'),(273,'pt_BR','description','','string'),(273,'pt_BR','possibleResponses','[\"\",\"\",\"\",\"\",\"\"]','object'),(273,'pt_BR','question','','string'),(274,'en_US','description','','string'),(274,'en_US','possibleResponses','[\"\",\"\",\"\",\"\",\"\"]','object'),(274,'en_US','question','','string'),(274,'es_ES','description','','string'),(274,'es_ES','possibleResponses','[\"E\",\"B\",\"A\",\"R\",\"D\"]','object'),(274,'es_ES','question','<p><strong>2. ¿La introducción plantea la problemática, la contextualización, y los antecedentes que sustentan el objetivo de la propuesta de publicación?</strong></p>','string'),(274,'pt_BR','description','','string'),(274,'pt_BR','possibleResponses','[\"\",\"\",\"\",\"\",\"\"]','object'),(274,'pt_BR','question','','string'),(275,'en_US','description','','string'),(275,'en_US','possibleResponses','[\"\",\"\",\"\",\"\",\"\"]','object'),(275,'en_US','question','','string'),(275,'es_ES','description','','string'),(275,'es_ES','possibleResponses','[\"E\",\"B\",\"A\",\"R\",\"D\"]','object'),(275,'es_ES','question','<p><strong>3. ¿La metodología se plantea de manera adecuada? (Tipo, método, diseño, técnicas o equipos, instrumentos, programas, tratamiento de los datos)</strong></p>','string'),(275,'pt_BR','description','','string'),(275,'pt_BR','possibleResponses','[\"\",\"\",\"\",\"\",\"\"]','object'),(275,'pt_BR','question','','string'),(276,'en_US','description','','string'),(276,'en_US','possibleResponses','[\"\",\"\",\"\",\"\",\"\"]','object'),(276,'en_US','question','','string'),(276,'es_ES','description','','string'),(276,'es_ES','possibleResponses','[\"E\",\"B\",\"A\",\"R\",\"D\"]','object'),(276,'es_ES','question','<p><strong>4. ¿Los resultados y las conclusiones son claros y se presentan adecuadamente para una fácil comprensión de los lectores?</strong></p>','string'),(276,'pt_BR','description','','string'),(276,'pt_BR','possibleResponses','[\"\",\"\",\"\",\"\",\"\"]','object'),(276,'pt_BR','question','','string'),(277,'en_US','description','','string'),(277,'en_US','possibleResponses','[\"\",\"\",\"\",\"\",\"\"]','object'),(277,'en_US','question','','string'),(277,'es_ES','description','','string'),(277,'es_ES','possibleResponses','[\"E\",\"B\",\"A\",\"R\",\"D\"]','object'),(277,'es_ES','question','<p><strong>5. ¿La conclusión expone, de forma clara, concisa y lógica, el aporte del autor?</strong></p>','string'),(277,'pt_BR','description','','string'),(277,'pt_BR','possibleResponses','[\"\",\"\",\"\",\"\",\"\"]','object'),(277,'pt_BR','question','','string'),(278,'en_US','description','','string'),(278,'en_US','possibleResponses','[\"\",\"\",\"\",\"\",\"\"]','object'),(278,'en_US','question','','string'),(278,'es_ES','description','','string'),(278,'es_ES','possibleResponses','[\"E\",\"B\",\"A\",\"R\",\"D\"]','object'),(278,'es_ES','question','<p><strong>6. ¿Las referencias son actuales y adecuadas para sustentar la temática tratada en el texto?</strong></p>','string'),(278,'pt_BR','description','','string'),(278,'pt_BR','possibleResponses','[\"\",\"\",\"\",\"\",\"\"]','object'),(278,'pt_BR','question','','string'),(279,'en_US','description','','string'),(279,'en_US','possibleResponses','[\"\",\"\",\"\",\"\",\"\"]','object'),(279,'en_US','question','','string'),(279,'es_ES','description','','string'),(279,'es_ES','possibleResponses','[\"E\",\"B\",\"A\",\"R\",\"D\"]','object'),(279,'es_ES','question','<p><strong>7. ¿La propuesta de publicación tiene una estructura clara?</strong></p>','string'),(279,'pt_BR','description','','string'),(279,'pt_BR','possibleResponses','[\"\",\"\",\"\",\"\",\"\"]','object'),(279,'pt_BR','question','','string'),(280,'en_US','description','','string'),(280,'en_US','possibleResponses','[\"\",\"\",\"\",\"\",\"\"]','object'),(280,'en_US','question','','string'),(280,'es_ES','description','','string'),(280,'es_ES','possibleResponses','[\"E\",\"B\",\"A\",\"R\",\"D\"]','object'),(280,'es_ES','question','<p><strong>8. ¿La calidad de la escritura es adecuada (ortografía, gramática, sintaxis)?</strong></p>','string'),(280,'pt_BR','description','','string'),(280,'pt_BR','possibleResponses','[\"\",\"\",\"\",\"\",\"\"]','object'),(280,'pt_BR','question','','string'),(281,'en_US','description','','string'),(281,'en_US','question','','string'),(281,'es_ES','description','','string'),(281,'es_ES','question','<p><strong>Observaciones</strong></p>','string'),(281,'pt_BR','description','','string'),(281,'pt_BR','question','','string'),(282,'en_US','description','','string'),(282,'en_US','question','','string'),(282,'es_ES','description','','string'),(282,'es_ES','question','<p><strong>Comentarios generales</strong></p>','string'),(282,'pt_BR','description','','string'),(282,'pt_BR','question','','string'),(283,'en_US','description','','string'),(283,'en_US','possibleResponses','[\"\",\"\"]','object'),(283,'en_US','question','','string'),(283,'es_ES','description','','string'),(283,'es_ES','possibleResponses','[\"Si\",\"No\"]','object'),(283,'es_ES','question','<p><strong>1. Criterios de evaluación</strong></p>\r\n<p>Responda las preguntas que considere pertinentes de acuerdo con el carácter de la propuesta de publicación</p>\r\n<p>1. ¿El tema de la propuesta de publicación se ajusta al perfil de la revista?</p>','string'),(283,'pt_BR','description','','string'),(283,'pt_BR','possibleResponses','[\"\",\"\"]','object'),(283,'pt_BR','question','','string'),(284,'en_US','description','','string'),(284,'en_US','possibleResponses','[\"\",\"\"]','object'),(284,'en_US','question','','string'),(284,'es_ES','description','','string'),(284,'es_ES','possibleResponses','[\"Si\",\"No\"]','object'),(284,'es_ES','question','<p><strong>2. ¿El título es adecuado?</strong></p>','string'),(284,'pt_BR','description','','string'),(284,'pt_BR','possibleResponses','[\"\",\"\"]','object'),(284,'pt_BR','question','','string'),(285,'en_US','description','','string'),(285,'en_US','possibleResponses','[\"\",\"\"]','object'),(285,'en_US','question','','string'),(285,'es_ES','description','','string'),(285,'es_ES','possibleResponses','[\"Si\",\"No\"]','object'),(285,'es_ES','question','<p><strong>3. ¿La propuesta de publicación es de interés para los lectores de la revista?</strong></p>','string'),(285,'pt_BR','description','','string'),(285,'pt_BR','possibleResponses','[\"\",\"\"]','object'),(285,'pt_BR','question','','string'),(286,'en_US','description','','string'),(286,'en_US','possibleResponses','[\"\",\"\"]','object'),(286,'en_US','question','','string'),(286,'es_ES','description','','string'),(286,'es_ES','possibleResponses','[\"Si\",\"No\"]','object'),(286,'es_ES','question','<p><strong>4. ¿Se identifica el tema principal de la propuesta de publicación?</strong></p>','string'),(286,'pt_BR','description','','string'),(286,'pt_BR','possibleResponses','[\"\",\"\"]','object'),(286,'pt_BR','question','','string'),(287,'en_US','description','','string'),(287,'en_US','possibleResponses','[\"\",\"\"]','object'),(287,'en_US','question','','string'),(287,'es_ES','description','','string'),(287,'es_ES','possibleResponses','[\"Si\",\"No\"]','object'),(287,'es_ES','question','<p><strong>5. ¿Las tablas y figuras son pertinentes y aportan información nueva al contenido?</strong></p>','string'),(287,'pt_BR','description','','string'),(287,'pt_BR','possibleResponses','[\"\",\"\"]','object'),(287,'pt_BR','question','','string'),(288,'en_US','description','','string'),(288,'en_US','possibleResponses','[\"\",\"\"]','object'),(288,'en_US','question','','string'),(288,'es_ES','description','','string'),(288,'es_ES','possibleResponses','[\"Si\",\"No\"]','object'),(288,'es_ES','question','<p><strong>6. ¿Las tablas y figuras tienen los requisitos técnicos para su publicación?</strong></p>','string'),(288,'pt_BR','description','','string'),(288,'pt_BR','possibleResponses','[\"\",\"\"]','object'),(288,'pt_BR','question','','string'),(289,'en_US','description','','string'),(289,'en_US','possibleResponses','[\"\",\"\"]','object'),(289,'en_US','question','','string'),(289,'es_ES','description','','string'),(289,'es_ES','possibleResponses','[\"Si\",\"No\"]','object'),(289,'es_ES','question','<p><strong>7. ¿La propuesta de publicación aporta nuevos conocimientos teóricos o prácticos sobre la temática abordada?</strong></p>','string'),(289,'pt_BR','description','','string'),(289,'pt_BR','possibleResponses','[\"\",\"\"]','object'),(289,'pt_BR','question','','string'),(290,'en_US','description','','string'),(290,'en_US','question','','string'),(290,'es_ES','description','','string'),(290,'es_ES','question','<p><strong>Observaciones</strong></p>','string'),(290,'pt_BR','description','','string'),(290,'pt_BR','question','','string'),(291,'en_US','description','','string'),(291,'en_US','possibleResponses','[\"\",\"\",\"\",\"\",\"\"]','object'),(291,'en_US','question','','string'),(291,'es_ES','description','','string'),(291,'es_ES','possibleResponses','[\"E\",\"B\",\"A\",\"R\",\"D\"]','object'),(291,'es_ES','question','<table>\r\n<tbody>\r\n<tr>\r\n<td width=\"589\">\r\n<p><strong>2. Evalúe el contenido teniendo en cuenta la siguiente escala</strong></p>\r\n<p><strong>E: Excelente B: Bueno A: Aceptable R: Regular D: Deficiente</strong></p>\r\n<p><strong>1. ¿El resumen y las palabras clave dan cuenta del contenido?</strong></p>\r\n</td>\r\n</tr>\r\n</tbody>\r\n</table>','string'),(291,'pt_BR','description','','string'),(291,'pt_BR','possibleResponses','[\"\",\"\",\"\",\"\",\"\"]','object'),(291,'pt_BR','question','','string'),(292,'en_US','description','','string'),(292,'en_US','possibleResponses','[\"\",\"\",\"\",\"\",\"\"]','object'),(292,'en_US','question','','string'),(292,'es_ES','description','','string'),(292,'es_ES','possibleResponses','[\"E\",\"B\",\"A\",\"R\",\"D\"]','object'),(292,'es_ES','question','<p><strong>2. ¿La introducción plantea la problemática, la contextualización, y los antecedentes que sustentan el objetivo de la propuesta de publicación?</strong></p>','string'),(292,'pt_BR','description','','string'),(292,'pt_BR','possibleResponses','[\"\",\"\",\"\",\"\",\"\"]','object'),(292,'pt_BR','question','','string'),(293,'en_US','description','','string'),(293,'en_US','possibleResponses','[\"\",\"\",\"\",\"\",\"\"]','object'),(293,'en_US','question','','string'),(293,'es_ES','description','','string'),(293,'es_ES','possibleResponses','[\"E\",\"B\",\"A\",\"R\",\"D\"]','object'),(293,'es_ES','question','<p><strong>3. ¿La metodología se plantea de manera adecuada? (Tipo, método, diseño, técnicas o equipos, instrumentos, programas, tratamiento de los datos)</strong></p>','string'),(293,'pt_BR','description','','string'),(293,'pt_BR','possibleResponses','[\"\",\"\",\"\",\"\",\"\"]','object'),(293,'pt_BR','question','','string'),(294,'en_US','description','','string'),(294,'en_US','possibleResponses','[\"\",\"\",\"\",\"\",\"\"]','object'),(294,'en_US','question','','string'),(294,'es_ES','description','','string'),(294,'es_ES','possibleResponses','[\"E\",\"B\",\"A\",\"R\",\"D\"]','object'),(294,'es_ES','question','<p><strong>4. ¿Los resultados y las conclusiones son claros y se presentan adecuadamente para una fácil comprensión de los lectores?</strong></p>','string'),(294,'pt_BR','description','','string'),(294,'pt_BR','possibleResponses','[\"\",\"\",\"\",\"\",\"\"]','object'),(294,'pt_BR','question','','string'),(295,'en_US','description','','string'),(295,'en_US','possibleResponses','[\"\",\"\",\"\",\"\",\"\"]','object'),(295,'en_US','question','','string'),(295,'es_ES','description','','string'),(295,'es_ES','possibleResponses','[\"E\",\"B\",\"A\",\"R\",\"D\"]','object'),(295,'es_ES','question','<p><strong>5. ¿La conclusión expone, de forma clara, concisa y lógica, el aporte del autor?</strong></p>','string'),(295,'pt_BR','description','','string'),(295,'pt_BR','possibleResponses','[\"\",\"\",\"\",\"\",\"\"]','object'),(295,'pt_BR','question','','string'),(296,'en_US','description','','string'),(296,'en_US','possibleResponses','[\"\",\"\",\"\",\"\",\"\"]','object'),(296,'en_US','question','','string'),(296,'es_ES','description','','string'),(296,'es_ES','possibleResponses','[\"E\",\"B\",\"A\",\"R\",\"D\"]','object'),(296,'es_ES','question','<p><strong>6. ¿Las referencias son actuales y adecuadas para sustentar la temática tratada en el texto?</strong></p>','string'),(296,'pt_BR','description','','string'),(296,'pt_BR','possibleResponses','[\"\",\"\",\"\",\"\",\"\"]','object'),(296,'pt_BR','question','','string'),(297,'en_US','description','','string'),(297,'en_US','possibleResponses','[\"\",\"\",\"\",\"\",\"\"]','object'),(297,'en_US','question','','string'),(297,'es_ES','description','','string'),(297,'es_ES','possibleResponses','[\"E\",\"B\",\"A\",\"R\",\"D\"]','object'),(297,'es_ES','question','<p><strong>7. ¿La propuesta de publicación tiene una estructura clara?</strong></p>','string'),(297,'pt_BR','description','','string'),(297,'pt_BR','possibleResponses','[\"\",\"\",\"\",\"\",\"\"]','object'),(297,'pt_BR','question','','string'),(298,'en_US','description','','string'),(298,'en_US','possibleResponses','[\"\",\"\",\"\",\"\",\"\"]','object'),(298,'en_US','question','','string'),(298,'es_ES','description','','string'),(298,'es_ES','possibleResponses','[\"E\",\"B\",\"A\",\"R\",\"D\"]','object'),(298,'es_ES','question','<p><strong>8. ¿La calidad de la escritura es adecuada (ortografía, gramática, sintaxis)?</strong></p>','string'),(298,'pt_BR','description','','string'),(298,'pt_BR','possibleResponses','[\"\",\"\",\"\",\"\",\"\"]','object'),(298,'pt_BR','question','','string'),(299,'en_US','description','','string'),(299,'en_US','question','','string'),(299,'es_ES','description','','string'),(299,'es_ES','question','<p><strong>Observaciones</strong></p>','string'),(299,'pt_BR','description','','string'),(299,'pt_BR','question','','string'),(300,'en_US','description','','string'),(300,'en_US','question','','string'),(300,'es_ES','description','','string'),(300,'es_ES','question','<p><strong>Comentarios generales</strong></p>','string'),(300,'pt_BR','description','','string'),(300,'pt_BR','question','','string'),(301,'en_US','description','','string'),(301,'en_US','possibleResponses','[\"\",\"\"]','object'),(301,'en_US','question','','string'),(301,'es_ES','description','','string'),(301,'es_ES','possibleResponses','[\"Si\",\"No\"]','object'),(301,'es_ES','question','<p><strong>1. Criterios de evaluación</strong></p>\r\n<p>Responda las preguntas que considere pertinentes de acuerdo con el carácter de la propuesta de publicación</p>\r\n<p>1. ¿El tema de la propuesta de publicación se ajusta al perfil de la revista?</p>','string'),(301,'pt_BR','description','','string'),(301,'pt_BR','possibleResponses','[\"\",\"\"]','object'),(301,'pt_BR','question','','string'),(302,'en_US','description','','string'),(302,'en_US','possibleResponses','[\"\",\"\"]','object'),(302,'en_US','question','','string'),(302,'es_ES','description','','string'),(302,'es_ES','possibleResponses','[\"Si\",\"No\"]','object'),(302,'es_ES','question','<p><strong>2. ¿El título es adecuado?</strong></p>','string'),(302,'pt_BR','description','','string'),(302,'pt_BR','possibleResponses','[\"\",\"\"]','object'),(302,'pt_BR','question','','string'),(303,'en_US','description','','string'),(303,'en_US','possibleResponses','[\"\",\"\"]','object'),(303,'en_US','question','','string'),(303,'es_ES','description','','string'),(303,'es_ES','possibleResponses','[\"Si\",\"No\"]','object'),(303,'es_ES','question','<p><strong>3. ¿La propuesta de publicación es de interés para los lectores de la revista?</strong></p>','string'),(303,'pt_BR','description','','string'),(303,'pt_BR','possibleResponses','[\"\",\"\"]','object'),(303,'pt_BR','question','','string'),(304,'en_US','description','','string'),(304,'en_US','possibleResponses','[\"\",\"\"]','object'),(304,'en_US','question','','string'),(304,'es_ES','description','','string'),(304,'es_ES','possibleResponses','[\"Si\",\"No\"]','object'),(304,'es_ES','question','<p><strong>4. ¿Se identifica el tema principal de la propuesta de publicación?</strong></p>','string'),(304,'pt_BR','description','','string'),(304,'pt_BR','possibleResponses','[\"\",\"\"]','object'),(304,'pt_BR','question','','string'),(305,'en_US','description','','string'),(305,'en_US','possibleResponses','[\"\",\"\"]','object'),(305,'en_US','question','','string'),(305,'es_ES','description','','string'),(305,'es_ES','possibleResponses','[\"Si\",\"No\"]','object'),(305,'es_ES','question','<p><strong>5. ¿Las tablas y figuras son pertinentes y aportan información nueva al contenido?</strong></p>','string'),(305,'pt_BR','description','','string'),(305,'pt_BR','possibleResponses','[\"\",\"\"]','object'),(305,'pt_BR','question','','string'),(306,'en_US','description','','string'),(306,'en_US','possibleResponses','[\"\",\"\"]','object'),(306,'en_US','question','','string'),(306,'es_ES','description','','string'),(306,'es_ES','possibleResponses','[\"Si\",\"No\"]','object'),(306,'es_ES','question','<p><strong>6. ¿Las tablas y figuras tienen los requisitos técnicos para su publicación?</strong></p>','string'),(306,'pt_BR','description','','string'),(306,'pt_BR','possibleResponses','[\"\",\"\"]','object'),(306,'pt_BR','question','','string'),(307,'en_US','description','','string'),(307,'en_US','possibleResponses','[\"\",\"\"]','object'),(307,'en_US','question','','string'),(307,'es_ES','description','','string'),(307,'es_ES','possibleResponses','[\"Si\",\"No\"]','object'),(307,'es_ES','question','<p><strong>7. ¿La propuesta de publicación aporta nuevos conocimientos teóricos o prácticos sobre la temática abordada?</strong></p>','string'),(307,'pt_BR','description','','string'),(307,'pt_BR','possibleResponses','[\"\",\"\"]','object'),(307,'pt_BR','question','','string'),(308,'en_US','description','','string'),(308,'en_US','question','','string'),(308,'es_ES','description','','string'),(308,'es_ES','question','<p><strong>Observaciones</strong></p>','string'),(308,'pt_BR','description','','string'),(308,'pt_BR','question','','string'),(309,'en_US','description','','string'),(309,'en_US','possibleResponses','[\"\",\"\",\"\",\"\",\"\"]','object'),(309,'en_US','question','','string'),(309,'es_ES','description','','string'),(309,'es_ES','possibleResponses','[\"E\",\"B\",\"A\",\"R\",\"D\"]','object'),(309,'es_ES','question','<p><strong>2. Evalúe el contenido teniendo en cuenta la siguiente escala</strong></p>\r\n<p><strong>E: Excelente B: Bueno A: Aceptable R: Regular D: Deficiente</strong></p>\r\n<p><strong>1. ¿El resumen y las palabras clave dan cuenta del contenido?</strong></p>','string'),(309,'pt_BR','description','','string'),(309,'pt_BR','possibleResponses','[\"\",\"\",\"\",\"\",\"\"]','object'),(309,'pt_BR','question','','string'),(310,'en_US','description','','string'),(310,'en_US','possibleResponses','[\"\",\"\",\"\",\"\",\"\"]','object'),(310,'en_US','question','','string'),(310,'es_ES','description','','string'),(310,'es_ES','possibleResponses','[\"E\",\"B\",\"A\",\"R\",\"D\"]','object'),(310,'es_ES','question','<p><strong>2. ¿La introducción plantea la problemática, la contextualización, y los antecedentes que sustentan el objetivo de la propuesta de publicación?</strong></p>','string'),(310,'pt_BR','description','','string'),(310,'pt_BR','possibleResponses','[\"\",\"\",\"\",\"\",\"\"]','object'),(310,'pt_BR','question','','string'),(311,'en_US','description','','string'),(311,'en_US','possibleResponses','[\"\",\"\",\"\",\"\",\"\"]','object'),(311,'en_US','question','','string'),(311,'es_ES','description','','string'),(311,'es_ES','possibleResponses','[\"E\",\"B\",\"A\",\"R\",\"D\"]','object'),(311,'es_ES','question','<p><strong>3. ¿La metodología se plantea de manera adecuada? (Tipo, método, diseño, técnicas o equipos, instrumentos, programas, tratamiento de los datos)</strong></p>','string'),(311,'pt_BR','description','','string'),(311,'pt_BR','possibleResponses','[\"\",\"\",\"\",\"\",\"\"]','object'),(311,'pt_BR','question','','string'),(312,'en_US','description','','string'),(312,'en_US','possibleResponses','[\"\",\"\",\"\",\"\",\"\"]','object'),(312,'en_US','question','','string'),(312,'es_ES','description','','string'),(312,'es_ES','possibleResponses','[\"E\",\"B\",\"A\",\"R\",\"D\"]','object'),(312,'es_ES','question','<p><strong>4. ¿Los resultados y las conclusiones son claros y se presentan adecuadamente para una fácil comprensión de los lectores?</strong></p>','string'),(312,'pt_BR','description','','string'),(312,'pt_BR','possibleResponses','[\"\",\"\",\"\",\"\",\"\"]','object'),(312,'pt_BR','question','','string'),(313,'en_US','description','','string'),(313,'en_US','possibleResponses','[\"\",\"\",\"\",\"\",\"\"]','object'),(313,'en_US','question','','string'),(313,'es_ES','description','','string'),(313,'es_ES','possibleResponses','[\"E\",\"B\",\"A\",\"R\",\"D\"]','object'),(313,'es_ES','question','<p><strong>5. ¿La conclusión expone, de forma clara, concisa y lógica, el aporte del autor?</strong></p>','string'),(313,'pt_BR','description','','string'),(313,'pt_BR','possibleResponses','[\"\",\"\",\"\",\"\",\"\"]','object'),(313,'pt_BR','question','','string'),(314,'en_US','description','','string'),(314,'en_US','possibleResponses','[\"\",\"\",\"\",\"\",\"\"]','object'),(314,'en_US','question','','string'),(314,'es_ES','description','','string'),(314,'es_ES','possibleResponses','[\"E\",\"B\",\"A\",\"R\",\"D\"]','object'),(314,'es_ES','question','<p><strong>6. ¿Las referencias son actuales y adecuadas para sustentar la temática tratada en el texto?</strong></p>','string'),(314,'pt_BR','description','','string'),(314,'pt_BR','possibleResponses','[\"\",\"\",\"\",\"\",\"\"]','object'),(314,'pt_BR','question','','string'),(315,'en_US','description','','string'),(315,'en_US','possibleResponses','[\"\",\"\",\"\",\"\",\"\"]','object'),(315,'en_US','question','','string'),(315,'es_ES','description','','string'),(315,'es_ES','possibleResponses','[\"E\",\"B\",\"A\",\"R\",\"D\"]','object'),(315,'es_ES','question','<p><strong>7. ¿La propuesta de publicación tiene una estructura clara?</strong></p>','string'),(315,'pt_BR','description','','string'),(315,'pt_BR','possibleResponses','[\"\",\"\",\"\",\"\",\"\"]','object'),(315,'pt_BR','question','','string'),(316,'en_US','description','','string'),(316,'en_US','possibleResponses','[\"\",\"\",\"\",\"\",\"\"]','object'),(316,'en_US','question','','string'),(316,'es_ES','description','','string'),(316,'es_ES','possibleResponses','[\"E\",\"B\",\"A\",\"R\",\"D\"]','object'),(316,'es_ES','question','<p><strong>8. ¿La calidad de la escritura es adecuada (ortografía, gramática, sintaxis)?</strong></p>','string'),(316,'pt_BR','description','','string'),(316,'pt_BR','possibleResponses','[\"\",\"\",\"\",\"\",\"\"]','object'),(316,'pt_BR','question','','string'),(317,'en_US','description','','string'),(317,'en_US','question','','string'),(317,'es_ES','description','','string'),(317,'es_ES','question','<p><strong>Observaciones</strong></p>','string'),(317,'pt_BR','description','','string'),(317,'pt_BR','question','','string'),(318,'en_US','description','','string'),(318,'en_US','question','','string'),(318,'es_ES','description','','string'),(318,'es_ES','question','<p><strong>Comentarios generales</strong></p>','string'),(318,'pt_BR','description','','string'),(318,'pt_BR','question','','string'),(319,'en_US','description','','string'),(319,'en_US','possibleResponses','[\"\",\"\"]','object'),(319,'en_US','question','','string'),(319,'es_ES','description','','string'),(319,'es_ES','possibleResponses','[\"Si\",\"No\"]','object'),(319,'es_ES','question','<p><strong>1. Criterios de evaluación</strong></p>\r\n<p>Responda las preguntas que considere pertinentes de acuerdo con el carácter de la propuesta de publicación</p>\r\n<p>1. ¿El tema de la propuesta de publicación se ajusta al perfil de la revista?</p>','string'),(319,'pt_BR','description','','string'),(319,'pt_BR','possibleResponses','[\"\",\"\"]','object'),(319,'pt_BR','question','','string'),(320,'en_US','description','','string'),(320,'en_US','possibleResponses','[\"\",\"\"]','object'),(320,'en_US','question','','string'),(320,'es_ES','description','','string'),(320,'es_ES','possibleResponses','[\"Si\",\"No\"]','object'),(320,'es_ES','question','<p><strong>2. ¿El título es adecuado?</strong></p>','string'),(320,'pt_BR','description','','string'),(320,'pt_BR','possibleResponses','[\"\",\"\"]','object'),(320,'pt_BR','question','','string'),(321,'en_US','description','','string'),(321,'en_US','possibleResponses','[\"\",\"\"]','object'),(321,'en_US','question','','string'),(321,'es_ES','description','','string'),(321,'es_ES','possibleResponses','[\"Si\",\"No\"]','object'),(321,'es_ES','question','<p><strong>3. ¿La propuesta de publicación es de interés para los lectores de la revista?</strong></p>','string'),(321,'pt_BR','description','','string'),(321,'pt_BR','possibleResponses','[\"\",\"\"]','object'),(321,'pt_BR','question','','string'),(322,'en_US','description','','string'),(322,'en_US','possibleResponses','[\"\",\"\"]','object'),(322,'en_US','question','','string'),(322,'es_ES','description','','string'),(322,'es_ES','possibleResponses','[\"Si\",\"No\"]','object'),(322,'es_ES','question','<p><strong>4. ¿Se identifica el tema principal de la propuesta de publicación?</strong></p>','string'),(322,'pt_BR','description','','string'),(322,'pt_BR','possibleResponses','[\"\",\"\"]','object'),(322,'pt_BR','question','','string'),(323,'en_US','description','','string'),(323,'en_US','possibleResponses','[\"\",\"\"]','object'),(323,'en_US','question','','string'),(323,'es_ES','description','','string'),(323,'es_ES','possibleResponses','[\"Si\",\"No\"]','object'),(323,'es_ES','question','<p><strong>5. ¿Las tablas y figuras son pertinentes y aportan información nueva al contenido?</strong></p>','string'),(323,'pt_BR','description','','string'),(323,'pt_BR','possibleResponses','[\"\",\"\"]','object'),(323,'pt_BR','question','','string'),(324,'en_US','description','','string'),(324,'en_US','possibleResponses','[\"\",\"\"]','object'),(324,'en_US','question','','string'),(324,'es_ES','description','','string'),(324,'es_ES','possibleResponses','[\"Si\",\"No\"]','object'),(324,'es_ES','question','<p><strong>6. ¿Las tablas y figuras tienen los requisitos técnicos para su publicación?</strong></p>','string'),(324,'pt_BR','description','','string'),(324,'pt_BR','possibleResponses','[\"\",\"\"]','object'),(324,'pt_BR','question','','string'),(325,'en_US','description','','string'),(325,'en_US','possibleResponses','[\"\",\"\"]','object'),(325,'en_US','question','','string'),(325,'es_ES','description','','string'),(325,'es_ES','possibleResponses','[\"Si\",\"No\"]','object'),(325,'es_ES','question','<p><strong>7. ¿La propuesta de publicación aporta nuevos conocimientos teóricos o prácticos sobre la temática abordada?</strong></p>','string'),(325,'pt_BR','description','','string'),(325,'pt_BR','possibleResponses','[\"\",\"\"]','object'),(325,'pt_BR','question','','string'),(326,'en_US','description','','string'),(326,'en_US','question','','string'),(326,'es_ES','description','','string'),(326,'es_ES','question','<p><strong>Observaciones</strong></p>','string'),(326,'pt_BR','description','','string'),(326,'pt_BR','question','','string'),(327,'en_US','description','','string'),(327,'en_US','possibleResponses','[\"\",\"\",\"\",\"\",\"\"]','object'),(327,'en_US','question','','string'),(327,'es_ES','description','','string'),(327,'es_ES','possibleResponses','[\"E\",\"B\",\"A\",\"R\",\"D\"]','object'),(327,'es_ES','question','<p><strong>2. Evalúe el contenido teniendo en cuenta la siguiente escala</strong></p>\r\n<p><strong>E: Excelente B: Bueno A: Aceptable R: Regular D: Deficiente</strong></p>\r\n<p><strong>1. ¿El resumen y las palabras clave dan cuenta del contenido?</strong></p>','string'),(327,'pt_BR','description','','string'),(327,'pt_BR','possibleResponses','[\"\",\"\",\"\",\"\",\"\"]','object'),(327,'pt_BR','question','','string'),(328,'en_US','description','','string'),(328,'en_US','possibleResponses','[\"\",\"\",\"\",\"\",\"\"]','object'),(328,'en_US','question','','string'),(328,'es_ES','description','','string'),(328,'es_ES','possibleResponses','[\"E\",\"B\",\"A\",\"R\",\"D\"]','object'),(328,'es_ES','question','<p><strong>2. ¿La introducción plantea la problemática, la contextualización, y los antecedentes que sustentan el objetivo de la propuesta de publicación?</strong></p>','string'),(328,'pt_BR','description','','string'),(328,'pt_BR','possibleResponses','[\"\",\"\",\"\",\"\",\"\"]','object'),(328,'pt_BR','question','','string'),(329,'en_US','description','','string'),(329,'en_US','possibleResponses','[\"\",\"\",\"\",\"\",\"\"]','object'),(329,'en_US','question','','string'),(329,'es_ES','description','','string'),(329,'es_ES','possibleResponses','[\"E\",\"B\",\"A\",\"R\",\"D\"]','object'),(329,'es_ES','question','<p><strong>3. ¿La metodología se plantea de manera adecuada? (Tipo, método, diseño, técnicas o equipos, instrumentos, programas, tratamiento de los datos)</strong></p>','string'),(329,'pt_BR','description','','string'),(329,'pt_BR','possibleResponses','[\"\",\"\",\"\",\"\",\"\"]','object'),(329,'pt_BR','question','','string'),(330,'en_US','description','','string'),(330,'en_US','possibleResponses','[\"\",\"\",\"\",\"\",\"\"]','object'),(330,'en_US','question','','string'),(330,'es_ES','description','','string'),(330,'es_ES','possibleResponses','[\"E\",\"B\",\"A\",\"R\",\"D\"]','object'),(330,'es_ES','question','<p><strong>4. ¿Los resultados y las conclusiones son claros y se presentan adecuadamente para una fácil comprensión de los lectores?</strong></p>','string'),(330,'pt_BR','description','','string'),(330,'pt_BR','possibleResponses','[\"\",\"\",\"\",\"\",\"\"]','object'),(330,'pt_BR','question','','string'),(331,'en_US','description','','string'),(331,'en_US','possibleResponses','[\"\",\"\",\"\",\"\",\"\"]','object'),(331,'en_US','question','','string'),(331,'es_ES','description','','string'),(331,'es_ES','possibleResponses','[\"E\",\"B\",\"A\",\"R\",\"D\"]','object'),(331,'es_ES','question','<p><strong>5. ¿La conclusión expone, de forma clara, concisa y lógica, el aporte del autor?</strong></p>','string'),(331,'pt_BR','description','','string'),(331,'pt_BR','possibleResponses','[\"\",\"\",\"\",\"\",\"\"]','object'),(331,'pt_BR','question','','string'),(332,'en_US','description','','string'),(332,'en_US','possibleResponses','[\"\",\"\",\"\",\"\",\"\"]','object'),(332,'en_US','question','','string'),(332,'es_ES','description','','string'),(332,'es_ES','possibleResponses','[\"E\",\"B\",\"A\",\"R\",\"D\"]','object'),(332,'es_ES','question','<p><strong>6. ¿Las referencias son actuales y adecuadas para sustentar la temática tratada en el texto?</strong></p>','string'),(332,'pt_BR','description','','string'),(332,'pt_BR','possibleResponses','[\"\",\"\",\"\",\"\",\"\"]','object'),(332,'pt_BR','question','','string'),(333,'en_US','description','','string'),(333,'en_US','possibleResponses','[\"\",\"\",\"\",\"\",\"\"]','object'),(333,'en_US','question','','string'),(333,'es_ES','description','','string'),(333,'es_ES','possibleResponses','[\"E\",\"B\",\"A\",\"R\",\"D\"]','object'),(333,'es_ES','question','<p><strong>7. ¿La propuesta de publicación tiene una estructura clara?</strong></p>','string'),(333,'pt_BR','description','','string'),(333,'pt_BR','possibleResponses','[\"\",\"\",\"\",\"\",\"\"]','object'),(333,'pt_BR','question','','string'),(334,'en_US','description','','string'),(334,'en_US','possibleResponses','[\"\",\"\",\"\",\"\",\"\"]','object'),(334,'en_US','question','','string'),(334,'es_ES','description','','string'),(334,'es_ES','possibleResponses','[\"E\",\"B\",\"A\",\"R\",\"D\"]','object'),(334,'es_ES','question','<p><strong>8. ¿La calidad de la escritura es adecuada (ortografía, gramática, sintaxis)?</strong></p>','string'),(334,'pt_BR','description','','string'),(334,'pt_BR','possibleResponses','[\"\",\"\",\"\",\"\",\"\"]','object'),(334,'pt_BR','question','','string'),(335,'en_US','description','','string'),(335,'en_US','question','','string'),(335,'es_ES','description','','string'),(335,'es_ES','question','<p><strong>Observaciones</strong></p>','string'),(335,'pt_BR','description','','string'),(335,'pt_BR','question','','string'),(336,'en_US','description','','string'),(336,'en_US','question','','string'),(336,'es_ES','description','','string'),(336,'es_ES','question','<p><strong>Comentarios generales</strong></p>','string'),(336,'pt_BR','description','','string'),(336,'pt_BR','question','','string');

--
-- Table structure for table `review_form_elements`
--

CREATE TABLE `review_form_elements` (
  `review_form_element_id` bigint NOT NULL AUTO_INCREMENT,
  `review_form_id` bigint NOT NULL,
  `seq` double DEFAULT NULL,
  `element_type` bigint DEFAULT NULL,
  `required` tinyint DEFAULT NULL,
  `included` tinyint DEFAULT NULL,
  PRIMARY KEY (`review_form_element_id`),
  KEY `review_form_elements_review_form_id` (`review_form_id`)
) ENGINE=InnoDB AUTO_INCREMENT=337 DEFAULT CHARSET=utf8mb3;

--
-- Dumping data for table `review_form_elements`
--

INSERT INTO `review_form_elements` VALUES (8,1,7,5,1,1),(9,1,8,5,1,1),(10,1,9,5,1,1),(11,1,10,5,1,1),(12,1,11,5,1,1),(13,1,12,5,1,1),(14,1,13,5,1,1),(15,1,14,3,1,0),(16,1,15,5,1,1),(17,1,16,5,1,1),(18,1,17,5,1,1),(19,1,18,5,1,1),(20,1,19,5,1,1),(21,1,20,5,1,1),(22,1,21,5,1,1),(23,1,22,5,1,1),(24,1,23,3,1,0),(30,1,29,3,1,0),(247,14,1,5,1,1),(248,14,2,5,1,1),(249,14,3,5,1,1),(250,14,4,5,1,1),(251,14,5,5,1,1),(252,14,6,5,1,1),(253,14,7,5,1,1),(254,14,8,3,1,0),(255,14,9,5,1,1),(256,14,10,5,1,1),(257,14,11,5,1,1),(258,14,12,5,1,1),(259,14,13,5,1,1),(260,14,14,5,1,1),(261,14,15,5,1,1),(262,14,16,5,1,1),(263,14,17,3,1,0),(264,14,18,3,1,0),(265,15,1,5,1,1),(266,15,2,5,1,1),(267,15,3,5,1,1),(268,15,4,5,1,1),(269,15,5,5,1,1),(270,15,6,5,1,1),(271,15,7,5,1,1),(272,15,8,3,1,0),(273,15,9,5,1,1),(274,15,10,5,1,1),(275,15,11,5,1,1),(276,15,12,5,1,1),(277,15,13,5,1,1),(278,15,14,5,1,1),(279,15,15,5,1,1),(280,15,16,5,1,1),(281,15,17,3,1,0),(282,15,18,3,1,0),(283,16,1,5,1,1),(284,16,2,5,1,1),(285,16,3,5,1,1),(286,16,4,5,1,1),(287,16,5,5,1,1),(288,16,6,5,1,1),(289,16,7,5,1,1),(290,16,8,3,1,0),(291,16,9,5,1,1),(292,16,10,5,1,1),(293,16,11,5,1,1),(294,16,12,5,1,1),(295,16,13,5,1,1),(296,16,14,5,1,1),(297,16,15,5,1,1),(298,16,16,5,1,1),(299,16,17,3,1,0),(300,16,18,3,1,0),(301,17,1,5,1,1),(302,17,2,5,1,1),(303,17,3,5,1,1),(304,17,4,5,1,1),(305,17,5,5,1,1),(306,17,6,5,1,1),(307,17,7,5,1,1),(308,17,8,3,1,0),(309,17,9,5,1,1),(310,17,10,5,1,1),(311,17,11,5,1,1),(312,17,12,5,1,1),(313,17,13,5,1,1),(314,17,14,5,1,1),(315,17,15,5,1,1),(316,17,16,5,1,1),(317,17,17,3,1,0),(318,17,18,3,1,0),(319,18,1,5,1,1),(320,18,2,5,1,1),(321,18,3,5,1,1),(322,18,4,5,1,1),(323,18,5,5,1,1),(324,18,6,5,1,1),(325,18,7,5,1,1),(326,18,8,3,1,0),(327,18,9,5,1,1),(328,18,10,5,1,1),(329,18,11,5,1,1),(330,18,12,5,1,1),(331,18,13,5,1,1),(332,18,14,5,1,1),(333,18,15,5,1,1),(334,18,16,5,1,1),(335,18,17,3,1,0),(336,18,18,3,1,0);

--
-- Table structure for table `review_form_responses`
--

CREATE TABLE `review_form_responses` (
  `review_form_element_id` bigint NOT NULL,
  `review_id` bigint NOT NULL,
  `response_type` varchar(6) DEFAULT NULL,
  `response_value` text,
  KEY `review_form_responses_pkey` (`review_form_element_id`,`review_id`)
) ENGINE=InnoDB DEFAULT CHARSET=utf8mb3;

--
-- Dumping data for table `review_form_responses`
--

INSERT INTO `review_form_responses` VALUES (265,1,'int','1'),(266,1,'int','0'),(267,1,'int','0'),(268,1,'int','0'),(269,1,'int','0'),(270,1,'int','0'),(271,1,'int','0'),(272,1,'string','La propuesta de publicación describe el diseño de una app para registro de asistencia en la JDC, el aporte de nuevo conocimiento teórico se refleja permitiendo enriquecer el conocimiento de aplicaciones móviles y sus diferentes frameworks, y el práctico se refleja en la disponibilidad de la aplicación.  '),(273,1,'int','1'),(274,1,'int','1'),(275,1,'int','1'),(276,1,'int','0'),(277,1,'int','0'),(278,1,'int','0'),(279,1,'int','0'),(280,1,'int','0'),(281,1,'string','Ninguna'),(282,1,'string','Para mi concepto, es un artículo publicable en la revista Ciencia, Innovaciójn y Tecnología.'),(265,3,'int','1'),(266,3,'int','0'),(267,3,'int','0'),(268,3,'int','0'),(269,3,'int','0'),(270,3,'int','0'),(271,3,'int','0'),(272,3,'string','Es un tema innovador, que se ajusta al perfil de la revista; al ser un tema relativamente nuevo, puede ser atractivo para los lectores.  '),(273,3,'int','0'),(274,3,'int','0'),(275,3,'int','0'),(276,3,'int','1'),(277,3,'int','0'),(278,3,'int','0'),(279,3,'int','0'),(280,3,'int','1'),(281,3,'string','NA'),(282,3,'string','NA'),(265,6,'int','1'),(266,6,'int','0'),(267,6,'int','0'),(268,6,'int','0'),(269,6,'int','0'),(270,6,'int','0'),(271,6,'int','0'),(272,6,'string','Ninguna'),(273,6,'int','1'),(274,6,'int','0'),(275,6,'int','1'),(276,6,'int','0'),(277,6,'int','0'),(278,6,'int','0'),(279,6,'int','0'),(280,6,'int','0'),(281,6,'string','Ninugna'),(282,6,'string','Gran aporte a la revista'),(265,5,'int','1'),(266,5,'int','0'),(267,5,'int','0'),(268,5,'int','0'),(269,5,'int','0'),(270,5,'int','0'),(271,5,'int','1'),(272,5,'string','Es un artículo de revisión, a partir de informacion secundaria se podrian haber evaludo las formulaciones encotradas con el fin de analizar la consistencia de los resultados '),(273,5,'int','1'),(274,5,'int','1'),(275,5,'int','2'),(276,5,'int','2'),(277,5,'int','1'),(278,5,'int','1'),(279,5,'int','1'),(280,5,'int','1'),(281,5,'string','Las conclusiones deben ser revisadas, complementarlas con lo que se propuso en la indroducción, en la cual ud va a dar su opinon acerca de cuál método es mejor, teniendo en cuenta datos históricos y otras investigaciones, sin embargo no lo hizo\r\n\r\n'),(282,5,'string','se deben atender las observaciones hechas al documento y reenviar para verificar que han sido atentidas');

--
-- Table structure for table `review_form_settings`
--

CREATE TABLE `review_form_settings` (
  `review_form_id` bigint NOT NULL,
  `locale` varchar(14) NOT NULL DEFAULT '',
  `setting_name` varchar(255) NOT NULL,
  `setting_value` text,
  `setting_type` varchar(6) NOT NULL,
  UNIQUE KEY `review_form_settings_pkey` (`review_form_id`,`locale`,`setting_name`),
  KEY `review_form_settings_review_form_id` (`review_form_id`)
) ENGINE=InnoDB DEFAULT CHARSET=utf8mb3;

--
-- Dumping data for table `review_form_settings`
--

INSERT INTO `review_form_settings` VALUES (1,'en_US','description','','string'),(1,'en_US','title','','string'),(1,'es_ES','description','<p><strong>Instrucciones:</strong></p>\r\n<ul>\r\n<li class=\"show\">El plazo máximo para presentar la evaluación es de 15 días calendario a partir de la fecha de entrega del formato. Si no puede cumplir con este plazo, debe informarlo oportunamente al editor de la revista.</li>\r\n<li class=\"show\">La política editorial de la revista contempla el proceso de evaluación en modalidad doble ciego. Cuando el nuevo número es publicado en físico y en los diferentes sitios web y medios digitales en los que la revista se encuentra indexada, los nombres de los evaluadores que han colaborado en los diferentes procesos son listados en una sección especial. De esta forma, se reconoce su colaboración. Además, se hace entrega de una constancia digital por el apoyo brindado.</li>\r\n</ul>','string'),(1,'es_ES','title','Evaluación Revistas cientificas','string'),(1,'pt_BR','description','','string'),(1,'pt_BR','title','','string'),(14,'en_US','description','','string'),(14,'en_US','title','','string'),(14,'es_ES','description','<p><strong>Instrucciones:</strong></p>\r\n<ul>\r\n<li class=\"show\">El plazo máximo para presentar la evaluación es de 15 días calendario a partir de la fecha de entrega del formato. Si no puede cumplir con este plazo, debe informarlo oportunamente al editor de la revista.</li>\r\n<li class=\"show\">La política editorial de la revista contempla el proceso de evaluación en modalidad doble ciego. Cuando el nuevo número es publicado en físico y en los diferentes sitios web y medios digitales en los que la revista se encuentra indexada, los nombres de los evaluadores que han colaborado en los diferentes procesos son listados en una sección especial. De esta forma, se reconoce su colaboración. Además, se hace entrega de una constancia digital por el apoyo brindado.</li>\r\n</ul>','string'),(14,'es_ES','title','Evaluación Revistas cientificas','string'),(14,'pt_BR','description','','string'),(14,'pt_BR','title','','string'),(15,'en_US','description','','string'),(15,'en_US','title','','string'),(15,'es_ES','description','<p><strong>Instrucciones:</strong></p>\r\n<ul>\r\n<li class=\"show\">El plazo máximo para presentar la evaluación es de 15 días calendario a partir de la fecha de entrega del formato. Si no puede cumplir con este plazo, debe informarlo oportunamente al editor de la revista.</li>\r\n<li class=\"show\">La política editorial de la revista contempla el proceso de evaluación en modalidad doble ciego. Cuando el nuevo número es publicado en físico y en los diferentes sitios web y medios digitales en los que la revista se encuentra indexada, los nombres de los evaluadores que han colaborado en los diferentes procesos son listados en una sección especial. De esta forma, se reconoce su colaboración. Además, se hace entrega de una constancia digital por el apoyo brindado.</li>\r\n</ul>','string'),(15,'es_ES','title','Evaluación Revistas cientificas','string'),(15,'pt_BR','description','','string'),(15,'pt_BR','title','','string'),(16,'en_US','description','','string'),(16,'en_US','title','','string'),(16,'es_ES','description','<p><strong>Instrucciones:</strong></p>\r\n<ul>\r\n<li class=\"show\">El plazo máximo para presentar la evaluación es de 15 días calendario a partir de la fecha de entrega del formato. Si no puede cumplir con este plazo, debe informarlo oportunamente al editor de la revista.</li>\r\n<li class=\"show\">La política editorial de la revista contempla el proceso de evaluación en modalidad doble ciego. Cuando el nuevo número es publicado en físico y en los diferentes sitios web y medios digitales en los que la revista se encuentra indexada, los nombres de los evaluadores que han colaborado en los diferentes procesos son listados en una sección especial. De esta forma, se reconoce su colaboración. Además, se hace entrega de una constancia digital por el apoyo brindado.</li>\r\n</ul>','string'),(16,'es_ES','title','Evaluación Revistas cientificas','string'),(16,'pt_BR','description','','string'),(16,'pt_BR','title','','string'),(17,'en_US','description','','string'),(17,'en_US','title','','string'),(17,'es_ES','description','<p><strong>Instrucciones:</strong></p>\r\n<ul>\r\n<li class=\"show\">El plazo máximo para presentar la evaluación es de 15 días calendario a partir de la fecha de entrega del formato. Si no puede cumplir con este plazo, debe informarlo oportunamente al editor de la revista.</li>\r\n<li class=\"show\">La política editorial de la revista contempla el proceso de evaluación en modalidad doble ciego. Cuando el nuevo número es publicado en físico y en los diferentes sitios web y medios digitales en los que la revista se encuentra indexada, los nombres de los evaluadores que han colaborado en los diferentes procesos son listados en una sección especial. De esta forma, se reconoce su colaboración. Además, se hace entrega de una constancia digital por el apoyo brindado.</li>\r\n</ul>','string'),(17,'es_ES','title','Evaluación Revistas cientificas','string'),(17,'pt_BR','description','','string'),(17,'pt_BR','title','','string'),(18,'en_US','description','','string'),(18,'en_US','title','','string'),(18,'es_ES','description','<p><strong>Instrucciones:</strong></p>\r\n<ul>\r\n<li class=\"show\">El plazo máximo para presentar la evaluación es de 15 días calendario a partir de la fecha de entrega del formato. Si no puede cumplir con este plazo, debe informarlo oportunamente al editor de la revista.</li>\r\n<li class=\"show\">La política editorial de la revista contempla el proceso de evaluación en modalidad doble ciego. Cuando el nuevo número es publicado en físico y en los diferentes sitios web y medios digitales en los que la revista se encuentra indexada, los nombres de los evaluadores que han colaborado en los diferentes procesos son listados en una sección especial. De esta forma, se reconoce su colaboración. Además, se hace entrega de una constancia digital por el apoyo brindado.</li>\r\n</ul>','string'),(18,'es_ES','title','Evaluación Revistas cientificas','string'),(18,'pt_BR','description','','string'),(18,'pt_BR','title','','string');

--
-- Table structure for table `review_forms`
--

CREATE TABLE `review_forms` (
  `review_form_id` bigint NOT NULL AUTO_INCREMENT,
  `assoc_type` bigint NOT NULL,
  `assoc_id` bigint NOT NULL,
  `seq` double DEFAULT NULL,
  `is_active` tinyint DEFAULT NULL,
  PRIMARY KEY (`review_form_id`)
) ENGINE=InnoDB AUTO_INCREMENT=19 DEFAULT CHARSET=utf8mb3;

--
-- Dumping data for table `review_forms`
--

INSERT INTO `review_forms` VALUES (1,256,3,1,1),(14,256,2,1,1),(15,256,6,1,1),(16,256,1,1,1),(17,256,4,1,1),(18,256,5,1,1);

--
-- Table structure for table `review_round_files`
--

CREATE TABLE `review_round_files` (
  `submission_id` bigint NOT NULL,
  `review_round_id` bigint NOT NULL,
  `stage_id` tinyint NOT NULL,
  `submission_file_id` bigint unsigned NOT NULL,
  UNIQUE KEY `review_round_files_pkey` (`submission_id`,`review_round_id`,`submission_file_id`),
  UNIQUE KEY `review_round_files_submission_file_id_unique` (`submission_file_id`),
  KEY `review_round_files_submission_id` (`submission_id`),
  CONSTRAINT `review_round_files_submission_file_id_foreign` FOREIGN KEY (`submission_file_id`) REFERENCES `submission_files` (`submission_file_id`)
) ENGINE=InnoDB DEFAULT CHARSET=utf8mb3;

--
-- Dumping data for table `review_round_files`
--

INSERT INTO `review_round_files` VALUES (4,1,3,8),(6,13,3,33),(7,12,3,32),(8,11,3,31),(9,10,3,30),(10,9,3,29),(11,8,3,28),(12,7,3,27),(13,6,3,26),(14,4,3,24),(15,5,3,25),(16,3,3,21),(17,2,3,20),(44,17,3,161),(45,16,3,159),(46,18,3,166),(47,21,3,174),(48,22,3,176),(49,20,3,172),(50,19,3,171),(67,23,3,220),(68,25,3,237),(69,24,3,235),(70,26,3,240),(71,27,3,243),(73,28,3,247),(74,29,3,250),(75,30,3,253),(76,31,3,256),(77,32,3,259),(78,33,3,261),(79,34,3,263),(80,35,3,265),(99,37,3,324),(101,38,3,330),(103,40,3,338),(104,39,3,335),(105,41,3,340),(107,42,3,343),(110,43,3,352),(112,44,3,355),(113,45,3,361),(116,46,3,368),(117,47,3,371),(118,48,3,374),(119,49,3,377),(120,50,3,380),(121,51,3,389),(123,52,3,399),(125,53,3,404),(127,54,3,409),(134,55,3,431),(135,56,3,455),(136,57,3,458),(137,58,3,461),(138,59,3,464),(140,60,3,470),(141,61,3,473),(142,62,3,476),(143,63,3,479),(145,64,3,483),(146,65,3,487),(148,66,3,491),(150,67,3,496),(151,68,3,499),(152,69,3,502),(154,70,3,508),(155,71,3,511),(156,72,3,514),(157,73,3,517),(166,74,3,540),(167,75,3,547),(168,76,3,550),(169,77,3,557),(170,78,3,560),(172,80,3,564),(175,81,3,570),(176,82,3,573),(178,83,3,579),(179,84,3,583),(182,85,3,588),(183,86,3,593),(185,87,3,597),(192,88,3,625),(193,89,3,628),(194,90,3,631),(195,91,3,634),(196,92,3,637),(197,93,3,640),(198,94,3,643),(199,95,3,646),(200,96,3,649),(201,97,3,652),(202,98,3,655),(203,99,3,658),(204,100,3,661),(211,101,3,675),(212,102,3,680),(213,103,3,687),(214,104,3,691),(215,105,3,694),(216,106,3,697),(217,107,3,700),(218,108,3,703),(219,109,3,706),(220,110,3,709),(221,111,3,712),(222,112,3,715),(225,113,3,722),(229,114,3,737),(230,115,3,740),(231,116,3,743),(232,117,3,746),(233,118,3,749),(234,119,3,752),(235,120,3,755),(236,123,3,764),(237,121,3,759),(238,122,3,762),(239,124,3,767),(240,125,3,770),(241,126,3,773),(242,127,3,776),(243,128,3,779),(244,129,3,782),(245,130,3,785),(246,131,3,788),(247,132,3,791),(248,133,3,794),(258,134,3,825),(258,135,3,826),(259,136,3,829),(260,137,3,832),(261,138,3,835),(262,139,3,838),(263,140,3,841),(264,141,3,844),(265,142,3,847),(266,143,3,850),(267,144,3,853),(268,145,3,856),(269,146,3,860),(270,147,3,863),(271,148,3,866),(272,149,3,869),(273,150,3,872),(274,151,3,875),(275,152,3,878),(276,153,3,881),(277,154,3,884),(278,155,3,887),(279,156,3,890),(280,157,3,893),(281,158,3,896),(282,159,3,899),(283,160,3,902),(284,161,3,905),(285,162,3,908),(286,163,3,911),(287,164,3,914),(288,165,3,917),(289,166,3,920),(290,167,3,923),(291,168,3,926),(292,169,3,929),(293,170,3,932),(295,171,3,936),(296,172,3,939),(297,173,3,942),(298,174,3,945),(299,175,3,948),(300,176,3,951),(301,177,3,954),(302,178,3,957),(303,179,3,960),(304,180,3,963),(305,181,3,966),(306,182,3,969),(307,183,3,972),(308,184,3,975),(314,185,3,984),(315,186,3,996),(316,187,3,999),(317,188,3,1002),(318,189,3,1005),(319,190,3,1008),(320,191,3,1011),(321,192,3,1014),(322,193,3,1017),(323,194,3,1020),(324,195,3,1023),(325,196,3,1026),(350,198,3,1103),(355,199,3,1110),(356,200,3,1113),(359,201,3,1121),(361,202,3,1125),(363,203,3,1140),(364,204,3,1147),(366,205,3,1152),(369,206,3,1156),(370,207,3,1159),(371,208,3,1162),(373,209,3,1166),(375,210,3,1171),(376,211,3,1174),(379,212,3,1187),(380,213,3,1194),(381,214,3,1201),(382,215,3,1204),(383,216,3,1207),(384,217,3,1210),(385,218,3,1213),(386,219,3,1216),(387,220,3,1219),(388,221,3,1222),(389,222,3,1225),(411,224,3,1296),(463,225,3,1447),(464,226,3,1450),(465,227,3,1453),(466,228,3,1456),(467,229,3,1459),(468,230,3,1462),(469,231,3,1465),(470,232,3,1468),(471,233,3,1471),(472,234,3,1474),(473,235,3,1477),(474,236,3,1480),(475,237,3,1483),(476,238,3,1486),(477,239,3,1489),(478,240,3,1492),(479,241,3,1495),(480,242,3,1498),(481,243,3,1501),(482,244,3,1504),(483,245,3,1507),(484,246,3,1510),(485,247,3,1513),(486,248,3,1516),(487,249,3,1519),(488,250,3,1522),(489,251,3,1525),(490,252,3,1528),(491,253,3,1531),(492,254,3,1534),(493,255,3,1537),(494,256,3,1540),(495,257,3,1543),(496,258,3,1546),(497,259,3,1549),(498,260,3,1552),(512,261,3,1599),(512,261,3,1600),(513,262,3,1631),(529,263,3,1635),(530,264,3,1638),(531,265,3,1641),(532,266,3,1644),(533,267,3,1647),(534,268,3,1650),(535,269,3,1653),(536,270,3,1656),(537,271,3,1659),(538,272,3,1662),(539,273,3,1665),(540,274,3,1668),(541,275,3,1671),(542,276,3,1674),(543,277,3,1677),(544,278,3,1681),(545,279,3,1684),(546,280,3,1687),(547,281,3,1690),(548,282,3,1693),(552,283,3,1701),(553,310,3,1797),(554,284,3,1706),(557,285,3,1710),(558,286,3,1713),(559,287,3,1716),(563,288,3,1723),(564,289,3,1726),(565,290,3,1729),(566,291,3,1732),(567,292,3,1735),(568,293,3,1738),(569,294,3,1741),(570,295,3,1744),(571,296,3,1747),(572,297,3,1750),(590,305,3,1783),(591,306,3,1786),(592,307,3,1789),(593,308,3,1792),(594,309,3,1795),(595,311,3,1800),(596,312,3,1803),(597,313,3,1806),(598,314,3,1809),(602,322,3,1824),(603,323,3,1828),(604,324,3,1832),(606,325,3,1839),(607,326,3,1845),(608,327,3,1851),(608,327,3,1852),(609,328,3,1857),(610,333,3,1963),(612,334,3,1964),(613,329,3,1870),(614,330,3,1875),(619,332,3,1962),(635,331,3,1947),(651,336,3,1978),(652,337,3,1983),(653,338,3,1989),(654,339,3,1993),(655,340,3,1997),(656,341,3,2001),(657,342,3,2005),(658,343,3,2010),(659,344,3,2014),(660,345,3,2018),(661,346,3,2022),(662,347,3,2027),(663,348,3,2031),(709,352,3,2299),(709,352,3,2300),(709,352,3,2301),(718,350,3,2202),(734,351,3,2256),(746,353,3,2304),(746,353,3,2305),(760,354,3,2373),(767,355,3,2417),(792,356,3,2422),(805,357,3,2450),(809,358,3,2470),(809,358,3,2474),(809,360,3,2479),(810,359,3,2472),(815,366,3,2568),(817,365,3,2567),(818,364,3,2565),(818,364,3,2566),(826,363,3,2564),(833,362,3,2556);

--
-- Table structure for table `review_rounds`
--

CREATE TABLE `review_rounds` (
  `review_round_id` bigint NOT NULL AUTO_INCREMENT,
  `submission_id` bigint NOT NULL,
  `stage_id` bigint DEFAULT NULL,
  `round` tinyint NOT NULL,
  `review_revision` bigint DEFAULT NULL,
  `status` bigint DEFAULT NULL,
  PRIMARY KEY (`review_round_id`),
  UNIQUE KEY `review_rounds_submission_id_stage_id_round_pkey` (`submission_id`,`stage_id`,`round`),
  KEY `review_rounds_submission_id` (`submission_id`)
) ENGINE=InnoDB AUTO_INCREMENT=367 DEFAULT CHARSET=utf8mb3;

--
-- Dumping data for table `review_rounds`
--

INSERT INTO `review_rounds` VALUES (1,4,3,1,NULL,6),(2,17,3,1,NULL,4),(3,16,3,1,NULL,4),(4,14,3,1,NULL,4),(5,15,3,1,NULL,4),(6,13,3,1,NULL,4),(7,12,3,1,NULL,4),(8,11,3,1,NULL,4),(9,10,3,1,NULL,4),(10,9,3,1,NULL,4),(11,8,3,1,NULL,6),(12,7,3,1,NULL,4),(13,6,3,1,NULL,4),(16,45,3,1,NULL,4),(17,44,3,1,NULL,4),(18,46,3,1,NULL,4),(19,50,3,1,NULL,4),(20,49,3,1,NULL,4),(21,47,3,1,NULL,4),(22,48,3,1,NULL,4),(23,67,3,1,NULL,4),(24,69,3,1,NULL,4),(25,68,3,1,NULL,4),(26,70,3,1,NULL,4),(27,71,3,1,NULL,4),(28,73,3,1,NULL,4),(29,74,3,1,NULL,4),(30,75,3,1,NULL,4),(31,76,3,1,NULL,4),(32,77,3,1,NULL,4),(33,78,3,1,NULL,4),(34,79,3,1,NULL,4),(35,80,3,1,NULL,4),(37,99,3,1,NULL,4),(38,101,3,1,NULL,4),(39,104,3,1,NULL,4),(40,103,3,1,NULL,4),(41,105,3,1,NULL,4),(42,107,3,1,NULL,4),(43,110,3,1,NULL,4),(44,112,3,1,NULL,4),(45,113,3,1,NULL,4),(46,116,3,1,NULL,4),(47,117,3,1,NULL,4),(48,118,3,1,NULL,4),(49,119,3,1,NULL,4),(50,120,3,1,NULL,4),(51,121,3,1,NULL,4),(52,123,3,1,NULL,4),(53,125,3,1,NULL,4),(54,127,3,1,NULL,4),(55,134,3,1,NULL,4),(56,135,3,1,NULL,4),(57,136,3,1,NULL,4),(58,137,3,1,NULL,4),(59,138,3,1,NULL,4),(60,140,3,1,NULL,4),(61,141,3,1,NULL,4),(62,142,3,1,NULL,4),(63,143,3,1,NULL,4),(64,145,3,1,NULL,4),(65,146,3,1,NULL,4),(66,148,3,1,NULL,4),(67,150,3,1,NULL,4),(68,151,3,1,NULL,4),(69,152,3,1,NULL,4),(70,154,3,1,NULL,4),(71,155,3,1,NULL,4),(72,156,3,1,NULL,4),(73,157,3,1,NULL,4),(74,166,3,1,NULL,4),(75,167,3,1,NULL,4),(76,168,3,1,NULL,4),(77,169,3,1,NULL,4),(78,170,3,1,NULL,4),(79,171,3,1,NULL,4),(80,172,3,1,NULL,4),(81,175,3,1,NULL,4),(82,176,3,1,NULL,4),(83,178,3,1,NULL,4),(84,179,3,1,NULL,4),(85,182,3,1,NULL,4),(86,183,3,1,NULL,4),(87,185,3,1,NULL,4),(88,192,3,1,NULL,4),(89,193,3,1,NULL,4),(90,194,3,1,NULL,4),(91,195,3,1,NULL,4),(92,196,3,1,NULL,4),(93,197,3,1,NULL,4),(94,198,3,1,NULL,4),(95,199,3,1,NULL,4),(96,200,3,1,NULL,4),(97,201,3,1,NULL,4),(98,202,3,1,NULL,4),(99,203,3,1,NULL,4),(100,204,3,1,NULL,4),(101,211,3,1,NULL,4),(102,212,3,1,NULL,4),(103,213,3,1,NULL,4),(104,214,3,1,NULL,4),(105,215,3,1,NULL,4),(106,216,3,1,NULL,4),(107,217,3,1,NULL,4),(108,218,3,1,NULL,4),(109,219,3,1,NULL,4),(110,220,3,1,NULL,4),(111,221,3,1,NULL,4),(112,222,3,1,NULL,4),(113,225,3,1,NULL,4),(114,229,3,1,NULL,4),(115,230,3,1,NULL,4),(116,231,3,1,NULL,4),(117,232,3,1,NULL,4),(118,233,3,1,NULL,4),(119,234,3,1,NULL,4),(120,235,3,1,NULL,4),(121,237,3,1,NULL,4),(122,238,3,1,NULL,4),(123,236,3,1,NULL,4),(124,239,3,1,NULL,4),(125,240,3,1,NULL,4),(126,241,3,1,NULL,4),(127,242,3,1,NULL,4),(128,243,3,1,NULL,4),(129,244,3,1,NULL,4),(130,245,3,1,NULL,4),(131,246,3,1,NULL,4),(132,247,3,1,NULL,4),(133,248,3,1,NULL,4),(134,258,3,1,NULL,6),(135,258,3,2,NULL,4),(136,259,3,1,NULL,4),(137,260,3,1,NULL,4),(138,261,3,1,NULL,4),(139,262,3,1,NULL,4),(140,263,3,1,NULL,4),(141,264,3,1,NULL,4),(142,265,3,1,NULL,4),(143,266,3,1,NULL,4),(144,267,3,1,NULL,4),(145,268,3,1,NULL,4),(146,269,3,1,NULL,4),(147,270,3,1,NULL,4),(148,271,3,1,NULL,4),(149,272,3,1,NULL,4),(150,273,3,1,NULL,4),(151,274,3,1,NULL,4),(152,275,3,1,NULL,4),(153,276,3,1,NULL,4),(154,277,3,1,NULL,4),(155,278,3,1,NULL,4),(156,279,3,1,NULL,4),(157,280,3,1,NULL,4),(158,281,3,1,NULL,4),(159,282,3,1,NULL,4),(160,283,3,1,NULL,4),(161,284,3,1,NULL,4),(162,285,3,1,NULL,4),(163,286,3,1,NULL,4),(164,287,3,1,NULL,4),(165,288,3,1,NULL,4),(166,289,3,1,NULL,4),(167,290,3,1,NULL,4),(168,291,3,1,NULL,4),(169,292,3,1,NULL,4),(170,293,3,1,NULL,4),(171,295,3,1,NULL,4),(172,296,3,1,NULL,4),(173,297,3,1,NULL,4),(174,298,3,1,NULL,4),(175,299,3,1,NULL,4),(176,300,3,1,NULL,4),(177,301,3,1,NULL,4),(178,302,3,1,NULL,4),(179,303,3,1,NULL,4),(180,304,3,1,NULL,4),(181,305,3,1,NULL,4),(182,306,3,1,NULL,4),(183,307,3,1,NULL,4),(184,308,3,1,NULL,4),(185,314,3,1,NULL,4),(186,315,3,1,NULL,4),(187,316,3,1,NULL,4),(188,317,3,1,NULL,4),(189,318,3,1,NULL,4),(190,319,3,1,NULL,4),(191,320,3,1,NULL,4),(192,321,3,1,NULL,4),(193,322,3,1,NULL,4),(194,323,3,1,NULL,4),(195,324,3,1,NULL,4),(196,325,3,1,NULL,4),(198,350,3,1,NULL,4),(199,355,3,1,NULL,4),(200,356,3,1,NULL,4),(201,359,3,1,NULL,4),(202,361,3,1,NULL,4),(203,363,3,1,NULL,4),(204,364,3,1,NULL,4),(205,366,3,1,NULL,4),(206,369,3,1,NULL,4),(207,370,3,1,NULL,4),(208,371,3,1,NULL,4),(209,373,3,1,NULL,4),(210,375,3,1,NULL,4),(211,376,3,1,NULL,4),(212,379,3,1,NULL,4),(213,380,3,1,NULL,4),(214,381,3,1,NULL,4),(215,382,3,1,NULL,4),(216,383,3,1,NULL,4),(217,384,3,1,NULL,4),(218,385,3,1,NULL,4),(219,386,3,1,NULL,4),(220,387,3,1,NULL,4),(221,388,3,1,NULL,4),(222,389,3,1,NULL,4),(224,411,3,1,NULL,4),(225,463,3,1,NULL,4),(226,464,3,1,NULL,4),(227,465,3,1,NULL,4),(228,466,3,1,NULL,4),(229,467,3,1,NULL,4),(230,468,3,1,NULL,4),(231,469,3,1,NULL,4),(232,470,3,1,NULL,4),(233,471,3,1,NULL,4),(234,472,3,1,NULL,4),(235,473,3,1,NULL,4),(236,474,3,1,NULL,4),(237,475,3,1,NULL,4),(238,476,3,1,NULL,4),(239,477,3,1,NULL,4),(240,478,3,1,NULL,4),(241,479,3,1,NULL,4),(242,480,3,1,NULL,4),(243,481,3,1,NULL,4),(244,482,3,1,NULL,4),(245,483,3,1,NULL,4),(246,484,3,1,NULL,4),(247,485,3,1,NULL,4),(248,486,3,1,NULL,4),(249,487,3,1,NULL,4),(250,488,3,1,NULL,4),(251,489,3,1,NULL,4),(252,490,3,1,NULL,4),(253,491,3,1,NULL,4),(254,492,3,1,NULL,4),(255,493,3,1,NULL,4),(256,494,3,1,NULL,4),(257,495,3,1,NULL,4),(258,496,3,1,NULL,4),(259,497,3,1,NULL,4),(260,498,3,1,NULL,4),(261,512,3,1,NULL,5),(262,513,3,1,NULL,5),(263,529,3,1,NULL,4),(264,530,3,1,NULL,4),(265,531,3,1,NULL,4),(266,532,3,1,NULL,4),(267,533,3,1,NULL,4),(268,534,3,1,NULL,4),(269,535,3,1,NULL,4),(270,536,3,1,NULL,4),(271,537,3,1,NULL,4),(272,538,3,1,NULL,4),(273,539,3,1,NULL,4),(274,540,3,1,NULL,4),(275,541,3,1,NULL,4),(276,542,3,1,NULL,4),(277,543,3,1,NULL,4),(278,544,3,1,NULL,4),(279,545,3,1,NULL,4),(280,546,3,1,NULL,4),(281,547,3,1,NULL,4),(282,548,3,1,NULL,4),(283,552,3,1,NULL,4),(284,554,3,1,NULL,4),(285,557,3,1,NULL,4),(286,558,3,1,NULL,4),(287,559,3,1,NULL,4),(288,563,3,1,NULL,4),(289,564,3,1,NULL,4),(290,565,3,1,NULL,4),(291,566,3,1,NULL,4),(292,567,3,1,NULL,4),(293,568,3,1,NULL,4),(294,569,3,1,NULL,4),(295,570,3,1,NULL,4),(296,571,3,1,NULL,4),(297,572,3,1,NULL,4),(305,590,3,1,NULL,4),(306,591,3,1,NULL,4),(307,592,3,1,NULL,4),(308,593,3,1,NULL,4),(309,594,3,1,NULL,4),(310,553,3,1,NULL,4),(311,595,3,1,NULL,4),(312,596,3,1,NULL,4),(313,597,3,1,NULL,4),(314,598,3,1,NULL,4),(322,602,3,1,NULL,4),(323,603,3,1,NULL,4),(324,604,3,1,NULL,4),(325,606,3,1,NULL,4),(326,607,3,1,NULL,4),(327,608,3,1,NULL,4),(328,609,3,1,NULL,4),(329,613,3,1,NULL,4),(330,614,3,1,NULL,4),(331,635,3,1,NULL,4),(332,619,3,1,NULL,5),(333,610,3,1,NULL,5),(334,612,3,1,NULL,5),(336,651,3,1,NULL,4),(337,652,3,1,NULL,4),(338,653,3,1,NULL,4),(339,654,3,1,NULL,4),(340,655,3,1,NULL,4),(341,656,3,1,NULL,4),(342,657,3,1,NULL,4),(343,658,3,1,NULL,4),(344,659,3,1,NULL,4),(345,660,3,1,NULL,4),(346,661,3,1,NULL,4),(347,662,3,1,NULL,4),(348,663,3,1,NULL,4),(350,718,3,1,NULL,4),(351,734,3,1,NULL,4),(352,709,3,1,NULL,5),(353,746,3,1,NULL,5),(354,760,3,1,NULL,5),(355,767,3,1,NULL,5),(356,792,3,1,NULL,4),(357,805,3,1,NULL,4),(358,809,3,1,NULL,6),(359,810,3,1,NULL,4),(360,809,3,2,NULL,5),(361,816,3,1,NULL,6),(362,833,3,1,NULL,4),(363,826,3,1,NULL,6),(364,818,3,1,NULL,6),(365,817,3,1,NULL,6),(366,815,3,1,NULL,6);

--
-- Table structure for table `rt_contexts`
--

CREATE TABLE `rt_contexts` (
  `context_id` bigint NOT NULL AUTO_INCREMENT,
  `version_id` bigint NOT NULL,
  `title` varchar(120) NOT NULL,
  `abbrev` varchar(32) NOT NULL,
  `description` text,
  `cited_by` tinyint NOT NULL DEFAULT '0',
  `author_terms` tinyint NOT NULL DEFAULT '0',
  `define_terms` tinyint NOT NULL DEFAULT '0',
  `geo_terms` tinyint NOT NULL DEFAULT '0',
  `seq` double NOT NULL DEFAULT '0',
  PRIMARY KEY (`context_id`),
  KEY `rt_contexts_version_id` (`version_id`)
) ENGINE=InnoDB DEFAULT CHARSET=utf8mb3;

--
-- Dumping data for table `rt_contexts`
--


--
-- Table structure for table `rt_searches`
--

CREATE TABLE `rt_searches` (
  `search_id` bigint NOT NULL AUTO_INCREMENT,
  `context_id` bigint NOT NULL,
  `title` varchar(120) NOT NULL,
  `description` text,
  `url` text,
  `search_url` text,
  `search_post` text,
  `seq` double NOT NULL DEFAULT '0',
  PRIMARY KEY (`search_id`),
  KEY `rt_searches_context_id` (`context_id`)
) ENGINE=InnoDB DEFAULT CHARSET=utf8mb3;

--
-- Dumping data for table `rt_searches`
--


--
-- Table structure for table `rt_versions`
--

CREATE TABLE `rt_versions` (
  `version_id` bigint NOT NULL AUTO_INCREMENT,
  `journal_id` bigint NOT NULL,
  `version_key` varchar(40) NOT NULL,
  `locale` varchar(14) DEFAULT 'en_US',
  `title` varchar(120) NOT NULL,
  `description` text,
  PRIMARY KEY (`version_id`),
  KEY `rt_versions_journal_id` (`journal_id`),
  KEY `rt_versions_version_key` (`version_key`)
) ENGINE=InnoDB DEFAULT CHARSET=utf8mb3;

--
-- Dumping data for table `rt_versions`
--


--
-- Table structure for table `scheduled_tasks`
--

CREATE TABLE `scheduled_tasks` (
  `class_name` varchar(255) NOT NULL,
  `last_run` datetime DEFAULT NULL,
  UNIQUE KEY `scheduled_tasks_pkey` (`class_name`)
) ENGINE=InnoDB DEFAULT CHARSET=utf8mb3;

--
-- Dumping data for table `scheduled_tasks`
--

INSERT INTO `scheduled_tasks` VALUES ('classes.tasks.SubscriptionExpiryReminder','2024-08-01 00:00:33'),('lib.pkp.classes.task.ReviewReminder','2024-08-25 11:07:10'),('lib.pkp.classes.task.StatisticsReport','2024-08-01 00:00:20'),('plugins.generic.crossrefReferenceLinking.CrossrefReferenceLinkingInfoSender','2024-08-25 11:07:09'),('plugins.generic.usageStats.UsageStatsLoader','2024-08-26 00:00:07'),('plugins.importexport.crossref.CrossrefInfoSender','2024-08-25 11:07:09'),('plugins.importexport.datacite.DataciteInfoSender','2024-08-25 11:06:51'),('plugins.importexport.doaj.DOAJInfoSender','2024-08-25 11:06:18');

--
-- Table structure for table `section_settings`
--

CREATE TABLE `section_settings` (
  `section_id` bigint NOT NULL,
  `locale` varchar(14) NOT NULL DEFAULT '',
  `setting_name` varchar(255) NOT NULL,
  `setting_value` text,
  `setting_type` varchar(6) NOT NULL,
  UNIQUE KEY `section_settings_pkey` (`section_id`,`locale`,`setting_name`),
  KEY `section_settings_section_id` (`section_id`)
) ENGINE=InnoDB DEFAULT CHARSET=utf8mb3;

--
-- Dumping data for table `section_settings`
--

INSERT INTO `section_settings` VALUES (2,'es_ES','abbrev','Reflexión','string'),(2,'es_ES','identifyType','','string'),(2,'es_ES','policy','','string'),(2,'es_ES','title','Artículo de reflexión','string'),(3,'en_US','abbrev','','string'),(3,'en_US','identifyType','','string'),(3,'en_US','policy','','string'),(3,'en_US','title','Researh papers','string'),(3,'es_ES','abbrev','Investigación','string'),(3,'es_ES','identifyType','','string'),(3,'es_ES','policy','','string'),(3,'es_ES','title','Artículos de investigación Científica y tecnológica','string'),(4,'en_US','abbrev','','string'),(4,'en_US','identifyType','','string'),(4,'en_US','policy','','string'),(4,'en_US','title','Reflection papers','string'),(4,'es_ES','abbrev','Reflexión','string'),(4,'es_ES','identifyType','','string'),(4,'es_ES','policy','','string'),(4,'es_ES','title','Artículos de reflexi´ón','string'),(5,'es_ES','abbrev','Revisión','string'),(5,'es_ES','identifyType','','string'),(5,'es_ES','policy','','string'),(5,'es_ES','title','Artículos de revisión','string'),(6,'en_US','abbrev','','string'),(6,'en_US','identifyType','','string'),(6,'en_US','policy','','string'),(6,'en_US','title','Unpublished documents','string'),(6,'es_ES','abbrev','Documentos Inéditos','string'),(6,'es_ES','identifyType','','string'),(6,'es_ES','policy','','string'),(6,'es_ES','title','Documentos inéditos','string'),(7,'es_ES','abbrev','Ed.','string'),(7,'es_ES','identifyType','','string'),(7,'es_ES','policy','','string'),(7,'es_ES','title','Editorial','string'),(8,'es_ES','abbrev','Ed.','string'),(8,'es_ES','identifyType','','string'),(8,'es_ES','policy','','string'),(8,'es_ES','title','Editorial','string'),(9,'es_ES','abbrev','Investigación','string'),(9,'es_ES','identifyType','','string'),(9,'es_ES','policy','','string'),(9,'es_ES','title','Artículo de investigación científica y tecnológica','string'),(10,'es_ES','abbrev','Revisión','string'),(10,'es_ES','identifyType','','string'),(10,'es_ES','policy','','string'),(10,'es_ES','title','Artículo de revisión','string'),(11,'es_ES','abbrev','Reporte','string'),(11,'es_ES','identifyType','','string'),(11,'es_ES','policy','','string'),(11,'es_ES','title','Reporte de caso','string'),(12,'en_US','abbrev','','string'),(12,'en_US','identifyType','','string'),(12,'en_US','policy','','string'),(12,'en_US','title','Article of scientific and technological research','string'),(12,'es_ES','abbrev','Art. Inv.','string'),(12,'es_ES','identifyType','','string'),(12,'es_ES','policy','','string'),(12,'es_ES','title','Artículo de Investigación Científica y Tecnológica','string'),(13,'en_US','abbrev','','string'),(13,'en_US','identifyType','','string'),(13,'en_US','policy','','string'),(13,'en_US','title','Editorial','string'),(13,'es_ES','abbrev','Ed.','string'),(13,'es_ES','identifyType','','string'),(13,'es_ES','policy','','string'),(13,'es_ES','title','Editorial','string'),(16,'es_ES','abbrev','Art. Inv.','string'),(16,'es_ES','identifyType','','string'),(16,'es_ES','policy','','string'),(16,'es_ES','title','Artículo de Investigación Científica y Tecnológica','string'),(17,'es_ES','abbrev','Ed.','string'),(17,'es_ES','identifyType','','string'),(17,'es_ES','policy','','string'),(17,'es_ES','title','Editorial','string'),(18,'es_ES','abbrev','C.A.','string'),(18,'es_ES','identifyType','','string'),(18,'es_ES','policy','','string'),(18,'es_ES','title','Ciencias Agrarias','string'),(19,'es_ES','abbrev','C.V.','string'),(19,'es_ES','identifyType','','string'),(19,'es_ES','policy','','string'),(19,'es_ES','title','Ciencias Veterinarias','string'),(20,'es_ES','abbrev','Ed.','string'),(20,'es_ES','identifyType','','string'),(20,'es_ES','policy','','string'),(20,'es_ES','title','Editorial','string'),(21,'es_ES','abbrev','Investigación','string'),(21,'es_ES','identifyType','','string'),(21,'es_ES','policy','','string'),(21,'es_ES','title','Artículo de investigación científica y tecnológica','string'),(22,'en_US','abbrev','','string'),(22,'en_US','identifyType','','string'),(22,'en_US','policy','','string'),(22,'en_US','title','','string'),(22,'es_ES','abbrev','Reflexión','string'),(22,'es_ES','identifyType','','string'),(22,'es_ES','policy','','string'),(22,'es_ES','title','Artículos de reflexión','string'),(22,'pt_BR','abbrev','','string'),(22,'pt_BR','identifyType','','string'),(22,'pt_BR','policy','','string'),(22,'pt_BR','title','','string'),(23,'es_ES','abbrev','Revisión','string'),(23,'es_ES','identifyType','','string'),(23,'es_ES','policy','','string'),(23,'es_ES','title','Artículos de revisión','string'),(25,'es_ES','abbrev','Art. Refle.','string'),(25,'es_ES','identifyType','','string'),(25,'es_ES','policy','','string'),(25,'es_ES','title','Artículo de Reflexión','string'),(26,'es_ES','abbrev','Art. Rev.','string'),(26,'es_ES','identifyType','','string'),(26,'es_ES','policy','','string'),(26,'es_ES','title','Artículo de Revisión','string'),(27,'es_ES','abbrev','Ed.','string'),(27,'es_ES','identifyType','','string'),(27,'es_ES','policy','','string'),(27,'es_ES','title','Editorial','string'),(28,'en_US','abbrev','','string'),(28,'en_US','identifyType','','string'),(28,'en_US','policy','','string'),(28,'en_US','title','','string'),(28,'es_ES','abbrev','Art. corto','string'),(28,'es_ES','identifyType','','string'),(28,'es_ES','policy','','string'),(28,'es_ES','title','Artículo corto','string'),(29,'en_US','abbrev','','string'),(29,'en_US','identifyType','','string'),(29,'en_US','policy','','string'),(29,'en_US','title','','string'),(29,'es_ES','abbrev','Art. Cort.','string'),(29,'es_ES','identifyType','','string'),(29,'es_ES','policy','','string'),(29,'es_ES','title','Artículo Corto','string'),(29,'fr_FR','abbrev','','string'),(29,'fr_FR','identifyType','','string'),(29,'fr_FR','policy','','string'),(29,'fr_FR','title','','string'),(29,'pt_BR','abbrev','','string'),(29,'pt_BR','identifyType','','string'),(29,'pt_BR','policy','','string'),(29,'pt_BR','title','','string'),(30,'en_US','abbrev','','string'),(30,'en_US','identifyType','','string'),(30,'en_US','policy','','string'),(30,'en_US','title','Reflection article','string'),(30,'es_ES','abbrev','Art. Refle.','string'),(30,'es_ES','identifyType','','string'),(30,'es_ES','policy','','string'),(30,'es_ES','title','Artículo de Reflexión','string'),(31,'en_US','abbrev','','string'),(31,'en_US','identifyType','','string'),(31,'en_US','policy','','string'),(31,'en_US','title','Review article','string'),(31,'es_ES','abbrev','Art. Rev.','string'),(31,'es_ES','identifyType','','string'),(31,'es_ES','policy','','string'),(31,'es_ES','title','Artículo de Revisión','string'),(32,'en_US','abbrev','','string'),(32,'en_US','identifyType','','string'),(32,'en_US','policy','','string'),(32,'en_US','title','Literature Review or events','string'),(32,'es_ES','abbrev','Res. Biblio.','string'),(32,'es_ES','identifyType','','string'),(32,'es_ES','policy','','string'),(32,'es_ES','title','Reseña Bibliográfica o de eventos','string'),(33,'en_US','abbrev','','string'),(33,'en_US','identifyType','','string'),(33,'en_US','policy','','string'),(33,'en_US','title','Reflection paper not derived from research','string'),(33,'es_ES','abbrev','Doc. Reflex.','string'),(33,'es_ES','identifyType','','string'),(33,'es_ES','policy','','string'),(33,'es_ES','title','Documento de reflexión no derivado de investigación','string'),(34,'en_US','abbrev','','string'),(34,'en_US','identifyType','','string'),(34,'en_US','policy','','string'),(34,'en_US','title','Short article','string'),(34,'es_ES','abbrev','Art. Cort.','string'),(34,'es_ES','identifyType','','string'),(34,'es_ES','policy','','string'),(34,'es_ES','title','Artículo Corto','string'),(35,'en_US','abbrev','','string'),(35,'en_US','identifyType','','string'),(35,'en_US','policy','','string'),(35,'en_US','title','Case report','string'),(35,'es_ES','abbrev','Report. caso','string'),(35,'es_ES','identifyType','','string'),(35,'es_ES','policy','','string'),(35,'es_ES','title','Reporte de Caso','string'),(36,'en_US','abbrev','','string'),(36,'en_US','identifyType','','string'),(36,'en_US','policy','','string'),(36,'en_US','title','','string'),(36,'es_ES','abbrev','Investigación','string'),(36,'es_ES','identifyType','','string'),(36,'es_ES','policy','','string'),(36,'es_ES','title','Artículos de investigación Científica y tecnológica','string'),(37,'en_US','abbrev','','string'),(37,'en_US','identifyType','','string'),(37,'en_US','policy','','string'),(37,'en_US','title','','string'),(37,'es_ES','abbrev','Reflexión','string'),(37,'es_ES','identifyType','','string'),(37,'es_ES','policy','','string'),(37,'es_ES','title','Artículos de reflexi´ón','string'),(38,'en_US','abbrev','','string'),(38,'en_US','identifyType','','string'),(38,'en_US','policy','','string'),(38,'en_US','title','','string'),(38,'es_ES','abbrev','Revisión','string'),(38,'es_ES','identifyType','','string'),(38,'es_ES','policy','','string'),(38,'es_ES','title','Artículos de revisión','string'),(39,'es_ES','abbrev','ART','string'),(39,'es_ES','policy','','string'),(39,'es_ES','title','Artículos','string'),(40,'en_US','abbrev','','string'),(40,'en_US','identifyType','','string'),(40,'en_US','policy','','string'),(40,'en_US','title','','string'),(40,'es_ES','abbrev','Reporte caso','string'),(40,'es_ES','identifyType','','string'),(40,'es_ES','policy','','string'),(40,'es_ES','title','Reporte de Caso','string'),(41,'en_US','abbrev','','string'),(41,'en_US','identifyType','','string'),(41,'en_US','policy','','string'),(41,'en_US','title','','string'),(41,'es_ES','abbrev','Memo','string'),(41,'es_ES','identifyType','','string'),(41,'es_ES','policy','','string'),(41,'es_ES','title','Memorias','string'),(42,'en_US','abbrev','','string'),(42,'en_US','identifyType','','string'),(42,'en_US','policy','','string'),(42,'en_US','title','','string'),(42,'es_ES','abbrev','Caso','string'),(42,'es_ES','identifyType','','string'),(42,'es_ES','policy','','string'),(42,'es_ES','title','Reporte de Caso','string'),(43,'en_US','abbrev','','string'),(43,'en_US','identifyType','','string'),(43,'en_US','policy','','string'),(43,'en_US','title','Translation','string'),(43,'es_ES','abbrev','Trad.','string'),(43,'es_ES','identifyType','','string'),(43,'es_ES','policy','','string'),(43,'es_ES','title','Traducción','string'),(44,'en_US','abbrev','','string'),(44,'en_US','identifyType','','string'),(44,'en_US','policy','','string'),(44,'en_US','title','','string'),(44,'es_ES','abbrev','Not. Cient.','string'),(44,'es_ES','identifyType','','string'),(44,'es_ES','policy','','string'),(44,'es_ES','title','Nota Científica','string'),(44,'pt_BR','abbrev','','string'),(44,'pt_BR','identifyType','','string'),(44,'pt_BR','policy','','string'),(44,'pt_BR','title','','string');

--
-- Table structure for table `sections`
--

CREATE TABLE `sections` (
  `section_id` bigint NOT NULL AUTO_INCREMENT,
  `journal_id` bigint NOT NULL,
  `review_form_id` bigint DEFAULT NULL,
  `seq` double NOT NULL DEFAULT '0',
  `editor_restricted` tinyint NOT NULL DEFAULT '0',
  `meta_indexed` tinyint NOT NULL DEFAULT '0',
  `meta_reviewed` tinyint NOT NULL DEFAULT '1',
  `abstracts_not_required` tinyint NOT NULL DEFAULT '0',
  `hide_title` tinyint NOT NULL DEFAULT '0',
  `hide_author` tinyint NOT NULL DEFAULT '0',
  `abstract_word_count` bigint DEFAULT NULL,
  `is_inactive` smallint NOT NULL DEFAULT '0',
  PRIMARY KEY (`section_id`),
  KEY `sections_journal_id` (`journal_id`)
) ENGINE=InnoDB AUTO_INCREMENT=45 DEFAULT CHARSET=utf8mb3;

--
-- Dumping data for table `sections`
--

INSERT INTO `sections` VALUES (2,2,0,3,0,1,1,0,0,0,NULL,0),(3,1,0,2,0,1,1,0,0,0,NULL,0),(4,1,0,4,0,1,1,0,0,0,NULL,0),(5,1,0,3,0,1,1,0,0,0,NULL,0),(6,1,0,6,0,1,0,1,0,0,NULL,0),(7,1,0,1,0,1,0,1,0,0,NULL,0),(8,2,0,1,0,1,0,1,0,0,NULL,0),(9,2,0,2,0,1,1,0,0,0,NULL,0),(10,2,0,4,0,1,1,0,0,0,0,0),(11,2,0,5,0,1,1,0,0,0,0,0),(12,3,0,2,0,1,1,0,0,0,NULL,0),(13,3,0,1,0,1,0,1,0,0,NULL,0),(16,6,0,2,0,1,1,0,0,0,NULL,0),(17,4,0,1,0,1,0,1,0,0,250,0),(18,4,0,2,0,1,1,0,0,0,0,0),(19,4,0,3,0,1,1,0,0,0,0,0),(20,5,0,1,0,1,0,1,0,0,250,0),(21,5,0,2,0,1,1,0,0,0,0,0),(22,5,0,4,0,1,1,0,0,0,NULL,0),(23,5,0,3,0,1,1,0,0,0,NULL,0),(25,6,0,3,0,1,1,0,0,0,NULL,0),(26,6,0,4,0,1,1,0,0,0,NULL,0),(27,6,0,1,0,1,0,1,0,0,NULL,0),(28,1,0,5,0,1,1,0,0,0,NULL,0),(29,6,0,5,0,1,1,0,0,0,0,0),(30,3,0,3,0,1,1,0,0,0,NULL,0),(31,3,0,4,0,1,1,0,0,0,NULL,0),(32,3,0,8,0,1,1,0,0,0,NULL,0),(33,3,0,7,0,1,1,0,0,0,NULL,0),(34,3,0,5,0,1,1,0,0,0,NULL,0),(35,3,0,6,0,1,1,0,0,0,NULL,0),(36,4,0,4,0,1,1,0,0,0,0,0),(37,4,0,6,0,1,1,0,0,0,NULL,0),(38,4,0,5,0,1,1,0,0,0,NULL,0),(39,7,0,0,0,1,1,0,0,0,0,0),(40,4,0,7,0,1,1,0,0,0,0,0),(41,4,0,8,0,1,0,1,0,1,NULL,0),(42,5,0,5,0,1,1,0,0,0,0,0),(43,3,0,9,0,1,0,1,0,0,NULL,0),(44,3,0,10,0,1,1,0,0,0,0,0);

--
-- Table structure for table `site_settings`
--

CREATE TABLE `site_settings` (
  `setting_name` varchar(255) NOT NULL,
  `locale` varchar(14) NOT NULL DEFAULT '',
  `setting_value` text,
  UNIQUE KEY `site_settings_pkey` (`setting_name`,`locale`)
) ENGINE=InnoDB DEFAULT CHARSET=utf8mb3;

--
-- Dumping data for table `site_settings`
--

INSERT INTO `site_settings` VALUES ('contactEmail','en_US','dptosistemas@jdc.edu.co'),('contactEmail','es_ES','acipamocha@jdc.edu.co'),('contactName','en_US','Open Journal Systems'),('contactName','es_ES','Coordinación Revistas'),('defaultMetricType','',NULL),('pageFooter','es_ES','<p><img src=\"https://revista.jdc.edu.co/public/site/images/biteca/horizontal-fondo-oscuro.png\" alt=\"\" width=\"400\" height=\"152\" /></p>\n<p style=\"color: white;\">Fundación Universitaria Juan de Castellanos <br />Edificio Álvaro Castillo: Carrera 11 #11-44 (Tunja, Boyacá) <br /><a href=\"https://jdc.edu.co/\" target=\"_blank\" rel=\"noopener\">https://jdc.edu.co/</a><br />PBX: (608) 7458676 Ext 1128 <br />Información de trámites y servicios: +57 3107365001 - +57 3168771852 <br />Correo Unidad Editorial: editor@jdc.edu.co <br />Código postal: 150001</p>\n<p style=\"color: white;\"><img src=\"https://revista.jdc.edu.co/public/site/images/biteca/mceclip0.png\" /></p>'),('pageHeaderTitleImage','es_ES','{\"uploadName\":\"pageHeaderTitleImage_es_ES.png\",\"width\":651,\"height\":81,\"dateUploaded\":\"2022-11-02 13:21:42\",\"altText\":\"\"}'),('showDescription','','0'),('showThumbnail','','0'),('showTitle','','0'),('sidebar','','[\"languagetoggleblockplugin\"]'),('themePluginPath','','classicalblack'),('title','es_ES','Revistas Científicas JDC');

--
-- Table structure for table `stage_assignments`
--

CREATE TABLE `stage_assignments` (
  `stage_assignment_id` bigint NOT NULL AUTO_INCREMENT,
  `submission_id` bigint NOT NULL,
  `user_group_id` bigint NOT NULL,
  `user_id` bigint NOT NULL,
  `date_assigned` datetime NOT NULL,
  `recommend_only` tinyint NOT NULL DEFAULT '0',
  `can_change_metadata` tinyint NOT NULL DEFAULT '0',
  PRIMARY KEY (`stage_assignment_id`),
  UNIQUE KEY `stage_assignment` (`submission_id`,`user_group_id`,`user_id`),
  KEY `stage_assignments_submission_id` (`submission_id`),
  KEY `stage_assignments_user_group_id` (`user_group_id`),
  KEY `stage_assignments_user_id` (`user_id`)
) ENGINE=InnoDB AUTO_INCREMENT=1685 DEFAULT CHARSET=utf8mb3;

--
-- Dumping data for table `stage_assignments`
--

INSERT INTO `stage_assignments` VALUES (1,4,3,1,'2018-07-13 13:27:41',9,1),(2,2,2,1,'2018-07-10 16:42:18',0,1),(3,3,2,1,'2018-07-10 17:24:54',0,1),(4,4,14,1,'2018-07-10 17:29:33',0,0),(6,6,31,1,'2018-07-10 19:47:24',0,0),(7,7,31,1,'2018-07-10 20:04:28',0,0),(10,9,31,1,'2018-07-10 22:08:40',0,0),(11,9,20,1,'2018-07-10 22:16:16',0,1),(12,9,21,1,'2018-07-10 22:16:16',1,1),(13,10,31,1,'2018-07-10 22:17:22',0,0),(14,10,20,1,'2018-07-10 22:21:00',0,1),(15,10,21,1,'2018-07-10 22:21:00',1,1),(16,11,31,1,'2018-07-10 22:21:53',0,0),(17,11,20,1,'2018-07-10 22:24:34',0,1),(18,11,21,1,'2018-07-10 22:24:34',1,1),(19,12,31,1,'2018-07-10 22:25:17',0,0),(20,12,20,1,'2018-07-10 22:28:35',0,1),(21,12,21,1,'2018-07-10 22:28:35',1,1),(22,13,31,1,'2018-07-10 22:29:35',0,0),(23,13,20,1,'2018-07-10 22:31:44',0,1),(24,13,21,1,'2018-07-10 22:31:44',1,1),(25,14,31,1,'2018-07-10 22:32:49',0,0),(26,14,20,1,'2018-07-10 22:34:56',0,1),(27,14,21,1,'2018-07-10 22:34:56',1,1),(28,15,31,1,'2018-07-10 22:35:34',0,0),(29,15,20,1,'2018-07-10 22:40:29',0,1),(30,15,21,1,'2018-07-10 22:40:29',1,1),(31,16,31,1,'2018-07-10 22:40:46',0,0),(32,16,20,1,'2018-07-10 22:43:32',0,1),(33,16,21,1,'2018-07-10 22:43:32',1,1),(34,17,31,1,'2018-07-10 22:44:08',0,0),(35,17,20,1,'2018-07-10 22:47:51',0,1),(36,17,21,1,'2018-07-10 22:47:51',1,1),(38,7,20,1,'2018-07-12 14:58:17',1,1),(39,6,21,1,'2018-07-12 15:13:36',0,1),(40,6,20,1,'2018-07-12 15:13:58',0,1),(45,18,14,2,'2018-07-13 13:14:52',0,0),(46,18,3,2,'2018-07-13 13:26:56',0,1),(48,8,21,1,'2018-07-13 21:15:08',0,1),(49,19,36,1,'2018-07-19 20:03:28',0,1),(53,21,36,1,'2018-07-20 15:55:02',0,1),(54,22,36,1,'2018-07-20 15:57:25',0,1),(55,22,37,1,'2018-07-20 15:59:21',0,1),(56,23,36,1,'2018-07-20 16:03:23',0,1),(57,23,37,1,'2018-07-20 16:15:45',0,1),(58,24,36,1,'2018-07-20 16:20:09',0,1),(59,24,37,1,'2018-07-20 16:34:14',0,1),(60,25,36,1,'2018-07-20 16:44:57',0,1),(61,25,37,1,'2018-07-20 17:12:55',0,1),(62,26,36,1,'2018-07-20 17:17:05',0,1),(63,26,37,1,'2018-07-20 17:36:53',0,1),(64,27,36,1,'2018-07-20 18:32:39',0,1),(65,28,36,1,'2018-07-20 18:37:18',0,1),(66,28,37,1,'2018-07-20 19:07:24',0,1),(67,29,36,1,'2018-07-20 19:09:24',0,1),(68,29,37,1,'2018-07-20 19:23:25',0,1),(69,30,36,1,'2018-07-20 19:26:26',0,1),(70,30,37,1,'2018-07-20 19:38:52',0,1),(71,31,36,1,'2018-07-20 19:44:34',0,1),(72,31,37,1,'2018-07-20 19:57:01',0,1),(73,32,36,1,'2018-07-20 19:59:16',0,1),(74,32,37,1,'2018-07-20 20:14:45',0,1),(75,33,36,1,'2018-07-20 20:16:53',0,1),(76,33,37,1,'2018-07-20 20:36:45',0,1),(77,34,36,1,'2018-07-21 15:26:03',0,1),(78,34,37,1,'2018-07-21 15:31:49',0,1),(79,35,36,1,'2018-07-21 15:33:32',0,1),(80,35,37,1,'2018-07-21 15:45:17',0,1),(81,36,36,1,'2018-07-21 15:47:05',0,1),(82,36,37,1,'2018-07-21 15:56:03',0,1),(83,37,36,1,'2018-07-21 15:57:49',0,1),(84,37,37,1,'2018-07-21 16:10:43',0,1),(85,38,36,1,'2018-07-21 16:11:56',0,1),(86,38,37,1,'2018-07-21 16:16:53',0,1),(87,39,36,1,'2018-07-21 16:18:10',0,1),(88,39,37,1,'2018-07-21 16:30:01',0,1),(89,40,36,1,'2018-07-21 16:32:48',0,1),(90,40,37,1,'2018-07-21 16:38:56',0,1),(91,41,36,1,'2018-07-21 16:40:25',0,1),(92,41,37,1,'2018-07-21 16:48:55',0,1),(93,42,36,1,'2018-07-21 16:50:19',0,1),(94,42,37,1,'2018-07-21 16:59:44',0,1),(95,43,36,1,'2018-07-21 17:00:55',0,1),(96,43,37,1,'2018-07-21 17:10:06',0,1),(97,44,2,1,'2018-07-23 16:33:51',0,1),(98,44,3,1,'2018-07-23 16:42:58',0,1),(99,45,2,1,'2018-07-23 16:43:41',0,1),(100,45,3,1,'2018-07-23 16:51:54',0,1),(101,46,2,1,'2018-07-23 17:07:45',0,1),(102,46,3,1,'2018-07-23 17:19:41',0,1),(103,47,14,1,'2018-07-23 17:20:59',0,0),(104,47,3,1,'2018-07-23 17:35:04',0,1),(105,48,14,1,'2018-07-23 19:17:11',0,0),(106,48,3,1,'2018-07-23 19:28:27',0,1),(107,49,14,1,'2018-07-23 19:31:08',0,0),(108,49,3,1,'2018-07-23 19:38:01',0,1),(109,50,2,1,'2018-07-23 19:46:03',0,1),(110,50,3,1,'2018-07-23 19:51:43',0,1),(111,51,53,1,'2018-07-23 21:28:55',0,1),(112,51,54,1,'2018-07-23 21:38:10',0,1),(113,52,53,1,'2018-07-23 21:39:11',0,1),(114,52,54,1,'2018-07-23 22:14:25',0,1),(115,53,53,1,'2018-07-23 22:50:12',0,1),(116,53,54,1,'2018-07-24 14:14:44',0,1),(117,54,53,1,'2018-07-24 14:26:22',0,1),(118,54,54,1,'2018-07-24 15:36:05',0,1),(119,55,70,1,'2018-07-24 16:11:30',0,1),(120,56,70,1,'2018-07-24 17:00:33',0,1),(121,56,71,1,'2018-07-24 17:12:43',0,1),(122,55,71,1,'2018-07-24 17:14:21',0,1),(123,57,70,1,'2018-07-24 17:17:38',0,1),(124,57,71,1,'2018-07-24 19:16:49',0,1),(125,58,70,1,'2018-07-24 19:18:46',0,1),(126,58,71,1,'2018-07-24 19:39:07',0,1),(127,59,70,1,'2018-07-24 19:51:27',0,1),(128,59,71,1,'2018-07-24 20:15:48',0,1),(129,60,70,1,'2018-07-24 20:18:16',0,1),(130,60,71,1,'2018-07-24 20:33:45',0,1),(131,61,70,1,'2018-07-24 20:34:32',0,1),(132,61,71,1,'2018-07-24 20:50:40',0,1),(133,62,70,1,'2018-07-24 20:51:29',0,1),(134,62,71,1,'2018-07-24 21:00:49',0,1),(135,63,70,1,'2018-07-24 21:02:41',0,1),(136,63,71,1,'2018-07-24 21:16:07',0,1),(137,64,70,1,'2018-07-24 21:23:07',0,1),(138,64,71,1,'2018-07-24 22:25:57',0,1),(139,65,70,1,'2018-07-24 22:26:52',0,1),(140,65,71,1,'2018-07-24 22:34:36',0,1),(141,66,87,1,'2018-07-24 23:01:31',0,1),(142,67,19,1,'2018-07-24 23:27:02',0,1),(143,67,20,1,'2018-07-24 23:30:24',0,1),(144,67,21,1,'2018-07-24 23:30:24',1,1),(145,68,87,1,'2018-07-25 14:09:44',0,1),(146,69,87,1,'2018-07-25 14:13:02',0,1),(147,69,88,1,'2018-07-25 14:45:29',0,1),(148,68,88,1,'2018-07-25 14:51:33',0,1),(149,70,87,1,'2018-07-25 15:18:17',0,1),(150,70,88,1,'2018-07-25 15:22:32',0,1),(151,71,87,1,'2018-07-25 15:33:46',0,1),(152,71,88,1,'2018-07-25 15:38:52',0,1),(153,72,99,1,'2018-07-25 15:51:18',0,0),(154,72,88,1,'2018-07-25 16:01:03',0,1),(155,73,87,1,'2018-07-25 16:21:12',0,1),(156,73,88,1,'2018-07-25 16:26:25',0,1),(157,74,87,1,'2018-07-25 16:40:54',0,1),(158,74,88,1,'2018-07-25 16:47:02',0,1),(159,75,87,1,'2018-07-25 16:59:36',0,1),(160,75,88,1,'2018-07-25 17:10:38',0,1),(161,76,87,1,'2018-07-25 17:13:38',0,1),(162,76,88,1,'2018-07-25 17:22:22',0,1),(163,77,87,1,'2018-07-25 17:25:38',0,1),(164,77,88,1,'2018-07-25 17:32:13',0,1),(165,78,87,1,'2018-07-25 19:19:40',0,1),(166,78,88,1,'2018-07-25 19:23:44',0,1),(167,79,87,1,'2018-07-25 19:31:15',0,1),(168,79,88,1,'2018-07-25 19:39:55',0,1),(169,80,87,1,'2018-07-25 19:42:31',0,1),(170,80,88,1,'2018-07-25 19:47:15',0,1),(171,81,87,1,'2018-07-25 19:49:55',0,1),(172,81,88,1,'2018-07-25 19:57:52',0,1),(173,82,87,1,'2018-07-25 22:12:15',0,1),(174,83,2,1,'2018-07-26 12:39:35',0,1),(176,84,2,1,'2018-07-26 12:55:34',0,1),(177,84,3,1,'2018-07-26 13:03:30',0,1),(178,85,2,1,'2018-07-26 13:06:34',0,1),(179,85,3,1,'2018-07-26 13:13:15',0,1),(180,86,2,1,'2018-07-26 13:14:53',0,1),(181,86,3,1,'2018-07-26 13:24:11',0,1),(182,87,2,1,'2018-07-26 13:34:11',0,1),(183,87,3,1,'2018-07-26 13:42:52',0,1),(184,88,2,1,'2018-07-26 13:57:54',0,1),(185,88,3,1,'2018-07-26 14:11:44',0,1),(186,89,2,1,'2018-07-26 14:13:00',0,1),(187,89,3,1,'2018-07-26 14:27:36',0,1),(188,90,2,1,'2018-07-26 14:33:18',0,1),(189,90,3,1,'2018-07-26 14:38:06',0,1),(190,91,2,1,'2018-07-26 15:54:28',0,1),(191,91,3,1,'2018-07-26 15:57:22',0,1),(192,92,2,1,'2018-07-26 15:59:23',0,1),(193,92,3,1,'2018-07-26 16:08:34',0,1),(194,93,2,1,'2018-07-26 16:09:50',0,1),(195,93,3,1,'2018-07-26 16:18:52',0,1),(196,94,2,1,'2018-07-26 16:20:14',0,1),(197,94,3,1,'2018-07-26 16:25:12',0,1),(198,95,2,1,'2018-07-26 16:26:08',0,1),(199,95,3,1,'2018-07-26 16:32:44',0,1),(200,96,2,1,'2018-07-26 16:33:25',0,1),(201,96,3,1,'2018-07-26 16:39:35',0,1),(202,97,2,1,'2018-07-26 16:40:22',0,1),(203,97,3,1,'2018-07-26 16:45:07',0,1),(204,98,2,1,'2018-07-26 16:45:52',0,1),(205,98,3,1,'2018-07-26 16:48:16',0,1),(206,99,87,1,'2018-07-26 16:56:38',0,1),(207,99,88,1,'2018-07-26 17:06:18',0,1),(208,100,2,1,'2018-07-26 17:10:17',0,1),(209,101,87,1,'2018-07-26 17:10:53',0,1),(210,100,3,1,'2018-07-26 17:14:27',0,1),(211,102,2,1,'2018-07-26 17:15:09',0,1),(212,101,88,1,'2018-07-26 17:18:42',0,1),(213,102,3,1,'2018-07-26 17:22:50',0,1),(214,103,2,1,'2018-07-26 17:26:11',0,1),(215,104,87,1,'2018-07-26 19:05:58',0,1),(216,104,88,1,'2018-07-26 19:15:45',0,1),(217,105,87,1,'2018-07-26 19:20:00',0,1),(218,103,3,1,'2018-07-26 19:20:13',0,1),(219,106,2,1,'2018-07-26 19:24:53',0,1),(220,105,88,1,'2018-07-26 19:25:59',0,1),(221,107,87,1,'2018-07-26 19:29:22',0,1),(222,107,88,1,'2018-07-26 19:34:53',0,1),(223,108,87,1,'2018-07-26 19:38:26',0,1),(224,106,3,1,'2018-07-26 19:41:07',0,1),(225,109,2,1,'2018-07-26 19:42:16',0,1),(226,108,88,1,'2018-07-26 19:43:49',0,1),(227,110,87,1,'2018-07-26 19:47:08',0,1),(228,109,3,1,'2018-07-26 19:53:16',0,1),(229,110,88,1,'2018-07-26 19:54:15',0,1),(230,111,2,1,'2018-07-26 19:59:38',0,1),(231,112,87,1,'2018-07-26 20:00:05',0,1),(232,112,88,1,'2018-07-26 20:06:41',0,1),(233,113,87,1,'2018-07-26 20:10:52',0,1),(234,111,3,1,'2018-07-26 20:11:26',0,1),(235,114,2,1,'2018-07-26 20:16:05',0,1),(236,113,88,1,'2018-07-26 20:17:45',0,1),(237,115,87,1,'2018-07-26 20:20:39',0,1),(238,115,88,1,'2018-07-26 20:27:05',0,1),(239,116,87,1,'2018-07-26 20:30:05',0,1),(240,114,3,1,'2018-07-26 20:32:13',0,1),(241,116,88,1,'2018-07-26 20:34:51',0,1),(242,117,87,1,'2018-07-26 20:38:05',0,1),(243,117,88,1,'2018-07-26 20:43:03',0,1),(244,118,87,1,'2018-07-27 14:26:53',0,1),(245,118,88,1,'2018-07-27 14:33:35',0,1),(246,119,87,1,'2018-07-27 14:53:12',0,1),(247,119,88,1,'2018-07-27 15:02:24',0,1),(248,120,87,1,'2018-07-27 15:06:19',0,1),(249,120,88,1,'2018-07-27 15:16:11',0,1),(250,121,87,1,'2018-07-27 15:27:49',0,1),(251,121,88,1,'2018-07-27 16:10:25',0,1),(252,122,87,1,'2018-07-27 16:14:09',0,1),(253,122,88,1,'2018-07-27 16:20:14',0,1),(254,123,87,1,'2018-07-27 16:22:39',0,1),(255,124,2,1,'2018-07-27 16:28:25',0,1),(256,123,88,1,'2018-07-27 16:29:50',0,1),(257,125,87,1,'2018-07-27 16:32:35',0,1),(258,124,3,1,'2018-07-27 16:33:32',0,1),(259,126,2,1,'2018-07-27 16:34:22',0,1),(260,125,88,1,'2018-07-27 16:38:29',0,1),(261,127,87,1,'2018-07-27 16:44:04',0,1),(262,126,3,1,'2018-07-27 16:44:34',0,1),(263,128,2,1,'2018-07-27 16:45:49',0,1),(264,127,88,1,'2018-07-27 16:49:16',0,1),(265,128,3,1,'2018-07-27 16:58:53',0,1),(266,129,2,1,'2018-07-27 19:17:48',0,1),(267,129,3,1,'2018-07-27 19:47:20',0,1),(268,130,2,1,'2018-07-27 19:48:25',0,1),(269,130,3,1,'2018-07-27 19:57:24',0,1),(270,131,2,1,'2018-07-27 19:58:45',0,1),(271,131,3,1,'2018-07-27 20:06:48',0,1),(272,132,2,1,'2018-07-27 20:09:46',0,1),(273,132,3,1,'2018-07-27 20:20:07',0,1),(274,133,2,1,'2018-07-27 20:21:52',0,1),(275,133,3,1,'2018-07-27 20:40:12',0,1),(276,134,36,1,'2018-07-30 15:05:50',0,1),(277,134,37,1,'2018-07-30 15:17:25',0,1),(278,134,47,1,'2018-07-30 15:17:25',0,0),(279,134,45,1,'2018-07-30 15:17:25',0,0),(280,135,36,1,'2018-07-30 21:12:03',0,1),(281,135,37,1,'2018-07-30 23:22:45',0,1),(282,136,36,1,'2018-07-30 23:25:54',0,1),(283,136,37,1,'2018-07-30 23:30:09',0,1),(284,137,36,1,'2018-07-30 23:32:28',0,1),(285,137,37,1,'2018-07-30 23:38:24',0,1),(286,138,36,1,'2018-07-31 13:27:53',0,1),(287,138,37,1,'2018-07-31 13:33:14',0,1),(288,139,36,1,'2018-07-31 13:36:11',0,1),(289,139,37,1,'2018-07-31 13:39:41',0,1),(290,140,36,1,'2018-07-31 13:42:06',0,1),(291,140,37,1,'2018-07-31 13:44:56',0,1),(292,141,36,1,'2018-07-31 13:47:35',0,1),(293,141,37,1,'2018-07-31 13:53:48',0,1),(294,142,36,1,'2018-07-31 13:55:51',0,1),(295,142,37,1,'2018-07-31 14:00:59',0,1),(296,143,36,1,'2018-07-31 14:02:54',0,1),(297,143,37,1,'2018-07-31 14:07:42',0,1),(298,144,70,1,'2018-07-31 16:51:52',0,1),(299,145,36,1,'2018-07-31 16:52:59',0,1),(300,145,37,1,'2018-07-31 16:57:52',0,1),(301,146,36,1,'2018-07-31 17:00:06',0,1),(302,144,71,1,'2018-07-31 17:04:30',0,1),(303,147,70,1,'2018-07-31 17:07:31',0,1),(304,146,37,1,'2018-07-31 17:07:34',0,1),(305,148,36,1,'2018-07-31 17:09:41',0,1),(306,148,37,1,'2018-07-31 17:15:43',0,1),(307,147,71,1,'2018-07-31 17:18:23',0,1),(308,149,70,1,'2018-07-31 17:19:04',0,1),(309,150,36,1,'2018-07-31 17:19:24',0,1),(310,150,37,1,'2018-07-31 17:22:57',0,1),(311,151,36,1,'2018-07-31 17:25:14',0,1),(312,151,37,1,'2018-07-31 17:30:39',0,1),(313,152,36,1,'2018-07-31 19:07:29',0,1),(314,152,37,1,'2018-07-31 19:13:17',0,1),(315,153,36,1,'2018-07-31 19:15:52',0,1),(316,153,37,1,'2018-07-31 19:22:23',0,1),(317,154,36,1,'2018-07-31 19:24:38',0,1),(318,154,37,1,'2018-07-31 19:28:27',0,1),(319,155,36,1,'2018-07-31 19:30:57',0,1),(320,155,37,1,'2018-07-31 19:49:04',0,1),(321,156,36,1,'2018-07-31 19:51:10',0,1),(322,156,37,1,'2018-07-31 20:08:54',0,1),(323,157,36,1,'2018-07-31 20:21:32',0,1),(324,157,37,1,'2018-07-31 20:25:56',0,1),(325,149,71,1,'2018-07-31 20:50:22',0,1),(326,158,70,1,'2018-07-31 20:55:01',0,1),(327,158,71,1,'2018-07-31 21:21:02',0,1),(328,159,70,1,'2018-07-31 22:27:25',0,1),(329,159,71,1,'2018-07-31 22:38:42',0,1),(330,160,70,1,'2018-07-31 22:40:11',0,1),(331,160,71,1,'2018-08-01 13:06:45',0,1),(332,161,70,1,'2018-08-01 13:12:28',0,1),(333,161,71,1,'2018-08-01 13:42:30',0,1),(334,162,70,1,'2018-08-01 13:43:47',0,1),(335,162,71,1,'2018-08-01 13:57:51',0,1),(336,163,70,1,'2018-08-01 13:58:59',0,1),(337,163,71,1,'2018-08-01 14:27:20',0,1),(338,164,70,1,'2018-08-01 14:30:06',0,1),(339,164,71,1,'2018-08-01 14:42:12',0,1),(340,165,70,1,'2018-08-01 14:43:23',0,1),(341,165,71,1,'2018-08-01 15:06:24',0,1),(342,166,36,1,'2018-08-01 15:41:24',0,1),(343,166,37,1,'2018-08-01 15:44:50',0,1),(344,167,36,1,'2018-08-01 15:48:35',0,1),(345,167,37,1,'2018-08-01 15:53:56',0,1),(346,168,36,1,'2018-08-01 16:00:36',0,1),(347,168,37,1,'2018-08-01 16:13:47',0,1),(348,169,36,1,'2018-08-01 16:16:37',0,1),(349,169,37,1,'2018-08-01 16:53:29',0,1),(350,170,36,1,'2018-08-01 16:55:14',0,1),(351,170,37,1,'2018-08-01 16:58:49',0,1),(352,171,36,1,'2018-08-01 17:04:52',0,1),(353,171,37,1,'2018-08-01 17:08:19',0,1),(354,172,36,1,'2018-08-01 17:10:51',0,1),(355,172,37,1,'2018-08-01 17:14:34',0,1),(356,173,70,1,'2018-08-01 17:15:29',0,1),(357,173,71,1,'2018-08-01 17:18:53',0,1),(358,174,70,1,'2018-08-01 17:20:00',0,1),(359,175,36,1,'2018-08-01 17:22:21',0,1),(360,175,37,1,'2018-08-01 17:26:29',0,1),(361,176,36,1,'2018-08-01 17:28:26',0,1),(362,176,37,1,'2018-08-01 17:31:15',0,1),(363,177,36,1,'2018-08-01 19:07:33',0,1),(364,177,37,1,'2018-08-01 19:14:13',0,1),(365,178,36,1,'2018-08-01 19:15:59',0,1),(366,178,37,1,'2018-08-01 19:19:14',0,1),(367,179,36,1,'2018-08-01 19:24:45',0,1),(368,174,71,1,'2018-08-01 19:24:47',0,1),(369,180,70,1,'2018-08-01 19:27:10',0,1),(370,179,37,1,'2018-08-01 19:41:59',0,1),(371,180,71,1,'2018-08-01 19:42:02',0,1),(372,181,70,1,'2018-08-01 19:43:03',0,1),(373,182,36,1,'2018-08-01 19:44:48',0,1),(374,182,37,1,'2018-08-01 19:49:54',0,1),(375,183,36,1,'2018-08-01 19:53:00',0,1),(376,181,71,1,'2018-08-01 19:57:17',0,1),(377,184,70,1,'2018-08-01 20:00:45',0,1),(378,183,37,1,'2018-08-01 20:02:04',0,1),(379,185,36,1,'2018-08-01 20:06:53',0,1),(380,185,37,1,'2018-08-01 20:16:46',0,1),(381,184,71,1,'2018-08-01 20:30:16',0,1),(382,186,70,1,'2018-08-01 20:40:54',0,1),(383,186,71,1,'2018-08-01 21:40:38',0,1),(384,187,70,1,'2018-08-01 21:41:52',0,1),(385,187,71,1,'2018-08-01 21:55:59',0,1),(386,188,70,1,'2018-08-01 21:59:18',0,1),(387,188,71,1,'2018-08-01 22:17:25',0,1),(388,189,70,1,'2018-08-01 22:18:19',0,1),(389,189,71,1,'2018-08-01 22:30:37',0,1),(390,190,70,1,'2018-08-01 22:31:25',0,1),(391,190,71,1,'2018-08-01 22:39:15',0,1),(392,191,70,1,'2018-08-02 12:47:17',0,1),(393,191,71,1,'2018-08-02 13:04:49',0,1),(394,192,36,1,'2018-08-02 13:51:25',0,1),(395,192,37,1,'2018-08-02 13:58:53',0,1),(396,193,36,1,'2018-08-02 14:07:01',0,1),(397,193,37,1,'2018-08-02 14:15:50',0,1),(398,194,36,1,'2018-08-02 14:18:12',0,1),(399,194,37,1,'2018-08-02 14:20:57',0,1),(400,195,36,1,'2018-08-02 14:22:44',0,1),(401,195,37,1,'2018-08-02 14:26:48',0,1),(402,196,36,1,'2018-08-02 14:29:37',0,1),(403,196,37,1,'2018-08-02 14:37:21',0,1),(404,197,36,1,'2018-08-02 14:40:28',0,1),(405,197,37,1,'2018-08-02 14:42:56',0,1),(406,198,36,1,'2018-08-02 14:44:41',0,1),(407,198,37,1,'2018-08-02 14:47:16',0,1),(408,199,36,1,'2018-08-02 14:48:50',0,1),(409,199,37,1,'2018-08-02 14:51:38',0,1),(410,200,36,1,'2018-08-02 14:53:09',0,1),(411,200,37,1,'2018-08-02 14:57:04',0,1),(412,201,36,1,'2018-08-02 14:58:52',0,1),(413,201,37,1,'2018-08-02 15:01:44',0,1),(414,202,36,1,'2018-08-02 15:03:19',0,1),(415,202,37,1,'2018-08-02 15:07:51',0,1),(416,203,36,1,'2018-08-02 15:09:34',0,1),(417,203,37,1,'2018-08-02 15:11:29',0,1),(418,204,36,1,'2018-08-02 15:13:11',0,1),(419,204,37,1,'2018-08-02 15:16:39',0,1),(420,205,53,1,'2018-08-02 19:44:15',0,1),(421,205,54,1,'2018-08-02 19:49:19',0,1),(422,206,53,1,'2018-08-02 19:56:48',0,1),(423,206,54,1,'2018-08-02 20:12:57',0,1),(424,207,53,1,'2018-08-02 20:16:49',0,1),(425,207,54,1,'2018-08-02 20:59:57',0,1),(426,208,53,1,'2018-08-02 21:03:06',0,1),(427,208,54,1,'2018-08-02 21:21:15',0,1),(428,209,53,1,'2018-08-02 21:23:01',0,1),(429,209,54,1,'2018-08-02 21:51:29',0,1),(430,210,53,1,'2018-08-02 21:54:18',0,1),(431,211,36,1,'2018-08-02 22:03:58',0,1),(432,211,37,1,'2018-08-02 22:05:56',0,1),(433,212,36,1,'2018-08-02 22:08:25',0,1),(434,210,54,1,'2018-08-02 22:08:52',0,1),(435,212,37,1,'2018-08-02 22:13:59',0,1),(436,213,36,1,'2018-08-02 22:15:53',0,1),(437,213,37,1,'2018-08-02 22:20:15',0,1),(438,214,36,1,'2018-08-02 22:23:21',0,1),(439,214,37,1,'2018-08-02 22:28:01',0,1),(440,215,36,1,'2018-08-02 22:30:28',0,1),(441,215,37,1,'2018-08-02 22:34:36',0,1),(442,216,36,1,'2018-08-02 22:36:33',0,1),(443,216,37,1,'2018-08-02 22:39:06',0,1),(444,217,36,1,'2018-08-02 22:40:37',0,1),(445,217,37,1,'2018-08-02 22:44:24',0,1),(446,218,36,1,'2018-08-02 22:46:08',0,1),(447,218,37,1,'2018-08-02 22:49:22',0,1),(448,219,36,1,'2018-08-02 22:56:06',0,1),(449,219,37,1,'2018-08-02 23:04:41',0,1),(450,220,36,1,'2018-08-02 23:06:29',0,1),(451,220,37,1,'2018-08-02 23:12:56',0,1),(452,221,36,1,'2018-08-02 23:14:37',0,1),(453,221,37,1,'2018-08-02 23:21:11',0,1),(454,222,36,1,'2018-08-02 23:23:03',0,1),(455,222,37,1,'2018-08-02 23:27:34',0,1),(456,223,53,1,'2018-08-03 13:11:18',0,1),(457,223,54,1,'2018-08-03 13:14:48',0,1),(458,224,53,1,'2018-08-03 13:15:40',0,1),(459,224,54,1,'2018-08-03 13:39:54',0,1),(460,225,53,1,'2018-08-03 13:41:20',0,1),(461,225,54,1,'2018-08-03 14:00:46',0,1),(462,226,53,1,'2018-08-03 14:04:32',0,1),(463,226,54,1,'2018-08-03 14:23:51',0,1),(464,227,53,1,'2018-08-03 14:26:21',0,1),(465,227,54,1,'2018-08-03 14:45:54',0,1),(466,228,53,1,'2018-08-03 14:58:05',0,1),(467,228,54,1,'2018-08-03 15:09:44',0,1),(468,229,36,1,'2018-08-03 16:33:42',0,1),(469,229,37,1,'2018-08-03 16:37:23',0,1),(470,230,36,1,'2018-08-03 16:40:07',0,1),(471,230,37,1,'2018-08-03 16:43:48',0,1),(472,231,36,1,'2018-08-03 16:45:18',0,1),(473,231,37,1,'2018-08-03 16:47:31',0,1),(474,232,36,1,'2018-08-03 16:49:34',0,1),(475,232,37,1,'2018-08-03 16:51:55',0,1),(476,233,36,1,'2018-08-03 16:54:21',0,1),(477,233,37,1,'2018-08-03 16:57:20',0,1),(478,234,36,1,'2018-08-03 20:12:30',0,1),(479,234,37,1,'2018-08-03 20:14:56',0,1),(480,235,36,1,'2018-08-03 20:16:28',0,1),(481,235,37,1,'2018-08-03 20:20:33',0,1),(482,236,36,1,'2018-08-03 20:23:51',0,1),(483,236,37,1,'2018-08-03 20:30:42',0,1),(484,237,36,1,'2018-08-03 20:32:24',0,1),(485,237,37,1,'2018-08-03 20:42:11',0,1),(486,238,36,1,'2018-08-03 20:45:18',0,1),(487,238,37,1,'2018-08-03 20:50:46',0,1),(488,239,36,1,'2018-08-03 21:15:32',0,1),(489,239,37,1,'2018-08-03 21:19:45',0,1),(490,240,36,1,'2018-08-03 21:28:44',0,1),(491,240,37,1,'2018-08-03 21:33:27',0,1),(492,241,36,1,'2018-08-03 21:44:32',0,1),(493,241,37,1,'2018-08-03 21:47:12',0,1),(494,242,36,1,'2018-08-03 21:49:21',0,1),(495,242,37,1,'2018-08-03 21:52:32',0,1),(496,243,36,1,'2018-08-03 21:54:15',0,1),(497,243,37,1,'2018-08-03 21:58:11',0,1),(498,244,36,1,'2018-08-03 22:04:56',0,1),(499,244,37,1,'2018-08-03 22:09:12',0,1),(500,245,36,1,'2018-08-03 22:12:58',0,1),(501,245,37,1,'2018-08-03 22:15:20',0,1),(502,246,36,1,'2018-08-03 22:17:21',0,1),(503,246,37,1,'2018-08-03 22:24:31',0,1),(504,247,36,1,'2018-08-03 22:26:25',0,1),(505,247,37,1,'2018-08-03 22:28:54',0,1),(506,248,36,1,'2018-08-03 22:30:38',0,1),(507,248,37,1,'2018-08-03 22:34:25',0,1),(508,249,2,1,'2018-08-08 14:35:11',0,1),(509,249,3,1,'2018-08-08 14:38:08',0,1),(510,250,2,1,'2018-08-08 14:39:31',0,1),(511,250,3,1,'2018-08-08 14:56:03',0,1),(512,251,2,1,'2018-08-08 15:26:29',0,1),(513,251,3,1,'2018-08-08 15:46:23',0,1),(514,252,2,1,'2018-08-08 15:47:04',0,1),(515,252,3,1,'2018-08-08 15:52:38',0,1),(516,253,2,1,'2018-08-08 15:53:22',0,1),(517,253,3,1,'2018-08-08 16:05:02',0,1),(518,254,2,1,'2018-08-08 16:06:20',0,1),(519,254,3,1,'2018-08-08 16:12:58',0,1),(520,255,2,1,'2018-08-08 16:18:34',0,1),(521,255,3,1,'2018-08-08 16:26:15',0,1),(522,256,2,1,'2018-08-08 16:29:00',0,1),(523,256,3,1,'2018-08-08 16:37:14',0,1),(526,258,36,1,'2018-08-17 12:17:35',0,1),(527,258,19,1,'2018-08-27 14:17:18',0,1),(528,258,20,1,'2018-08-27 14:20:51',0,1),(529,258,21,1,'2018-08-27 14:20:51',1,1),(530,259,19,1,'2018-08-27 14:26:45',0,1),(531,259,20,1,'2018-08-27 14:30:18',0,1),(532,259,21,1,'2018-08-27 14:30:18',1,1),(533,260,19,1,'2018-08-27 14:43:29',0,1),(534,260,20,1,'2018-08-27 14:48:16',0,1),(535,260,21,1,'2018-08-27 14:48:16',1,1),(536,261,19,1,'2018-08-27 14:52:35',0,1),(537,261,20,1,'2018-08-27 14:59:58',0,1),(538,261,21,1,'2018-08-27 14:59:58',1,1),(539,262,19,1,'2018-08-27 15:03:26',0,1),(540,262,20,1,'2018-08-27 15:06:48',0,1),(541,262,21,1,'2018-08-27 15:06:48',1,1),(542,263,19,1,'2018-08-27 15:40:25',0,1),(544,263,21,1,'2018-08-27 15:46:18',0,1),(545,264,19,1,'2018-08-27 15:53:55',0,1),(546,264,20,1,'2018-08-27 15:58:14',0,1),(547,264,21,1,'2018-08-27 15:58:14',0,1),(548,265,19,1,'2018-08-27 16:01:29',0,1),(550,265,21,1,'2018-08-27 16:07:10',0,1),(551,266,19,1,'2018-08-27 16:13:45',0,1),(554,267,19,1,'2018-08-27 16:27:57',0,1),(556,267,21,1,'2018-08-27 16:31:50',0,1),(557,268,19,1,'2018-08-27 16:55:39',0,1),(558,268,20,1,'2018-08-27 16:59:49',0,1),(559,268,21,1,'2018-08-27 16:59:49',0,1),(560,269,19,1,'2018-08-27 17:03:38',0,1),(561,269,20,1,'2018-08-27 17:07:38',0,1),(562,269,21,1,'2018-08-27 17:07:38',0,1),(563,270,19,1,'2018-08-27 17:26:50',0,1),(564,270,20,1,'2018-08-27 17:30:18',0,1),(565,270,21,1,'2018-08-27 17:30:18',0,1),(566,271,19,1,'2018-08-27 19:09:55',0,1),(569,271,21,1,'2018-08-27 19:16:15',0,1),(570,272,19,1,'2018-08-27 19:21:19',0,1),(571,272,20,1,'2018-08-27 19:36:45',0,1),(572,272,21,1,'2018-08-27 19:36:45',0,1),(573,273,19,1,'2018-08-27 19:38:56',0,1),(574,273,20,1,'2018-08-27 19:46:10',0,1),(575,273,21,1,'2018-08-27 19:46:10',0,1),(576,274,19,1,'2018-08-27 19:50:45',0,1),(577,274,20,1,'2018-08-27 19:54:27',0,1),(578,274,21,1,'2018-08-27 19:54:27',0,1),(579,275,19,1,'2018-08-27 19:56:52',0,1),(580,275,20,1,'2018-08-27 20:01:08',0,1),(581,275,21,1,'2018-08-27 20:01:08',0,1),(582,276,19,1,'2018-08-27 20:03:32',0,1),(583,276,20,1,'2018-08-27 20:06:21',0,1),(584,276,21,1,'2018-08-27 20:06:21',0,1),(585,277,19,1,'2018-08-27 20:08:37',0,1),(586,277,20,1,'2018-08-27 20:11:27',0,1),(587,277,21,1,'2018-08-27 20:11:27',0,1),(588,278,19,1,'2018-08-27 20:14:02',0,1),(589,278,20,1,'2018-08-27 20:17:25',0,1),(590,278,21,1,'2018-08-27 20:17:25',0,1),(591,279,19,1,'2018-08-27 20:21:19',0,1),(592,279,20,1,'2018-08-27 20:24:02',0,1),(593,279,21,1,'2018-08-27 20:24:02',0,1),(594,280,19,1,'2018-08-27 20:26:12',0,1),(595,280,20,1,'2018-08-27 20:29:59',0,1),(596,280,21,1,'2018-08-27 20:29:59',0,1),(597,281,19,1,'2018-08-27 20:35:50',0,1),(598,281,20,1,'2018-08-27 20:39:47',0,1),(599,281,21,1,'2018-08-27 20:39:47',0,1),(600,282,19,1,'2018-08-27 20:43:10',0,1),(601,282,20,1,'2018-08-27 20:45:58',0,1),(602,282,21,1,'2018-08-27 20:45:58',0,1),(603,283,19,1,'2018-08-27 20:48:32',0,1),(604,283,20,1,'2018-08-27 20:54:00',0,1),(605,283,21,1,'2018-08-27 20:54:00',0,1),(606,284,19,1,'2018-08-27 21:01:41',0,1),(607,284,20,1,'2018-08-27 21:02:52',0,1),(608,284,21,1,'2018-08-27 21:02:52',0,1),(609,285,19,1,'2018-08-27 21:04:45',0,1),(610,285,20,1,'2018-08-27 21:07:30',0,1),(611,285,21,1,'2018-08-27 21:07:30',0,1),(612,286,19,1,'2018-08-27 21:09:17',0,1),(613,286,20,1,'2018-08-27 21:12:38',0,1),(614,286,21,1,'2018-08-27 21:12:38',0,1),(615,287,19,1,'2018-08-27 21:16:26',0,1),(616,287,20,1,'2018-08-27 21:26:12',0,1),(617,287,21,1,'2018-08-27 21:26:12',0,1),(618,288,19,1,'2018-08-27 21:29:37',0,1),(619,288,20,1,'2018-08-27 21:33:17',0,1),(620,288,21,1,'2018-08-27 21:33:17',0,1),(621,289,19,1,'2018-08-27 21:36:13',0,1),(622,289,20,1,'2018-08-27 21:38:44',0,1),(623,289,21,1,'2018-08-27 21:38:44',0,1),(624,290,19,1,'2018-08-27 21:40:57',0,1),(625,290,20,1,'2018-08-27 21:43:47',0,1),(626,290,21,1,'2018-08-27 21:43:47',0,1),(627,291,19,1,'2018-08-27 21:45:34',0,1),(628,291,20,1,'2018-08-27 21:49:01',0,1),(629,291,21,1,'2018-08-27 21:49:01',0,1),(630,292,19,1,'2018-08-27 21:54:37',0,1),(631,292,20,1,'2018-08-27 21:57:25',0,1),(632,292,21,1,'2018-08-27 21:57:25',0,1),(633,293,19,1,'2018-08-27 21:59:13',0,1),(634,293,20,1,'2018-08-27 22:02:36',0,1),(635,293,21,1,'2018-08-27 22:02:36',0,1),(638,295,36,1,'2018-08-30 17:07:57',0,1),(639,295,37,1,'2018-08-30 17:10:47',0,1),(640,296,36,1,'2018-08-30 17:16:44',0,1),(641,296,37,1,'2018-08-30 17:22:20',0,1),(642,297,36,1,'2018-08-30 17:24:03',0,1),(643,297,37,1,'2018-08-30 17:27:03',0,1),(644,298,36,1,'2018-08-30 19:20:38',0,1),(645,298,37,1,'2018-08-30 19:28:19',0,1),(646,299,36,1,'2018-08-30 20:26:24',0,1),(647,299,37,1,'2018-08-30 20:30:39',0,1),(648,300,36,1,'2018-08-30 20:33:33',0,1),(649,300,37,1,'2018-08-30 20:37:10',0,1),(650,301,36,1,'2018-08-30 20:38:49',0,1),(651,301,37,1,'2018-08-30 20:42:07',0,1),(652,302,36,1,'2018-08-30 21:03:00',0,1),(653,302,37,1,'2018-08-30 21:20:41',0,1),(654,303,36,1,'2018-08-30 21:22:45',0,1),(655,303,37,1,'2018-08-30 21:26:51',0,1),(656,304,36,1,'2018-08-30 21:28:28',0,1),(657,304,37,1,'2018-08-30 21:35:26',0,1),(658,305,36,1,'2018-08-30 21:37:41',0,1),(659,305,37,1,'2018-08-30 21:42:35',0,1),(660,306,36,1,'2018-08-30 21:44:40',0,1),(661,306,37,1,'2018-08-30 21:51:09',0,1),(662,307,36,1,'2018-08-30 21:54:40',0,1),(663,307,37,1,'2018-08-30 22:00:04',0,1),(664,308,53,1,'2018-08-31 16:25:59',0,1),(665,308,54,1,'2018-08-31 16:32:24',0,1),(666,309,53,1,'2018-08-31 19:07:16',0,1),(667,309,54,1,'2018-08-31 19:33:55',0,1),(668,310,53,1,'2018-08-31 19:35:44',0,1),(669,310,54,1,'2018-08-31 20:10:22',0,1),(670,311,53,1,'2018-08-31 20:11:02',0,1),(671,311,54,1,'2018-08-31 20:25:06',0,1),(672,312,53,1,'2018-08-31 20:26:03',0,1),(673,312,54,1,'2018-08-31 20:43:22',0,1),(674,313,53,1,'2018-08-31 21:11:41',0,1),(675,313,54,1,'2018-08-31 21:24:29',0,1),(676,314,36,1,'2018-08-31 21:24:39',0,1),(677,314,37,1,'2018-08-31 21:30:03',0,1),(678,315,36,1,'2018-08-31 21:56:24',0,1),(679,315,37,1,'2018-08-31 21:59:35',0,1),(680,316,36,1,'2018-08-31 22:02:09',0,1),(681,316,37,1,'2018-08-31 22:05:17',0,1),(682,317,36,1,'2018-08-31 22:08:02',0,1),(683,317,37,1,'2018-08-31 22:11:36',0,1),(684,318,36,1,'2018-08-31 22:14:33',0,1),(685,318,37,1,'2018-08-31 22:23:08',0,1),(686,319,36,1,'2018-08-31 22:25:20',0,1),(687,319,37,1,'2018-08-31 22:35:52',0,1),(688,320,36,1,'2018-08-31 22:37:37',0,1),(689,320,37,1,'2018-08-31 22:41:32',0,1),(690,321,36,1,'2018-08-31 22:43:15',0,1),(691,321,37,1,'2018-08-31 22:45:49',0,1),(692,322,36,1,'2018-08-31 22:47:05',0,1),(693,322,37,1,'2018-08-31 22:50:28',0,1),(694,323,36,1,'2018-08-31 22:52:04',0,1),(695,323,37,1,'2018-08-31 22:56:46',0,1),(696,324,36,1,'2018-08-31 22:59:53',0,1),(697,324,37,1,'2018-08-31 23:02:39',0,1),(698,325,36,1,'2018-08-31 23:04:19',0,1),(699,325,37,1,'2018-08-31 23:07:56',0,1),(700,326,53,1,'2018-09-12 13:52:17',0,1),(701,326,54,1,'2018-09-12 13:56:48',0,1),(702,327,53,1,'2018-09-12 13:58:22',0,1),(703,327,54,1,'2018-09-12 14:16:01',0,1),(704,328,53,1,'2018-09-12 14:18:54',0,1),(705,328,54,1,'2018-09-12 14:41:06',0,1),(706,329,53,1,'2018-09-12 14:41:28',0,1),(707,329,54,1,'2018-09-12 14:55:09',0,1),(708,330,53,1,'2018-09-12 14:55:32',0,1),(709,330,54,1,'2018-09-12 15:19:07',0,1),(710,331,53,1,'2018-09-12 15:48:46',0,1),(711,331,54,1,'2018-09-12 16:10:42',0,1),(712,332,53,1,'2018-09-12 19:08:37',0,1),(713,332,54,1,'2018-09-12 19:13:32',0,1),(714,333,53,1,'2018-09-12 19:13:53',0,1),(715,333,54,1,'2018-09-12 19:31:10',0,1),(716,334,53,1,'2018-09-12 19:31:39',0,1),(717,334,54,1,'2018-09-12 19:52:33',0,1),(718,335,53,1,'2018-09-12 19:53:39',0,1),(719,335,54,1,'2018-09-12 20:19:22',0,1),(720,336,53,1,'2018-09-12 20:52:15',0,1),(721,336,54,1,'2018-09-12 20:56:00',0,1),(722,337,53,1,'2018-09-12 20:56:20',0,1),(723,337,54,1,'2018-09-12 21:10:14',0,1),(724,338,53,1,'2018-09-12 21:15:10',0,1),(725,338,54,1,'2018-09-12 21:35:03',0,1),(726,339,53,1,'2018-09-12 21:35:25',0,1),(727,339,54,1,'2018-09-12 21:48:56',0,1),(728,340,53,1,'2018-09-12 21:49:36',0,1),(729,340,54,1,'2018-09-12 22:46:48',0,1),(730,341,53,1,'2018-09-12 22:47:20',0,1),(731,341,54,1,'2018-09-17 15:55:49',0,1),(732,342,53,1,'2018-09-17 16:34:33',0,1),(733,342,54,1,'2018-09-17 16:38:29',0,1),(734,343,53,1,'2018-09-17 16:38:46',0,1),(735,343,54,1,'2018-09-17 16:42:41',0,1),(736,344,53,1,'2018-09-17 16:45:10',0,1),(737,344,54,1,'2018-09-17 17:08:01',0,1),(738,345,53,1,'2018-09-17 17:08:25',0,1),(739,345,54,1,'2018-09-17 17:25:39',0,1),(740,346,53,1,'2018-09-17 17:26:07',0,1),(741,346,54,1,'2018-09-17 19:08:40',0,1),(742,347,53,1,'2018-09-17 19:10:07',0,1),(743,347,54,1,'2018-09-17 19:23:03',0,1),(744,348,53,1,'2018-09-17 19:24:07',0,1),(745,348,54,1,'2018-09-17 19:35:16',0,1),(746,349,53,1,'2018-09-17 19:35:32',0,1),(747,349,54,1,'2018-09-17 19:43:41',0,1),(748,350,36,1,'2018-09-19 20:18:00',0,1),(749,350,37,1,'2018-09-19 20:20:35',0,1),(750,351,2,1,'2018-09-20 19:27:53',0,1),(751,351,3,1,'2018-09-20 19:32:15',0,1),(752,352,2,1,'2018-09-20 19:33:41',0,1),(753,352,3,1,'2018-09-20 22:22:02',0,1),(754,353,2,1,'2018-09-20 22:37:39',0,1),(755,353,3,1,'2018-09-20 22:52:05',0,1),(756,354,2,1,'2018-09-20 22:54:02',0,1),(757,355,19,1,'2018-09-20 23:03:49',0,1),(758,355,20,1,'2018-09-20 23:09:14',0,1),(759,355,21,1,'2018-09-20 23:09:14',0,1),(760,356,19,1,'2018-09-20 23:20:01',0,1),(761,356,20,1,'2018-09-20 23:23:06',0,1),(762,356,21,1,'2018-09-20 23:23:06',0,1),(763,354,3,1,'2018-09-21 13:29:45',0,1),(764,357,2,1,'2018-09-21 13:30:29',0,1),(765,357,3,1,'2018-09-21 13:39:22',0,1),(766,358,2,1,'2018-09-21 14:15:13',0,1),(767,358,3,1,'2018-09-21 14:35:41',0,1),(768,359,19,1,'2018-09-21 14:36:12',0,1),(769,360,2,1,'2018-09-21 14:38:12',0,1),(770,359,20,1,'2018-09-21 14:45:21',0,1),(771,359,21,1,'2018-09-21 14:45:21',0,1),(772,361,19,1,'2018-09-21 14:47:13',0,1),(773,360,3,1,'2018-09-21 14:52:18',0,1),(774,362,2,1,'2018-09-21 14:52:38',0,1),(775,361,20,1,'2018-09-21 15:01:01',0,1),(776,361,21,1,'2018-09-21 15:01:01',0,1),(777,362,3,1,'2018-09-21 15:31:16',0,1),(778,363,19,1,'2018-09-21 16:10:25',0,1),(779,363,20,1,'2018-09-21 16:18:49',0,1),(780,363,21,1,'2018-09-21 16:18:49',0,1),(781,364,19,1,'2018-09-21 16:22:23',0,1),(782,364,20,1,'2018-09-21 16:29:03',0,1),(783,364,21,1,'2018-09-21 16:29:03',0,1),(784,365,2,1,'2018-09-21 16:31:53',0,1),(785,366,19,1,'2018-09-21 16:34:48',0,1),(786,365,3,1,'2018-09-21 16:34:56',0,1),(787,367,2,1,'2018-09-21 16:37:24',0,1),(788,366,20,1,'2018-09-21 16:46:40',0,1),(789,366,21,1,'2018-09-21 16:46:40',0,1),(790,367,3,1,'2018-09-21 16:47:44',0,1),(791,368,2,1,'2018-09-21 16:48:32',0,1),(792,369,19,1,'2018-09-21 16:49:12',0,1),(793,369,20,1,'2018-09-21 16:54:38',0,1),(794,369,21,1,'2018-09-21 16:54:38',0,1),(795,370,19,1,'2018-09-21 16:59:28',0,1),(796,368,3,1,'2018-09-21 17:01:09',0,1),(797,370,20,1,'2018-09-21 17:04:30',0,1),(798,370,21,1,'2018-09-21 17:04:30',0,1),(799,371,19,1,'2018-09-21 19:13:04',0,1),(800,371,20,1,'2018-09-21 19:23:08',0,1),(801,371,21,1,'2018-09-21 19:23:08',0,1),(802,372,2,1,'2018-09-21 19:23:26',0,1),(803,373,19,1,'2018-09-21 19:25:00',0,1),(804,372,3,1,'2018-09-21 19:30:15',0,1),(805,373,20,1,'2018-09-21 19:30:16',0,1),(806,373,21,1,'2018-09-21 19:30:16',0,1),(807,374,2,1,'2018-09-21 19:34:11',0,1),(808,375,19,1,'2018-09-21 19:37:04',0,1),(809,375,20,1,'2018-09-21 19:46:16',0,1),(810,375,21,1,'2018-09-21 19:46:16',0,1),(811,376,19,1,'2018-09-21 19:52:36',0,1),(812,376,20,1,'2018-09-21 19:57:30',0,1),(813,376,21,1,'2018-09-21 19:57:30',0,1),(814,374,3,1,'2018-09-21 20:10:00',0,1),(815,377,2,1,'2018-09-21 20:11:09',0,1),(816,377,3,1,'2018-09-21 20:21:11',0,1),(817,378,2,1,'2018-09-21 20:24:43',0,1),(818,378,3,1,'2018-09-21 20:41:33',0,1),(819,379,36,1,'2018-09-21 20:59:20',0,1),(820,379,37,1,'2018-09-21 21:14:12',0,1),(821,380,36,1,'2018-09-21 21:17:42',0,1),(822,380,37,1,'2018-09-21 21:21:27',0,1),(823,381,36,1,'2018-09-21 21:23:31',0,1),(824,381,37,1,'2018-09-21 21:40:03',0,1),(825,382,36,1,'2018-09-21 21:44:18',0,1),(826,382,37,1,'2018-09-21 21:51:15',0,1),(827,383,36,1,'2018-09-21 21:54:39',0,1),(828,383,37,1,'2018-09-21 22:01:28',0,1),(829,384,36,1,'2018-09-21 22:03:21',0,1),(830,384,37,1,'2018-09-21 22:08:33',0,1),(831,385,36,1,'2018-09-21 22:10:03',0,1),(832,385,37,1,'2018-09-21 22:14:20',0,1),(833,386,36,1,'2018-09-21 22:16:36',0,1),(834,386,37,1,'2018-09-21 22:20:31',0,1),(835,387,36,1,'2018-09-21 22:22:19',0,1),(836,387,37,1,'2018-09-21 22:25:24',0,1),(837,388,36,1,'2018-09-21 22:27:37',0,1),(838,388,37,1,'2018-09-21 22:32:30',0,1),(839,389,36,1,'2018-09-21 22:34:52',0,1),(840,389,37,1,'2018-09-21 22:37:38',0,1),(843,391,2,1,'2018-09-26 15:56:14',0,1),(844,391,3,1,'2018-09-26 16:03:46',0,1),(845,392,2,1,'2018-09-26 16:04:29',0,1),(846,392,3,1,'2018-09-26 16:17:51',0,1),(847,393,2,1,'2018-09-26 16:18:12',0,1),(848,393,3,1,'2018-09-26 16:35:10',0,1),(849,394,2,1,'2018-09-26 16:35:32',0,1),(850,394,3,1,'2018-09-26 16:50:39',0,1),(851,395,2,1,'2018-09-26 16:51:59',0,1),(852,395,3,1,'2018-09-26 17:09:15',0,1),(853,396,2,1,'2018-09-26 17:09:49',0,1),(854,396,3,1,'2018-09-26 19:09:50',0,1),(855,397,2,1,'2018-09-26 19:13:07',0,1),(856,397,3,1,'2018-09-26 19:39:36',0,1),(857,398,2,1,'2018-09-26 19:40:51',0,1),(858,398,3,1,'2018-09-26 19:50:40',0,1),(859,399,2,1,'2018-09-26 19:51:19',0,1),(860,399,3,1,'2018-09-26 20:00:40',0,1),(861,400,2,1,'2018-09-26 20:04:42',0,1),(862,400,3,1,'2018-09-26 20:08:38',0,1),(863,401,2,1,'2018-10-01 13:09:04',0,1),(864,401,3,1,'2018-10-01 13:16:27',0,1),(865,402,2,1,'2018-10-01 13:17:01',0,1),(866,402,3,1,'2018-10-01 13:31:29',0,1),(867,403,2,1,'2018-10-01 13:33:12',0,1),(868,403,3,1,'2018-10-01 13:40:58',0,1),(869,404,2,1,'2018-10-01 13:41:19',0,1),(870,404,3,1,'2018-10-01 13:49:52',0,1),(871,405,2,1,'2018-10-01 13:50:11',0,1),(872,405,3,1,'2018-10-01 13:59:35',0,1),(873,406,2,1,'2018-10-01 13:59:52',0,1),(874,406,3,1,'2018-10-01 14:10:22',0,1),(875,407,2,1,'2018-10-01 14:10:49',0,1),(876,407,3,1,'2018-10-01 14:18:41',0,1),(877,408,2,1,'2018-10-01 14:19:06',0,1),(878,408,3,1,'2018-10-01 14:22:44',0,1),(879,409,2,1,'2018-10-01 14:54:13',0,1),(880,409,3,1,'2018-10-01 14:57:20',0,1),(881,410,2,1,'2018-10-01 14:57:35',0,1),(882,410,3,1,'2018-10-01 14:59:10',0,1),(883,411,2,1,'2018-10-01 15:37:14',0,1),(884,411,3,1,'2018-10-01 15:47:08',0,1),(885,412,2,1,'2018-10-01 15:47:32',0,1),(886,412,3,1,'2018-10-01 15:54:49',0,1),(887,413,2,1,'2018-10-01 15:55:21',0,1),(888,413,3,1,'2018-10-01 16:02:32',0,1),(889,414,2,1,'2018-10-01 16:02:59',0,1),(890,414,3,1,'2018-10-01 16:08:56',0,1),(891,415,2,1,'2018-10-01 16:09:15',0,1),(892,415,3,1,'2018-10-01 16:24:15',0,1),(893,416,2,1,'2018-10-01 16:25:29',0,1),(894,416,3,1,'2018-10-01 16:41:21',0,1),(895,417,2,1,'2018-10-01 16:41:44',0,1),(896,417,3,1,'2018-10-01 16:44:04',0,1),(897,418,2,1,'2018-10-01 17:06:46',0,1),(898,418,3,1,'2018-10-01 17:09:11',0,1),(899,419,2,1,'2018-10-01 17:09:37',0,1),(900,419,3,1,'2018-10-01 17:11:30',0,1),(901,420,2,1,'2018-10-01 17:11:53',0,1),(902,420,3,1,'2018-10-01 17:19:07',0,1),(903,421,2,1,'2018-10-01 19:11:30',0,1),(904,421,3,1,'2018-10-01 19:30:49',0,1),(905,422,2,1,'2018-10-01 19:31:47',0,1),(906,422,3,1,'2018-10-01 19:39:29',0,1),(907,423,2,1,'2018-10-01 19:40:06',0,1),(908,423,3,1,'2018-10-01 19:53:31',0,1),(909,424,2,1,'2018-10-01 19:57:57',0,1),(910,424,3,1,'2018-10-01 20:06:44',0,1),(911,425,2,1,'2018-10-01 20:08:00',0,1),(912,425,3,1,'2018-10-01 20:17:00',0,1),(913,426,2,1,'2018-10-01 20:17:56',0,1),(914,426,3,1,'2018-10-01 20:25:17',0,1),(915,427,70,1,'2018-10-02 20:27:13',0,1),(916,427,71,1,'2018-10-02 20:32:22',0,1),(917,428,70,1,'2018-10-02 20:34:42',0,1),(918,428,71,1,'2018-10-02 20:52:51',0,1),(919,429,70,1,'2018-10-02 20:54:49',0,1),(920,429,71,1,'2018-10-02 21:18:56',0,1),(921,430,70,1,'2018-10-02 21:19:59',0,1),(922,430,71,1,'2018-10-02 21:39:04',0,1),(923,431,70,1,'2018-10-02 22:12:15',0,1),(924,431,71,1,'2018-10-02 22:26:56',0,1),(925,432,70,1,'2018-10-02 22:27:51',0,1),(926,432,71,1,'2018-10-02 22:41:28',0,1),(927,433,70,1,'2018-10-02 22:48:25',0,1),(928,433,71,1,'2018-10-02 22:59:27',0,1),(929,434,70,1,'2018-10-03 13:22:03',0,1),(930,434,71,1,'2018-10-03 13:40:11',0,1),(931,435,70,1,'2018-10-03 13:40:40',0,1),(932,435,71,1,'2018-10-03 14:05:05',0,1),(933,436,53,1,'2018-10-04 21:48:11',0,1),(934,436,54,1,'2018-10-04 21:50:44',0,1),(935,437,53,1,'2018-10-04 21:52:34',0,1),(936,437,54,1,'2018-10-04 21:53:15',0,1),(937,438,53,1,'2018-10-04 21:56:26',0,1),(938,438,54,1,'2018-10-04 21:57:47',0,1),(939,439,53,1,'2018-10-04 21:58:12',0,1),(940,439,54,1,'2018-10-04 21:59:16',0,1),(941,440,53,1,'2018-10-04 21:59:39',0,1),(942,440,54,1,'2018-10-04 22:00:37',0,1),(943,441,53,1,'2018-10-04 22:01:01',0,1),(944,441,54,1,'2018-10-04 22:02:08',0,1),(945,442,53,1,'2018-10-04 22:02:24',0,1),(946,442,54,1,'2018-10-04 22:03:30',0,1),(947,443,53,1,'2018-10-04 22:03:47',0,1),(948,443,54,1,'2018-10-04 22:04:51',0,1),(949,444,53,1,'2018-10-04 22:05:14',0,1),(950,444,54,1,'2018-10-04 22:06:15',0,1),(951,445,53,1,'2018-10-04 22:06:31',0,1),(952,445,54,1,'2018-10-04 22:08:32',0,1),(953,446,53,1,'2018-10-04 22:08:59',0,1),(954,446,54,1,'2018-10-04 22:09:46',0,1),(955,447,53,1,'2018-10-04 22:10:00',0,1),(956,447,54,1,'2018-10-04 22:12:34',0,1),(957,448,53,1,'2018-10-04 22:12:49',0,1),(958,448,54,1,'2018-10-04 22:15:23',0,1),(959,449,53,1,'2018-10-04 22:15:36',0,1),(960,449,54,1,'2018-10-04 22:17:56',0,1),(961,450,53,1,'2018-10-04 22:18:19',0,1),(962,450,54,1,'2018-10-04 22:20:33',0,1),(963,451,53,1,'2018-10-04 22:21:09',0,1),(964,451,54,1,'2018-10-04 22:23:17',0,1),(965,452,70,1,'2018-10-18 14:36:55',0,1),(966,452,71,1,'2018-10-18 14:41:05',0,1),(967,453,70,1,'2018-10-18 14:41:26',0,1),(968,453,71,1,'2018-10-18 14:43:23',0,1),(969,454,70,1,'2018-10-18 14:44:49',0,1),(970,454,71,1,'2018-10-18 15:01:16',0,1),(971,455,70,1,'2018-10-18 15:09:55',0,1),(972,455,71,1,'2018-10-18 15:25:42',0,1),(973,456,70,1,'2018-10-18 15:34:10',0,1),(974,456,71,1,'2018-10-18 15:44:14',0,1),(975,457,70,1,'2018-10-18 15:52:23',0,1),(976,457,71,1,'2018-10-18 16:38:41',0,1),(977,458,70,1,'2018-10-18 16:39:21',0,1),(978,458,71,1,'2018-10-18 17:08:09',0,1),(979,459,70,1,'2018-10-18 17:09:47',0,1),(980,459,71,1,'2018-10-18 17:20:05',0,1),(981,460,70,1,'2018-10-18 17:20:58',0,1),(982,460,71,1,'2018-10-18 17:34:05',0,1),(983,461,70,1,'2018-10-18 19:31:46',0,1),(984,461,71,1,'2018-10-18 19:47:23',0,1),(985,462,70,1,'2018-10-18 19:58:21',0,1),(986,462,71,1,'2018-10-18 20:08:45',0,1),(987,463,36,1,'2018-10-22 13:46:31',0,1),(988,463,37,1,'2018-10-22 13:54:41',0,1),(989,464,36,1,'2018-10-22 13:57:38',0,1),(990,464,37,1,'2018-10-22 14:12:08',0,1),(991,465,36,1,'2018-10-22 14:22:02',0,1),(992,465,37,1,'2018-10-22 14:26:06',0,1),(993,466,36,1,'2018-10-22 14:27:39',0,1),(994,466,37,1,'2018-10-22 14:32:34',0,1),(995,467,36,1,'2018-10-22 14:34:00',0,1),(996,467,37,1,'2018-10-22 14:35:47',0,1),(997,468,36,1,'2018-10-22 14:44:29',0,1),(998,468,37,1,'2018-10-22 14:51:02',0,1),(999,469,36,1,'2018-10-22 14:52:43',0,1),(1000,469,37,1,'2018-10-22 14:59:33',0,1),(1001,470,36,1,'2018-10-22 15:00:51',0,1),(1002,470,37,1,'2018-10-22 15:06:08',0,1),(1003,471,36,1,'2018-10-22 15:07:40',0,1),(1004,471,37,1,'2018-10-22 15:56:18',0,1),(1005,472,36,1,'2018-10-22 15:58:26',0,1),(1006,472,37,1,'2018-10-22 16:03:22',0,1),(1007,473,36,1,'2018-10-22 16:04:50',0,1),(1008,473,37,1,'2018-10-22 16:17:17',0,1),(1009,474,36,1,'2018-10-22 16:18:58',0,1),(1010,474,37,1,'2018-10-22 16:24:50',0,1),(1011,475,36,1,'2018-10-22 16:26:24',0,1),(1012,475,37,1,'2018-10-22 16:33:31',0,1),(1013,476,36,1,'2018-10-22 16:57:59',0,1),(1014,476,37,1,'2018-10-22 16:59:14',0,1),(1015,477,36,1,'2018-10-22 17:00:51',0,1),(1016,477,37,1,'2018-10-22 17:24:45',0,1),(1017,478,36,1,'2018-10-22 19:21:00',0,1),(1018,478,37,1,'2018-10-22 19:24:11',0,1),(1019,479,36,1,'2018-10-22 19:25:44',0,1),(1020,479,37,1,'2018-10-22 19:28:33',0,1),(1021,480,36,1,'2018-10-22 19:30:45',0,1),(1022,480,37,1,'2018-10-22 19:32:53',0,1),(1023,481,36,1,'2018-10-22 19:34:18',0,1),(1024,481,37,1,'2018-10-22 19:36:52',0,1),(1025,482,36,1,'2018-10-22 19:38:10',0,1),(1026,482,37,1,'2018-10-22 19:40:18',0,1),(1027,483,36,1,'2018-10-22 19:41:58',0,1),(1028,483,37,1,'2018-10-22 19:44:13',0,1),(1029,484,36,1,'2018-10-22 19:45:54',0,1),(1030,484,37,1,'2018-10-22 19:49:08',0,1),(1031,485,36,1,'2018-10-22 19:50:35',0,1),(1032,485,37,1,'2018-10-22 19:53:03',0,1),(1033,486,36,1,'2018-10-22 19:54:28',0,1),(1034,486,37,1,'2018-10-22 19:57:33',0,1),(1035,487,36,1,'2018-10-22 19:58:56',0,1),(1036,487,37,1,'2018-10-22 20:02:20',0,1),(1037,488,36,1,'2018-10-22 20:04:02',0,1),(1038,488,37,1,'2018-10-22 20:06:10',0,1),(1039,489,36,1,'2018-10-22 20:17:49',0,1),(1040,489,37,1,'2018-10-22 20:19:53',0,1),(1041,490,36,1,'2018-10-22 20:22:05',0,1),(1042,490,37,1,'2018-10-22 20:24:20',0,1),(1043,491,36,1,'2018-10-22 20:25:40',0,1),(1044,491,37,1,'2018-10-22 20:28:23',0,1),(1045,492,36,1,'2018-10-22 20:30:37',0,1),(1046,492,37,1,'2018-10-22 20:36:17',0,1),(1047,493,36,1,'2018-10-22 20:38:03',0,1),(1048,493,37,1,'2018-10-22 20:41:01',0,1),(1049,494,36,1,'2018-10-22 20:45:03',0,1),(1050,494,37,1,'2018-10-22 20:47:25',0,1),(1051,495,36,1,'2018-10-22 20:49:15',0,1),(1052,495,37,1,'2018-10-22 20:50:54',0,1),(1053,496,36,1,'2018-10-22 20:56:30',0,1),(1054,496,37,1,'2018-10-22 20:58:57',0,1),(1055,497,36,1,'2018-10-22 21:00:27',0,1),(1056,497,37,1,'2018-10-22 21:02:17',0,1),(1057,498,36,1,'2018-10-22 21:03:32',0,1),(1058,498,37,1,'2018-10-22 21:05:57',0,1),(1059,499,70,1,'2018-10-29 20:05:52',0,1),(1060,499,71,1,'2018-10-29 20:09:46',0,1),(1061,500,70,1,'2018-10-29 20:10:34',0,1),(1062,500,71,1,'2018-10-29 20:13:55',0,1),(1063,501,70,1,'2018-10-29 20:16:18',0,1),(1064,501,71,1,'2018-10-29 20:28:15',0,1),(1065,502,70,1,'2018-10-29 20:33:13',0,1),(1066,502,71,1,'2018-10-29 20:42:32',0,1),(1067,503,70,1,'2018-10-29 20:43:47',0,1),(1068,503,71,1,'2018-10-29 20:54:17',0,1),(1069,504,70,1,'2018-10-29 20:57:25',0,1),(1070,504,71,1,'2018-10-29 21:08:41',0,1),(1071,505,70,1,'2018-10-29 21:13:26',0,1),(1072,505,71,1,'2018-10-29 21:54:29',0,1),(1073,506,70,1,'2018-10-29 21:58:23',0,1),(1074,506,71,1,'2018-10-29 22:11:48',0,1),(1075,507,70,1,'2018-10-29 22:12:43',0,1),(1076,507,71,1,'2018-10-29 22:24:24',0,1),(1077,508,70,1,'2018-10-29 22:25:41',0,1),(1078,508,71,1,'2018-10-29 22:35:10',0,1),(1079,509,70,1,'2018-10-29 22:38:33',0,1),(1080,509,71,1,'2018-10-29 22:55:48',0,1),(1081,510,70,1,'2018-10-29 22:56:45',0,1),(1082,510,71,1,'2018-10-29 23:06:45',0,1),(1083,511,70,1,'2018-10-29 23:08:05',0,1),(1084,511,71,1,'2018-10-29 23:17:10',0,1),(1085,512,14,19,'2018-11-04 13:31:20',0,0),(1086,512,3,1,'2018-11-04 13:41:35',0,1),(1087,513,99,20,'2018-11-09 03:42:16',0,0),(1088,513,88,1,'2018-11-09 03:47:41',0,1),(1089,514,14,21,'2018-11-09 22:18:57',0,0),(1090,514,3,1,'2018-11-09 22:24:49',0,1),(1095,517,14,25,'2018-11-19 19:31:04',0,0),(1096,517,3,1,'2018-11-19 19:37:47',0,1),(1097,518,53,1,'2018-11-22 17:27:58',0,1),(1098,518,54,1,'2018-11-22 17:30:26',0,1),(1099,519,53,1,'2018-11-22 19:12:15',0,1),(1100,519,54,1,'2018-11-22 20:21:34',0,1),(1101,520,53,1,'2018-11-22 20:22:36',0,1),(1104,520,54,1,'2018-11-26 13:52:31',0,1),(1105,522,53,1,'2018-11-26 13:55:28',0,1),(1106,522,54,1,'2018-11-26 14:41:44',0,1),(1107,523,53,1,'2018-11-26 15:24:42',0,1),(1108,523,54,1,'2018-11-26 16:32:35',0,1),(1109,524,53,1,'2018-11-26 16:36:15',0,1),(1110,524,54,1,'2018-11-26 17:12:38',0,1),(1113,526,48,30,'2018-12-12 04:56:17',0,0),(1114,526,37,1,'2018-12-12 05:06:59',0,1),(1115,527,99,1,'2019-01-14 16:49:32',0,0),(1116,527,88,1,'2019-01-14 16:54:41',0,1),(1117,528,36,1,'2019-01-31 16:25:03',0,1),(1118,529,36,1,'2019-01-31 16:59:52',0,1),(1119,529,37,1,'2019-01-31 17:14:54',0,1),(1120,530,36,1,'2019-01-31 17:25:16',0,1),(1121,530,37,1,'2019-01-31 20:04:57',0,1),(1122,531,36,1,'2019-01-31 22:01:25',0,1),(1123,531,37,1,'2019-01-31 22:11:29',0,1),(1124,532,36,1,'2019-01-31 22:17:22',0,1),(1125,532,37,1,'2019-01-31 22:28:46',0,1),(1126,533,36,1,'2019-01-31 22:31:25',0,1),(1127,533,37,1,'2019-01-31 22:36:05',0,1),(1128,534,36,1,'2019-01-31 22:40:21',0,1),(1129,534,37,1,'2019-01-31 22:45:14',0,1),(1130,535,36,1,'2019-01-31 22:47:38',0,1),(1131,535,37,1,'2019-01-31 22:55:04',0,1),(1132,536,36,1,'2019-01-31 22:57:43',0,1),(1133,536,37,1,'2019-01-31 23:07:05',0,1),(1134,537,36,1,'2019-01-31 23:11:56',0,1),(1135,537,37,1,'2019-01-31 23:15:25',0,1),(1136,538,36,1,'2019-01-31 23:18:40',0,1),(1137,538,37,1,'2019-01-31 23:22:32',0,1),(1138,539,36,1,'2019-02-01 14:23:45',0,1),(1139,539,37,1,'2019-02-01 14:38:23',0,1),(1140,540,36,1,'2019-02-01 14:43:30',0,1),(1141,540,37,1,'2019-02-01 15:05:48',0,1),(1142,541,2,1,'2019-02-05 21:02:17',0,1),(1143,541,3,1,'2019-02-05 21:05:52',0,1),(1144,542,2,1,'2019-02-05 21:10:19',0,1),(1145,542,3,1,'2019-02-05 21:24:45',0,1),(1146,543,2,1,'2019-02-05 21:26:41',0,1),(1147,543,3,1,'2019-02-05 21:53:44',0,1),(1148,544,2,1,'2019-02-05 21:57:32',0,1),(1149,544,3,1,'2019-02-05 22:50:44',0,1),(1150,545,2,1,'2019-02-06 13:18:26',0,1),(1151,545,3,1,'2019-02-06 13:31:12',0,1),(1152,546,2,1,'2019-02-06 13:33:48',0,1),(1153,546,3,1,'2019-02-06 13:44:36',0,1),(1154,547,2,1,'2019-02-06 13:47:31',0,1),(1155,547,3,1,'2019-02-06 14:02:19',0,1),(1156,548,2,1,'2019-02-06 14:05:23',0,1),(1157,548,3,1,'2019-02-06 14:09:37',0,1),(1160,550,48,40,'2019-03-27 02:07:19',0,0),(1161,550,37,1,'2019-03-27 02:12:11',0,1),(1164,552,53,1,'2019-05-20 16:53:07',0,1),(1165,552,54,1,'2019-05-20 17:09:03',0,1),(1166,553,48,46,'2019-05-20 22:32:36',0,0),(1167,553,37,1,'2019-05-20 22:56:11',0,1),(1168,554,53,1,'2019-05-23 21:10:42',0,1),(1169,554,54,1,'2019-05-23 21:13:49',0,1),(1170,555,53,1,'2019-05-23 21:46:30',0,1),(1171,556,53,1,'2019-05-23 22:05:26',0,1),(1172,557,53,1,'2019-05-24 13:42:29',0,1),(1173,557,54,1,'2019-05-24 13:59:20',0,1),(1174,558,53,1,'2019-05-24 14:02:15',0,1),(1175,558,54,1,'2019-05-24 14:14:44',0,1),(1176,559,53,1,'2019-05-24 14:26:31',0,1),(1177,559,54,1,'2019-05-24 14:40:52',0,1),(1178,560,65,47,'2019-06-10 14:44:18',0,0),(1181,562,53,1,'2019-07-12 14:01:47',0,1),(1182,562,54,1,'2019-07-12 14:12:28',0,1),(1183,563,53,1,'2019-07-12 14:15:17',0,1),(1184,563,54,1,'2019-07-12 14:26:41',0,1),(1185,564,53,1,'2019-07-12 14:29:09',0,1),(1186,564,54,1,'2019-07-12 14:37:54',0,1),(1187,565,53,1,'2019-07-12 14:40:39',0,1),(1188,565,54,1,'2019-07-12 14:47:50',0,1),(1189,566,53,1,'2019-07-12 14:50:44',0,1),(1190,566,54,1,'2019-07-12 15:00:56',0,1),(1191,567,53,1,'2019-07-12 15:03:47',0,1),(1192,567,54,1,'2019-07-12 15:11:23',0,1),(1193,568,53,1,'2019-07-12 21:26:16',0,1),(1194,568,54,1,'2019-07-12 21:31:11',0,1),(1195,569,53,1,'2019-07-12 21:37:15',0,1),(1196,569,54,1,'2019-07-12 21:45:49',0,1),(1197,570,53,1,'2019-07-12 21:48:36',0,1),(1198,570,54,1,'2019-07-12 21:54:12',0,1),(1199,571,53,1,'2019-07-12 21:55:55',0,1),(1200,571,54,1,'2019-07-12 22:04:51',0,1),(1201,572,53,1,'2019-07-12 22:06:26',0,1),(1202,572,54,1,'2019-07-12 22:13:07',0,1),(1217,580,48,72,'2019-11-13 21:11:17',0,0),(1220,580,37,1,'2019-11-14 04:50:48',0,1),(1225,584,14,76,'2019-12-16 16:44:04',0,0),(1228,586,14,78,'2020-01-04 04:28:19',0,0),(1235,590,36,1,'2020-01-27 20:11:12',0,1),(1236,590,37,1,'2020-01-27 20:14:21',0,1),(1237,591,36,1,'2020-01-27 20:18:23',0,1),(1238,591,37,1,'2020-01-27 20:31:25',0,1),(1239,592,36,1,'2020-01-27 20:35:09',0,1),(1240,592,37,1,'2020-01-27 21:00:39',0,1),(1241,593,36,1,'2020-01-27 21:18:16',0,1),(1242,593,37,1,'2020-01-27 21:41:19',0,1),(1243,594,36,1,'2020-01-27 21:53:22',0,1),(1244,594,37,1,'2020-01-27 22:21:32',0,1),(1245,595,36,1,'2020-01-27 22:39:57',0,1),(1246,595,37,1,'2020-01-27 23:03:05',0,1),(1247,596,36,1,'2020-01-27 23:05:55',0,1),(1248,596,37,1,'2020-01-27 23:16:36',0,1),(1249,597,36,1,'2020-01-28 13:35:13',0,1),(1250,597,37,1,'2020-01-28 13:47:21',0,1),(1251,598,36,1,'2020-01-28 13:49:57',0,1),(1252,598,37,1,'2020-01-28 14:12:21',0,1),(1257,601,53,1,'2020-02-27 22:00:11',0,1),(1258,602,53,1,'2020-02-28 20:28:03',0,1),(1259,602,54,1,'2020-02-28 22:15:02',0,1),(1260,603,53,1,'2020-02-28 22:20:48',0,1),(1261,603,54,1,'2020-02-28 22:30:26',0,1),(1262,604,54,1,'2020-03-02 20:43:23',0,1),(1263,605,53,1,'2020-03-02 21:15:43',0,1),(1265,606,53,1,'2020-03-02 21:39:11',0,1),(1266,606,54,1,'2020-03-02 22:02:44',0,1),(1267,607,53,1,'2020-03-02 22:09:03',0,1),(1268,607,54,1,'2020-03-02 22:15:38',0,1),(1269,608,53,1,'2020-03-02 22:27:33',0,1),(1270,608,54,1,'2020-03-02 23:34:22',0,1),(1271,609,53,1,'2020-03-02 23:40:48',0,1),(1272,609,54,1,'2020-03-03 20:59:53',0,1),(1273,610,65,80,'2020-03-04 02:43:43',0,0),(1274,610,54,1,'2020-03-04 02:49:13',0,1),(1276,612,65,91,'2020-03-08 18:21:58',0,0),(1277,612,54,1,'2020-03-08 18:24:37',0,1),(1279,613,53,1,'2020-03-20 23:44:08',0,1),(1280,613,54,1,'2020-03-22 06:05:48',0,1),(1281,614,53,1,'2020-03-23 04:28:44',0,1),(1282,614,54,1,'2020-03-23 04:43:00',0,1),(1283,615,53,1,'2020-03-23 04:51:13',0,1),(1284,615,54,1,'2020-03-23 05:00:52',0,1),(1285,616,53,1,'2020-03-23 05:11:28',0,1),(1286,616,54,1,'2020-03-23 05:27:44',0,1),(1287,617,53,1,'2020-03-23 05:37:26',0,1),(1288,617,54,1,'2020-03-23 05:48:23',0,1),(1289,618,53,1,'2020-03-23 05:55:01',0,1),(1290,618,54,1,'2020-03-23 06:05:27',0,1),(1291,619,65,91,'2020-04-07 19:21:58',0,0),(1292,619,54,1,'2020-04-07 19:25:49',0,1),(1294,621,48,100,'2020-05-15 16:42:14',0,0),(1297,623,70,1,'2020-05-22 19:11:12',0,1),(1298,623,71,1,'2020-05-22 19:13:10',0,1),(1299,624,70,1,'2020-05-22 19:19:43',0,1),(1300,625,70,1,'2020-05-22 19:32:29',0,1),(1301,625,71,1,'2020-05-22 19:47:28',0,1),(1302,626,70,1,'2020-05-22 21:16:00',0,1),(1303,626,71,1,'2020-05-22 21:37:35',0,1),(1304,627,70,1,'2020-05-22 21:44:13',0,1),(1305,627,71,1,'2020-05-22 21:51:20',0,1),(1306,628,70,1,'2020-05-22 21:55:21',0,1),(1307,628,71,1,'2020-05-22 21:59:10',0,1),(1308,629,70,1,'2020-05-22 22:14:32',0,1),(1309,629,71,1,'2020-05-22 22:37:59',0,1),(1310,630,70,1,'2020-05-22 22:44:16',0,1),(1311,630,71,1,'2020-05-22 22:50:50',0,1),(1312,631,70,1,'2020-05-22 22:55:27',0,1),(1313,631,71,1,'2020-05-22 23:01:54',0,1),(1314,632,70,1,'2020-05-22 23:05:06',0,1),(1315,632,71,1,'2020-05-22 23:11:30',0,1),(1316,633,70,1,'2020-05-23 01:14:46',0,1),(1317,633,71,1,'2020-05-23 01:48:19',0,1),(1318,634,70,1,'2020-05-23 01:54:28',0,1),(1319,634,71,1,'2020-05-23 02:16:25',0,1),(1320,635,70,1,'2020-05-23 02:20:13',0,1),(1321,635,71,1,'2020-05-23 02:29:40',0,1),(1323,637,48,105,'2020-05-28 02:33:01',0,0),(1326,640,48,108,'2020-05-28 18:19:29',0,0),(1335,640,37,92,'2020-06-03 17:52:18',0,1),(1339,637,37,92,'2020-06-23 22:30:38',0,1),(1340,621,37,92,'2020-06-23 22:31:43',0,1),(1353,651,70,1,'2020-09-21 15:50:03',0,1),(1354,651,71,1,'2020-09-21 15:55:40',0,1),(1355,652,70,1,'2020-09-22 14:27:37',0,1),(1356,652,71,1,'2020-09-22 14:33:16',0,1),(1357,653,70,1,'2020-09-22 15:20:26',0,1),(1358,653,71,1,'2020-09-22 15:26:40',0,1),(1359,654,70,1,'2020-09-22 15:34:03',0,1),(1360,654,71,1,'2020-09-22 15:38:24',0,1),(1361,655,70,1,'2020-09-22 15:51:18',0,1),(1362,655,71,1,'2020-09-22 15:55:21',0,1),(1363,656,70,1,'2020-09-22 16:00:49',0,1),(1364,656,71,1,'2020-09-22 16:05:00',0,1),(1365,657,70,1,'2020-09-22 16:11:32',0,1),(1366,657,71,1,'2020-09-22 16:13:15',0,1),(1367,658,70,1,'2020-09-22 16:24:10',0,1),(1368,658,71,1,'2020-09-22 16:28:09',0,1),(1369,659,70,1,'2020-09-22 16:30:04',0,1),(1370,659,71,1,'2020-09-22 16:34:08',0,1),(1371,660,70,1,'2020-09-22 16:41:46',0,1),(1372,660,71,1,'2020-09-22 16:48:38',0,1),(1373,661,70,1,'2020-09-22 20:35:23',0,1),(1374,661,71,1,'2020-09-22 20:42:28',0,1),(1375,662,70,1,'2020-09-29 22:34:46',0,1),(1376,662,71,1,'2020-09-29 22:46:09',0,1),(1377,663,2,1,'2020-10-06 15:56:51',0,1),(1378,663,3,1,'2020-10-06 16:02:00',0,1),(1379,664,2,1,'2020-10-06 16:07:36',0,1),(1380,665,2,1,'2020-10-06 16:20:28',0,1),(1381,665,3,1,'2020-10-06 16:36:42',0,1),(1382,666,2,1,'2020-10-06 16:57:53',0,1),(1383,666,3,1,'2020-10-06 18:58:36',0,1),(1384,667,2,1,'2020-10-06 19:07:24',0,1),(1385,667,3,1,'2020-10-06 19:13:29',0,1),(1386,668,2,1,'2020-10-06 19:25:32',0,1),(1387,668,3,1,'2020-10-06 19:40:08',0,1),(1388,669,2,1,'2020-10-06 19:43:56',0,1),(1389,669,3,1,'2020-10-06 19:52:04',0,1),(1390,670,2,1,'2020-10-06 20:23:23',0,1),(1391,670,3,1,'2020-10-06 20:31:08',0,1),(1394,672,14,127,'2020-11-04 20:45:56',0,0),(1395,673,36,1,'2020-11-04 21:59:07',0,1),(1396,674,14,129,'2020-11-05 02:13:33',0,0),(1397,675,14,129,'2020-11-05 02:19:56',0,0),(1398,676,14,129,'2020-11-05 02:32:10',0,0),(1399,677,36,1,'2020-11-05 19:05:23',0,1),(1402,679,36,1,'2020-11-05 19:17:21',0,1),(1404,680,36,1,'2020-11-05 19:25:57',0,1),(1407,681,36,1,'2020-11-05 20:22:54',0,1),(1409,682,36,1,'2020-11-05 20:26:01',0,1),(1411,683,36,1,'2020-11-05 20:27:27',0,1),(1413,684,36,1,'2020-11-05 20:30:06',0,1),(1415,685,36,1,'2020-11-05 21:04:19',0,1),(1417,686,36,1,'2020-11-05 22:47:42',0,1),(1421,688,36,1,'2021-03-10 14:16:41',0,1),(1422,689,36,1,'2021-03-10 21:45:14',0,1),(1423,689,37,92,'2021-03-10 22:49:17',0,1),(1424,690,36,1,'2021-03-11 03:19:23',0,1),(1425,690,37,1,'2021-03-11 03:34:18',0,1),(1426,691,36,1,'2021-03-11 03:37:27',0,1),(1427,691,37,1,'2021-03-11 03:45:14',0,1),(1428,692,36,1,'2021-03-11 03:48:44',0,1),(1429,692,37,1,'2021-03-11 04:06:20',0,1),(1430,693,36,1,'2021-03-11 04:11:04',0,1),(1431,693,37,1,'2021-03-11 04:23:52',0,1),(1432,694,36,1,'2021-03-11 14:23:50',0,1),(1433,694,37,1,'2021-03-11 14:29:24',0,1),(1434,695,36,1,'2021-03-11 14:31:46',0,1),(1435,696,36,1,'2021-03-11 14:32:59',0,1),(1436,697,36,1,'2021-03-11 14:34:33',0,1),(1437,697,37,1,'2021-03-11 14:49:01',0,1),(1438,698,36,1,'2021-03-11 14:51:52',0,1),(1439,698,37,1,'2021-03-11 14:59:28',0,1),(1440,699,36,1,'2021-03-11 15:05:29',0,1),(1441,700,36,1,'2021-03-11 15:06:25',0,1),(1442,700,39,1,'2021-03-11 15:14:30',0,0),(1443,700,40,1,'2021-03-11 15:14:30',0,0),(1444,700,37,1,'2021-03-11 15:14:58',0,1),(1445,701,48,133,'2021-03-12 21:47:02',0,0),(1446,702,2,1,'2021-03-23 00:53:14',0,1),(1447,702,3,1,'2021-03-23 01:12:33',0,1),(1448,703,2,1,'2021-03-23 01:19:43',0,1),(1449,703,3,1,'2021-03-23 01:31:17',0,1),(1450,704,2,1,'2021-03-23 01:34:50',0,1),(1451,704,3,1,'2021-03-23 02:08:19',0,1),(1452,705,48,1,'2021-04-15 14:18:27',0,0),(1453,705,37,92,'2021-04-15 14:21:45',0,1),(1454,701,37,92,'2021-04-15 14:30:42',0,1),(1455,706,48,142,'2021-04-16 03:19:31',0,0),(1456,706,37,92,'2021-04-16 13:57:03',0,1),(1458,707,37,92,'2021-05-19 15:43:26',0,1),(1459,708,36,1,'2021-05-25 03:33:34',0,1),(1460,708,37,1,'2021-05-25 03:46:45',0,1),(1461,709,36,1,'2021-05-25 03:48:03',0,1),(1463,710,48,151,'2021-05-29 02:46:04',0,0),(1464,711,48,152,'2021-05-29 02:46:45',0,0),(1467,713,48,153,'2021-05-29 03:07:13',0,0),(1468,714,48,155,'2021-05-29 23:33:58',0,0),(1469,715,48,156,'2021-06-01 22:35:34',0,0),(1472,717,70,1,'2021-06-10 05:14:11',0,1),(1473,717,71,1,'2021-06-10 05:15:46',0,1),(1474,718,70,1,'2021-06-10 05:19:03',0,1),(1475,718,71,1,'2021-06-10 05:22:51',0,1),(1476,719,70,1,'2021-06-10 05:26:28',0,1),(1477,719,71,1,'2021-06-10 05:33:44',0,1),(1478,720,70,1,'2021-06-10 05:35:20',0,1),(1479,721,70,1,'2021-06-10 05:38:05',0,1),(1480,721,71,1,'2021-06-10 05:41:49',0,1),(1481,722,70,1,'2021-06-10 05:46:26',0,1),(1482,722,71,1,'2021-06-10 05:51:27',0,1),(1483,723,70,1,'2021-06-10 05:53:30',0,1),(1484,723,71,1,'2021-06-10 05:59:12',0,1),(1485,724,70,1,'2021-06-10 06:01:21',0,1),(1486,724,71,1,'2021-06-10 06:07:50',0,1),(1487,725,48,158,'2021-06-10 15:36:51',0,0),(1488,725,37,92,'2021-06-18 14:16:45',0,1),(1489,726,48,159,'2021-06-18 19:28:15',0,0),(1490,727,2,1,'2021-06-21 01:00:41',0,1),(1491,727,3,1,'2021-06-21 01:04:33',0,1),(1492,728,2,1,'2021-06-21 01:11:08',0,1),(1493,728,3,1,'2021-06-21 01:26:35',0,1),(1494,729,2,1,'2021-06-21 01:30:09',0,1),(1495,729,3,1,'2021-06-21 01:35:05',0,1),(1496,730,2,1,'2021-06-21 01:36:58',0,1),(1497,730,3,1,'2021-06-21 01:49:20',0,1),(1498,731,2,1,'2021-06-22 00:08:50',0,1),(1499,726,37,92,'2021-06-25 14:49:12',0,1),(1500,711,37,92,'2021-06-25 20:15:27',0,1),(1503,733,36,1,'2021-06-30 03:01:54',0,1),(1504,733,37,1,'2021-06-30 03:10:37',0,1),(1505,734,36,1,'2021-06-30 03:15:36',0,1),(1506,734,37,1,'2021-10-13 12:12:48',0,1),(1507,735,36,92,'2021-06-30 03:27:54',0,1),(1508,735,37,92,'2021-06-30 03:34:06',0,1),(1509,710,37,92,'2021-07-07 21:24:40',0,1),(1510,713,37,92,'2021-07-07 21:35:30',0,1),(1511,714,37,92,'2021-07-07 21:38:15',0,1),(1512,736,36,1,'2021-07-08 04:12:05',0,1),(1513,736,37,1,'2021-07-08 04:16:12',0,1),(1514,715,37,92,'2021-07-08 14:46:22',0,1),(1515,737,70,1,'2021-08-04 01:17:28',0,1),(1516,737,71,1,'2021-08-04 01:36:16',0,1),(1517,738,36,1,'2021-08-10 03:46:57',0,1),(1518,738,37,1,'2021-08-10 03:53:53',0,1),(1519,739,36,1,'2021-08-10 04:02:39',0,1),(1520,739,37,1,'2021-08-10 04:08:12',0,1),(1521,740,14,167,'2021-08-10 13:06:11',0,0),(1522,740,3,1,'2021-08-10 13:22:29',0,1),(1524,742,48,168,'2021-08-12 11:40:13',0,0),(1525,742,37,92,'2021-08-17 15:29:36',0,1),(1526,743,48,170,'2021-08-18 01:19:32',0,0),(1527,744,70,1,'2021-08-20 02:11:24',0,1),(1528,744,71,1,'2021-08-20 02:23:12',0,1),(1529,745,48,171,'2021-08-22 16:30:06',0,0),(1530,745,37,92,'2021-08-24 20:51:52',0,1),(1531,746,48,166,'2021-08-25 03:16:11',0,0),(1532,747,65,176,'2021-09-18 15:14:53',0,0),(1533,747,54,1,'2021-09-18 15:25:09',0,1),(1534,743,37,92,'2021-09-21 15:14:46',0,1),(1535,748,70,1,'2021-09-22 06:43:29',0,1),(1536,748,71,1,'2021-09-22 06:49:39',0,1),(1537,709,37,92,'2021-10-04 13:29:21',0,1),(1538,746,37,92,'2021-10-04 14:50:04',0,1),(1539,734,37,92,'2021-10-13 08:02:30',0,1),(1540,749,48,196,'2021-11-04 16:04:45',0,0),(1541,705,37,1,'2021-11-14 13:51:31',0,1),(1542,749,37,92,'2021-11-24 12:26:23',0,1),(1543,750,48,197,'2021-11-26 08:41:44',0,0),(1544,751,65,198,'2021-12-02 09:46:25',0,0),(1545,751,54,1,'2021-12-02 10:14:40',0,1),(1546,752,82,206,'2022-02-10 05:31:23',0,0),(1547,752,71,1,'2022-02-10 06:13:23',0,1),(1548,750,37,1,'2022-04-16 13:45:46',0,1),(1549,753,82,208,'2022-04-30 20:19:04',0,0),(1550,753,71,1,'2022-04-30 20:21:58',0,1),(1551,754,82,211,'2022-06-15 12:46:39',0,0),(1552,754,71,1,'2022-06-15 12:50:51',0,1),(1553,755,82,211,'2022-06-24 17:15:04',0,0),(1554,756,82,211,'2022-06-24 17:15:47',0,0),(1555,756,71,1,'2022-06-24 17:30:24',0,1),(1556,757,48,213,'2022-06-24 21:29:27',0,0),(1557,758,48,214,'2022-06-27 18:19:48',0,0),(1558,759,82,225,'2022-07-30 05:37:05',0,0),(1559,759,71,1,'2022-07-30 05:38:48',0,1),(1560,760,82,225,'2022-07-30 05:39:21',0,0),(1561,760,71,1,'2022-07-30 05:40:24',0,1),(1562,761,48,225,'2022-07-30 05:54:58',0,0),(1563,762,82,250,'2023-01-23 18:35:52',0,0),(1564,762,71,1,'2023-01-23 18:39:11',0,1),(1565,763,36,1,'2023-03-07 08:31:56',0,1),(1566,764,70,1,'2023-03-07 08:55:27',0,1),(1567,765,70,1,'2023-03-13 09:24:18',0,1),(1569,767,99,255,'2023-04-24 15:28:19',0,0),(1570,767,88,1,'2023-04-24 15:47:24',0,1),(1571,768,70,1,'2023-05-12 13:10:52',0,1),(1572,769,70,1,'2023-05-12 13:17:18',0,1),(1573,770,70,1,'2023-05-12 13:17:22',0,1),(1574,771,70,1,'2023-05-12 13:49:16',0,1),(1575,772,70,1,'2023-05-12 13:50:54',0,1),(1576,773,87,1,'2023-05-12 13:57:34',0,1),(1577,774,87,1,'2023-05-12 14:30:26',0,1),(1578,775,70,1,'2023-05-12 14:33:29',0,1),(1579,776,70,1,'2023-05-12 14:46:34',0,1),(1580,777,70,1,'2023-05-12 14:46:34',0,1),(1581,778,70,1,'2023-05-12 14:49:58',0,1),(1582,779,70,1,'2023-05-12 14:56:53',0,1),(1583,780,70,1,'2023-05-12 15:07:36',0,1),(1584,781,70,1,'2023-05-12 15:37:44',0,1),(1585,782,70,1,'2023-05-12 15:39:17',0,1),(1586,783,70,1,'2023-05-15 12:40:09',0,1),(1587,784,70,1,'2023-05-15 15:17:11',0,1),(1588,785,48,260,'2023-06-26 09:23:25',0,0),(1589,785,37,84,'2023-07-18 15:02:53',0,1),(1590,761,37,84,'2023-07-18 15:17:44',0,1),(1591,758,37,84,'2023-07-18 15:28:16',0,1),(1592,757,37,84,'2023-07-18 15:34:52',0,1),(1593,786,87,1,'2023-07-31 09:44:45',0,1),(1594,786,88,1,'2023-07-31 09:46:24',0,1),(1595,787,87,1,'2023-07-31 12:36:37',0,1),(1596,787,88,1,'2023-07-31 12:39:48',0,1),(1597,788,87,1,'2023-07-31 13:43:16',0,1),(1598,788,88,1,'2023-07-31 16:00:32',0,1),(1599,789,87,1,'2023-08-01 05:43:38',0,1),(1600,789,88,1,'2023-08-01 05:47:10',0,1),(1601,790,87,1,'2023-08-01 06:54:43',0,1),(1602,790,88,1,'2023-08-01 06:55:59',0,1),(1603,791,88,1,'2023-08-01 13:04:34',0,1),(1604,792,99,264,'2023-08-03 17:30:04',0,0),(1605,792,88,1,'2023-08-03 18:34:29',0,1),(1606,793,99,267,'2023-08-06 18:45:41',0,0),(1607,794,36,1,'2023-09-13 13:39:26',0,1),(1608,794,37,84,'2023-09-13 13:57:05',0,1),(1609,795,36,1,'2023-09-13 19:51:28',0,1),(1610,795,37,84,'2023-09-13 19:58:54',0,1),(1611,796,36,1,'2023-09-13 20:05:39',0,1),(1612,796,37,84,'2023-09-13 20:14:03',0,1),(1613,797,36,1,'2023-09-13 20:24:35',0,1),(1614,797,37,84,'2023-09-13 20:31:10',0,1),(1615,798,36,1,'2023-09-14 15:15:42',0,1),(1616,798,37,84,'2023-09-14 15:31:52',0,1),(1617,799,36,1,'2023-09-14 19:11:29',0,1),(1618,799,37,84,'2023-09-14 19:26:15',0,1),(1619,800,70,1,'2023-10-15 18:42:06',0,1),(1620,801,70,1,'2023-10-15 18:59:48',0,1),(1621,802,70,1,'2023-10-15 19:16:00',0,1),(1622,803,70,1,'2023-10-15 19:38:24',0,1),(1623,804,70,1,'2023-10-15 19:56:45',0,1),(1624,805,36,1,'2023-10-23 08:40:31',0,1),(1625,805,37,84,'2023-10-23 09:28:30',0,1),(1626,806,36,1,'2023-10-23 13:13:46',0,1),(1627,806,37,84,'2023-10-23 13:38:20',0,1),(1629,807,36,1,'2023-10-25 12:19:36',0,1),(1630,807,37,84,'2023-10-25 12:27:14',0,1),(1631,808,99,268,'2023-10-28 16:54:55',0,0),(1632,808,88,1,'2023-10-28 17:02:04',0,1),(1633,809,99,268,'2023-11-01 14:50:26',0,0),(1634,809,88,1,'2023-11-01 14:53:33',0,1),(1635,810,87,1,'2023-11-02 08:56:00',0,1),(1636,810,88,1,'2023-11-02 08:59:39',0,1),(1637,810,99,267,'2023-11-02 09:01:39',0,1),(1638,811,99,268,'2023-11-09 21:02:59',0,0),(1639,811,88,1,'2023-11-09 21:04:37',0,1),(1640,812,99,271,'2023-11-11 11:07:41',0,0),(1641,812,88,1,'2023-11-11 11:11:39',0,1),(1642,813,99,273,'2023-11-12 08:32:23',0,0),(1643,813,88,1,'2023-11-12 08:34:35',0,1),(1644,814,48,274,'2023-12-11 03:14:19',0,0),(1645,815,48,41,'2024-01-29 09:39:38',0,0),(1646,816,36,1,'2024-03-13 07:08:54',0,1),(1647,816,37,1,'2024-03-13 07:25:19',1,1),(1648,815,37,84,'2024-03-14 06:39:18',0,1),(1649,814,37,84,'2024-03-14 06:39:47',0,1),(1650,817,48,275,'2024-03-19 17:16:54',0,0),(1651,773,88,1,'2024-03-26 11:57:14',0,1),(1652,818,48,278,'2024-04-12 03:36:42',0,0),(1653,818,37,84,'2024-05-14 13:50:17',0,1),(1654,817,37,84,'2024-05-14 13:50:46',0,1),(1655,819,36,1,'2024-06-25 07:37:37',0,1),(1656,819,37,84,'2024-06-25 07:47:33',0,1),(1657,820,36,1,'2024-06-25 07:52:49',0,1),(1658,820,37,84,'2024-06-25 08:46:44',0,1),(1659,821,36,1,'2024-06-25 09:15:22',0,1),(1660,821,37,84,'2024-06-25 09:28:12',0,1),(1661,822,36,1,'2024-06-25 09:36:32',0,1),(1662,822,37,84,'2024-06-25 09:47:28',0,1),(1663,823,36,1,'2024-06-25 09:54:49',0,1),(1664,823,37,84,'2024-06-25 11:52:27',0,1),(1665,824,36,1,'2024-06-25 12:26:33',0,1),(1666,824,37,84,'2024-06-25 12:31:30',0,1),(1667,825,36,1,'2024-07-08 14:52:43',0,1),(1668,826,48,280,'2024-07-08 18:23:41',0,0),(1669,827,70,1,'2024-07-10 06:59:03',0,1),(1670,827,71,1,'2024-07-10 07:04:28',0,1),(1671,828,70,1,'2024-07-10 07:15:20',0,1),(1672,828,71,1,'2024-07-10 07:23:53',0,1),(1673,829,70,1,'2024-07-10 07:39:40',0,1),(1674,829,71,1,'2024-07-10 08:55:42',0,1),(1675,830,70,1,'2024-07-15 13:25:58',0,1),(1676,831,70,1,'2024-07-15 13:32:54',0,1),(1677,832,70,1,'2024-07-15 14:29:29',0,1),(1678,833,70,1,'2024-07-17 07:17:54',0,1),(1679,833,71,1,'2024-07-17 07:23:26',0,1),(1681,816,37,84,'2024-07-22 07:30:39',0,1),(1682,834,82,281,'2024-07-24 14:36:18',0,0),(1683,834,71,1,'2024-07-25 07:17:49',0,1),(1684,826,37,84,'2024-08-12 07:32:58',0,1);

--
-- Table structure for table `static_page_settings`
--

CREATE TABLE `static_page_settings` (
  `static_page_id` bigint NOT NULL,
  `locale` varchar(14) NOT NULL DEFAULT '',
  `setting_name` varchar(255) NOT NULL,
  `setting_value` longtext,
  `setting_type` varchar(6) NOT NULL,
  UNIQUE KEY `static_page_settings_pkey` (`static_page_id`,`locale`,`setting_name`),
  KEY `static_page_settings_static_page_id` (`static_page_id`)
) ENGINE=InnoDB DEFAULT CHARSET=utf8mb3;

--
-- Dumping data for table `static_page_settings`
--


--
-- Table structure for table `static_pages`
--

CREATE TABLE `static_pages` (
  `static_page_id` bigint NOT NULL AUTO_INCREMENT,
  `path` varchar(255) NOT NULL,
  `context_id` bigint NOT NULL,
  PRIMARY KEY (`static_page_id`)
) ENGINE=InnoDB DEFAULT CHARSET=utf8mb3;

--
-- Dumping data for table `static_pages`
--


--
-- Table structure for table `subeditor_submission_group`
--

CREATE TABLE `subeditor_submission_group` (
  `context_id` bigint NOT NULL,
  `assoc_id` bigint NOT NULL,
  `user_id` bigint NOT NULL,
  `assoc_type` bigint NOT NULL,
  UNIQUE KEY `section_editors_pkey` (`context_id`,`assoc_id`,`user_id`,`assoc_type`),
  KEY `subeditor_submission_group_context_id` (`context_id`),
  KEY `subeditor_submission_group_assoc_id` (`assoc_type`,`assoc_id`),
  KEY `subeditor_submission_group_user_id` (`user_id`)
) ENGINE=InnoDB DEFAULT CHARSET=utf8mb3;

--
-- Dumping data for table `subeditor_submission_group`
--

INSERT INTO `subeditor_submission_group` VALUES (3,44,1,530);

--
-- Table structure for table `submission_artwork_files`
--

CREATE TABLE `submission_artwork_files` (
  `file_id` bigint NOT NULL,
  `revision` bigint NOT NULL,
  `caption` text,
  `credit` varchar(255) DEFAULT NULL,
  `copyright_owner` varchar(255) DEFAULT NULL,
  `copyright_owner_contact` text,
  `permission_terms` text,
  `permission_file_id` bigint DEFAULT NULL,
  `chapter_id` bigint DEFAULT NULL,
  `contact_author` bigint DEFAULT NULL,
  PRIMARY KEY (`file_id`,`revision`)
) ENGINE=InnoDB DEFAULT CHARSET=utf8mb3;

--
-- Dumping data for table `submission_artwork_files`
--


--
-- Table structure for table `submission_comments`
--

CREATE TABLE `submission_comments` (
  `comment_id` bigint NOT NULL AUTO_INCREMENT,
  `comment_type` bigint DEFAULT NULL,
  `role_id` bigint NOT NULL,
  `submission_id` bigint NOT NULL,
  `assoc_id` bigint NOT NULL,
  `author_id` bigint NOT NULL,
  `comment_title` text,
  `comments` text,
  `date_posted` datetime DEFAULT NULL,
  `date_modified` datetime DEFAULT NULL,
  `viewable` tinyint DEFAULT NULL,
  PRIMARY KEY (`comment_id`),
  KEY `submission_comments_submission_id` (`submission_id`)
) ENGINE=InnoDB DEFAULT CHARSET=utf8mb3;

--
-- Dumping data for table `submission_comments`
--


--
-- Table structure for table `submission_file_revisions`
--

CREATE TABLE `submission_file_revisions` (
  `revision_id` bigint unsigned NOT NULL AUTO_INCREMENT,
  `submission_file_id` bigint unsigned NOT NULL,
  `file_id` bigint unsigned NOT NULL,
  PRIMARY KEY (`revision_id`),
  KEY `submission_file_revisions_submission_file_id_foreign` (`submission_file_id`),
  KEY `submission_file_revisions_file_id_foreign` (`file_id`),
  CONSTRAINT `submission_file_revisions_file_id_foreign` FOREIGN KEY (`file_id`) REFERENCES `files` (`file_id`),
  CONSTRAINT `submission_file_revisions_submission_file_id_foreign` FOREIGN KEY (`submission_file_id`) REFERENCES `submission_files` (`submission_file_id`)
) ENGINE=InnoDB AUTO_INCREMENT=2390 DEFAULT CHARSET=utf8mb3;

--
-- Dumping data for table `submission_file_revisions`
--

INSERT INTO `submission_file_revisions` VALUES (1,3,1),(2,3,2),(3,5,3),(4,6,4),(5,7,5),(6,8,6),(7,9,7),(8,10,8),(9,11,9),(10,12,10),(11,13,11),(12,14,12),(13,15,13),(14,16,14),(15,17,15),(16,18,16),(17,19,17),(18,20,18),(19,21,19),(20,22,20),(21,23,21),(22,24,22),(23,25,23),(24,26,24),(25,27,25),(26,28,26),(27,29,27),(28,30,28),(29,31,29),(30,32,30),(31,33,31),(32,36,32),(33,37,33),(34,38,34),(35,39,35),(36,40,36),(37,41,37),(38,42,38),(39,43,39),(40,44,40),(41,45,41),(42,46,42),(43,46,43),(44,47,44),(45,48,45),(46,49,46),(47,50,47),(48,51,48),(49,52,49),(50,53,50),(51,54,51),(52,55,52),(53,56,53),(54,57,54),(55,58,55),(56,60,56),(57,60,57),(58,61,58),(59,62,59),(60,71,60),(61,72,61),(62,73,62),(63,75,63),(64,76,64),(65,77,65),(66,78,66),(67,80,67),(68,81,68),(69,82,69),(70,84,70),(71,85,71),(72,86,72),(73,88,73),(74,89,74),(75,90,75),(76,92,76),(77,93,77),(78,94,78),(79,96,79),(80,97,80),(81,98,81),(82,100,82),(83,101,83),(84,102,84),(85,104,85),(86,105,86),(87,106,87),(88,108,88),(89,109,89),(90,110,90),(91,112,91),(92,113,92),(93,114,93),(94,115,94),(95,117,95),(96,118,96),(97,119,97),(98,121,98),(99,122,99),(100,123,100),(101,125,101),(102,126,102),(103,127,103),(104,129,104),(105,130,105),(106,131,106),(107,133,107),(108,134,108),(109,135,109),(110,137,110),(111,138,111),(112,139,112),(113,141,113),(114,142,114),(115,143,115),(116,145,116),(117,146,117),(118,147,118),(119,149,119),(120,150,120),(121,151,121),(122,153,122),(123,154,123),(124,155,124),(125,157,125),(126,158,126),(127,159,127),(128,161,128),(129,164,129),(130,165,130),(131,166,131),(132,168,132),(133,169,133),(134,170,134),(135,171,135),(136,172,136),(137,173,137),(138,174,138),(139,175,139),(140,176,140),(141,177,141),(142,178,142),(143,179,143),(144,180,144),(145,181,145),(146,182,146),(147,183,147),(148,184,148),(149,185,149),(150,188,150),(151,189,151),(152,190,152),(153,191,153),(154,192,154),(155,193,155),(156,194,156),(157,195,157),(158,196,158),(159,197,159),(160,198,160),(161,199,161),(162,200,162),(163,201,163),(164,202,164),(165,203,165),(166,204,166),(167,205,167),(168,206,168),(169,207,169),(170,208,170),(171,209,171),(172,210,172),(173,211,173),(174,212,174),(175,213,175),(176,214,176),(177,215,177),(178,216,178),(179,217,179),(180,219,180),(181,220,181),(182,221,182),(183,222,183),(184,223,184),(185,224,185),(186,225,186),(187,226,187),(188,227,188),(189,228,189),(190,229,190),(191,230,191),(192,231,192),(193,232,193),(194,233,194),(195,234,195),(196,235,196),(197,236,197),(198,236,198),(199,237,199),(200,238,200),(201,239,201),(202,240,202),(203,241,203),(204,242,204),(205,242,205),(206,243,206),(207,244,207),(208,245,208),(209,246,209),(210,247,210),(211,248,211),(212,249,212),(213,250,213),(214,251,214),(215,252,215),(216,253,216),(217,254,217),(218,255,218),(219,256,219),(220,257,220),(221,258,221),(222,259,222),(223,260,223),(224,261,224),(225,262,225),(226,263,226),(227,264,227),(228,265,228),(229,266,229),(230,267,230),(231,268,231),(232,269,232),(233,270,233),(234,271,234),(235,272,235),(236,276,236),(237,277,237),(238,278,238),(239,279,239),(240,280,240),(241,281,241),(242,282,242),(243,283,243),(244,284,244),(245,285,245),(246,286,246),(247,287,247),(248,288,248),(249,289,249),(250,291,250),(251,292,251),(252,293,252),(253,294,253),(254,295,254),(255,296,255),(256,297,256),(257,299,257),(258,300,258),(259,301,259),(260,302,260),(261,303,261),(262,304,262),(263,305,263),(264,306,264),(265,307,265),(266,308,266),(267,309,267),(268,310,268),(269,311,269),(270,312,270),(271,313,271),(272,314,272),(273,315,273),(274,316,274),(275,317,275),(276,318,276),(277,319,277),(278,320,278),(279,320,279),(280,321,280),(281,322,281),(282,323,282),(283,324,283),(284,325,284),(285,326,285),(286,327,286),(287,328,287),(288,329,288),(289,330,289),(290,331,290),(291,332,291),(292,333,292),(293,334,293),(294,335,294),(295,336,295),(296,337,296),(297,338,297),(298,339,298),(299,340,299),(300,341,300),(301,342,301),(302,343,302),(303,344,303),(304,345,304),(305,346,305),(306,347,306),(307,348,307),(308,349,308),(309,350,309),(310,351,310),(311,352,311),(312,353,312),(313,354,313),(314,355,314),(315,356,315),(316,357,316),(317,358,317),(318,359,318),(319,360,319),(320,361,320),(321,362,321),(322,363,322),(323,364,323),(324,365,324),(325,366,325),(326,367,326),(327,368,327),(328,369,328),(329,370,329),(330,371,330),(331,372,331),(332,373,332),(333,374,333),(334,375,334),(335,376,335),(336,377,336),(337,378,337),(338,379,338),(339,380,339),(340,381,340),(341,383,341),(342,385,342),(343,386,343),(344,387,344),(345,388,345),(346,389,346),(347,390,347),(348,391,348),(349,392,349),(350,393,350),(351,394,351),(352,395,352),(353,396,353),(354,397,354),(355,398,355),(356,399,356),(357,400,357),(358,401,358),(359,402,359),(360,403,360),(361,404,361),(362,405,362),(363,406,363),(364,407,364),(365,408,365),(366,409,366),(367,410,367),(368,411,368),(369,412,369),(370,413,370),(371,414,371),(372,415,372),(373,416,373),(374,417,374),(375,418,375),(376,419,376),(377,420,377),(378,421,378),(379,422,379),(380,423,380),(381,424,381),(382,425,382),(383,426,383),(384,427,384),(385,428,385),(386,429,386),(387,430,387),(388,431,388),(389,432,389),(390,433,390),(391,434,391),(392,435,392),(393,436,393),(394,437,394),(395,438,395),(396,439,396),(397,440,397),(398,441,398),(399,442,399),(400,443,400),(401,444,401),(402,445,402),(403,446,403),(404,447,404),(405,448,405),(406,449,406),(407,450,407),(408,451,408),(409,452,409),(410,453,410),(411,454,411),(412,455,412),(413,456,413),(414,457,414),(415,458,415),(416,459,416),(417,460,417),(418,461,418),(419,462,419),(420,463,420),(421,464,421),(422,465,422),(423,466,423),(424,467,424),(425,468,425),(426,469,426),(427,470,427),(428,471,428),(429,472,429),(430,473,430),(431,474,431),(432,475,432),(433,476,433),(434,477,434),(435,478,435),(436,479,436),(437,480,437),(438,481,438),(439,482,439),(440,483,440),(441,484,441),(442,485,442),(443,486,443),(444,487,444),(445,488,445),(446,489,446),(447,490,447),(448,491,448),(449,492,449),(450,493,450),(451,494,451),(452,495,452),(453,496,453),(454,497,454),(455,498,455),(456,499,456),(457,500,457),(458,501,458),(459,502,459),(460,503,460),(461,504,461),(462,505,462),(463,506,463),(464,507,464),(465,508,465),(466,509,466),(467,510,467),(468,511,468),(469,512,469),(470,513,470),(471,514,471),(472,515,472),(473,516,473),(474,517,474),(475,518,475),(476,519,476),(477,520,477),(478,521,478),(479,522,479),(480,523,480),(481,524,481),(482,525,482),(483,526,483),(484,527,484),(485,528,485),(486,529,486),(487,530,487),(488,531,488),(489,532,489),(490,533,490),(491,534,491),(492,535,492),(493,536,493),(494,537,494),(495,538,495),(496,539,496),(497,540,497),(498,541,498),(499,542,499),(500,543,500),(501,544,501),(502,545,502),(503,546,503),(504,547,504),(505,548,505),(506,549,506),(507,550,507),(508,551,508),(509,552,509),(510,553,510),(511,555,511),(512,556,512),(513,557,513),(514,558,514),(515,559,515),(516,560,516),(517,561,517),(518,562,518),(519,563,519),(520,564,520),(521,565,521),(522,566,522),(523,567,523),(524,568,524),(525,569,525),(526,570,526),(527,571,527),(528,572,528),(529,573,529),(530,574,530),(531,575,531),(532,576,532),(533,577,533),(534,578,534),(535,579,535),(536,580,536),(537,581,537),(538,582,538),(539,583,539),(540,584,540),(541,585,541),(542,586,542),(543,587,543),(544,588,544),(545,589,545),(546,590,546),(547,591,547),(548,592,548),(549,593,549),(550,595,550),(551,596,551),(552,597,552),(553,598,553),(554,599,554),(555,600,555),(556,601,556),(557,602,557),(558,603,558),(559,604,559),(560,605,560),(561,606,561),(562,607,562),(563,608,563),(564,609,564),(565,610,565),(566,611,566),(567,612,567),(568,613,568),(569,614,569),(570,615,570),(571,616,571),(572,617,572),(573,618,573),(574,619,574),(575,620,575),(576,621,576),(577,622,577),(578,624,578),(579,625,579),(580,626,580),(581,627,581),(582,628,582),(583,629,583),(584,630,584),(585,631,585),(586,632,586),(587,633,587),(588,634,588),(589,635,589),(590,636,590),(591,637,591),(592,638,592),(593,639,593),(594,640,594),(595,641,595),(596,642,596),(597,643,597),(598,644,598),(599,645,599),(600,646,600),(601,647,601),(602,648,602),(603,649,603),(604,650,604),(605,651,605),(606,652,606),(607,653,607),(608,654,608),(609,655,609),(610,656,610),(611,657,611),(612,658,612),(613,659,613),(614,660,614),(615,661,615),(616,662,616),(617,663,617),(618,664,618),(619,665,619),(620,666,620),(621,667,621),(622,668,622),(623,669,623),(624,670,624),(625,671,625),(626,672,626),(627,673,627),(628,674,628),(629,675,629),(630,676,630),(631,677,631),(632,678,632),(633,679,633),(634,680,634),(635,681,635),(636,682,636),(637,683,637),(638,684,638),(639,685,639),(640,686,640),(641,687,641),(642,688,642),(643,689,643),(644,690,644),(645,691,645),(646,692,646),(647,693,647),(648,694,648),(649,695,649),(650,696,650),(651,697,651),(652,698,652),(653,699,653),(654,700,654),(655,701,655),(656,702,656),(657,703,657),(658,704,658),(659,705,659),(660,706,660),(661,707,661),(662,708,662),(663,709,663),(664,710,664),(665,711,665),(666,712,666),(667,713,667),(668,714,668),(669,715,669),(670,716,670),(671,717,671),(672,718,672),(673,719,673),(674,720,674),(675,721,675),(676,722,676),(677,723,677),(678,724,678),(679,725,679),(680,726,680),(681,727,681),(682,728,682),(683,729,683),(684,730,684),(685,732,685),(686,733,686),(687,734,687),(688,735,688),(689,736,689),(690,737,690),(691,738,691),(692,739,692),(693,740,693),(694,741,694),(695,742,695),(696,743,696),(697,744,697),(698,745,698),(699,746,699),(700,747,700),(701,748,701),(702,749,702),(703,750,703),(704,751,704),(705,752,705),(706,753,706),(707,754,707),(708,755,708),(709,756,709),(710,757,710),(711,758,711),(712,759,712),(713,760,713),(714,761,714),(715,762,715),(716,763,716),(717,764,717),(718,765,718),(719,766,719),(720,767,720),(721,768,721),(722,769,722),(723,770,723),(724,771,724),(725,772,725),(726,773,726),(727,774,727),(728,775,728),(729,776,729),(730,777,730),(731,778,731),(732,779,732),(733,780,733),(734,781,734),(735,782,735),(736,783,736),(737,784,737),(738,785,738),(739,786,739),(740,787,740),(741,788,741),(742,789,742),(743,790,743),(744,791,744),(745,792,745),(746,793,746),(747,794,747),(748,795,748),(749,796,749),(750,797,750),(751,798,751),(752,799,752),(753,800,753),(754,801,754),(755,802,755),(756,803,756),(757,804,757),(758,805,758),(759,806,759),(760,807,760),(761,808,761),(762,809,762),(763,810,763),(764,811,764),(765,812,765),(766,813,766),(767,815,767),(768,816,768),(769,817,769),(770,818,770),(771,819,771),(772,820,772),(773,824,773),(774,825,774),(775,826,775),(776,827,776),(777,828,777),(778,829,778),(779,830,779),(780,831,780),(781,832,781),(782,833,782),(783,834,783),(784,835,784),(785,836,785),(786,837,786),(787,838,787),(788,839,788),(789,840,789),(790,841,790),(791,842,791),(792,843,792),(793,844,793),(794,845,794),(795,846,795),(796,847,796),(797,848,797),(798,849,798),(799,850,799),(800,851,800),(801,852,801),(802,853,802),(803,854,803),(804,855,804),(805,856,805),(806,857,806),(807,858,807),(808,860,808),(809,861,809),(810,862,810),(811,863,811),(812,864,812),(813,865,813),(814,866,814),(815,867,815),(816,868,816),(817,869,817),(818,870,818),(819,871,819),(820,872,820),(821,873,821),(822,874,822),(823,875,823),(824,876,824),(825,877,825),(826,878,826),(827,879,827),(828,880,828),(829,881,829),(830,882,830),(831,883,831),(832,884,832),(833,885,833),(834,886,834),(835,887,835),(836,888,836),(837,889,837),(838,890,838),(839,891,839),(840,892,840),(841,893,841),(842,894,842),(843,895,843),(844,896,844),(845,897,845),(846,898,846),(847,899,847),(848,900,848),(849,901,849),(850,902,850),(851,903,851),(852,904,852),(853,905,853),(854,906,854),(855,907,855),(856,908,856),(857,909,857),(858,910,858),(859,911,859),(860,912,860),(861,913,861),(862,914,862),(863,915,863),(864,916,864),(865,917,865),(866,918,866),(867,919,867),(868,920,868),(869,921,869),(870,922,870),(871,923,871),(872,924,872),(873,925,873),(874,926,874),(875,927,875),(876,928,876),(877,929,877),(878,930,878),(879,931,879),(880,932,880),(881,933,881),(882,935,882),(883,936,883),(884,937,884),(885,938,885),(886,939,886),(887,940,887),(888,941,888),(889,942,889),(890,943,890),(891,944,891),(892,945,892),(893,946,893),(894,947,894),(895,948,895),(896,949,896),(897,950,897),(898,951,898),(899,952,899),(900,953,900),(901,954,901),(902,955,902),(903,956,903),(904,957,904),(905,958,905),(906,959,906),(907,960,907),(908,961,908),(909,962,909),(910,963,910),(911,964,911),(912,965,912),(913,966,913),(914,967,914),(915,968,915),(916,969,916),(917,970,917),(918,971,918),(919,972,919),(920,973,920),(921,974,921),(922,975,922),(923,976,923),(924,977,924),(925,978,925),(926,979,926),(927,980,927),(928,981,928),(929,982,929),(930,983,930),(931,984,931),(932,985,932),(933,986,933),(934,987,934),(935,988,935),(936,989,936),(937,990,937),(938,991,938),(939,992,939),(940,993,940),(941,994,941),(942,995,942),(943,996,943),(944,997,944),(945,998,945),(946,999,946),(947,1000,947),(948,1001,948),(949,1002,949),(950,1003,950),(951,1004,951),(952,1005,952),(953,1006,953),(954,1007,954),(955,1008,955),(956,1009,956),(957,1010,957),(958,1011,958),(959,1012,959),(960,1013,960),(961,1014,961),(962,1015,962),(963,1016,963),(964,1017,964),(965,1018,965),(966,1019,966),(967,1020,967),(968,1021,968),(969,1022,969),(970,1023,970),(971,1024,971),(972,1025,972),(973,1026,973),(974,1027,974),(975,1029,975),(976,1030,976),(977,1031,977),(978,1032,978),(979,1033,979),(980,1034,980),(981,1035,981),(982,1036,982),(983,1037,983),(984,1038,984),(985,1039,985),(986,1040,986),(987,1041,987),(988,1042,988),(989,1043,989),(990,1044,990),(991,1045,991),(992,1046,992),(993,1047,993),(994,1048,994),(995,1049,995),(996,1050,996),(997,1051,997),(998,1052,998),(999,1053,999),(1000,1054,1000),(1001,1055,1001),(1002,1056,1002),(1003,1057,1003),(1004,1059,1004),(1005,1060,1005),(1006,1061,1006),(1007,1062,1007),(1008,1063,1008),(1009,1064,1009),(1010,1065,1010),(1011,1066,1011),(1012,1067,1012),(1013,1068,1013),(1014,1069,1014),(1015,1070,1015),(1016,1071,1016),(1017,1072,1017),(1018,1073,1018),(1019,1074,1019),(1020,1075,1020),(1021,1076,1021),(1022,1077,1022),(1023,1078,1023),(1024,1079,1024),(1025,1080,1025),(1026,1081,1026),(1027,1082,1027),(1028,1083,1028),(1029,1084,1029),(1030,1085,1030),(1031,1086,1031),(1032,1087,1032),(1033,1088,1033),(1034,1089,1034),(1035,1090,1035),(1036,1091,1036),(1037,1092,1037),(1038,1093,1038),(1039,1094,1039),(1040,1095,1040),(1041,1096,1041),(1042,1097,1042),(1043,1098,1043),(1044,1099,1044),(1045,1100,1045),(1046,1101,1046),(1047,1102,1047),(1048,1103,1048),(1049,1104,1049),(1050,1105,1050),(1051,1106,1051),(1052,1107,1052),(1053,1108,1053),(1054,1109,1054),(1055,1110,1055),(1056,1111,1056),(1057,1112,1057),(1058,1113,1058),(1059,1114,1059),(1060,1115,1060),(1061,1116,1061),(1062,1117,1062),(1063,1118,1063),(1064,1119,1064),(1065,1120,1065),(1066,1121,1066),(1067,1122,1067),(1068,1123,1068),(1069,1124,1069),(1070,1125,1070),(1071,1126,1071),(1072,1127,1072),(1073,1128,1073),(1074,1129,1074),(1075,1130,1075),(1076,1131,1076),(1077,1132,1077),(1078,1133,1078),(1079,1134,1079),(1080,1135,1080),(1081,1136,1081),(1082,1137,1082),(1083,1138,1083),(1084,1139,1084),(1085,1140,1085),(1086,1141,1086),(1087,1142,1087),(1088,1143,1088),(1089,1144,1089),(1090,1145,1090),(1091,1146,1091),(1092,1147,1092),(1093,1148,1093),(1094,1149,1094),(1095,1150,1095),(1096,1151,1096),(1097,1152,1097),(1098,1153,1098),(1099,1154,1099),(1100,1155,1100),(1101,1156,1101),(1102,1157,1102),(1103,1158,1103),(1104,1159,1104),(1105,1160,1105),(1106,1161,1106),(1107,1162,1107),(1108,1163,1108),(1109,1164,1109),(1110,1165,1110),(1111,1166,1111),(1112,1168,1112),(1113,1170,1113),(1114,1171,1114),(1115,1172,1115),(1116,1173,1116),(1117,1174,1117),(1118,1175,1118),(1119,1176,1119),(1120,1177,1120),(1121,1178,1121),(1122,1179,1122),(1123,1180,1123),(1124,1181,1124),(1125,1182,1125),(1126,1183,1126),(1127,1184,1127),(1128,1185,1128),(1129,1186,1129),(1130,1187,1130),(1131,1189,1131),(1132,1190,1132),(1133,1191,1133),(1134,1192,1134),(1135,1193,1135),(1136,1194,1136),(1137,1195,1137),(1138,1196,1138),(1139,1197,1139),(1140,1198,1140),(1141,1199,1141),(1142,1200,1142),(1143,1201,1143),(1144,1202,1144),(1145,1203,1145),(1146,1204,1146),(1147,1205,1147),(1148,1206,1148),(1149,1207,1149),(1150,1208,1150),(1151,1209,1151),(1152,1210,1152),(1153,1211,1153),(1154,1212,1154),(1155,1213,1155),(1156,1214,1156),(1157,1215,1157),(1158,1216,1158),(1159,1217,1159),(1160,1218,1160),(1161,1219,1161),(1162,1220,1162),(1163,1221,1163),(1164,1222,1164),(1165,1223,1165),(1166,1224,1166),(1167,1225,1167),(1168,1226,1168),(1169,1228,1169),(1170,1229,1170),(1171,1230,1171),(1172,1231,1172),(1173,1232,1173),(1174,1233,1174),(1175,1234,1175),(1176,1235,1176),(1177,1236,1177),(1178,1237,1178),(1179,1238,1179),(1180,1239,1180),(1181,1240,1181),(1182,1241,1182),(1183,1242,1183),(1184,1243,1184),(1185,1244,1185),(1186,1245,1186),(1187,1246,1187),(1188,1247,1188),(1189,1248,1189),(1190,1249,1190),(1191,1250,1191),(1192,1251,1192),(1193,1252,1193),(1194,1253,1194),(1195,1254,1195),(1196,1255,1196),(1197,1256,1197),(1198,1257,1198),(1199,1259,1199),(1200,1260,1200),(1201,1261,1201),(1202,1262,1202),(1203,1263,1203),(1204,1264,1204),(1205,1265,1205),(1206,1266,1206),(1207,1267,1207),(1208,1268,1208),(1209,1269,1209),(1210,1270,1210),(1211,1271,1211),(1212,1272,1212),(1213,1273,1213),(1214,1274,1214),(1215,1275,1215),(1216,1276,1216),(1217,1277,1217),(1218,1278,1218),(1219,1279,1219),(1220,1280,1220),(1221,1281,1221),(1222,1282,1222),(1223,1283,1223),(1224,1284,1224),(1225,1285,1225),(1226,1286,1226),(1227,1287,1227),(1228,1288,1228),(1229,1289,1229),(1230,1290,1230),(1231,1291,1231),(1232,1292,1232),(1233,1293,1233),(1234,1294,1234),(1235,1295,1235),(1236,1296,1236),(1237,1297,1237),(1238,1298,1238),(1239,1299,1239),(1240,1300,1240),(1241,1301,1241),(1242,1302,1242),(1243,1303,1243),(1244,1304,1244),(1245,1305,1245),(1246,1306,1246),(1247,1307,1247),(1248,1308,1248),(1249,1309,1249),(1250,1310,1250),(1251,1311,1251),(1252,1312,1252),(1253,1313,1253),(1254,1314,1254),(1255,1315,1255),(1256,1316,1256),(1257,1317,1257),(1258,1318,1258),(1259,1319,1259),(1260,1320,1260),(1261,1321,1261),(1262,1322,1262),(1263,1323,1263),(1264,1324,1264),(1265,1325,1265),(1266,1326,1266),(1267,1327,1267),(1268,1328,1268),(1269,1329,1269),(1270,1330,1270),(1271,1331,1271),(1272,1332,1272),(1273,1333,1273),(1274,1334,1274),(1275,1335,1275),(1276,1336,1276),(1277,1337,1277),(1278,1338,1278),(1279,1339,1279),(1280,1340,1280),(1281,1341,1281),(1282,1342,1282),(1283,1343,1283),(1284,1344,1284),(1285,1345,1285),(1286,1346,1286),(1287,1347,1287),(1288,1348,1288),(1289,1349,1289),(1290,1350,1290),(1291,1351,1291),(1292,1352,1292),(1293,1353,1293),(1294,1354,1294),(1295,1355,1295),(1296,1356,1296),(1297,1357,1297),(1298,1358,1298),(1299,1360,1299),(1300,1361,1300),(1301,1362,1301),(1302,1363,1302),(1303,1364,1303),(1304,1365,1304),(1305,1366,1305),(1306,1367,1306),(1307,1368,1307),(1308,1369,1308),(1309,1370,1309),(1310,1371,1310),(1311,1372,1311),(1312,1373,1312),(1313,1374,1313),(1314,1375,1314),(1315,1376,1315),(1316,1377,1316),(1317,1378,1317),(1318,1379,1318),(1319,1380,1319),(1320,1381,1320),(1321,1382,1321),(1322,1383,1322),(1323,1384,1323),(1324,1385,1324),(1325,1386,1325),(1326,1387,1326),(1327,1388,1327),(1328,1389,1328),(1329,1390,1329),(1330,1391,1330),(1331,1392,1331),(1332,1393,1332),(1333,1394,1333),(1334,1395,1334),(1335,1396,1335),(1336,1397,1336),(1337,1398,1337),(1338,1399,1338),(1339,1400,1339),(1340,1401,1340),(1341,1402,1341),(1342,1403,1342),(1343,1404,1343),(1344,1405,1344),(1345,1406,1345),(1346,1407,1346),(1347,1408,1347),(1348,1409,1348),(1349,1410,1349),(1350,1411,1350),(1351,1412,1351),(1352,1413,1352),(1353,1414,1353),(1354,1415,1354),(1355,1416,1355),(1356,1417,1356),(1357,1418,1357),(1358,1419,1358),(1359,1420,1359),(1360,1421,1360),(1361,1422,1361),(1362,1423,1362),(1363,1424,1363),(1364,1425,1364),(1365,1426,1365),(1366,1427,1366),(1367,1428,1367),(1368,1429,1368),(1369,1430,1369),(1370,1431,1370),(1371,1432,1371),(1372,1433,1372),(1373,1434,1373),(1374,1435,1374),(1375,1436,1375),(1376,1437,1376),(1377,1438,1377),(1378,1439,1378),(1379,1440,1379),(1380,1441,1380),(1381,1442,1381),(1382,1443,1382),(1383,1444,1383),(1384,1445,1384),(1385,1446,1385),(1386,1447,1386),(1387,1448,1387),(1388,1449,1388),(1389,1450,1389),(1390,1451,1390),(1391,1452,1391),(1392,1453,1392),(1393,1454,1393),(1394,1455,1394),(1395,1456,1395),(1396,1457,1396),(1397,1458,1397),(1398,1459,1398),(1399,1460,1399),(1400,1461,1400),(1401,1462,1401),(1402,1463,1402),(1403,1464,1403),(1404,1465,1404),(1405,1466,1405),(1406,1467,1406),(1407,1468,1407),(1408,1469,1408),(1409,1470,1409),(1410,1471,1410),(1411,1472,1411),(1412,1473,1412),(1413,1474,1413),(1414,1475,1414),(1415,1476,1415),(1416,1477,1416),(1417,1478,1417),(1418,1479,1418),(1419,1480,1419),(1420,1481,1420),(1421,1482,1421),(1422,1483,1422),(1423,1484,1423),(1424,1485,1424),(1425,1486,1425),(1426,1487,1426),(1427,1488,1427),(1428,1489,1428),(1429,1490,1429),(1430,1491,1430),(1431,1492,1431),(1432,1493,1432),(1433,1494,1433),(1434,1495,1434),(1435,1496,1435),(1436,1497,1436),(1437,1498,1437),(1438,1499,1438),(1439,1500,1439),(1440,1501,1440),(1441,1502,1441),(1442,1503,1442),(1443,1504,1443),(1444,1505,1444),(1445,1506,1445),(1446,1507,1446),(1447,1508,1447),(1448,1509,1448),(1449,1510,1449),(1450,1511,1450),(1451,1512,1451),(1452,1513,1452),(1453,1514,1453),(1454,1515,1454),(1455,1516,1455),(1456,1517,1456),(1457,1518,1457),(1458,1519,1458),(1459,1520,1459),(1460,1521,1460),(1461,1522,1461),(1462,1523,1462),(1463,1524,1463),(1464,1525,1464),(1465,1526,1465),(1466,1527,1466),(1467,1528,1467),(1468,1529,1468),(1469,1530,1469),(1470,1531,1470),(1471,1532,1471),(1472,1533,1472),(1473,1534,1473),(1474,1535,1474),(1475,1536,1475),(1476,1537,1476),(1477,1538,1477),(1478,1539,1478),(1479,1540,1479),(1480,1541,1480),(1481,1542,1481),(1482,1543,1482),(1483,1544,1483),(1484,1545,1484),(1485,1546,1485),(1486,1547,1486),(1487,1548,1487),(1488,1549,1488),(1489,1550,1489),(1490,1551,1490),(1491,1552,1491),(1492,1553,1492),(1493,1554,1493),(1494,1555,1494),(1495,1556,1495),(1496,1557,1496),(1497,1558,1497),(1498,1559,1498),(1499,1560,1499),(1500,1561,1500),(1501,1562,1501),(1502,1563,1502),(1503,1564,1503),(1504,1565,1504),(1505,1566,1505),(1506,1567,1506),(1507,1568,1507),(1508,1569,1508),(1509,1570,1509),(1510,1571,1510),(1511,1572,1511),(1512,1573,1512),(1513,1574,1513),(1514,1575,1514),(1515,1576,1515),(1516,1577,1516),(1517,1578,1517),(1518,1579,1518),(1519,1580,1519),(1520,1581,1520),(1521,1582,1521),(1522,1583,1522),(1523,1584,1523),(1524,1585,1524),(1525,1586,1525),(1526,1587,1526),(1527,1588,1527),(1528,1589,1528),(1529,1590,1529),(1530,1591,1530),(1531,1592,1531),(1532,1593,1532),(1533,1594,1533),(1534,1595,1534),(1535,1598,1535),(1536,1599,1536),(1537,1600,1537),(1538,1601,1538),(1539,1602,1539),(1540,1603,1540),(1541,1604,1541),(1542,1605,1542),(1543,1606,1543),(1544,1608,1544),(1545,1610,1545),(1546,1611,1546),(1547,1612,1547),(1548,1613,1548),(1549,1614,1549),(1550,1615,1550),(1551,1617,1551),(1552,1618,1552),(1553,1619,1553),(1554,1620,1554),(1555,1621,1555),(1556,1622,1556),(1557,1623,1557),(1558,1624,1558),(1559,1628,1559),(1560,1629,1560),(1561,1630,1561),(1562,1631,1562),(1563,1632,1563),(1564,1634,1564),(1565,1635,1565),(1566,1636,1566),(1567,1637,1567),(1568,1638,1568),(1569,1639,1569),(1570,1640,1570),(1571,1641,1571),(1572,1642,1572),(1573,1643,1573),(1574,1644,1574),(1575,1645,1575),(1576,1646,1576),(1577,1647,1577),(1578,1648,1578),(1579,1649,1579),(1580,1650,1580),(1581,1651,1581),(1582,1652,1582),(1583,1652,1583),(1584,1653,1584),(1585,1654,1585),(1586,1655,1586),(1587,1656,1587),(1588,1657,1588),(1589,1657,1589),(1590,1658,1590),(1591,1659,1591),(1592,1660,1592),(1593,1661,1593),(1594,1662,1594),(1595,1663,1595),(1596,1664,1596),(1597,1665,1597),(1598,1666,1598),(1599,1667,1599),(1600,1668,1600),(1601,1669,1601),(1602,1670,1602),(1603,1671,1603),(1604,1672,1604),(1605,1673,1605),(1606,1674,1606),(1607,1675,1607),(1608,1676,1608),(1609,1677,1609),(1610,1679,1610),(1611,1680,1611),(1612,1681,1612),(1613,1682,1613),(1614,1683,1614),(1615,1684,1615),(1616,1685,1616),(1617,1686,1617),(1618,1687,1618),(1619,1688,1619),(1620,1689,1620),(1621,1690,1621),(1622,1691,1622),(1623,1692,1623),(1624,1693,1624),(1625,1695,1625),(1626,1696,1626),(1627,1697,1627),(1628,1700,1628),(1629,1701,1629),(1630,1702,1630),(1631,1703,1631),(1632,1703,1632),(1633,1704,1633),(1634,1706,1634),(1635,1707,1635),(1636,1709,1636),(1637,1710,1637),(1638,1711,1638),(1639,1712,1639),(1640,1713,1640),(1641,1714,1641),(1642,1715,1642),(1643,1716,1643),(1644,1717,1644),(1645,1719,1645),(1646,1719,1646),(1647,1720,1647),(1648,1721,1648),(1649,1722,1649),(1650,1723,1650),(1651,1724,1651),(1652,1725,1652),(1653,1726,1653),(1654,1727,1654),(1655,1728,1655),(1656,1729,1656),(1657,1730,1657),(1658,1731,1658),(1659,1732,1659),(1660,1733,1660),(1661,1734,1661),(1662,1735,1662),(1663,1736,1663),(1664,1737,1664),(1665,1738,1665),(1666,1739,1666),(1667,1740,1667),(1668,1741,1668),(1669,1742,1669),(1670,1743,1670),(1671,1744,1671),(1672,1745,1672),(1673,1746,1673),(1674,1747,1674),(1675,1748,1675),(1676,1749,1676),(1677,1750,1677),(1678,1751,1678),(1679,1775,1679),(1680,1778,1680),(1681,1778,1681),(1682,1782,1682),(1683,1783,1683),(1684,1784,1684),(1685,1785,1685),(1686,1786,1686),(1687,1787,1687),(1688,1788,1688),(1689,1789,1689),(1690,1790,1690),(1691,1791,1691),(1692,1792,1692),(1693,1793,1693),(1694,1794,1694),(1695,1795,1695),(1696,1796,1696),(1697,1797,1697),(1698,1798,1698),(1699,1799,1699),(1700,1800,1700),(1701,1801,1701),(1702,1802,1702),(1703,1803,1703),(1704,1804,1704),(1705,1804,1705),(1706,1805,1706),(1707,1806,1707),(1708,1807,1708),(1709,1808,1709),(1710,1809,1710),(1711,1810,1711),(1712,1823,1712),(1713,1824,1713),(1714,1825,1714),(1715,1826,1715),(1716,1827,1716),(1717,1828,1717),(1718,1829,1718),(1719,1830,1719),(1720,1831,1720),(1721,1831,1721),(1722,1831,1722),(1723,1832,1723),(1724,1833,1724),(1725,1834,1725),(1726,1835,1726),(1727,1835,1727),(1728,1836,1728),(1729,1838,1729),(1730,1839,1730),(1731,1840,1731),(1732,1841,1732),(1733,1842,1733),(1734,1843,1734),(1735,1844,1735),(1736,1845,1736),(1737,1846,1737),(1738,1847,1738),(1739,1848,1739),(1740,1849,1740),(1741,1850,1741),(1742,1851,1742),(1743,1852,1743),(1744,1853,1744),(1745,1854,1745),(1746,1855,1746),(1747,1856,1747),(1748,1857,1748),(1749,1858,1749),(1750,1859,1750),(1751,1860,1751),(1752,1861,1752),(1753,1862,1753),(1754,1868,1754),(1755,1869,1755),(1756,1870,1756),(1757,1871,1757),(1758,1872,1758),(1759,1873,1759),(1760,1874,1760),(1761,1875,1761),(1762,1876,1762),(1763,1877,1763),(1764,1878,1764),(1765,1879,1765),(1766,1880,1766),(1767,1881,1767),(1768,1882,1768),(1769,1883,1769),(1770,1884,1770),(1771,1885,1771),(1772,1886,1772),(1773,1887,1773),(1774,1888,1774),(1775,1889,1775),(1776,1890,1776),(1777,1891,1777),(1778,1892,1778),(1779,1893,1779),(1780,1894,1780),(1781,1895,1781),(1782,1896,1782),(1783,1898,1783),(1784,1901,1784),(1785,1902,1785),(1786,1903,1786),(1787,1904,1787),(1788,1906,1788),(1789,1907,1789),(1790,1908,1790),(1791,1909,1791),(1792,1910,1792),(1793,1911,1793),(1794,1912,1794),(1795,1913,1795),(1796,1914,1796),(1797,1915,1797),(1798,1916,1798),(1799,1917,1799),(1800,1918,1800),(1801,1919,1801),(1802,1920,1802),(1803,1921,1803),(1804,1922,1804),(1805,1923,1805),(1806,1924,1806),(1807,1924,1807),(1808,1925,1808),(1809,1925,1809),(1810,1926,1810),(1811,1927,1811),(1812,1928,1812),(1813,1929,1813),(1814,1930,1814),(1815,1931,1815),(1816,1932,1816),(1817,1933,1817),(1818,1934,1818),(1819,1935,1819),(1820,1936,1820),(1821,1936,1821),(1822,1937,1822),(1823,1937,1823),(1824,1938,1824),(1825,1939,1825),(1826,1940,1826),(1827,1941,1827),(1828,1942,1828),(1829,1943,1829),(1830,1944,1830),(1831,1945,1831),(1832,1946,1832),(1833,1947,1833),(1834,1948,1834),(1835,1949,1835),(1836,1951,1836),(1837,1951,1837),(1838,1954,1838),(1839,1962,1839),(1840,1963,1840),(1841,1964,1841),(1842,1977,1842),(1843,1978,1843),(1844,1979,1844),(1845,1980,1845),(1846,1981,1846),(1847,1982,1847),(1848,1983,1848),(1849,1984,1849),(1850,1985,1850),(1851,1986,1851),(1852,1987,1852),(1853,1988,1853),(1854,1989,1854),(1855,1990,1855),(1856,1991,1856),(1857,1992,1857),(1858,1993,1858),(1859,1994,1859),(1860,1995,1860),(1861,1996,1861),(1862,1997,1862),(1863,1998,1863),(1864,1999,1864),(1865,2000,1865),(1866,2001,1866),(1867,2002,1867),(1868,2003,1868),(1869,2004,1869),(1870,2005,1870),(1871,2007,1871),(1872,2007,1872),(1873,2008,1873),(1874,2009,1874),(1875,2010,1875),(1876,2011,1876),(1877,2012,1877),(1878,2013,1878),(1879,2014,1879),(1880,2015,1880),(1881,2016,1881),(1882,2017,1882),(1883,2018,1883),(1884,2020,1884),(1885,2020,1885),(1886,2021,1886),(1887,2022,1887),(1888,2023,1888),(1889,2024,1889),(1890,2025,1890),(1891,2026,1891),(1892,2027,1892),(1893,2028,1893),(1894,2029,1894),(1895,2030,1895),(1896,2031,1896),(1897,2032,1897),(1898,2033,1898),(1899,2035,1899),(1900,2036,1900),(1901,2037,1901),(1902,2038,1902),(1903,2039,1903),(1904,2040,1904),(1905,2041,1905),(1906,2042,1906),(1907,2043,1907),(1908,2044,1908),(1909,2045,1909),(1910,2046,1910),(1911,2047,1911),(1912,2048,1912),(1913,2049,1913),(1914,2050,1914),(1915,2050,1915),(1916,2052,1916),(1917,2053,1917),(1918,2054,1918),(1919,2055,1919),(1920,2056,1920),(1921,2057,1921),(1922,2058,1922),(1923,2059,1923),(1924,2061,1924),(1925,2064,1925),(1926,2065,1926),(1927,2066,1927),(1928,2066,1928),(1929,2116,1929),(1930,2117,1930),(1931,2118,1931),(1932,2119,1932),(1933,2120,1933),(1934,2121,1934),(1935,2122,1935),(1936,2123,1936),(1937,2124,1937),(1938,2125,1938),(1939,2126,1939),(1940,2127,1940),(1941,2128,1941),(1942,2129,1942),(1943,2130,1943),(1944,2131,1944),(1945,2132,1945),(1946,2133,1946),(1947,2134,1947),(1948,2135,1948),(1949,2136,1949),(1950,2137,1950),(1951,2138,1951),(1952,2139,1952),(1953,2145,1953),(1954,2146,1954),(1955,2147,1955),(1956,2148,1956),(1957,2149,1957),(1958,2150,1958),(1959,2151,1959),(1960,2152,1960),(1961,2155,1961),(1962,2156,1962),(1963,2157,1963),(1964,2158,1964),(1965,2159,1965),(1966,2160,1966),(1967,2161,1967),(1968,2163,1968),(1969,2163,1969),(1970,2164,1970),(1971,2165,1971),(1972,2167,1972),(1973,2167,1973),(1974,2168,1974),(1975,2169,1975),(1976,2171,1976),(1977,2171,1977),(1978,2172,1978),(1979,2173,1979),(1980,2174,1980),(1981,2175,1981),(1982,2175,1982),(1983,2176,1983),(1984,2177,1984),(1985,2178,1985),(1986,2178,1986),(1987,2179,1987),(1988,2180,1988),(1989,2181,1989),(1990,2182,1990),(1991,2182,1991),(1992,2183,1992),(1993,2184,1993),(1994,2185,1994),(1995,2186,1995),(1996,2187,1996),(1997,2188,1997),(1998,2190,1998),(1999,2190,1999),(2000,2191,2000),(2001,2191,2001),(2002,2193,2002),(2003,2194,2003),(2004,2195,2004),(2005,2197,2005),(2006,2198,2006),(2007,2199,2007),(2008,2200,2008),(2009,2201,2009),(2010,2202,2010),(2011,2203,2011),(2012,2204,2012),(2013,2205,2013),(2014,2206,2014),(2015,2207,2015),(2016,2208,2016),(2017,2209,2017),(2018,2211,2018),(2019,2212,2019),(2020,2213,2020),(2021,2214,2021),(2022,2215,2022),(2023,2216,2023),(2024,2217,2024),(2025,2218,2025),(2026,2219,2026),(2027,2220,2027),(2028,2221,2028),(2029,2222,2029),(2030,2223,2030),(2031,2224,2031),(2032,2225,2032),(2033,2226,2033),(2034,2227,2034),(2035,2228,2035),(2036,2229,2036),(2037,2230,2037),(2038,2231,2038),(2039,2232,2039),(2040,2233,2040),(2041,2234,2041),(2042,2235,2042),(2043,2236,2043),(2044,2237,2044),(2045,2238,2045),(2046,2239,2046),(2047,2240,2047),(2048,2241,2048),(2049,2242,2049),(2050,2243,2050),(2051,2244,2051),(2052,2246,2052),(2053,2247,2053),(2054,2248,2054),(2055,2250,2055),(2056,2250,2056),(2057,2252,2057),(2058,2253,2058),(2059,2254,2059),(2060,2254,2060),(2061,2255,2061),(2062,2256,2062),(2063,2257,2063),(2064,2258,2064),(2065,2259,2065),(2066,2260,2066),(2067,2261,2067),(2068,2262,2068),(2069,2263,2069),(2070,2264,2070),(2071,2265,2071),(2072,2266,2072),(2073,2267,2073),(2074,2268,2074),(2075,2269,2075),(2077,2271,2077),(2078,2272,2078),(2079,2273,2079),(2080,2274,2080),(2081,2275,2081),(2082,2276,2082),(2083,2277,2083),(2084,2278,2084),(2085,2279,2085),(2086,2279,2086),(2087,2281,2087),(2088,2282,2088),(2089,2282,2089),(2090,2283,2090),(2091,2284,2091),(2092,2285,2092),(2093,2286,2093),(2094,2287,2094),(2095,2289,2095),(2096,2291,2096),(2097,2292,2097),(2098,2293,2098),(2099,2294,2099),(2101,2296,2101),(2102,2297,2102),(2103,2298,2103),(2104,2299,2101),(2105,2300,2102),(2106,2301,2103),(2107,2302,2104),(2108,2303,2105),(2109,2304,2104),(2110,2305,2105),(2111,2306,2106),(2112,2307,2107),(2113,2308,2108),(2114,2309,2035),(2115,2310,2109),(2116,2311,2110),(2117,2312,2111),(2118,2313,2112),(2119,2314,2113),(2120,2315,2114),(2121,2316,2115),(2122,2317,1983),(2123,2318,1983),(2124,2319,1983),(2125,2320,2116),(2126,2204,2117),(2127,2321,2118),(2128,2322,2119),(2129,2323,2120),(2130,2324,2121),(2131,2325,2122),(2132,2326,2123),(2133,2327,2124),(2134,2328,2125),(2135,2329,2126),(2136,2330,2127),(2137,2331,2128),(2138,2332,2129),(2139,2333,2130),(2140,2334,2131),(2141,2335,2132),(2142,2336,2133),(2143,2337,2134),(2144,2338,2135),(2145,2339,2136),(2146,2340,2137),(2147,2341,2138),(2148,2342,2139),(2149,2343,2140),(2150,2344,2141),(2151,2345,2142),(2152,2346,2143),(2153,2347,2144),(2154,2348,2145),(2155,2349,2146),(2156,2350,2147),(2157,2351,2148),(2158,2352,2149),(2159,2353,2150),(2160,2354,2151),(2161,2355,2152),(2162,2356,2153),(2163,2357,2154),(2164,2358,2155),(2165,2359,2156),(2166,2360,2157),(2167,2361,2158),(2168,2362,2159),(2169,2363,2160),(2170,2364,2161),(2171,2365,2162),(2173,2367,2164),(2175,2369,2166),(2176,2370,2167),(2177,2371,2168),(2178,2372,2169),(2179,2373,2168),(2180,2374,2170),(2181,2375,2171),(2183,2377,2173),(2184,2378,2174),(2185,2379,2175),(2186,2380,2175),(2187,2381,2176),(2188,2380,2177),(2189,2382,2178),(2190,2383,2179),(2191,2384,2179),(2194,2387,2181),(2195,2388,2181),(2197,2390,2182),(2198,2391,2182),(2200,2393,2183),(2201,2394,2184),(2202,2395,2185),(2203,2396,2185),(2209,2402,2190),(2210,2403,2190),(2212,2405,2192),(2214,2407,2194),(2216,2409,2196),(2218,2411,2198),(2219,2412,2199),(2220,2413,2199),(2223,2416,2201),(2224,2417,2201),(2225,2418,2202),(2226,2419,2203),(2227,2420,2204),(2228,2421,2205),(2229,2418,2206),(2230,2422,2206),(2231,2423,2207),(2232,2424,2207),(2233,2425,2208),(2234,2426,2209),(2235,2427,2209),(2236,2428,2210),(2237,2429,2210),(2238,2430,2210),(2239,2431,2211),(2240,2432,2211),(2241,2433,2211),(2242,2434,2212),(2243,2435,2212),(2244,2436,2212),(2245,2437,2213),(2246,2438,2213),(2247,2439,2213),(2249,2441,2215),(2253,2445,2219),(2254,2446,2220),(2255,2447,2221),(2256,2448,2221),(2257,2449,2222),(2258,2450,2222),(2259,2451,2222),(2260,2452,2222),(2263,2455,2225),(2264,2456,2225),(2265,2457,2225),(2267,2459,2227),(2268,2460,2227),(2269,2461,2227),(2270,2462,2227),(2271,2463,2227),(2272,2464,2227),(2276,2468,2231),(2277,2469,2232),(2278,2470,2232),(2279,2471,2233),(2280,2472,2233),(2281,2473,2234),(2282,2474,2235),(2283,2475,2236),(2284,2476,2237),(2286,2478,2239),(2287,2479,2240),(2288,2480,2241),(2289,2481,2242),(2290,2482,2243),(2291,2483,2244),(2292,2484,2245),(2293,2485,2246),(2295,2487,2248),(2296,2488,2249),(2297,2489,2250),(2298,2490,2251),(2299,2448,2252),(2300,2448,2253),(2301,2448,2254),(2309,2496,2260),(2310,2497,2261),(2311,2498,2262),(2312,2499,2263),(2313,2500,2264),(2314,2501,2265),(2315,2502,2266),(2316,2503,2267),(2317,2504,2268),(2318,2505,2269),(2319,2506,2270),(2320,2507,2271),(2321,2508,2272),(2322,2509,2273),(2323,2510,2274),(2324,2511,2275),(2325,2512,2276),(2326,2513,2277),(2327,2514,2278),(2328,2515,2279),(2329,2516,2279),(2330,2517,2280),(2331,2518,2281),(2332,2519,2282),(2333,2520,2282),(2334,2521,2283),(2335,2522,2284),(2336,2523,2285),(2337,2524,2286),(2338,2525,2286),(2339,2526,2287),(2340,2527,2288),(2341,2528,2288),(2342,2529,2289),(2343,2530,2290),(2344,2531,2290),(2345,2532,2291),(2346,2533,2292),(2347,2534,2292),(2348,2535,2293),(2349,2536,2294),(2350,2537,2295),(2351,2538,2296),(2352,2539,2297),(2354,2541,2299),(2356,2543,2299),(2357,2544,2300),(2358,2545,2301),(2359,2546,2300),(2360,2547,2301),(2361,2548,2300),(2362,2549,2301),(2363,2550,2302),(2364,2551,2302),(2365,2552,2302),(2366,2553,2303),(2368,2555,2305),(2369,2556,2305),(2372,2559,2308),(2373,2560,2309),(2374,2560,2310),(2375,2561,2311),(2378,2564,2297),(2379,2565,2276),(2380,2566,2277),(2381,2567,2261),(2382,2568,2251),(2383,2569,2250),(2384,2570,2178),(2385,2571,2169),(2386,2572,2169),(2387,2573,2312),(2388,2574,2236),(2389,2575,2234);

--
