
--
-- Table structure for table `publications`
--

CREATE TABLE `publications` (
  `publication_id` bigint NOT NULL AUTO_INCREMENT,
  `access_status` bigint DEFAULT '0',
  `date_published` date DEFAULT NULL,
  `last_modified` datetime DEFAULT NULL,
  `primary_contact_id` bigint DEFAULT NULL,
  `section_id` bigint DEFAULT NULL,
  `seq` double NOT NULL DEFAULT '0',
  `submission_id` bigint NOT NULL,
  `status` tinyint NOT NULL DEFAULT '1',
  `url_path` varchar(64) DEFAULT NULL,
  `version` bigint DEFAULT NULL,
  PRIMARY KEY (`publication_id`),
  KEY `publications_submission_id` (`submission_id`),
  KEY `publications_section_id` (`section_id`),
  KEY `publications_url_path` (`url_path`)
) ENGINE=InnoDB AUTO_INCREMENT=765 DEFAULT CHARSET=utf8mb4 COLLATE=utf8mb4_general_ci;

--
-- Dumping data for table `publications`
--

INSERT INTO `publications` VALUES (1,0,'2016-08-01','2020-06-12 15:30:36',NULL,7,1,4,3,NULL,1),(2,0,'2016-11-28','2018-07-24 14:00:00',9,2,1,6,3,NULL,1),(3,0,'2016-11-28','2018-07-24 14:01:33',11,2,2,7,3,NULL,1),(4,0,'2016-11-28','2018-07-24 14:01:01',13,2,3,8,3,'Globaliure2016',1),(5,0,'2016-11-28','2018-07-24 13:56:17',15,2,4,9,3,NULL,1),(6,0,'2016-11-28','2018-07-24 13:53:58',18,2,5,10,3,NULL,1),(7,0,'2016-11-28','2018-07-24 13:57:00',20,2,6,11,3,NULL,1),(8,0,'2016-11-28','2018-07-24 13:55:03',22,2,7,12,3,NULL,1),(9,0,'2016-11-28','2018-07-24 13:58:12',24,2,8,13,3,NULL,1),(10,0,'2016-11-28','2018-07-24 13:59:02',26,2,9,14,3,NULL,1),(11,0,'2016-11-28','2018-07-24 14:06:36',28,10,1,15,3,'',1),(12,0,'2016-11-28','2018-07-24 14:07:21',31,10,2,16,3,NULL,1),(13,0,'2016-11-28','2018-07-24 14:08:07',33,10,3,17,3,NULL,1),(14,0,'2016-06-06','2020-06-05 15:56:02',NULL,7,1,18,3,NULL,1),(15,0,'2017-10-30','2019-03-20 15:16:43',69,13,1,22,3,NULL,1),(16,0,'2017-10-30','2018-07-30 16:37:55',NULL,30,1,23,3,NULL,1),(17,0,'2017-10-30','2018-07-30 16:39:38',NULL,31,1,24,3,NULL,1),(18,0,'2017-10-30','2018-07-30 16:41:37',NULL,31,2,25,3,NULL,1),(19,0,'2017-10-30','2018-07-30 16:44:28',NULL,31,3,26,3,NULL,1),(20,0,'2017-10-30','2018-07-30 16:16:18',53,12,1,28,3,NULL,1),(21,0,'2017-10-30','2018-07-30 16:46:36',NULL,31,4,29,3,NULL,1),(22,0,'2017-10-30','2018-07-30 16:21:57',59,12,2,30,3,NULL,1),(23,0,'2017-10-30','2018-07-30 16:28:05',61,12,3,31,3,NULL,1),(24,0,'2017-10-30','2018-07-30 16:35:14',65,12,4,32,3,NULL,1),(25,0,'2017-10-30','2018-07-30 17:21:11',67,31,5,33,3,NULL,1),(26,0,'2016-10-24','2019-03-20 15:17:36',NULL,13,1,34,3,NULL,1),(27,0,'2016-10-24','2018-07-30 15:38:31',73,12,3,35,3,NULL,1),(28,0,'2016-10-24','2018-07-30 20:48:13',77,31,1,36,3,NULL,1),(29,0,'2016-10-24','2018-07-30 20:51:21',79,31,2,37,3,NULL,1),(30,0,'2016-10-24','2018-07-30 20:43:00',83,30,1,38,3,NULL,1),(31,0,'2016-10-24','2018-07-30 20:54:03',85,31,3,39,3,NULL,1),(32,0,'2016-10-24','2018-07-30 20:45:50',88,30,2,40,3,NULL,1),(33,0,'2016-10-24','2018-07-30 20:58:04',90,31,4,41,3,NULL,1),(34,0,'2016-10-24','2018-07-30 20:19:48',92,12,1,42,3,NULL,1),(35,0,'2016-10-24','2018-07-30 20:36:07',96,12,2,43,3,NULL,1),(36,0,'2016-08-01','2020-06-12 15:41:02',NULL,3,2,44,3,NULL,1),(37,0,'2016-08-01','2020-06-12 15:36:12',NULL,3,1,45,3,NULL,1),(38,0,'2016-08-01','2020-06-12 15:55:46',NULL,4,4,46,3,NULL,1),(39,0,'2016-08-01','2020-06-12 15:48:04',NULL,4,3,47,3,NULL,1),(40,0,'2016-08-01','2020-06-12 15:45:53',NULL,4,2,48,3,NULL,1),(41,0,'2016-08-01','2020-06-12 15:43:24',NULL,4,1,49,3,NULL,1),(42,0,'2016-08-01','2020-06-12 15:56:10',NULL,6,1,50,3,NULL,1),(43,0,'2016-05-24','2018-07-24 15:56:14',NULL,17,1,51,3,NULL,1),(44,0,'2016-04-22','2018-07-24 15:56:14',NULL,18,1,52,3,NULL,1),(45,0,'2016-04-20','2018-07-24 15:56:15',NULL,18,2,53,3,NULL,1),(46,0,'2016-04-22','2018-07-24 15:56:14',NULL,19,1,54,3,NULL,1),(47,0,'2017-07-25','2018-07-25 13:05:47',NULL,20,1,55,3,NULL,1),(48,0,'2017-07-13','2020-07-01 13:25:29',NULL,21,1,56,3,NULL,1),(49,0,'2016-11-12','2020-07-01 13:15:49',NULL,21,2,57,3,NULL,1),(50,0,'2016-10-31','2020-07-01 13:40:11',NULL,21,3,58,3,NULL,1),(51,0,'2016-09-29','2020-07-01 13:46:30',NULL,21,4,59,3,NULL,1),(52,0,'2016-10-10','2020-07-01 15:07:20',NULL,21,5,60,3,NULL,1),(53,0,'2016-11-11','2020-07-01 16:03:59',NULL,22,1,61,3,NULL,1),(54,0,'2016-12-16','2020-07-01 16:49:49',NULL,22,2,62,3,NULL,1),(55,0,'2016-11-13','2020-07-01 15:41:11',NULL,21,6,63,3,NULL,1),(56,0,'2016-10-18','2020-07-01 15:55:22',NULL,21,7,64,3,NULL,1),(57,0,'2016-09-21','2020-07-01 19:16:30',NULL,22,3,65,3,NULL,1),(58,0,'2016-11-28','2018-07-24 23:43:58',165,8,1,67,3,'',1),(59,0,'2017-11-27','2018-07-25 21:58:41',166,27,1,68,3,NULL,1),(60,0,'2017-11-27','2022-06-17 09:39:14',168,26,1,69,3,NULL,1),(61,0,'2017-11-27','2022-06-17 09:19:30',170,16,1,70,3,NULL,1),(62,0,'2017-11-27','2022-06-17 09:18:30',172,16,2,71,3,NULL,1),(63,0,NULL,'2018-12-05 16:44:47',NULL,27,0,72,1,NULL,1),(64,0,'2017-11-27','2022-06-17 09:48:24',177,26,2,73,3,NULL,1),(65,0,'2017-11-27','2022-06-17 09:49:44',180,26,3,74,3,NULL,1),(66,0,'2017-11-27','2022-06-17 09:27:25',NULL,25,1,75,3,NULL,1),(67,0,'2017-11-27','2022-06-17 09:28:14',185,25,2,76,3,NULL,1),(68,0,'2017-11-27','2022-06-17 09:21:45',187,16,3,77,3,NULL,1),(69,0,'2017-11-27','2022-06-17 09:29:26',190,25,3,78,3,'',1),(70,0,'2018-07-25','2022-06-17 09:34:24',193,25,4,79,3,NULL,1),(71,0,'2017-11-27','2022-06-17 09:22:54',195,16,4,80,3,NULL,1),(72,0,'2017-11-27','2022-06-17 09:23:45',197,16,5,81,3,NULL,1),(73,0,'2016-06-06','2020-06-12 15:26:13',NULL,5,1,84,3,NULL,1),(74,0,'2016-06-06','2020-06-12 15:23:42',NULL,3,1,85,3,NULL,1),(75,0,'2016-06-06','2020-06-12 15:24:38',NULL,3,2,86,3,NULL,1),(76,0,'2016-06-06','2020-06-12 15:27:15',NULL,4,1,87,3,NULL,1),(77,0,'2016-06-06','2020-06-12 15:26:44',NULL,28,1,88,3,NULL,1),(78,0,'2016-06-06','2020-06-12 15:25:13',NULL,3,3,89,3,NULL,1),(79,0,'2016-06-06','2020-06-12 15:29:37',NULL,6,1,90,3,NULL,1),(80,0,'2015-12-10','2018-07-26 17:01:09',NULL,7,1,91,3,NULL,1),(81,0,'2015-04-15','2020-06-12 15:10:26',224,4,1,92,3,NULL,1),(82,0,'2015-05-22','2020-06-12 15:09:25',NULL,3,1,93,3,NULL,1),(83,0,'2015-05-25','2020-06-12 15:11:05',NULL,4,2,94,3,NULL,1),(84,0,'2015-05-12','2020-06-12 15:14:43',NULL,4,3,95,3,NULL,1),(85,0,'2015-04-10','2020-06-12 15:16:48',NULL,4,4,96,3,NULL,1),(86,0,'2015-05-20','2020-06-12 15:17:27',NULL,4,5,97,3,NULL,1),(87,0,'2015-04-20','2020-06-12 15:17:55',NULL,6,1,98,3,NULL,1),(88,0,'2015-11-30','2024-03-26 10:00:03',241,27,1,99,3,NULL,1),(89,0,'2015-06-10','2020-06-12 02:36:56',NULL,7,1,100,3,NULL,1),(90,0,'2015-11-30','2024-03-26 10:00:03',243,26,1,101,3,NULL,1),(91,0,'2015-03-02','2020-06-12 02:37:53',NULL,3,1,102,3,NULL,1),(92,0,'2015-02-18','2020-06-12 02:39:32',NULL,3,2,103,3,NULL,1),(93,0,'2015-11-30','2024-03-26 10:00:02',253,25,1,104,3,NULL,1),(94,0,'2015-11-30','2024-03-26 10:00:02',NULL,25,2,105,3,NULL,1),(95,0,'2015-03-25','2020-06-12 02:45:56',NULL,4,1,106,3,NULL,1),(96,0,'2015-11-30','2024-03-26 10:00:01',260,26,2,107,3,NULL,1),(97,0,'2015-11-30','2024-03-26 10:00:01',263,25,3,108,3,NULL,1),(98,0,'2015-04-18','2020-06-12 02:56:43',NULL,28,1,109,3,NULL,1),(99,0,'2015-11-30','2024-03-26 09:59:59',269,16,1,110,3,NULL,1),(100,0,'2015-04-20','2020-06-12 02:53:32',NULL,4,2,111,3,NULL,1),(101,0,'2015-11-30','2024-03-26 09:59:59',273,26,3,112,3,NULL,1),(102,0,'2015-11-30','2024-03-26 09:59:58',277,26,4,113,3,NULL,1),(103,0,'2015-04-20','2020-06-12 02:57:58',NULL,6,1,114,3,NULL,1),(104,0,'2018-07-26','2024-03-26 09:59:58',282,26,5,115,3,NULL,1),(105,0,'2018-07-26','2024-03-26 09:59:57',286,16,2,116,3,NULL,1),(106,0,'2015-11-30','2024-03-26 09:59:57',289,25,4,117,3,NULL,1),(107,0,'2013-11-25','2024-03-26 09:54:22',291,27,1,118,3,NULL,1),(108,0,'2013-11-25','2024-03-26 09:54:21',293,16,1,119,3,'',1),(109,0,'2013-11-25','2024-03-26 09:54:20',298,26,1,120,3,NULL,1),(110,0,'2013-11-25','2024-03-26 09:54:19',302,26,2,121,3,NULL,1),(111,0,'2013-11-25','2024-03-26 09:54:18',306,26,3,122,3,NULL,1),(112,0,'2013-11-25','2024-03-26 09:54:17',310,26,4,123,3,NULL,1),(113,0,'2014-06-10','2018-07-27 21:04:18',NULL,7,1,124,3,NULL,1),(114,0,'2013-11-25','2024-03-26 09:54:16',316,25,1,125,3,NULL,1),(115,0,'2014-05-05','2018-07-27 21:04:18',NULL,3,1,126,3,NULL,1),(116,0,'2013-11-25','2024-03-26 09:54:15',322,29,1,127,3,NULL,1),(117,0,'2014-04-21','2018-07-27 21:04:19',NULL,3,2,128,3,NULL,1),(118,0,'2014-05-30','2018-07-27 21:04:19',NULL,3,3,129,3,NULL,1),(119,0,'2014-05-07','2018-07-27 21:04:18',NULL,4,1,130,3,NULL,1),(120,0,'2014-05-20','2018-07-27 21:04:19',NULL,4,2,131,3,NULL,1),(121,0,'2014-04-30','2018-07-27 21:04:19',NULL,3,4,132,3,NULL,1),(122,0,'2014-05-27','2018-07-27 21:04:19',NULL,6,1,133,3,NULL,1),(123,0,'2015-10-26','2019-03-20 15:18:12',338,13,1,134,3,NULL,1),(124,0,'2015-10-26','2018-07-31 14:11:44',342,12,1,135,3,NULL,1),(125,0,'2015-10-26','2018-07-31 14:11:45',344,12,2,136,3,NULL,1),(126,0,'2015-10-26','2018-07-31 14:11:46',347,12,3,137,3,NULL,1),(127,0,'2015-10-26','2018-07-31 14:11:44',351,31,1,138,3,NULL,1),(128,0,'2015-10-26','2018-07-31 14:11:47',353,12,4,139,3,NULL,1),(129,0,'2015-10-26','2018-07-31 14:11:45',355,30,1,140,3,NULL,1),(130,0,'2015-10-26','2018-07-31 14:11:47',357,12,5,141,3,NULL,1),(131,0,'2015-10-26','2018-07-31 14:11:45',361,30,2,142,3,NULL,1),(132,0,'2018-07-31','2018-07-31 14:11:46',364,31,2,143,3,NULL,1),(133,0,'2015-11-03','2018-08-01 17:08:09',NULL,20,1,144,3,NULL,1),(134,0,'2014-10-27','2019-03-20 15:18:54',368,13,1,145,3,NULL,1),(135,0,'2014-10-27','2018-07-31 20:30:41',372,31,1,146,3,NULL,1),(136,0,'2015-10-04','2018-08-01 17:08:09',NULL,21,1,147,3,NULL,1),(137,0,'2014-10-27','2018-07-31 20:30:41',378,12,1,148,3,NULL,1),(138,0,'2015-06-30','2018-08-01 17:08:10',NULL,21,2,149,3,NULL,1),(139,0,'2014-10-27','2018-07-31 20:30:42',381,31,2,150,3,NULL,1),(140,0,'2014-10-27','2018-07-31 20:30:42',388,12,2,151,3,NULL,1),(141,0,'2014-10-27','2018-07-31 20:30:42',390,12,3,152,3,NULL,1),(142,0,'2014-10-27','2018-07-31 20:30:43',394,12,4,153,3,NULL,1),(143,0,'2014-10-27','2018-07-31 20:30:43',398,31,3,154,3,NULL,1),(144,0,'2014-10-27','2018-07-31 20:30:43',400,31,4,155,3,NULL,1),(145,0,'2014-10-27','2018-07-31 20:30:44',403,12,5,156,3,NULL,1),(146,0,'2014-10-27','2018-07-31 20:30:44',407,31,5,157,3,NULL,1),(147,0,'2015-07-31','2018-08-01 17:08:10',NULL,23,1,158,3,NULL,1),(148,0,'2015-06-30','2018-08-01 17:08:11',NULL,21,3,159,3,NULL,1),(149,0,'2015-11-11','2018-08-01 17:08:11',NULL,23,2,160,3,NULL,1),(150,0,'2015-11-11','2018-08-01 17:08:11',NULL,23,3,161,3,NULL,1),(151,0,'2015-06-30','2018-08-01 17:08:10',NULL,22,1,162,3,NULL,1),(152,0,'2015-06-30','2018-08-01 17:08:11',NULL,21,4,163,3,NULL,1),(153,0,'2015-07-24','2018-08-01 17:08:12',NULL,21,5,164,3,NULL,1),(154,0,'2015-06-06','2018-08-01 17:08:12',NULL,23,4,165,3,NULL,1),(155,0,'2013-10-28','2019-03-20 15:20:25',427,13,1,166,3,NULL,1),(156,0,'2013-10-28','2018-08-01 15:56:22',430,12,1,167,3,NULL,1),(157,0,'2013-10-28','2018-08-01 16:15:52',433,31,1,168,3,NULL,1),(158,0,'2018-08-01','2018-08-01 16:54:27',439,12,2,169,3,NULL,1),(159,0,'2013-10-28','2018-08-01 17:03:39',445,30,1,170,3,NULL,1),(160,0,'2013-10-28','2018-09-21 14:20:46',447,30,5,171,3,NULL,1),(161,0,'2013-10-28','2018-08-01 17:21:24',449,31,2,172,3,NULL,1),(162,0,'2015-08-09','2018-08-02 13:16:09',NULL,20,1,173,3,NULL,1),(163,0,'2015-06-30','2018-08-02 13:16:09',NULL,22,1,174,3,NULL,1),(164,0,'2013-10-28','2018-08-01 17:27:59',454,12,3,175,3,NULL,1),(165,0,'2018-08-01','2018-08-01 17:32:44',457,30,2,176,3,NULL,1),(166,0,'2018-08-01','2018-08-01 19:15:04',460,31,3,177,3,NULL,1),(167,0,'2018-08-01','2018-08-01 19:20:18',462,30,3,178,3,NULL,1),(168,0,'2013-10-28','2018-08-01 19:44:15',465,12,4,179,3,NULL,1),(169,0,'2015-06-06','2018-08-02 13:16:10',NULL,22,2,180,3,NULL,1),(170,0,'2015-03-27','2018-08-02 13:16:09',NULL,21,1,181,3,NULL,1),(171,0,'2013-10-28','2018-08-01 19:52:11',474,12,5,182,3,NULL,1),(172,0,'2013-10-28','2018-08-01 20:06:18',476,30,4,183,3,NULL,1),(173,0,'2015-02-24','2018-08-02 13:16:09',NULL,23,1,184,3,NULL,1),(174,0,'2013-10-28','2018-08-01 20:18:51',481,34,1,185,3,NULL,1),(175,0,'2015-02-28','2018-08-02 13:16:10',NULL,23,2,186,3,NULL,1),(176,0,'2015-02-12','2018-08-02 13:16:11',NULL,21,2,187,3,NULL,1),(177,0,'2015-02-02','2018-08-02 13:16:11',NULL,23,3,188,3,NULL,1),(178,0,'2015-01-23','2018-08-02 13:16:11',NULL,23,4,189,3,NULL,1),(179,0,'2015-02-02','2018-08-02 13:16:11',NULL,22,3,190,3,NULL,1),(180,0,NULL,'2018-10-03 19:07:13',NULL,23,0,191,4,NULL,1),(181,0,'2012-10-22','2019-03-20 16:30:51',500,13,1,192,3,NULL,1),(182,0,'2012-10-22','2018-08-02 15:21:05',504,12,1,193,3,NULL,1),(183,0,'2012-10-22','2018-08-02 15:21:06',508,12,2,194,3,NULL,1),(184,0,'2012-10-22','2018-08-02 15:21:07',510,12,3,195,3,NULL,1),(185,0,'2012-10-22','2018-08-02 15:21:07',513,12,4,196,3,NULL,1),(186,0,'2012-10-22','2018-08-02 15:21:08',516,30,4,197,3,NULL,1),(187,0,'2018-08-02','2018-08-02 15:21:05',518,30,1,198,3,NULL,1),(188,0,'2012-10-22','2018-08-02 15:21:05',520,31,1,199,3,NULL,1),(189,0,'2012-10-22','2018-08-02 15:21:06',523,30,2,200,3,NULL,1),(190,0,'2012-10-22','2018-08-02 15:21:06',525,31,2,201,3,NULL,1),(191,0,'2012-10-22','2018-08-02 15:21:07',527,30,3,202,3,NULL,1),(192,0,'2012-10-22','2018-08-02 15:21:06',531,32,1,203,3,NULL,1),(193,0,'2012-10-22','2018-08-02 15:21:06',533,32,2,204,3,NULL,1),(194,0,'2014-10-02','2018-08-02 22:23:11',NULL,17,1,205,3,NULL,1),(195,0,'2014-09-07','2018-08-02 22:23:12',NULL,18,1,206,3,NULL,1),(196,0,'2014-09-07','2018-08-02 22:23:12',NULL,18,2,207,3,NULL,1),(197,0,'2014-12-25','2018-08-02 22:23:12',NULL,19,1,208,3,NULL,1),(198,0,'2014-07-22','2018-08-02 22:23:13',NULL,19,2,209,3,NULL,1),(199,0,'2014-12-22','2018-08-02 22:23:13',NULL,19,3,210,3,NULL,1),(200,0,'2011-10-24','2019-03-20 16:32:09',563,13,1,211,3,NULL,1),(201,0,'2011-10-24','2018-08-02 23:33:05',565,12,1,212,3,NULL,1),(202,0,'2011-10-24','2018-08-02 23:33:05',568,12,2,213,3,NULL,1),(203,0,'2011-10-24','2018-08-02 23:33:06',571,12,3,214,3,NULL,1),(204,0,'2011-10-24','2018-08-02 23:33:06',576,12,4,215,3,NULL,1),(205,0,'2011-10-24','2018-08-02 23:33:05',578,30,1,216,3,NULL,1),(206,0,'2011-10-24','2018-08-02 23:33:07',581,12,5,217,3,NULL,1),(207,0,'2011-10-24','2018-08-02 23:33:07',583,12,6,218,3,NULL,1),(208,0,'2011-10-24','2018-08-02 23:33:07',586,12,7,219,3,NULL,1),(209,0,'2011-10-24','2018-08-02 23:33:08',591,12,8,220,3,NULL,1),(210,0,'2011-10-24','2018-08-02 23:33:08',594,12,9,221,3,NULL,1),(211,0,'2011-10-24','2018-08-02 23:33:06',599,30,2,222,3,NULL,1),(212,0,'2014-06-06','2018-08-03 15:26:35',NULL,17,1,223,3,NULL,1),(213,0,'2014-06-08','2020-08-10 17:02:23',1551,19,1,224,3,NULL,1),(214,0,'2014-06-23','2018-08-03 15:26:35',NULL,19,2,225,3,NULL,1),(215,0,'2014-06-15','2018-08-03 15:26:36',NULL,19,3,226,3,NULL,1),(216,0,'2014-05-26','2018-08-03 15:26:35',NULL,18,1,227,3,NULL,1),(217,0,'2014-06-17','2018-08-03 15:26:37',NULL,19,4,228,3,NULL,1),(218,0,'2010-10-25','2019-03-20 16:34:18',616,13,1,229,3,NULL,1),(219,0,'2010-10-25','2019-03-20 16:44:33',NULL,31,1,230,3,NULL,1),(220,0,'2010-10-25','2019-03-20 16:35:08',620,12,1,231,3,NULL,1),(221,0,'2010-10-25','2019-03-20 16:41:04',622,30,1,232,3,NULL,1),(222,0,'2010-10-25','2019-03-20 16:36:07',624,12,2,233,3,NULL,1),(223,0,'2010-10-25','2019-03-20 16:42:20',626,30,2,234,3,NULL,1),(224,0,'2010-10-25','2019-03-20 16:43:10',628,30,3,235,3,NULL,1),(225,0,'2018-08-03','2019-03-20 20:45:28',630,12,4,236,3,NULL,1),(226,0,'2010-10-25','2019-03-20 16:38:38',635,12,3,237,3,NULL,1),(227,0,'2010-10-25','2019-03-20 16:43:51',637,30,4,238,3,NULL,1),(228,0,'2009-10-26','2019-03-20 16:45:26',639,13,1,239,3,NULL,1),(229,0,'2009-10-26','2019-03-20 16:47:32',641,12,1,240,3,NULL,1),(230,0,'2009-10-26','2019-03-20 16:48:22',643,12,2,241,3,NULL,1),(231,0,'2009-10-26','2019-03-20 16:52:36',645,30,1,242,3,NULL,1),(232,0,'2009-10-26','2019-03-20 16:49:02',649,12,3,243,3,NULL,1),(233,0,'2009-10-26','2019-03-20 16:53:10',651,30,2,244,3,NULL,1),(234,0,'2009-10-26','2019-03-20 16:53:49',654,30,3,245,3,NULL,1),(235,0,'2009-10-26','2019-03-20 16:49:37',660,12,4,246,3,NULL,1),(236,0,'2009-10-26','2019-03-20 16:50:19',663,12,5,247,3,NULL,1),(237,0,'2009-10-26','2019-03-20 16:54:36',665,30,4,248,3,NULL,1),(238,0,'2017-01-30','2020-06-05 16:04:45',NULL,7,1,249,3,NULL,1),(239,0,'2017-01-30','2020-06-05 16:04:55',NULL,3,1,250,3,NULL,1),(240,0,'2017-01-30','2020-06-05 16:05:12',NULL,3,2,251,3,NULL,1),(241,0,'2017-01-30','2020-06-05 16:05:20',NULL,3,3,252,3,NULL,1),(242,0,'2017-01-30','2020-06-05 16:06:03',NULL,3,4,253,3,NULL,1),(243,0,'2017-01-30','2020-06-05 16:06:13',NULL,3,5,254,3,NULL,1),(244,0,'2017-01-30','2020-06-05 16:06:21',NULL,4,1,255,3,NULL,1),(245,0,'2017-01-30','2020-06-05 16:04:36',NULL,6,1,256,3,NULL,1),(246,0,'2015-11-30','2018-08-27 19:06:18',691,8,1,258,3,NULL,1),(247,0,'2015-11-30','2018-08-27 19:06:19',NULL,2,1,259,3,NULL,1),(248,0,'2015-11-30','2018-08-27 19:06:19',695,2,2,260,3,NULL,1),(249,0,'2015-11-30','2018-08-27 19:06:19',697,2,3,261,3,NULL,1),(250,0,'2015-11-30','2018-08-27 19:06:20',699,2,4,262,3,NULL,1),(251,0,'2015-11-30','2018-08-27 19:06:20',702,2,5,263,3,NULL,1),(252,0,'2015-11-30','2018-08-27 19:06:21',704,2,6,264,3,NULL,1),(253,0,'2015-11-30','2018-08-27 19:06:19',706,10,1,265,3,NULL,1),(254,0,'2015-11-30','2018-08-27 19:06:19',708,10,2,266,3,NULL,1),(255,0,'2015-11-30','2018-08-27 19:06:20',710,10,3,267,3,NULL,1),(256,0,'2015-11-30','2018-08-27 19:06:20',712,10,4,268,3,NULL,1),(257,0,'2015-11-30','2018-08-27 19:06:21',714,10,5,269,3,NULL,1),(258,0,'2015-11-30','2018-08-27 19:06:21',716,10,6,270,3,NULL,1),(259,0,'2014-11-24','2018-08-27 20:58:16',718,8,1,271,3,NULL,1),(260,0,'2014-11-24','2018-08-27 20:58:17',720,2,1,272,3,NULL,1),(261,0,'2014-11-24','2018-08-27 20:58:17',723,2,2,273,3,NULL,1),(262,0,'2014-11-24','2018-08-27 20:58:18',725,2,3,274,3,NULL,1),(263,0,'2014-11-24','2018-08-27 20:58:19',727,2,4,275,3,NULL,1),(264,0,'2014-11-24','2018-08-27 20:58:19',729,2,5,276,3,NULL,1),(265,0,'2014-11-24','2018-08-27 20:58:20',731,2,6,277,3,NULL,1),(266,0,'2014-11-24','2018-08-27 20:58:17',733,10,1,278,3,NULL,1),(267,0,'2014-11-24','2018-08-27 20:58:18',735,10,2,279,3,NULL,1),(268,0,'2014-11-24','2018-08-27 20:58:18',737,10,3,280,3,NULL,1),(269,0,'2014-11-24','2018-08-27 20:58:19',739,10,4,281,3,NULL,1),(270,0,'2014-11-24','2018-08-27 20:58:20',741,10,5,282,3,NULL,1),(271,0,'2014-11-24','2018-08-27 20:58:17',743,11,1,283,3,NULL,1),(272,0,'2013-11-25','2018-08-27 22:06:29',745,8,1,284,3,NULL,1),(273,0,'2013-11-25','2018-10-22 22:09:01',747,2,2,285,3,NULL,1),(274,0,'2013-11-25','2018-10-22 22:13:10',749,2,1,286,3,NULL,1),(275,0,'2013-11-25','2018-08-27 22:06:30',751,10,1,287,3,NULL,1),(276,0,'2013-11-25','2018-08-27 22:06:30',753,10,2,288,3,NULL,1),(277,0,'2013-11-25','2018-08-27 22:06:31',755,10,3,289,3,NULL,1),(278,0,'2013-11-25','2018-08-27 22:06:31',757,10,4,290,3,NULL,1),(279,0,'2013-11-25','2018-08-27 22:06:31',759,10,5,291,3,NULL,1),(280,0,'2013-11-25','2018-08-27 22:06:30',761,11,1,292,3,NULL,1),(281,0,'2013-11-25','2018-08-27 22:06:30',763,11,2,293,3,NULL,1),(282,0,'2008-10-27','2019-03-20 19:17:43',766,13,1,295,3,NULL,1),(283,0,'2008-10-27','2019-03-20 19:20:03',768,12,1,296,3,NULL,1),(284,0,'2008-10-27','2019-03-20 19:22:13',770,12,2,297,3,NULL,1),(285,0,'2008-10-27','2019-03-20 19:30:32',772,30,1,298,3,NULL,1),(286,0,'2008-10-27','2019-03-20 19:23:49',774,12,3,299,3,NULL,1),(287,0,'2008-10-27','2019-03-20 19:25:43',777,12,4,300,3,NULL,1),(288,0,'2008-10-27','2019-03-20 19:31:28',780,30,2,301,3,NULL,1),(289,0,'2008-10-27','2019-03-20 19:26:41',782,12,5,302,3,NULL,1),(290,0,'2008-10-27','2019-03-20 19:27:43',785,12,6,303,3,NULL,1),(291,0,'2008-10-27','2019-03-20 19:28:24',787,12,7,304,3,NULL,1),(292,0,'2008-10-27','2019-03-20 19:32:15',793,30,3,305,3,NULL,1),(293,0,'2008-10-27','2019-03-20 19:32:56',795,30,4,306,3,NULL,1),(294,0,'2018-08-30','2019-03-20 19:29:24',799,12,8,307,3,NULL,1),(295,0,'2013-11-11','2018-08-31 21:46:57',803,17,1,308,3,NULL,1),(296,0,'2013-11-14','2018-09-03 21:08:57',NULL,36,1,309,3,NULL,1),(297,0,'2013-10-09','2018-08-31 21:46:57',NULL,36,2,310,3,NULL,1),(298,0,'2013-08-27','2018-08-31 21:46:58',NULL,36,3,311,3,NULL,1),(299,0,'2013-10-28','2018-08-31 21:46:58',NULL,36,4,312,3,NULL,1),(300,0,'2013-09-27','2018-08-31 21:46:57',NULL,37,1,313,3,NULL,1),(301,0,'2007-10-29','2019-03-20 19:34:26',820,13,1,314,3,NULL,1),(302,0,'2007-10-29','2019-03-20 19:48:21',822,30,2,315,3,NULL,1),(303,0,'2007-10-29','2019-03-20 19:44:52',825,30,1,316,3,NULL,1),(304,0,'2007-10-29','2019-03-20 19:49:09',827,30,3,317,3,NULL,1),(305,0,'2007-10-29','2019-03-20 19:35:24',829,12,1,318,3,NULL,1),(306,0,'2007-10-29','2019-03-20 19:36:13',836,12,2,319,3,NULL,1),(307,0,'2007-10-29','2019-03-20 19:37:58',838,12,3,320,3,NULL,1),(308,0,'2007-10-29','2019-03-20 19:40:37',840,12,4,321,3,NULL,1),(309,0,'2007-10-29','2019-03-20 19:42:06',842,12,5,322,3,NULL,1),(310,0,'2007-10-29','2019-03-20 19:43:30',845,12,6,323,3,NULL,1),(311,0,'2007-10-29','2019-03-20 19:44:14',847,12,7,324,3,NULL,1),(312,0,'2007-10-29','2019-03-20 19:49:51',849,30,4,325,3,NULL,1),(313,0,'2013-05-30','2018-09-12 16:45:19',NULL,17,1,326,3,NULL,1),(314,0,'2013-05-06','2018-09-17 20:54:39',NULL,36,1,327,3,NULL,1),(315,0,'2013-08-10','2018-09-12 16:45:20',NULL,36,2,328,3,NULL,1),(316,0,'2013-08-26','2018-09-12 16:45:20',NULL,36,3,329,3,NULL,1),(317,0,'2013-09-20','2018-09-12 16:45:19',NULL,38,1,330,3,NULL,1),(318,0,'2013-07-10','2018-09-12 16:45:20',NULL,40,1,331,3,NULL,1),(319,0,'2012-11-12','2018-09-12 20:41:49',NULL,17,1,332,3,NULL,1),(320,0,'2012-02-25','2018-09-12 20:41:49',NULL,36,1,333,3,NULL,1),(321,0,'2012-03-18','2018-09-12 20:41:49',NULL,36,2,334,3,NULL,1),(322,0,'2012-09-10','2018-09-12 20:41:49',NULL,36,3,335,3,NULL,1),(323,0,'2012-09-28','2018-09-17 16:23:26',NULL,17,1,336,3,NULL,1),(324,0,'2012-09-10','2018-09-17 16:23:27',NULL,36,1,337,3,NULL,1),(325,0,'2012-09-10','2018-09-17 16:23:27',NULL,36,2,338,3,NULL,1),(326,0,'2012-09-20','2018-09-17 16:23:27',NULL,38,1,339,3,NULL,1),(327,0,'2012-07-11','2018-09-17 16:23:28',NULL,38,2,340,3,NULL,1),(328,0,'2012-06-22','2018-09-17 16:23:27',NULL,37,1,341,3,NULL,1),(329,0,'2011-07-17','2018-09-17 19:59:54',NULL,17,1,342,3,NULL,1),(330,0,'2011-07-08','2018-09-17 19:59:55',NULL,17,2,343,3,NULL,1),(331,0,'2011-07-20','2022-06-13 09:26:07',NULL,36,1,344,3,NULL,1),(332,0,'2011-07-05','2018-09-17 19:59:54',NULL,38,1,345,3,NULL,1),(333,0,'2011-07-05','2018-09-17 19:59:55',NULL,36,2,346,3,NULL,1),(334,0,'2011-07-20','2018-09-17 19:59:55',NULL,38,2,347,3,NULL,1),(335,0,'2011-07-15','2018-09-17 19:59:55',NULL,37,1,348,3,NULL,1),(336,0,'2011-07-12','2018-09-17 19:59:55',NULL,40,1,349,3,NULL,1),(337,0,'2017-10-23','2018-09-21 22:42:26',923,13,1,350,3,NULL,1),(338,0,'2014-05-21','2018-09-21 16:23:14',NULL,7,1,351,3,NULL,1),(339,0,'2014-02-02','2018-09-21 16:23:14',NULL,3,1,352,3,NULL,1),(340,0,'2014-06-22','2018-09-21 16:23:14',NULL,3,2,353,3,NULL,1),(341,0,'2014-04-14','2018-09-21 16:23:15',NULL,3,3,354,3,NULL,1),(342,0,'2017-11-20','2018-09-21 20:09:05',933,8,1,355,3,NULL,1),(343,0,'2017-11-27','2018-09-21 20:09:05',935,9,1,356,3,NULL,1),(344,0,'2014-05-01','2018-09-21 16:23:14',NULL,4,1,357,3,NULL,1),(345,0,'2014-05-25','2018-09-21 16:23:15',NULL,4,2,358,3,NULL,1),(346,0,'2017-11-27','2018-09-21 20:09:05',945,2,1,359,3,NULL,1),(347,0,'2014-05-07','2018-09-21 16:23:15',NULL,4,3,360,3,NULL,1),(348,0,'2017-10-30','2018-09-21 20:09:06',949,2,2,361,3,NULL,1),(349,0,'2014-05-20','2018-09-21 16:23:14',NULL,6,1,362,3,NULL,1),(350,0,'2017-11-27','2018-09-21 20:09:06',953,2,3,363,3,NULL,1),(351,0,'2017-11-27','2018-09-21 20:09:07',955,2,4,364,3,NULL,1),(352,0,'2013-11-29','2018-09-21 21:31:00',NULL,7,1,365,3,NULL,1),(353,0,'2017-11-27','2018-09-21 20:09:07',963,2,5,366,3,NULL,1),(354,0,'2013-10-25','2018-09-21 21:31:00',NULL,3,1,367,3,NULL,1),(355,0,'2013-10-25','2018-09-21 21:31:01',NULL,3,2,368,3,NULL,1),(356,0,'2017-11-27','2018-09-21 20:09:07',966,2,6,369,3,NULL,1),(357,0,'2017-11-27','2018-09-21 20:09:08',971,2,7,370,3,NULL,1),(358,0,'2017-11-27','2018-09-21 20:09:08',973,2,8,371,3,NULL,1),(359,0,'2013-12-13','2018-09-21 21:31:01',NULL,4,1,372,3,NULL,1),(360,0,'2017-11-27','2018-09-21 20:09:09',976,2,9,373,3,NULL,1),(361,0,'2013-12-10','2018-09-21 21:31:01',NULL,4,2,374,3,NULL,1),(362,0,'2017-11-27','2018-09-21 20:09:06',980,10,1,375,3,NULL,1),(363,0,'2018-09-21','2018-09-21 20:09:06',982,10,2,376,3,NULL,1),(364,0,'2013-12-01','2018-09-21 21:31:01',NULL,4,3,377,3,NULL,1),(365,0,'2013-10-21','2018-09-21 21:31:01',NULL,6,1,378,3,NULL,1),(366,0,'2006-10-30','2019-03-20 19:51:09',991,12,1,379,3,NULL,1),(367,0,'2006-10-30','2019-03-20 19:52:07',993,12,2,380,3,NULL,1),(368,0,'2006-10-30','2019-03-20 19:55:00',995,12,3,381,3,NULL,1),(369,0,'2006-10-30','2019-03-20 19:55:55',998,12,4,382,3,NULL,1),(370,0,'2006-10-30','2019-03-20 19:56:52',1003,12,5,383,3,NULL,1),(371,0,'2006-10-30','2019-03-20 19:57:44',1006,12,6,384,3,NULL,1),(372,0,'2006-10-30','2019-03-20 19:58:44',1009,12,7,385,3,NULL,1),(373,0,'2018-09-21','2019-03-20 20:01:48',1011,30,1,386,3,NULL,1),(374,0,'2006-10-30','2019-03-20 19:59:52',1013,12,8,387,3,NULL,1),(375,0,'2006-10-30','2019-03-20 20:00:36',1016,12,9,388,3,NULL,1),(376,0,'2006-10-30','2019-03-20 20:02:34',1019,30,2,389,3,NULL,1),(377,0,'2013-09-26','2018-09-26 22:28:16',NULL,7,1,391,3,NULL,1),(378,0,'2013-08-12','2018-09-26 22:28:16',NULL,3,1,392,3,NULL,1),(379,0,'2013-08-18','2018-09-26 22:28:17',NULL,3,2,393,3,NULL,1),(380,0,'2013-10-13','2018-09-26 22:28:18',NULL,3,3,394,3,NULL,1),(381,0,'2013-10-25','2018-09-26 22:28:18',NULL,3,4,395,3,NULL,1),(382,0,'2013-08-26','2018-09-26 22:28:17',NULL,5,1,396,3,NULL,1),(383,0,'2013-09-15','2018-09-26 22:28:18',NULL,5,2,397,3,NULL,1),(384,0,'2013-09-23','2018-09-26 22:28:17',NULL,28,1,398,3,NULL,1),(385,0,'2013-08-21','2018-09-26 22:28:17',NULL,4,1,399,3,NULL,1),(386,0,'2013-09-20','2018-09-26 22:28:17',NULL,6,1,400,3,NULL,1),(387,0,'2012-12-14','2018-10-01 14:36:04',NULL,7,1,401,3,NULL,1),(388,0,'2012-12-10','2018-10-01 14:36:04',NULL,3,1,402,3,NULL,1),(389,0,'2012-12-01','2018-10-01 14:36:04',NULL,4,1,403,3,NULL,1),(390,0,'2012-12-10','2018-10-01 14:36:05',NULL,4,2,404,3,NULL,1),(391,0,'2012-12-01','2018-10-01 14:36:05',NULL,4,3,405,3,NULL,1),(392,0,'2012-12-03','2018-10-01 14:36:04',NULL,5,1,406,3,NULL,1),(393,0,'2012-12-15','2018-10-01 14:36:04',NULL,28,1,407,3,NULL,1),(394,0,'2018-10-01','2018-10-01 14:36:05',NULL,6,1,408,3,NULL,1),(395,0,'2012-10-01','2018-10-01 17:01:38',NULL,7,1,409,3,NULL,1),(396,0,'2012-10-01','2018-10-01 17:01:40',NULL,7,2,410,3,NULL,1),(397,0,'2012-10-10','2018-10-01 17:01:39',NULL,3,1,411,3,NULL,1),(398,0,'2012-05-07','2018-10-01 17:01:39',NULL,4,1,412,3,NULL,1),(399,0,'2012-09-25','2018-10-01 17:01:40',NULL,4,2,413,3,NULL,1),(400,0,'2012-10-20','2018-10-01 17:01:40',NULL,4,3,414,3,NULL,1),(401,0,'2012-08-01','2018-10-01 17:01:39',NULL,5,1,415,3,NULL,1),(402,0,'2012-11-05','2018-10-01 17:01:40',NULL,5,2,416,3,NULL,1),(403,0,'2012-10-15','2018-10-01 17:01:39',NULL,6,1,417,3,NULL,1),(404,0,'2011-10-03','2018-10-01 20:43:58',NULL,7,1,418,3,NULL,1),(405,0,'2011-12-01','2018-10-01 20:43:59',NULL,7,2,419,3,NULL,1),(406,0,'2011-12-06','2018-10-01 20:43:58',NULL,3,1,420,3,NULL,1),(407,0,'2011-12-13','2018-10-01 20:43:59',NULL,3,2,421,3,NULL,1),(408,0,'2011-12-14','2018-10-01 20:43:59',NULL,4,1,422,3,NULL,1),(409,0,'2011-12-10','2018-10-01 20:43:59',NULL,4,2,423,3,NULL,1),(410,0,'2011-11-16','2018-10-01 20:44:00',NULL,4,3,424,3,NULL,1),(411,0,'2011-12-10','2018-10-01 20:44:00',NULL,4,4,425,3,NULL,1),(412,0,'2011-11-16','2018-10-01 20:43:59',NULL,28,1,426,3,NULL,1),(413,0,'2014-10-20','2018-10-03 14:45:27',NULL,20,1,427,3,NULL,1),(414,0,'2014-06-30','2018-10-03 14:45:27',NULL,22,1,428,3,NULL,1),(415,0,'2014-07-13','2018-10-03 14:45:28',NULL,23,1,429,3,NULL,1),(416,0,'2014-10-14','2018-10-03 14:45:29',NULL,22,2,430,3,NULL,1),(417,0,'2014-07-14','2018-10-03 14:45:29',NULL,23,2,431,3,NULL,1),(418,0,'2014-05-30','2018-10-03 14:45:29',NULL,21,1,432,3,NULL,1),(419,0,'2014-07-07','2018-10-03 14:45:30',NULL,22,3,433,3,NULL,1),(420,0,'2014-10-07','2018-10-03 14:45:30',NULL,22,4,434,3,NULL,1),(421,0,'2014-07-27','2018-10-03 14:45:29',NULL,21,2,435,3,NULL,1),(422,0,'2018-10-04','2018-10-04 22:53:10',NULL,41,1,436,3,NULL,1),(423,0,'2018-10-04','2018-10-04 22:53:10',NULL,41,2,437,3,NULL,1),(424,0,'2018-10-04','2018-10-04 22:53:10',NULL,41,3,438,3,NULL,1),(425,0,'2018-10-04','2018-10-04 22:53:10',NULL,41,4,439,3,NULL,1),(426,0,'2018-10-04','2018-10-04 22:53:10',NULL,41,5,440,3,NULL,1),(427,0,'2018-10-04','2018-10-04 22:53:10',NULL,41,5,441,3,NULL,1),(428,0,'2018-10-04','2018-10-04 22:53:10',NULL,41,6,442,3,NULL,1),(429,0,'2018-10-04','2018-10-04 22:53:10',NULL,41,7,443,3,NULL,1),(430,0,'2018-10-04','2018-10-04 22:53:10',NULL,41,8,444,3,NULL,1),(431,0,'2018-10-04','2018-10-04 22:53:11',NULL,41,9,445,3,NULL,1),(432,0,'2018-10-04','2018-10-04 22:53:11',NULL,41,10,446,3,NULL,1),(433,0,'2018-10-04','2018-10-04 22:53:11',NULL,41,11,447,3,NULL,1),(434,0,'2018-10-04','2018-10-04 22:53:11',NULL,41,12,448,3,NULL,1),(435,0,'2018-10-04','2018-10-04 22:53:11',NULL,41,13,449,3,NULL,1),(436,0,'2018-10-04','2018-10-04 22:53:11',NULL,41,14,450,3,NULL,1),(437,0,'2018-10-04','2018-10-04 22:53:11',NULL,41,15,451,3,NULL,1),(438,0,'2013-10-18','2018-10-18 21:05:41',NULL,20,1,452,3,NULL,1),(439,0,'2013-09-18','2018-10-18 21:05:43',NULL,20,2,453,3,NULL,1),(440,0,'2013-03-11','2018-10-18 21:05:42',NULL,21,1,454,3,NULL,1),(441,0,'2013-04-10','2018-10-18 21:05:43',NULL,21,2,455,3,NULL,1),(442,0,'2013-05-02','2018-10-18 21:05:42',NULL,23,1,456,3,NULL,1),(443,0,'2013-06-18','2018-10-18 21:05:42',NULL,22,1,457,3,NULL,1),(444,0,'2013-09-16','2018-10-18 21:05:43',NULL,22,2,458,3,NULL,1),(445,0,'2013-10-01','2018-10-18 21:05:43',NULL,22,3,459,3,NULL,1),(446,0,'2013-07-10','2018-10-18 21:05:43',NULL,22,4,460,3,NULL,1),(447,0,'2013-06-30','2018-10-18 21:05:44',NULL,22,5,461,3,NULL,1),(448,0,'2013-05-26','2018-10-18 21:05:42',NULL,42,1,462,3,NULL,1),(449,0,'2005-10-31','2018-10-22 16:36:40',1191,13,1,463,3,NULL,1),(450,0,'2005-10-31','2019-03-20 20:06:57',1193,12,1,464,3,NULL,1),(451,0,'2005-10-31','2019-03-20 20:08:01',1197,12,2,465,3,NULL,1),(452,0,'2005-10-31','2019-03-20 20:10:04',1199,12,3,466,3,NULL,1),(453,0,'2005-10-31','2019-03-20 20:10:39',1201,12,4,467,3,NULL,1),(454,0,'2005-10-31','2019-03-20 20:11:17',1203,12,5,468,3,NULL,1),(455,0,'2005-10-31','2019-03-20 20:11:56',1205,12,6,469,3,NULL,1),(456,0,'2005-10-31','2019-03-20 20:12:34',1208,12,7,470,3,NULL,1),(457,0,'2005-10-31','2019-03-20 20:13:21',1211,12,8,471,3,NULL,1),(458,0,'2005-10-31','2019-03-20 20:14:15',1213,12,9,472,3,NULL,1),(459,0,'2005-10-31','2019-03-20 20:15:00',1216,12,10,473,3,NULL,1),(460,0,'2005-10-31','2019-03-20 20:15:36',1218,12,11,474,3,NULL,1),(461,0,'2005-10-31','2019-03-20 20:16:08',1221,12,12,475,3,NULL,1),(462,0,'2004-10-25','2018-10-22 20:09:51',1223,13,1,476,3,NULL,1),(463,0,'2004-10-25','2019-03-20 20:16:46',1225,12,1,477,3,NULL,1),(464,0,'2004-10-25','2019-03-20 20:17:22',1227,12,2,478,3,NULL,1),(465,0,'2004-10-25','2019-03-20 20:18:30',1229,12,3,479,3,NULL,1),(466,0,'2004-10-25','2019-03-20 20:24:46',1231,12,4,480,3,NULL,1),(467,0,'2004-10-25','2019-03-20 20:25:28',1233,12,5,481,3,NULL,1),(468,0,'2004-10-25','2019-03-20 20:26:19',1235,12,6,482,3,NULL,1),(469,0,'2004-10-25','2019-03-20 20:27:11',1237,12,7,483,3,NULL,1),(470,0,'2004-10-25','2018-10-22 20:09:54',1239,12,8,484,3,NULL,1),(471,0,'2004-10-25','2019-03-20 20:27:48',1241,12,9,485,3,NULL,1),(472,0,'2004-10-25','2019-03-20 20:28:22',1243,12,10,486,3,NULL,1),(473,0,'2004-10-25','2019-03-20 20:28:53',1246,12,11,487,3,NULL,1),(474,0,'2004-10-25','2019-03-20 20:29:34',1249,12,12,488,3,NULL,1),(475,0,'2001-10-22','2018-10-22 21:34:42',1251,13,1,489,3,NULL,1),(476,0,'2001-10-22','2020-06-12 22:19:30',1253,12,1,490,3,NULL,1),(477,0,'2001-10-22','2020-06-12 22:16:58',1255,12,2,491,3,NULL,1),(478,0,'2001-10-22','2019-03-20 20:31:50',1257,12,3,492,3,NULL,1),(479,0,'2001-10-22','2019-03-20 20:32:30',1259,12,4,493,3,NULL,1),(480,0,'2001-10-22','2019-03-20 20:33:17',1261,12,5,494,3,NULL,1),(481,0,'2001-10-22','2019-03-20 20:34:18',1263,12,6,495,3,NULL,1),(482,0,'2001-10-22','2019-03-20 20:34:55',1265,12,7,496,3,NULL,1),(483,0,'2001-10-22','2019-03-20 20:35:31',1267,12,8,497,3,NULL,1),(484,0,'2001-10-22','2019-03-20 20:36:05',1269,12,9,498,3,NULL,1),(485,0,'2012-11-12','2018-10-30 14:28:51',NULL,20,1,499,3,NULL,1),(486,0,'2012-11-06','2018-10-30 14:28:54',NULL,20,2,500,3,NULL,1),(487,0,'2012-07-30','2022-05-24 12:43:35',NULL,21,1,501,3,NULL,1),(488,0,'2012-08-01','2018-10-30 14:28:54',NULL,21,2,502,3,NULL,1),(489,0,'2012-10-03','2018-10-30 14:28:55',NULL,21,3,503,3,NULL,1),(490,0,'2012-08-15','2018-10-30 14:28:51',NULL,23,1,504,3,NULL,1),(491,0,'2012-08-28','2018-10-30 14:28:53',NULL,23,2,505,3,NULL,1),(492,0,'2012-09-06','2018-10-30 14:28:54',NULL,23,3,506,3,NULL,1),(493,0,'2012-09-20','2018-10-30 14:28:56',NULL,23,4,507,3,NULL,1),(494,0,'2012-09-30','2018-10-30 14:28:50',NULL,22,1,508,3,NULL,1),(495,0,'2012-10-03','2018-10-30 14:28:52',NULL,22,2,509,3,NULL,1),(496,0,'2012-10-19','2018-10-30 14:28:54',NULL,22,3,510,3,NULL,1),(497,0,'2012-10-30','2018-10-30 14:28:55',NULL,22,4,511,3,NULL,1),(498,0,NULL,'2019-06-14 20:56:39',1298,4,0,512,4,NULL,1),(499,0,NULL,'2019-01-14 16:47:32',1299,25,0,513,4,NULL,1),(500,0,NULL,'2019-06-14 20:54:48',1300,28,0,514,4,NULL,1),(501,0,NULL,'2019-06-14 20:55:13',1303,3,0,517,4,NULL,1),(502,0,'2015-03-26','2018-11-26 19:18:56',NULL,17,1,518,3,NULL,1),(503,0,'2015-04-10','2019-02-21 15:40:09',NULL,18,2,519,3,NULL,1),(504,0,'2015-04-23','2018-11-26 19:18:57',NULL,18,1,520,3,NULL,1),(505,0,'2015-03-12','2018-11-26 19:18:56',NULL,19,1,522,3,NULL,1),(506,0,'2015-04-01','2018-11-26 19:18:57',NULL,19,2,523,3,NULL,1),(507,0,NULL,'2018-11-26 19:18:58',NULL,19,0,524,3,NULL,1),(508,0,NULL,'2020-07-27 19:03:46',1325,30,0,526,4,NULL,1),(509,0,NULL,'2019-01-14 16:56:28',1326,27,0,527,1,NULL,1),(510,0,'2018-12-03','2020-08-04 16:24:43',1330,13,1,529,3,NULL,1),(511,0,'2018-12-03','2020-08-04 16:49:14',1332,12,1,530,3,NULL,1),(512,0,'2018-12-03','2020-08-04 16:25:04',1339,12,2,531,3,NULL,1),(513,0,'2018-12-03','2020-08-04 16:50:48',1340,12,3,532,3,NULL,1),(514,0,'2018-12-03','2020-08-05 19:19:58',1342,12,4,533,3,NULL,1),(515,0,'2018-12-03','2020-08-04 16:25:39',1343,12,5,534,3,NULL,1),(516,0,'2018-12-03','2020-08-04 16:25:51',1344,12,6,535,3,NULL,1),(517,0,'2018-12-03','2020-08-04 16:26:00',1346,12,7,536,3,NULL,1),(518,0,'2018-12-03','2020-08-04 16:26:11',1349,12,8,537,3,NULL,1),(519,0,'2018-12-03','2020-08-04 16:39:26',1350,12,9,538,3,NULL,1),(520,0,'2018-12-03','2020-08-05 19:21:37',1351,30,1,539,3,NULL,1),(521,0,'2018-12-03','2020-08-04 16:26:47',1352,43,1,540,3,NULL,1),(522,0,'2017-06-05','2020-06-05 16:08:14',1356,7,1,541,3,NULL,1),(523,0,'2017-06-05','2020-02-25 21:47:00',1359,3,1,542,3,NULL,1),(524,0,'2017-06-05','2019-02-06 14:15:22',1361,3,2,543,3,NULL,1),(525,0,'2017-06-05','2019-02-06 14:15:24',1366,3,3,544,3,NULL,1),(526,0,'2017-06-05','2019-02-06 14:15:24',1368,3,4,545,3,NULL,1),(527,0,'2017-06-05','2019-02-06 14:15:21',1372,4,1,546,3,NULL,1),(528,0,'2017-06-05','2019-02-06 14:15:23',1374,4,2,547,3,NULL,1),(529,0,'2017-06-05','2019-02-06 14:15:22',1377,6,1,548,3,NULL,1),(530,0,NULL,'2020-06-24 21:03:03',1379,31,0,550,4,NULL,1),(531,0,'2015-11-30','2019-05-24 14:50:42',1382,17,1,552,3,NULL,1),(532,0,'2019-08-05','2020-10-28 15:09:42',1468,12,5,553,3,NULL,1),(533,0,'2015-11-30','2019-05-24 14:50:42',1389,36,1,554,3,NULL,1),(534,0,'2015-11-30','2019-05-24 14:50:43',1392,38,1,557,3,NULL,1),(535,0,'2015-11-30','2019-05-24 14:50:44',1400,36,2,558,3,NULL,1),(536,0,'2015-11-30','2019-05-24 14:50:44',1403,38,2,559,3,NULL,1),(537,0,NULL,'2019-06-10 14:44:18',1407,19,0,560,1,NULL,1),(538,0,'2016-11-11','2019-07-12 15:14:26',1410,17,1,562,3,NULL,1),(539,0,'2016-11-11','2019-07-12 15:14:27',1412,36,1,563,3,NULL,1),(540,0,'2016-11-11','2019-07-12 15:14:27',1414,38,1,564,3,NULL,1),(541,0,'2016-11-11','2019-07-12 15:14:28',1415,38,2,565,3,NULL,1),(542,0,'2016-11-11','2019-07-12 15:14:28',1417,36,2,566,3,NULL,1),(543,0,'2016-11-11','2019-07-12 15:14:29',1420,36,3,567,3,NULL,1),(544,0,'2017-05-29','2020-06-12 02:36:03',1423,17,1,568,3,NULL,1),(545,0,'2017-05-29','2020-06-12 02:36:40',1426,36,1,569,3,NULL,1),(546,0,'2017-05-29','2020-06-12 02:37:14',1428,36,2,570,3,NULL,1),(547,0,'2017-05-29','2020-06-12 02:37:50',1431,36,3,571,3,NULL,1),(548,0,'2017-05-29','2020-06-12 02:38:21',1432,36,4,572,3,NULL,1),(549,0,NULL,'2020-06-24 13:19:34',1442,30,0,580,4,NULL,1),(550,0,NULL,'2019-12-26 15:15:36',1446,3,0,584,1,NULL,1),(551,0,NULL,'2020-01-04 04:28:19',1448,28,0,586,1,NULL,1),(552,0,'2019-08-05','2020-07-23 19:14:16',1461,13,1,590,3,NULL,1),(553,0,'2019-08-05','2020-07-23 19:14:26',1454,12,1,591,3,NULL,1),(554,0,'2019-08-05','2020-07-23 19:14:36',1458,12,2,592,3,NULL,1),(555,0,'2019-08-05','2020-10-28 14:57:31',1463,12,3,593,3,NULL,1),(556,0,'2019-08-05','2020-07-23 19:14:58',1467,12,4,594,3,NULL,1),(557,0,'2019-08-05','2020-07-23 19:15:21',1470,12,6,595,3,NULL,1),(558,0,'2019-08-05','2020-07-27 21:09:00',1474,12,7,596,3,NULL,1),(559,0,'2019-08-05','2020-07-27 21:45:01',1476,12,8,597,3,NULL,1),(560,0,'2019-08-05','2020-07-23 19:04:28',1480,12,9,598,3,NULL,1),(561,0,'2017-11-27','2020-06-12 02:30:47',1484,17,1,602,3,NULL,1),(562,0,'2017-11-27','2020-06-12 02:31:44',1485,18,1,603,3,NULL,1),(563,0,'2017-11-27','2020-06-12 02:32:31',1487,18,2,604,3,NULL,1),(564,0,'2017-11-27','2020-06-12 02:33:06',1489,18,3,606,3,NULL,1),(565,0,'2017-11-27','2020-06-12 02:33:45',1492,18,4,607,3,NULL,1),(566,0,'2017-11-27','2020-06-12 02:34:39',1494,19,1,608,3,NULL,1),(567,0,'2017-11-27','2020-06-12 02:35:13',1496,19,2,609,3,NULL,1),(568,0,NULL,'2021-07-01 21:11:22',1498,19,0,610,4,NULL,1),(569,0,NULL,'2020-06-10 23:17:23',1501,18,0,612,1,NULL,1),(570,0,'2018-05-28','2020-08-19 15:55:47',1502,17,1,613,3,NULL,1),(571,0,'2018-05-28','2020-08-19 15:30:50',1503,18,1,614,3,NULL,1),(572,0,'2018-05-28','2020-08-19 15:31:39',1505,18,2,615,3,NULL,1),(573,0,'2018-05-28','2020-08-19 15:32:43',1506,19,1,616,3,NULL,1),(574,0,'2018-05-28','2020-08-19 15:33:16',1510,19,2,617,3,NULL,1),(575,0,'2018-05-28','2020-08-19 15:53:53',1512,19,3,618,3,NULL,1),(576,0,NULL,'2020-06-10 23:14:11',1513,18,0,619,1,NULL,1),(577,0,NULL,'2020-08-28 15:17:38',1515,12,0,621,4,NULL,1),(578,0,'2018-12-03','2020-08-19 13:19:27',1517,20,1,623,3,NULL,1),(579,0,'2018-12-03','2020-08-19 13:19:40',1519,21,1,625,3,NULL,1),(580,0,'2018-12-03','2020-08-19 13:19:52',1521,21,2,626,3,NULL,1),(581,0,'2018-12-03','2020-08-19 13:20:02',1524,21,3,627,3,NULL,1),(582,0,'2018-12-03','2020-08-19 13:20:16',1526,21,4,628,3,NULL,1),(583,0,'2018-12-03','2020-08-19 13:20:28',1527,21,5,629,3,NULL,1),(584,0,'2012-12-03','2020-08-19 13:20:39',1529,21,6,630,3,NULL,1),(585,0,'2018-12-03','2020-08-19 13:20:53',1530,21,7,631,3,NULL,1),(586,0,'2018-12-03','2020-08-19 13:21:02',1531,22,1,632,3,NULL,1),(587,0,'2018-12-03','2020-08-19 13:21:11',1532,22,2,633,3,NULL,1),(588,0,'2018-12-03','2020-08-19 13:21:22',1535,22,3,634,3,NULL,1),(589,0,'2018-12-03','2020-08-19 13:21:32',1537,22,4,635,3,NULL,1),(590,0,NULL,'2020-08-28 15:17:04',1539,12,0,637,4,NULL,1),(591,0,NULL,'2020-06-22 22:38:43',1544,31,0,640,4,NULL,1),(592,0,'2020-09-22','2020-09-22 20:48:58',1557,20,1,651,3,NULL,1),(593,0,'2020-09-22','2022-05-04 11:38:32',1558,22,1,652,3,NULL,1),(594,0,'2020-09-22','2022-05-04 11:41:51',1560,22,2,653,3,NULL,1),(595,0,'2020-09-22','2022-05-04 11:43:28',1561,22,3,654,3,NULL,1),(596,0,'2020-09-22','2022-05-04 11:48:58',1562,22,5,655,3,NULL,1),(597,0,'2020-09-22','2022-05-04 12:00:46',1563,22,6,656,3,NULL,1),(598,0,'2020-09-22','2022-05-04 12:02:12',1566,22,7,657,3,NULL,1),(599,0,'2020-09-22','2022-05-04 12:03:48',1569,22,8,658,3,NULL,1),(600,0,'2020-09-22','2022-05-04 12:04:52',1571,22,9,659,3,NULL,1),(601,0,'2020-09-22','2022-05-04 12:05:37',1572,22,10,660,3,NULL,1),(602,0,'2020-09-22','2022-05-04 08:36:02',1574,22,11,661,3,NULL,1),(603,0,'2020-09-22','2022-05-04 11:44:50',1575,22,4,662,3,NULL,1),(604,0,'2018-06-01','2020-10-08 15:47:26',1576,7,1,663,3,NULL,1),(605,0,'2018-06-01','2020-10-08 15:47:44',1578,3,1,665,3,NULL,1),(606,0,'2018-06-01','2020-10-08 15:47:54',1579,3,2,666,3,NULL,1),(607,0,'2018-06-01','2020-10-08 15:48:08',1580,3,3,667,3,NULL,1),(608,0,'2018-06-01','2020-10-08 15:59:50',1583,3,4,668,3,NULL,1),(609,0,'2018-06-01','2020-10-08 15:48:29',1585,3,5,669,3,NULL,1),(610,0,'2018-06-01','2020-10-08 15:48:40',1587,4,1,670,3,NULL,1),(611,0,NULL,'2020-11-04 20:51:18',1589,3,0,672,1,NULL,1),(612,0,NULL,'2020-11-05 02:14:39',1591,28,0,674,1,NULL,1),(613,0,NULL,'2020-11-05 02:20:38',1592,28,0,675,1,NULL,1),(614,0,NULL,'2020-11-05 03:16:25',1593,28,0,676,1,NULL,1),(615,0,'2020-12-14','2021-10-12 09:21:30',1609,12,1,689,3,'',1),(616,0,'2020-12-14','2021-04-05 15:24:33',1610,12,2,690,3,'',1),(617,0,'2020-12-14','2021-04-05 15:25:08',1611,12,3,691,3,'',1),(618,0,'2020-12-14','2021-04-05 15:25:42',1612,12,4,692,3,'',1),(619,0,'2020-12-14','2021-04-05 15:26:46',1615,12,5,693,3,'',1),(620,0,'2020-12-14','2021-04-05 15:27:18',1617,12,6,694,3,'',1),(621,0,'2020-12-14','2021-04-05 15:27:51',1620,12,7,697,3,'',1),(622,0,'2020-12-14','2021-04-05 15:28:36',1622,31,1,698,3,'',1),(623,0,'2020-12-14','2021-04-05 15:29:09',1624,44,1,700,3,'',1),(624,0,NULL,'2021-04-16 13:56:16',1626,12,0,701,4,NULL,1),(625,0,'2019-06-17','2021-06-24 03:31:31',1627,3,1,702,3,NULL,1),(626,0,'2019-06-17','2021-06-24 03:32:30',1629,4,1,703,3,NULL,1),(627,0,'2019-06-17','2021-06-24 03:34:26',1630,5,1,704,3,NULL,1),(628,0,'2021-06-15','2021-11-14 13:52:17',1633,12,2,705,3,NULL,1),(629,0,NULL,'2021-04-16 03:25:20',1634,12,0,706,1,NULL,1),(630,0,'2021-06-15','2023-01-18 06:17:30',1636,12,1,707,3,NULL,1),(631,0,'2021-06-15','2021-11-14 14:06:55',1637,12,5,708,3,NULL,1),(632,0,NULL,'2021-05-27 03:47:09',1638,12,0,709,1,NULL,1),(633,0,NULL,'2021-09-08 07:31:11',1641,35,0,710,4,NULL,1),(634,0,NULL,'2021-06-28 23:33:43',1642,31,0,711,4,NULL,1),(635,0,NULL,'2021-05-29 03:14:03',1644,35,0,713,1,NULL,1),(636,0,NULL,'2021-05-29 23:38:33',1645,35,0,714,1,NULL,1),(637,0,NULL,'2021-07-08 14:46:27',1646,35,0,715,4,NULL,1),(638,0,'2020-06-05','2022-04-26 12:02:38',1648,20,1,717,3,NULL,1),(639,0,'2020-06-05','2022-04-26 12:02:58',1649,22,1,718,3,NULL,1),(640,0,'2020-06-05','2022-04-25 09:12:02',1650,22,2,719,3,NULL,1),(641,0,'2020-06-05','2022-04-25 09:16:54',1653,42,1,721,3,NULL,1),(642,0,'2020-06-05','2022-04-26 12:03:37',1654,23,1,722,3,NULL,1),(643,0,'2020-06-05','2022-04-26 12:03:58',1655,21,1,723,3,NULL,1),(644,0,'2019-12-02','2022-04-25 09:26:26',1656,21,2,724,1,NULL,1),(645,0,NULL,'2021-06-10 15:42:45',1659,31,0,725,1,NULL,1),(646,0,NULL,'2021-10-13 07:51:48',1660,30,0,726,1,NULL,1),(647,0,'2018-12-14','2021-06-21 01:51:27',1662,7,1,727,3,NULL,1),(648,0,'2018-12-14','2021-06-21 01:51:27',1663,3,1,728,3,NULL,1),(649,0,'2018-12-14','2021-06-21 01:51:28',1665,3,2,729,3,NULL,1),(650,0,'2018-12-14','2021-06-21 01:51:27',1667,4,1,730,3,NULL,1),(651,0,'2021-06-15','2021-12-02 06:08:51',1673,12,4,733,3,NULL,1),(652,0,'2021-06-15','2021-12-02 06:02:29',1675,12,7,734,3,NULL,1),(653,0,'2021-06-15','2021-12-02 05:57:23',1677,12,3,735,3,NULL,1),(654,0,'2021-06-15','2021-12-02 05:59:37',1679,12,6,736,3,NULL,1),(655,0,'2021-09-22','2022-05-24 10:20:25',1680,21,1,737,3,NULL,1),(656,0,'2021-06-15','2021-12-02 06:04:27',1681,12,9,738,3,NULL,1),(657,0,'2021-06-15','2021-12-02 06:03:39',1682,12,8,739,3,NULL,1),(658,0,NULL,'2021-09-06 13:03:13',1683,3,0,740,1,NULL,1),(659,0,NULL,'2021-08-12 12:03:12',1685,12,0,742,1,NULL,1),(660,0,NULL,'2021-08-18 02:07:21',1688,35,0,743,1,NULL,1),(661,0,'2021-09-22','2022-05-24 10:33:48',1689,21,2,744,3,NULL,1),(662,0,NULL,'2021-08-22 16:50:52',1691,12,0,745,1,NULL,1),(663,0,NULL,'2021-08-25 03:25:36',1692,12,0,746,1,NULL,1),(664,0,NULL,'2021-09-18 15:24:54',1693,19,0,747,1,NULL,1),(665,0,'2021-09-22','2022-05-24 10:26:40',1697,21,0,748,3,NULL,1),(666,0,NULL,'2021-11-04 16:50:16',1701,12,0,749,1,NULL,1),(667,0,NULL,'2021-11-26 08:44:39',1704,30,0,750,1,NULL,1),(668,0,NULL,'2021-12-02 09:51:21',1705,19,0,751,1,NULL,1),(669,0,NULL,'2022-02-10 06:13:14',1706,21,0,752,1,NULL,1),(670,0,'2020-06-05','2022-04-25 09:28:02',1707,21,2,724,3,NULL,2),(671,0,NULL,'2022-04-30 20:21:49',1710,21,0,753,1,NULL,1),(672,0,NULL,'2022-06-15 12:50:42',1711,22,0,754,1,NULL,1),(673,0,NULL,'2022-06-24 17:15:04',1712,21,0,755,1,NULL,1),(674,0,NULL,'2022-06-24 17:30:12',1713,21,0,756,1,NULL,1),(675,0,NULL,'2022-06-24 21:33:21',1715,35,0,757,1,NULL,1),(676,0,NULL,'2022-06-27 18:28:59',1716,35,0,758,1,NULL,1),(677,0,NULL,'2022-07-30 05:38:44',1717,21,0,759,1,NULL,1),(678,0,NULL,'2022-07-30 05:40:20',1718,21,0,760,1,NULL,1),(679,0,NULL,'2024-08-12 08:39:46',1719,12,0,761,1,NULL,1),(680,0,NULL,'2023-01-23 18:38:49',1720,23,0,762,1,NULL,1),(681,0,NULL,'2023-03-07 08:48:52',1721,13,0,763,1,NULL,1),(682,0,NULL,'2023-03-07 08:55:27',NULL,20,0,764,1,NULL,1),(683,0,'2021-09-22','2023-03-15 08:16:48',1722,21,3,765,3,NULL,1),(685,0,NULL,'2023-04-24 15:47:17',1725,16,0,767,1,NULL,1),(686,0,NULL,'2023-05-12 13:10:52',NULL,20,0,768,1,NULL,1),(687,0,NULL,'2023-05-12 13:17:17',NULL,20,0,769,1,NULL,1),(688,0,NULL,'2023-05-12 13:17:18',NULL,20,0,770,1,NULL,1),(689,0,NULL,'2023-05-12 13:49:14',NULL,20,0,771,1,NULL,1),(690,0,NULL,'2023-05-12 13:50:54',NULL,20,0,772,1,NULL,1),(691,0,NULL,'2023-05-12 14:30:18',NULL,16,0,773,1,NULL,1),(692,0,NULL,'2023-05-12 14:30:26',NULL,27,0,774,1,NULL,1),(693,0,NULL,'2023-05-12 14:33:29',NULL,20,0,775,1,NULL,1),(694,0,NULL,'2023-05-12 14:46:34',NULL,20,0,776,1,NULL,1),(695,0,NULL,'2023-05-12 14:46:34',NULL,20,0,777,1,NULL,1),(696,0,NULL,'2023-05-12 14:49:57',NULL,20,0,778,1,NULL,1),(697,0,NULL,'2023-05-12 14:56:53',NULL,20,0,779,1,NULL,1),(698,0,NULL,'2023-05-12 15:07:36',NULL,20,0,780,1,NULL,1),(699,0,NULL,'2023-05-12 15:37:44',NULL,20,0,781,1,NULL,1),(700,0,'2021-09-22','2023-06-08 09:50:28',NULL,21,4,782,3,NULL,1),(701,0,NULL,'2023-05-15 12:40:09',NULL,20,0,783,1,NULL,1),(702,0,NULL,'2023-05-15 15:17:10',NULL,20,0,784,1,NULL,1),(703,0,'2024-08-12','2024-08-12 08:43:53',1741,12,0,785,1,NULL,1),(704,0,'2017-11-27','2023-07-31 09:00:03',1742,25,4,79,3,NULL,2),(705,0,'2024-03-26','2024-03-26 09:16:19',1744,16,1,786,3,NULL,1),(706,0,'2024-03-26','2024-03-26 09:16:18',1748,16,2,787,3,NULL,1),(707,0,'2024-03-26','2024-03-26 09:16:18',1752,16,3,788,3,NULL,1),(708,0,'2024-03-26','2024-03-26 09:16:17',1755,16,4,789,3,NULL,1),(709,0,'2024-03-26','2024-03-26 09:16:16',1757,16,5,790,3,NULL,1),(710,0,'2024-03-26','2024-03-26 09:16:16',1759,27,0,791,3,NULL,1),(711,0,NULL,'2023-08-03 18:34:22',1760,26,0,792,1,NULL,1),(712,0,NULL,'2023-08-06 18:45:41',1761,26,0,793,1,NULL,1),(713,0,'2022-09-13','2023-11-22 09:01:26',1763,12,7,794,3,NULL,1),(714,0,'2022-09-13','2024-03-15 12:30:22',1765,12,5,795,3,NULL,1),(715,0,'2022-09-13','2023-11-22 08:45:04',1767,12,4,796,3,NULL,1),(716,0,'2022-09-13','2023-11-22 08:49:18',1770,12,6,797,3,NULL,1),(717,0,'2022-09-14','2023-11-22 08:43:26',1773,12,3,798,3,NULL,1),(718,0,'2022-09-14','2023-11-22 08:36:42',1777,31,1,799,3,NULL,1),(719,0,NULL,'2023-10-15 18:42:06',NULL,20,0,800,1,NULL,1),(720,0,'2023-11-22','2023-11-22 04:53:17',1778,21,0,801,3,NULL,1),(721,0,NULL,'2023-10-15 19:16:00',NULL,20,0,802,1,NULL,1),(722,0,NULL,'2023-10-15 19:38:24',NULL,20,0,803,1,NULL,1),(723,0,'2023-11-22','2023-11-22 04:53:15',1782,21,1,804,3,NULL,1),(724,0,'2022-10-23','2023-11-22 08:39:12',1783,12,1,805,3,NULL,1),(725,0,'2022-10-23','2023-11-22 08:41:42',1788,12,2,806,3,NULL,1),(726,0,'2022-10-25','2023-11-22 08:34:22',1792,13,1,807,3,NULL,1),(727,0,NULL,'2023-10-28 17:01:33',1794,26,0,808,1,NULL,1),(728,0,NULL,'2023-11-01 14:53:27',1795,26,0,809,1,NULL,1),(729,0,NULL,'2023-11-02 08:59:35',1796,16,0,810,1,NULL,1),(730,0,NULL,'2023-11-09 21:04:32',1797,26,0,811,1,NULL,1),(731,0,NULL,'2023-11-11 11:11:26',1798,26,0,812,1,NULL,1),(732,0,NULL,'2023-11-12 08:34:28',1799,16,0,813,1,NULL,1),(733,0,'2024-08-12','2024-08-12 08:39:21',1800,31,0,814,1,NULL,1),(734,0,NULL,'2024-01-29 09:48:07',1802,30,0,815,1,NULL,1),(735,0,'2024-06-12','2024-07-22 07:34:10',1804,31,0,816,1,NULL,1),(736,0,NULL,'2024-03-19 17:21:32',1805,34,0,817,1,NULL,1),(737,0,NULL,'2024-04-12 03:42:26',1806,12,0,818,1,NULL,1),(738,0,'2023-12-01','2024-06-25 12:35:20',1808,12,0,819,3,NULL,1),(739,0,'2023-12-01','2024-06-25 12:35:19',1812,12,0,820,3,NULL,1),(740,0,'2023-12-01','2024-06-25 12:35:17',1816,12,0,821,3,NULL,1),(741,0,'2023-12-01','2024-06-25 12:35:17',1818,12,0,822,3,NULL,1),(742,0,'2023-12-01','2024-06-25 12:35:15',1820,12,0,823,3,NULL,1),(743,0,'2023-12-01','2024-06-25 12:35:14',1824,12,0,824,3,NULL,1),(744,0,NULL,'2024-07-08 14:52:42',1825,30,0,825,1,NULL,1),(745,0,NULL,'2024-07-08 18:31:55',1826,30,0,826,1,NULL,1),(746,0,'2024-07-10','2024-07-10 09:58:28',1832,23,0,827,3,NULL,1),(747,0,NULL,'2024-07-10 07:23:40',1829,22,0,828,1,NULL,1),(748,0,NULL,'2024-07-10 08:55:36',1831,22,0,829,1,NULL,1),(749,0,NULL,'2024-07-15 13:25:57',1835,22,0,830,1,NULL,1),(750,0,NULL,'2024-07-15 13:32:54',1836,22,0,831,1,NULL,1),(751,0,NULL,'2024-07-15 14:29:29',1837,22,0,832,1,NULL,1),(752,0,NULL,'2024-07-17 07:22:52',1838,22,0,833,1,NULL,1),(753,0,NULL,'2024-07-25 07:17:38',1839,21,0,834,1,NULL,1),(754,0,'2024-08-22','2024-08-22 06:11:20',1840,27,1,118,3,NULL,2),(755,0,'2024-08-22','2024-08-22 06:12:04',1841,16,1,119,3,'',2),(756,0,'2024-08-22','2024-08-22 06:12:46',1845,25,1,125,3,NULL,2),(757,0,'2024-08-22','2024-08-22 06:15:12',1848,26,1,120,3,NULL,2),(758,0,'2024-08-22','2024-08-22 06:15:56',1851,26,2,121,3,NULL,2),(759,0,'2024-08-22','2024-08-22 06:17:59',1854,26,3,122,3,NULL,2),(760,0,'2024-08-22','2024-08-22 06:18:52',1857,26,4,123,3,NULL,2),(761,0,'2024-08-22','2024-08-22 06:19:25',1859,29,1,127,3,NULL,2),(762,0,'2024-08-22','2024-08-22 06:23:44',1861,27,1,99,3,NULL,2),(763,0,'2024-08-22','2024-08-22 06:24:45',1863,16,1,110,3,NULL,2),(764,0,'2024-08-22','2024-08-22 06:33:18',1865,27,1,68,3,NULL,2);

--
-- Table structure for table `queries`
--

CREATE TABLE `queries` (
  `query_id` bigint NOT NULL AUTO_INCREMENT,
  `assoc_type` bigint NOT NULL,
  `assoc_id` bigint NOT NULL,
  `stage_id` tinyint NOT NULL DEFAULT '1',
  `seq` double NOT NULL DEFAULT '0',
  `date_posted` datetime DEFAULT NULL,
  `date_modified` datetime DEFAULT NULL,
  `closed` smallint NOT NULL DEFAULT '0',
  PRIMARY KEY (`query_id`),
  KEY `queries_assoc_id` (`assoc_type`,`assoc_id`)
) ENGINE=InnoDB AUTO_INCREMENT=94 DEFAULT CHARSET=utf8mb3;

--
-- Dumping data for table `queries`
--

INSERT INTO `queries` VALUES (6,1048585,8,3,1,NULL,NULL,0),(7,1048585,8,3,2,NULL,NULL,0),(19,1048585,512,1,1,NULL,NULL,0),(20,1048585,513,1,1,NULL,NULL,0),(21,1048585,514,1,1,NULL,NULL,0),(23,1048585,512,3,2,NULL,NULL,0),(25,1048585,517,1,1,NULL,NULL,0),(27,1048585,513,3,2,NULL,NULL,0),(28,1048585,550,1,1,NULL,NULL,0),(33,1048585,580,1,1,NULL,NULL,0),(36,1048585,586,1,1,NULL,NULL,0),(40,1048585,610,1,1,NULL,NULL,0),(41,1048585,610,1,2,NULL,NULL,0),(42,1048585,621,1,1,NULL,NULL,0),(55,1048585,672,1,1,NULL,NULL,0),(56,1048585,676,1,1,NULL,NULL,0),(60,1048585,706,1,1,NULL,NULL,0),(61,1048585,713,1,1,NULL,NULL,0),(62,1048585,715,1,1,NULL,NULL,0),(63,1048585,734,3,1,NULL,NULL,0),(64,1048585,740,1,1,NULL,NULL,0),(65,1048585,745,1,1,NULL,NULL,0),(66,1048585,749,1,1,NULL,NULL,0),(67,1048585,747,1,1,NULL,NULL,0),(68,1048585,751,1,1,NULL,NULL,0),(69,1048585,751,1,2,NULL,NULL,0),(70,1048585,758,1,1,NULL,NULL,0),(73,1048585,792,1,1,NULL,NULL,0),(74,1048585,792,1,2,NULL,NULL,0),(76,1048585,762,1,1,NULL,NULL,1),(77,1048585,792,1,3,NULL,NULL,0),(78,1048585,808,1,1,NULL,NULL,0),(79,1048585,810,3,1,NULL,NULL,0),(81,1048585,809,3,1,NULL,NULL,0),(83,1048585,814,1,1,NULL,NULL,0),(85,1048585,817,1,1,NULL,NULL,0),(87,1048585,767,3,1,NULL,NULL,1),(88,1048585,818,1,1,NULL,NULL,0),(89,1048585,814,1,2,NULL,NULL,0),(90,1048585,826,1,1,NULL,NULL,0),(91,1048585,816,3,2,NULL,NULL,0),(92,1048585,834,1,1,NULL,NULL,0),(93,1048585,818,1,2,NULL,NULL,0);

--
-- Table structure for table `query_participants`
--

CREATE TABLE `query_participants` (
  `query_id` bigint NOT NULL,
  `user_id` bigint NOT NULL,
  UNIQUE KEY `query_participants_pkey` (`query_id`,`user_id`)
) ENGINE=InnoDB DEFAULT CHARSET=utf8mb3;

--
-- Dumping data for table `query_participants`
--

INSERT INTO `query_participants` VALUES (19,19),(20,20),(21,21),(23,1),(23,19),(25,1),(25,25),(27,1),(27,20),(28,40),(33,72),(36,78),(40,80),(41,1),(41,80),(42,100),(55,127),(56,129),(60,142),(61,153),(62,156),(64,167),(65,171),(66,1),(66,196),(67,1),(67,176),(68,198),(69,198),(70,214),(73,1),(73,264),(74,1),(74,264),(76,250),(77,1),(77,264),(78,268),(79,1),(79,267),(81,1),(81,268),(83,274),(85,275),(87,1),(87,255),(88,278),(89,84),(89,274),(90,280),(92,281),(93,84),(93,278);

--
-- Table structure for table `queued_payments`
--

CREATE TABLE `queued_payments` (
  `queued_payment_id` bigint NOT NULL AUTO_INCREMENT,
  `date_created` datetime NOT NULL,
  `date_modified` datetime NOT NULL,
  `expiry_date` date DEFAULT NULL,
  `payment_data` text,
  PRIMARY KEY (`queued_payment_id`)
) ENGINE=InnoDB DEFAULT CHARSET=utf8mb3;

--
-- Dumping data for table `queued_payments`
--


--
-- Table structure for table `review_assignments`
--

CREATE TABLE `review_assignments` (
  `review_id` bigint NOT NULL AUTO_INCREMENT,
  `submission_id` bigint NOT NULL,
  `reviewer_id` bigint NOT NULL,
  `competing_interests` text,
  `recommendation` tinyint DEFAULT NULL,
  `date_assigned` datetime DEFAULT NULL,
  `date_notified` datetime DEFAULT NULL,
  `date_confirmed` datetime DEFAULT NULL,
  `date_completed` datetime DEFAULT NULL,
  `date_acknowledged` datetime DEFAULT NULL,
  `date_due` datetime DEFAULT NULL,
  `date_response_due` datetime DEFAULT NULL,
  `last_modified` datetime DEFAULT NULL,
  `reminder_was_automatic` tinyint NOT NULL DEFAULT '0',
  `declined` tinyint NOT NULL DEFAULT '0',
  `reviewer_file_id` bigint DEFAULT NULL,
  `date_rated` datetime DEFAULT NULL,
  `date_reminded` datetime DEFAULT NULL,
  `quality` tinyint DEFAULT NULL,
  `review_round_id` bigint NOT NULL,
  `stage_id` tinyint NOT NULL DEFAULT '1',
  `review_method` tinyint NOT NULL DEFAULT '1',
  `round` tinyint NOT NULL DEFAULT '1',
  `step` tinyint NOT NULL DEFAULT '1',
  `review_form_id` bigint DEFAULT NULL,
  `unconsidered` tinyint DEFAULT NULL,
  `cancelled` tinyint NOT NULL DEFAULT '0',
  PRIMARY KEY (`review_id`),
  KEY `review_assignments_submission_id` (`submission_id`),
  KEY `review_assignments_reviewer_id` (`reviewer_id`),
  KEY `review_assignments_form_id` (`review_form_id`),
  KEY `review_assignments_reviewer_review` (`reviewer_id`,`review_id`)
) ENGINE=InnoDB AUTO_INCREMENT=8 DEFAULT CHARSET=utf8mb3;

--
-- Dumping data for table `review_assignments`
--

INSERT INTO `review_assignments` VALUES (1,767,262,NULL,1,'2023-08-03 07:45:04','2023-08-03 07:45:04','2023-08-24 09:27:46','2023-08-29 14:26:22',NULL,'2023-09-03 00:00:00','2023-08-10 00:00:00','2023-08-29 14:26:22',0,0,NULL,NULL,'2023-08-17 06:11:07',NULL,355,3,2,1,4,15,0,0),(3,792,262,NULL,1,'2023-08-29 08:44:13','2023-08-29 08:44:13','2023-09-08 09:11:22','2023-09-08 09:14:01',NULL,'2023-09-26 00:00:00','2023-09-12 00:00:00','2023-09-08 09:14:01',0,0,NULL,NULL,NULL,NULL,356,3,2,1,4,15,0,0),(5,809,114,NULL,3,'2023-11-02 08:50:29','2023-11-02 08:50:30','2023-11-02 09:22:45','2023-11-10 07:05:51','2023-11-14 13:02:24','2023-11-16 00:00:00','2023-11-06 00:00:00','2023-11-14 13:02:24',0,0,NULL,NULL,NULL,NULL,358,3,1,1,4,15,0,0),(6,810,262,NULL,1,'2023-11-02 09:00:48','2023-11-02 09:00:48','2023-11-03 08:45:02','2023-11-03 14:04:25','2023-11-03 17:17:45','2023-11-16 00:00:00','2023-11-06 00:00:00','2023-11-03 17:17:45',0,0,NULL,NULL,NULL,NULL,359,3,2,1,4,15,0,0),(7,809,114,NULL,NULL,'2023-11-15 05:45:26','2023-11-15 05:45:26',NULL,NULL,NULL,'2023-12-18 00:00:00','2023-11-16 00:00:00','2023-11-15 05:45:26',0,0,NULL,NULL,NULL,NULL,360,3,2,2,1,15,0,0);

--
-- Table structure for table `review_files`
--

CREATE TABLE `review_files` (
  `review_id` bigint NOT NULL,
  `submission_file_id` bigint unsigned NOT NULL,
  UNIQUE KEY `review_files_pkey` (`review_id`,`submission_file_id`),
  KEY `review_files_review_id` (`review_id`),
  KEY `review_files_submission_file_id_foreign` (`submission_file_id`),
  CONSTRAINT `review_files_submission_file_id_foreign` FOREIGN KEY (`submission_file_id`) REFERENCES `submission_files` (`submission_file_id`)
) ENGINE=InnoDB DEFAULT CHARSET=utf8mb3;

--
-- Dumping data for table `review_files`
--

INSERT INTO `review_files` VALUES (1,2417),(3,2422),(5,2470),(6,2472),(7,2479);

--
-- Table structure for table `review_form_element_settings`
--

CREATE TABLE `review_form_element_settings` (
  `review_form_element_id` bigint NOT NULL,
  `locale` varchar(14) NOT NULL DEFAULT '',
  `setting_name` varchar(255) NOT NULL,
  `setting_value` text,
  `setting_type` varchar(6) NOT NULL,
  UNIQUE KEY `review_form_element_settings_pkey` (`review_form_element_id`,`locale`,`setting_name`),
  KEY `review_form_element_settings_review_form_element_id` (`review_form_element_id`)
) ENGINE=InnoDB DEFAULT CHARSET=utf8mb3;

--
-- Dumping data for table `review_form_element_settings`
--

INSERT INTO `review_form_element_settings` VALUES (8,'en_US','description','','string'),(8,'en_US','possibleResponses','[\"\",\"\"]','object'),(8,'en_US','question','','string'),(8,'es_ES','description','','string'),(8,'es_ES','possibleResponses','[\"Si\",\"No\"]','object'),(8,'es_ES','question','<p><strong>1. Criterios de evaluación</strong></p>\r\n<p>Responda las preguntas que considere pertinentes de acuerdo con el carácter de la propuesta de publicación</p>\r\n<p>1. ¿El tema de la propuesta de publicación se ajusta al perfil de la revista?</p>','string'),(8,'pt_BR','description','','string'),(8,'pt_BR','possibleResponses','[\"\",\"\"]','object'),(8,'pt_BR','question','','string'),(9,'en_US','description','','string'),(9,'en_US','possibleResponses','[\"\",\"\"]','object'),(9,'en_US','question','','string'),(9,'es_ES','description','','string'),(9,'es_ES','possibleResponses','[\"Si\",\"No\"]','object'),(9,'es_ES','question','<p><strong>2. ¿El título es adecuado?</strong></p>','string'),(9,'pt_BR','description','','string'),(9,'pt_BR','possibleResponses','[\"\",\"\"]','object'),(9,'pt_BR','question','','string'),(10,'en_US','description','','string'),(10,'en_US','possibleResponses','[\"\",\"\"]','object'),(10,'en_US','question','','string'),(10,'es_ES','description','','string'),(10,'es_ES','possibleResponses','[\"Si\",\"No\"]','object'),(10,'es_ES','question','<p><strong>3. ¿La propuesta de publicación es de interés para los lectores de la revista?</strong></p>','string'),(10,'pt_BR','description','','string'),(10,'pt_BR','possibleResponses','[\"\",\"\"]','object'),(10,'pt_BR','question','','string'),(11,'en_US','description','','string'),(11,'en_US','possibleResponses','[\"\",\"\"]','object'),(11,'en_US','question','','string'),(11,'es_ES','description','','string'),(11,'es_ES','possibleResponses','[\"Si\",\"No\"]','object'),(11,'es_ES','question','<p><strong>4. ¿Se identifica el tema principal de la propuesta de publicación?</strong></p>','string'),(11,'pt_BR','description','','string'),(11,'pt_BR','possibleResponses','[\"\",\"\"]','object'),(11,'pt_BR','question','','string'),(12,'en_US','description','','string'),(12,'en_US','possibleResponses','[\"\",\"\"]','object'),(12,'en_US','question','','string'),(12,'es_ES','description','','string'),(12,'es_ES','possibleResponses','[\"Si\",\"No\"]','object'),(12,'es_ES','question','<p><strong>5. ¿Las tablas y figuras son pertinentes y aportan información nueva al contenido?</strong></p>','string'),(12,'pt_BR','description','','string'),(12,'pt_BR','possibleResponses','[\"\",\"\"]','object'),(12,'pt_BR','question','','string'),(13,'en_US','description','','string'),(13,'en_US','possibleResponses','[\"\",\"\"]','object'),(13,'en_US','question','','string'),(13,'es_ES','description','','string'),(13,'es_ES','possibleResponses','[\"Si\",\"No\"]','object'),(13,'es_ES','question','<p><strong>6. ¿Las tablas y figuras tienen los requisitos técnicos para su publicación?</strong></p>','string'),(13,'pt_BR','description','','string'),(13,'pt_BR','possibleResponses','[\"\",\"\"]','object'),(13,'pt_BR','question','','string'),(14,'en_US','description','','string'),(14,'en_US','possibleResponses','[\"\",\"\"]','object'),(14,'en_US','question','','string'),(14,'es_ES','description','','string'),(14,'es_ES','possibleResponses','[\"Si\",\"No\"]','object'),(14,'es_ES','question','<p><strong>7. ¿La propuesta de publicación aporta nuevos conocimientos teóricos o prácticos sobre la temática abordada? </strong></p>','string'),(14,'pt_BR','description','','string'),(14,'pt_BR','possibleResponses','[\"\",\"\"]','object'),(14,'pt_BR','question','','string'),(15,'en_US','description','','string'),(15,'en_US','question','','string'),(15,'es_ES','description','','string'),(15,'es_ES','question','<p><strong>Observaciones</strong></p>','string'),(15,'pt_BR','description','','string'),(15,'pt_BR','question','','string'),(16,'en_US','description','','string'),(16,'en_US','possibleResponses','[\"\",\"\",\"\",\"\",\"\"]','object'),(16,'en_US','question','','string'),(16,'es_ES','description','','string'),(16,'es_ES','possibleResponses','[\"E\",\"B\",\"A\",\"R\",\"D\"]','object'),(16,'es_ES','question','<table>\r\n<tbody>\r\n<tr>\r\n<td width=\"589\">\r\n<p><strong>2. Evalúe el contenido teniendo en cuenta la siguiente escala</strong></p>\r\n<p><strong>E: Excelente B: Bueno A: Aceptable R: Regular D: Deficiente</strong></p>\r\n<p><strong>1. ¿El resumen y las palabras clave dan cuenta del contenido?</strong></p>\r\n</td>\r\n</tr>\r\n</tbody>\r\n</table>','string'),(16,'pt_BR','description','','string'),(16,'pt_BR','possibleResponses','[\"\",\"\",\"\",\"\",\"\"]','object'),(16,'pt_BR','question','','string'),(17,'en_US','description','','string'),(17,'en_US','possibleResponses','[\"\",\"\",\"\",\"\",\"\"]','object'),(17,'en_US','question','','string'),(17,'es_ES','description','','string'),(17,'es_ES','possibleResponses','[\"E\",\"B\",\"A\",\"R\",\"D\"]','object'),(17,'es_ES','question','<p><strong>2. ¿La introducción plantea la problemática, la contextualización, y los antecedentes que sustentan el objetivo de la propuesta de publicación?</strong></p>','string'),(17,'pt_BR','description','','string'),(17,'pt_BR','possibleResponses','[\"\",\"\",\"\",\"\",\"\"]','object'),(17,'pt_BR','question','','string'),(18,'en_US','description','','string'),(18,'en_US','possibleResponses','[\"\",\"\",\"\",\"\",\"\"]','object'),(18,'en_US','question','','string'),(18,'es_ES','description','','string'),(18,'es_ES','possibleResponses','[\"E\",\"B\",\"A\",\"R\",\"D\"]','object'),(18,'es_ES','question','<p><strong>3. ¿La metodología se plantea de manera adecuada? (Tipo, método, diseño, técnicas o equipos, instrumentos, programas, tratamiento de los datos)</strong></p>','string'),(18,'pt_BR','description','','string'),(18,'pt_BR','possibleResponses','[\"\",\"\",\"\",\"\",\"\"]','object'),(18,'pt_BR','question','','string'),(19,'en_US','description','','string'),(19,'en_US','possibleResponses','[\"\",\"\",\"\",\"\",\"\"]','object'),(19,'en_US','question','','string'),(19,'es_ES','description','','string'),(19,'es_ES','possibleResponses','[\"E\",\"B\",\"A\",\"R\",\"D\"]','object'),(19,'es_ES','question','<p><strong>4. ¿Los resultados y las conclusiones son claros y se presentan adecuadamente para una fácil comprensión de los lectores?</strong></p>','string'),(19,'pt_BR','description','','string'),(19,'pt_BR','possibleResponses','[\"\",\"\",\"\",\"\",\"\"]','object'),(19,'pt_BR','question','','string'),(20,'en_US','description','','string'),(20,'en_US','possibleResponses','[\"\",\"\",\"\",\"\",\"\"]','object'),(20,'en_US','question','','string'),(20,'es_ES','description','','string'),(20,'es_ES','possibleResponses','[\"E\",\"B\",\"A\",\"R\",\"D\"]','object'),(20,'es_ES','question','<p><strong>5. ¿La conclusión expone, de forma clara, concisa y lógica, el aporte del autor?</strong></p>','string'),(20,'pt_BR','description','','string'),(20,'pt_BR','possibleResponses','[\"\",\"\",\"\",\"\",\"\"]','object'),(20,'pt_BR','question','','string'),(21,'en_US','description','','string'),(21,'en_US','possibleResponses','[\"\",\"\",\"\",\"\",\"\"]','object'),(21,'en_US','question','','string'),(21,'es_ES','description','','string'),(21,'es_ES','possibleResponses','[\"E\",\"B\",\"A\",\"R\",\"D\"]','object'),(21,'es_ES','question','<p><strong>6. ¿Las referencias son actuales y adecuadas para sustentar la temática tratada en el texto?</strong></p>','string'),(21,'pt_BR','description','','string'),(21,'pt_BR','possibleResponses','[\"\",\"\",\"\",\"\",\"\"]','object'),(21,'pt_BR','question','','string'),(22,'en_US','description','','string'),(22,'en_US','possibleResponses','[\"\",\"\",\"\",\"\",\"\"]','object'),(22,'en_US','question','','string'),(22,'es_ES','description','','string'),(22,'es_ES','possibleResponses','[\"E\",\"B\",\"A\",\"R\",\"D\"]','object'),(22,'es_ES','question','<p><strong>7. ¿La propuesta de publicación tiene una estructura clara?</strong></p>','string'),(22,'pt_BR','description','','string'),(22,'pt_BR','possibleResponses','[\"\",\"\",\"\",\"\",\"\"]','object'),(22,'pt_BR','question','','string'),(23,'en_US','description','','string'),(23,'en_US','possibleResponses','[\"\",\"\",\"\",\"\",\"\"]','object'),(23,'en_US','question','','string'),(23,'es_ES','description','','string'),(23,'es_ES','possibleResponses','[\"E\",\"B\",\"A\",\"R\",\"D\"]','object'),(23,'es_ES','question','<p><strong>8. ¿La calidad de la escritura es adecuada (ortografía, gramática, sintaxis)?</strong></p>','string'),(23,'pt_BR','description','','string'),(23,'pt_BR','possibleResponses','[\"\",\"\",\"\",\"\",\"\"]','object'),(23,'pt_BR','question','','string'),(24,'en_US','description','','string'),(24,'en_US','question','','string'),(24,'es_ES','description','','string'),(24,'es_ES','question','<p><strong>Observaciones</strong></p>','string'),(24,'pt_BR','description','','string'),(24,'pt_BR','question','','string'),(30,'en_US','description','','string'),(30,'en_US','question','','string'),(30,'es_ES','description','','string'),(30,'es_ES','question','<p><strong>Comentarios generales</strong></p>','string'),(30,'pt_BR','description','','string'),(30,'pt_BR','question','','string'),(247,'en_US','description','','string'),(247,'en_US','possibleResponses','[\"\",\"\"]','object'),(247,'en_US','question','','string'),(247,'es_ES','description','','string'),(247,'es_ES','possibleResponses','[\"Si\",\"No\"]','object'),(247,'es_ES','question','<p><strong>1. Criterios de evaluación</strong></p>\r\n<p>Responda las preguntas que considere pertinentes de acuerdo con el carácter de la propuesta de publicación</p>\r\n<p>1. ¿El tema de la propuesta de publicación se ajusta al perfil de la revista?</p>','string'),(247,'pt_BR','description','','string'),(247,'pt_BR','possibleResponses','[\"\",\"\"]','object'),(247,'pt_BR','question','','string'),(248,'en_US','description','','string'),(248,'en_US','possibleResponses','[\"\",\"\"]','object'),(248,'en_US','question','','string'),(248,'es_ES','description','','string'),(248,'es_ES','possibleResponses','[\"Si\",\"No\"]','object'),(248,'es_ES','question','<p><strong>2. ¿El título es adecuado?</strong></p>','string'),(248,'pt_BR','description','','string'),(248,'pt_BR','possibleResponses','[\"\",\"\"]','object'),(248,'pt_BR','question','','string'),(249,'en_US','description','','string'),(249,'en_US','possibleResponses','[\"\",\"\"]','object'),(249,'en_US','question','','string'),(249,'es_ES','description','','string'),(249,'es_ES','possibleResponses','[\"Si\",\"No\"]','object'),(249,'es_ES','question','<p><strong>3. ¿La propuesta de publicación es de interés para los lectores de la revista?</strong></p>','string'),(249,'pt_BR','description','','string'),(249,'pt_BR','possibleResponses','[\"\",\"\"]','object'),(249,'pt_BR','question','','string'),(250,'en_US','description','','string'),(250,'en_US','possibleResponses','[\"\",\"\"]','object'),(250,'en_US','question','','string'),(250,'es_ES','description','','string'),(250,'es_ES','possibleResponses','[\"Si\",\"No\"]','object'),(250,'es_ES','question','<p><strong>4. ¿Se identifica el tema principal de la propuesta de publicación?</strong></p>','string'),(250,'pt_BR','description','','string'),(250,'pt_BR','possibleResponses','[\"\",\"\"]','object'),(250,'pt_BR','question','','string'),(251,'en_US','description','','string'),(251,'en_US','possibleResponses','[\"\",\"\"]','object'),(251,'en_US','question','','string'),(251,'es_ES','description','','string'),(251,'es_ES','possibleResponses','[\"Si\",\"No\"]','object'),(251,'es_ES','question','<p><strong>5. ¿Las tablas y figuras son pertinentes y aportan información nueva al contenido?</strong></p>','string'),(251,'pt_BR','description','','string'),(251,'pt_BR','possibleResponses','[\"\",\"\"]','object'),(251,'pt_BR','question','','string'),(252,'en_US','description','','string'),(252,'en_US','possibleResponses','[\"\",\"\"]','object'),(252,'en_US','question','','string'),(252,'es_ES','description','','string'),(252,'es_ES','possibleResponses','[\"Si\",\"No\"]','object'),(252,'es_ES','question','<p><strong>6. ¿Las tablas y figuras tienen los requisitos técnicos para su publicación?</strong></p>','string'),(252,'pt_BR','description','','string'),(252,'pt_BR','possibleResponses','[\"\",\"\"]','object'),(252,'pt_BR','question','','string'),(253,'en_US','description','','string'),(253,'en_US','possibleResponses','[\"\",\"\"]','object'),(253,'en_US','question','','string'),(253,'es_ES','description','','string'),(253,'es_ES','possibleResponses','[\"Si\",\"No\"]','object'),(253,'es_ES','question','<p><strong>7. ¿La propuesta de publicación aporta nuevos conocimientos teóricos o prácticos sobre la temática abordada?</strong></p>','string'),(253,'pt_BR','description','','string'),(253,'pt_BR','possibleResponses','[\"\",\"\"]','object'),(253,'pt_BR','question','','string'),(254,'en_US','description','','string'),(254,'en_US','question','','string'),(254,'es_ES','description','','string'),(254,'es_ES','question','<p><strong>Observaciones</strong></p>','string'),(254,'pt_BR','description','','string'),(254,'pt_BR','question','','string'),(255,'en_US','description','','string'),(255,'en_US','possibleResponses','[\"\",\"\",\"\",\"\",\"\"]','object'),(255,'en_US','question','','string'),(255,'es_ES','description','','string'),(255,'es_ES','possibleResponses','[\"E\",\"B\",\"A\",\"R\",\"D\"]','object'),(255,'es_ES','question','<p><strong>2. Evalúe el contenido teniendo en cuenta la siguiente escala</strong></p>\r\n<p><strong>E: Excelente B: Bueno A: Aceptable R: Regular D: Deficiente</strong></p>\r\n<p><strong>1. ¿El resumen y las palabras clave dan cuenta del contenido?</strong></p>','string'),(255,'pt_BR','description','','string'),(255,'pt_BR','possibleResponses','[\"\",\"\",\"\",\"\",\"\"]','object'),(255,'pt_BR','question','','string'),(256,'en_US','description','','string'),(256,'en_US','possibleResponses','[\"\",\"\",\"\",\"\",\"\"]','object'),(256,'en_US','question','','string'),(256,'es_ES','description','','string'),(256,'es_ES','possibleResponses','[\"E\",\"B\",\"A\",\"R\",\"D\"]','object'),(256,'es_ES','question','<p><strong>2. ¿La introducción plantea la problemática, la contextualización, y los antecedentes que sustentan el objetivo de la propuesta de publicación?</strong></p>','string'),(256,'pt_BR','description','','string'),(256,'pt_BR','possibleResponses','[\"\",\"\",\"\",\"\",\"\"]','object'),(256,'pt_BR','question','','string'),(257,'en_US','description','','string'),(257,'en_US','possibleResponses','[\"\",\"\",\"\",\"\",\"\"]','object'),(257,'en_US','question','','string'),(257,'es_ES','description','','string'),(257,'es_ES','possibleResponses','[\"E\",\"B\",\"A\",\"R\",\"D\"]','object'),(257,'es_ES','question','<p><strong>3. ¿La metodología se plantea de manera adecuada? (Tipo, método, diseño, técnicas o equipos, instrumentos, programas, tratamiento de los datos)</strong></p>','string'),(257,'pt_BR','description','','string'),(257,'pt_BR','possibleResponses','[\"\",\"\",\"\",\"\",\"\"]','object'),(257,'pt_BR','question','','string'),(258,'en_US','description','','string'),(258,'en_US','possibleResponses','[\"\",\"\",\"\",\"\",\"\"]','object'),(258,'en_US','question','','string'),(258,'es_ES','description','','string'),(258,'es_ES','possibleResponses','[\"E\",\"B\",\"A\",\"R\",\"D\"]','object'),(258,'es_ES','question','<p><strong>4. ¿Los resultados y las conclusiones son claros y se presentan adecuadamente para una fácil comprensión de los lectores?</strong></p>','string'),(258,'pt_BR','description','','string'),(258,'pt_BR','possibleResponses','[\"\",\"\",\"\",\"\",\"\"]','object'),(258,'pt_BR','question','','string'),(259,'en_US','description','','string'),(259,'en_US','possibleResponses','[\"\",\"\",\"\",\"\",\"\"]','object'),(259,'en_US','question','','string'),(259,'es_ES','description','','string'),(259,'es_ES','possibleResponses','[\"E\",\"B\",\"A\",\"R\",\"D\"]','object'),(259,'es_ES','question','<p><strong>5. ¿La conclusión expone, de forma clara, concisa y lógica, el aporte del autor?</strong></p>','string'),(259,'pt_BR','description','','string'),(259,'pt_BR','possibleResponses','[\"\",\"\",\"\",\"\",\"\"]','object'),(259,'pt_BR','question','','string'),(260,'en_US','description','','string'),(260,'en_US','possibleResponses','[\"\",\"\",\"\",\"\",\"\"]','object'),(260,'en_US','question','','string'),(260,'es_ES','description','','string'),(260,'es_ES','possibleResponses','[\"E\",\"B\",\"A\",\"R\",\"D\"]','object'),(260,'es_ES','question','<p><strong>6. ¿Las referencias son actuales y adecuadas para sustentar la temática tratada en el texto?</strong></p>','string'),(260,'pt_BR','description','','string'),(260,'pt_BR','possibleResponses','[\"\",\"\",\"\",\"\",\"\"]','object'),(260,'pt_BR','question','','string'),(261,'en_US','description','','string'),(261,'en_US','possibleResponses','[\"\",\"\",\"\",\"\",\"\"]','object'),(261,'en_US','question','','string'),(261,'es_ES','description','','string'),(261,'es_ES','possibleResponses','[\"E\",\"B\",\"A\",\"R\",\"D\"]','object'),(261,'es_ES','question','<p><strong>7. ¿La propuesta de publicación tiene una estructura clara?</strong></p>','string'),(261,'pt_BR','description','','string'),(261,'pt_BR','possibleResponses','[\"\",\"\",\"\",\"\",\"\"]','object'),(261,'pt_BR','question','','string'),(262,'en_US','description','','string'),(262,'en_US','possibleResponses','[\"\",\"\",\"\",\"\",\"\"]','object'),(262,'en_US','question','','string'),(262,'es_ES','description','','string'),(262,'es_ES','possibleResponses','[\"E\",\"B\",\"A\",\"R\",\"D\"]','object'),(262,'es_ES','question','<p><strong>8. ¿La calidad de la escritura es adecuada (ortografía, gramática, sintaxis)?</strong></p>','string'),(262,'pt_BR','description','','string'),(262,'pt_BR','possibleResponses','[\"\",\"\",\"\",\"\",\"\"]','object'),(262,'pt_BR','question','','string'),(263,'en_US','description','','string'),(263,'en_US','question','','string'),(263,'es_ES','description','','string'),(263,'es_ES','question','<p><strong>Observaciones</strong></p>','string'),(263,'pt_BR','description','','string'),(263,'pt_BR','question','','string'),(264,'en_US','description','','string'),(264,'en_US','question','','string'),(264,'es_ES','description','','string'),(264,'es_ES','question','<p><strong>Comentarios generales</strong></p>','string'),(264,'pt_BR','description','','string'),(264,'pt_BR','question','','string'),(265,'en_US','description','','string'),(265,'en_US','possibleResponses','[\"\",\"\",\"\"]','object'),(265,'en_US','question','','string'),(265,'es_ES','description','','string'),(265,'es_ES','possibleResponses','[\"\",\"Si\",\"No\"]','object'),(265,'es_ES','question','<p><strong>1. Criterios de evaluación</strong></p>\r\n<p>Responda las preguntas que considere pertinentes de acuerdo con el carácter de la propuesta de publicación</p>\r\n<p>1. ¿El tema de la propuesta de publicación se ajusta al perfil de la revista?</p>','string'),(265,'pt_BR','description','','string'),(265,'pt_BR','possibleResponses','[\"\",\"\",\"\"]','object'),(265,'pt_BR','question','','string'),(266,'en_US','description','','string'),(266,'en_US','possibleResponses','[\"\",\"\"]','object'),(266,'en_US','question','','string'),(266,'es_ES','description','','string'),(266,'es_ES','possibleResponses','[\"Si\",\"No\"]','object'),(266,'es_ES','question','<p><strong>2. ¿El título es adecuado?</strong></p>','string'),(266,'pt_BR','description','','string'),(266,'pt_BR','possibleResponses','[\"\",\"\"]','object'),(266,'pt_BR','question','','string'),(267,'en_US','description','','string'),(267,'en_US','possibleResponses','[\"\",\"\"]','object'),(267,'en_US','question','','string'),(267,'es_ES','description','','string'),(267,'es_ES','possibleResponses','[\"Si\",\"No\"]','object'),(267,'es_ES','question','<p><strong>3. ¿La propuesta de publicación es de interés para los lectores de la revista?</strong></p>','string'),(267,'pt_BR','description','','string'),(267,'pt_BR','possibleResponses','[\"\",\"\"]','object'),(267,'pt_BR','question','','string'),(268,'en_US','description','','string'),(268,'en_US','possibleResponses','[\"\",\"\"]','object'),(268,'en_US','question','','string'),(268,'es_ES','description','','string'),(268,'es_ES','possibleResponses','[\"Si\",\"No\"]','object'),(268,'es_ES','question','<p><strong>4. ¿Se identifica el tema principal de la propuesta de publicación?</strong></p>','string'),(268,'pt_BR','description','','string'),(268,'pt_BR','possibleResponses','[\"\",\"\"]','object'),(268,'pt_BR','question','','string'),(269,'en_US','description','','string'),(269,'en_US','possibleResponses','[\"\",\"\"]','object'),(269,'en_US','question','','string'),(269,'es_ES','description','','string'),(269,'es_ES','possibleResponses','[\"Si\",\"No\"]','object'),(269,'es_ES','question','<p><strong>5. ¿Las tablas y figuras son pertinentes y aportan información nueva al contenido?</strong></p>','string'),(269,'pt_BR','description','','string'),(269,'pt_BR','possibleResponses','[\"\",\"\"]','object'),(269,'pt_BR','question','','string'),(270,'en_US','description','','string'),(270,'en_US','possibleResponses','[\"\",\"\"]','object'),(270,'en_US','question','','string'),(270,'es_ES','description','','string'),(270,'es_ES','possibleResponses','[\"Si\",\"No\"]','object'),(270,'es_ES','question','<p><strong>6. ¿Las tablas y figuras tienen los requisitos técnicos para su publicación?</strong></p>','string'),(270,'pt_BR','description','','string'),(270,'pt_BR','possibleResponses','[\"\",\"\"]','object'),(270,'pt_BR','question','','string'),(271,'en_US','description','','string'),(271,'en_US','possibleResponses','[\"\",\"\"]','object'),(271,'en_US','question','','string'),(271,'es_ES','description','','string'),(271,'es_ES','possibleResponses','[\"Si\",\"No\"]','object'),(271,'es_ES','question','<p><strong>7. ¿La propuesta de publicación aporta nuevos conocimientos teóricos o prácticos sobre la temática abordada?</strong></p>','string'),(271,'pt_BR','description','','string'),(271,'pt_BR','possibleResponses','[\"\",\"\"]','object'),(271,'pt_BR','question','','string'),(272,'en_US','description','','string'),(272,'en_US','question','','string'),(272,'es_ES','description','','string'),(272,'es_ES','question','<p><strong>Observaciones</strong></p>','string'),(272,'pt_BR','description','','string'),(272,'pt_BR','question','','string'),(273,'en_US','description','','string'),(273,'en_US','possibleResponses','[\"\",\"\",\"\",\"\",\"\"]','object'),(273,'en_US','question','','string'),(273,'es_ES','description','','string'),(273,'es_ES','possibleResponses','[\"E\",\"B\",\"A\",\"R\",\"D\"]','object'),(273,'es_ES','question','<p><strong>2. Evalúe el contenido teniendo en cuenta la siguiente escala</strong></p>\r\n<p><strong>E: Excelente B: Bueno A: Aceptable R: Regular D: Deficiente</strong></p>\r\n<p><strong>1. ¿El resumen y las palabras clave dan cuenta del contenido?</strong></p>','string'),(273,'pt_BR','description','','string'),(273,'pt_BR','possibleResponses','[\"\",\"\",\"\",\"\",\"\"]','object'),(273,'pt_BR','question','','string'),(274,'en_US','description','','string'),(274,'en_US','possibleResponses','[\"\",\"\",\"\",\"\",\"\"]','object'),(274,'en_US','question','','string'),(274,'es_ES','description','','string'),(274,'es_ES','possibleResponses','[\"E\",\"B\",\"A\",\"R\",\"D\"]','object'),(274,'es_ES','question','<p><strong>2. ¿La introducción plantea la problemática, la contextualización, y los antecedentes que sustentan el objetivo de la propuesta de publicación?</strong></p>','string'),(274,'pt_BR','description','','string'),(274,'pt_BR','possibleResponses','[\"\",\"\",\"\",\"\",\"\"]','object'),(274,'pt_BR','question','','string'),(275,'en_US','description','','string'),(275,'en_US','possibleResponses','[\"\",\"\",\"\",\"\",\"\"]','object'),(275,'en_US','question','','string'),(275,'es_ES','description','','string'),(275,'es_ES','possibleResponses','[\"E\",\"B\",\"A\",\"R\",\"D\"]','object'),(275,'es_ES','question','<p><strong>3. ¿La metodología se plantea de manera adecuada? (Tipo, método, diseño, técnicas o equipos, instrumentos, programas, tratamiento de los datos)</strong></p>','string'),(275,'pt_BR','description','','string'),(275,'pt_BR','possibleResponses','[\"\",\"\",\"\",\"\",\"\"]','object'),(275,'pt_BR','question','','string'),(276,'en_US','description','','string'),(276,'en_US','possibleResponses','[\"\",\"\",\"\",\"\",\"\"]','object'),(276,'en_US','question','','string'),(276,'es_ES','description','','string'),(276,'es_ES','possibleResponses','[\"E\",\"B\",\"A\",\"R\",\"D\"]','object'),(276,'es_ES','question','<p><strong>4. ¿Los resultados y las conclusiones son claros y se presentan adecuadamente para una fácil comprensión de los lectores?</strong></p>','string'),(276,'pt_BR','description','','string'),(276,'pt_BR','possibleResponses','[\"\",\"\",\"\",\"\",\"\"]','object'),(276,'pt_BR','question','','string'),(277,'en_US','description','','string'),(277,'en_US','possibleResponses','[\"\",\"\",\"\",\"\",\"\"]','object'),(277,'en_US','question','','string'),(277,'es_ES','description','','string'),(277,'es_ES','possibleResponses','[\"E\",\"B\",\"A\",\"R\",\"D\"]','object'),(277,'es_ES','question','<p><strong>5. ¿La conclusión expone, de forma clara, concisa y lógica, el aporte del autor?</strong></p>','string'),(277,'pt_BR','description','','string'),(277,'pt_BR','possibleResponses','[\"\",\"\",\"\",\"\",\"\"]','object'),(277,'pt_BR','question','','string'),(278,'en_US','description','','string'),(278,'en_US','possibleResponses','[\"\",\"\",\"\",\"\",\"\"]','object'),(278,'en_US','question','','string'),(278,'es_ES','description','','string'),(278,'es_ES','possibleResponses','[\"E\",\"B\",\"A\",\"R\",\"D\"]','object'),(278,'es_ES','question','<p><strong>6. ¿Las referencias son actuales y adecuadas para sustentar la temática tratada en el texto?</strong></p>','string'),(278,'pt_BR','description','','string'),(278,'pt_BR','possibleResponses','[\"\",\"\",\"\",\"\",\"\"]','object'),(278,'pt_BR','question','','string'),(279,'en_US','description','','string'),(279,'en_US','possibleResponses','[\"\",\"\",\"\",\"\",\"\"]','object'),(279,'en_US','question','','string'),(279,'es_ES','description','','string'),(279,'es_ES','possibleResponses','[\"E\",\"B\",\"A\",\"R\",\"D\"]','object'),(279,'es_ES','question','<p><strong>7. ¿La propuesta de publicación tiene una estructura clara?</strong></p>','string'),(279,'pt_BR','description','','string'),(279,'pt_BR','possibleResponses','[\"\",\"\",\"\",\"\",\"\"]','object'),(279,'pt_BR','question','','string'),(280,'en_US','description','','string'),(280,'en_US','possibleResponses','[\"\",\"\",\"\",\"\",\"\"]','object'),(280,'en_US','question','','string'),(280,'es_ES','description','','string'),(280,'es_ES','possibleResponses','[\"E\",\"B\",\"A\",\"R\",\"D\"]','object'),(280,'es_ES','question','<p><strong>8. ¿La calidad de la escritura es adecuada (ortografía, gramática, sintaxis)?</strong></p>','string'),(280,'pt_BR','description','','string'),(280,'pt_BR','possibleResponses','[\"\",\"\",\"\",\"\",\"\"]','object'),(280,'pt_BR','question','','string'),(281,'en_US','description','','string'),(281,'en_US','question','','string'),(281,'es_ES','description','','string'),(281,'es_ES','question','<p><strong>Observaciones</strong></p>','string'),(281,'pt_BR','description','','string'),(281,'pt_BR','question','','string'),(282,'en_US','description','','string'),(282,'en_US','question','','string'),(282,'es_ES','description','','string'),(282,'es_ES','question','<p><strong>Comentarios generales</strong></p>','string'),(282,'pt_BR','description','','string'),(282,'pt_BR','question','','string'),(283,'en_US','description','','string'),(283,'en_US','possibleResponses','[\"\",\"\"]','object'),(283,'en_US','question','','string'),(283,'es_ES','description','','string'),(283,'es_ES','possibleResponses','[\"Si\",\"No\"]','object'),(283,'es_ES','question','<p><strong>1. Criterios de evaluación</strong></p>\r\n<p>Responda las preguntas que considere pertinentes de acuerdo con el carácter de la propuesta de publicación</p>\r\n<p>1. ¿El tema de la propuesta de publicación se ajusta al perfil de la revista?</p>','string'),(283,'pt_BR','description','','string'),(283,'pt_BR','possibleResponses','[\"\",\"\"]','object'),(283,'pt_BR','question','','string'),(284,'en_US','description','','string'),(284,'en_US','possibleResponses','[\"\",\"\"]','object'),(284,'en_US','question','','string'),(284,'es_ES','description','','string'),(284,'es_ES','possibleResponses','[\"Si\",\"No\"]','object'),(284,'es_ES','question','<p><strong>2. ¿El título es adecuado?</strong></p>','string'),(284,'pt_BR','description','','string'),(284,'pt_BR','possibleResponses','[\"\",\"\"]','object'),(284,'pt_BR','question','','string'),(285,'en_US','description','','string'),(285,'en_US','possibleResponses','[\"\",\"\"]','object'),(285,'en_US','question','','string'),(285,'es_ES','description','','string'),(285,'es_ES','possibleResponses','[\"Si\",\"No\"]','object'),(285,'es_ES','question','<p><strong>3. ¿La propuesta de publicación es de interés para los lectores de la revista?</strong></p>','string'),(285,'pt_BR','description','','string'),(285,'pt_BR','possibleResponses','[\"\",\"\"]','object'),(285,'pt_BR','question','','string'),(286,'en_US','description','','string'),(286,'en_US','possibleResponses','[\"\",\"\"]','object'),(286,'en_US','question','','string'),(286,'es_ES','description','','string'),(286,'es_ES','possibleResponses','[\"Si\",\"No\"]','object'),(286,'es_ES','question','<p><strong>4. ¿Se identifica el tema principal de la propuesta de publicación?</strong></p>','string'),(286,'pt_BR','description','','string'),(286,'pt_BR','possibleResponses','[\"\",\"\"]','object'),(286,'pt_BR','question','','string'),(287,'en_US','description','','string'),(287,'en_US','possibleResponses','[\"\",\"\"]','object'),(287,'en_US','question','','string'),(287,'es_ES','description','','string'),(287,'es_ES','possibleResponses','[\"Si\",\"No\"]','object'),(287,'es_ES','question','<p><strong>5. ¿Las tablas y figuras son pertinentes y aportan información nueva al contenido?</strong></p>','string'),(287,'pt_BR','description','','string'),(287,'pt_BR','possibleResponses','[\"\",\"\"]','object'),(287,'pt_BR','question','','string'),(288,'en_US','description','','string'),(288,'en_US','possibleResponses','[\"\",\"\"]','object'),(288,'en_US','question','','string'),(288,'es_ES','description','','string'),(288,'es_ES','possibleResponses','[\"Si\",\"No\"]','object'),(288,'es_ES','question','<p><strong>6. ¿Las tablas y figuras tienen los requisitos técnicos para su publicación?</strong></p>','string'),(288,'pt_BR','description','','string'),(288,'pt_BR','possibleResponses','[\"\",\"\"]','object'),(288,'pt_BR','question','','string'),(289,'en_US','description','','string'),(289,'en_US','possibleResponses','[\"\",\"\"]','object'),(289,'en_US','question','','string'),(289,'es_ES','description','','string'),(289,'es_ES','possibleResponses','[\"Si\",\"No\"]','object'),(289,'es_ES','question','<p><strong>7. ¿La propuesta de publicación aporta nuevos conocimientos teóricos o prácticos sobre la temática abordada?</strong></p>','string'),(289,'pt_BR','description','','string'),(289,'pt_BR','possibleResponses','[\"\",\"\"]','object'),(289,'pt_BR','question','','string'),(290,'en_US','description','','string'),(290,'en_US','question','','string'),(290,'es_ES','description','','string'),(290,'es_ES','question','<p><strong>Observaciones</strong></p>','string'),(290,'pt_BR','description','','string'),(290,'pt_BR','question','','string'),(291,'en_US','description','','string'),(291,'en_US','possibleResponses','[\"\",\"\",\"\",\"\",\"\"]','object'),(291,'en_US','question','','string'),(291,'es_ES','description','','string'),(291,'es_ES','possibleResponses','[\"E\",\"B\",\"A\",\"R\",\"D\"]','object'),(291,'es_ES','question','<table>\r\n<tbody>\r\n<tr>\r\n<td width=\"589\">\r\n<p><strong>2. Evalúe el contenido teniendo en cuenta la siguiente escala</strong></p>\r\n<p><strong>E: Excelente B: Bueno A: Aceptable R: Regular D: Deficiente</strong></p>\r\n<p><strong>1. ¿El resumen y las palabras clave dan cuenta del contenido?</strong></p>\r\n</td>\r\n</tr>\r\n</tbody>\r\n</table>','string'),(291,'pt_BR','description','','string'),(291,'pt_BR','possibleResponses','[\"\",\"\",\"\",\"\",\"\"]','object'),(291,'pt_BR','question','','string'),(292,'en_US','description','','string'),(292,'en_US','possibleResponses','[\"\",\"\",\"\",\"\",\"\"]','object'),(292,'en_US','question','','string'),(292,'es_ES','description','','string'),(292,'es_ES','possibleResponses','[\"E\",\"B\",\"A\",\"R\",\"D\"]','object'),(292,'es_ES','question','<p><strong>2. ¿La introducción plantea la problemática, la contextualización, y los antecedentes que sustentan el objetivo de la propuesta de publicación?</strong></p>','string'),(292,'pt_BR','description','','string'),(292,'pt_BR','possibleResponses','[\"\",\"\",\"\",\"\",\"\"]','object'),(292,'pt_BR','question','','string'),(293,'en_US','description','','string'),(293,'en_US','possibleResponses','[\"\",\"\",\"\",\"\",\"\"]','object'),(293,'en_US','question','','string'),(293,'es_ES','description','','string'),(293,'es_ES','possibleResponses','[\"E\",\"B\",\"A\",\"R\",\"D\"]','object'),(293,'es_ES','question','<p><strong>3. ¿La metodología se plantea de manera adecuada? (Tipo, método, diseño, técnicas o equipos, instrumentos, programas, tratamiento de los datos)</strong></p>','string'),(293,'pt_BR','description','','string'),(293,'pt_BR','possibleResponses','[\"\",\"\",\"\",\"\",\"\"]','object'),(293,'pt_BR','question','','string'),(294,'en_US','description','','string'),(294,'en_US','possibleResponses','[\"\",\"\",\"\",\"\",\"\"]','object'),(294,'en_US','question','','string'),(294,'es_ES','description','','string'),(294,'es_ES','possibleResponses','[\"E\",\"B\",\"A\",\"R\",\"D\"]','object'),(294,'es_ES','question','<p><strong>4. ¿Los resultados y las conclusiones son claros y se presentan adecuadamente para una fácil comprensión de los lectores?</strong></p>','string'),(294,'pt_BR','description','','string'),(294,'pt_BR','possibleResponses','[\"\",\"\",\"\",\"\",\"\"]','object'),(294,'pt_BR','question','','string'),(295,'en_US','description','','string'),(295,'en_US','possibleResponses','[\"\",\"\",\"\",\"\",\"\"]','object'),(295,'en_US','question','','string'),(295,'es_ES','description','','string'),(295,'es_ES','possibleResponses','[\"E\",\"B\",\"A\",\"R\",\"D\"]','object'),(295,'es_ES','question','<p><strong>5. ¿La conclusión expone, de forma clara, concisa y lógica, el aporte del autor?</strong></p>','string'),(295,'pt_BR','description','','string'),(295,'pt_BR','possibleResponses','[\"\",\"\",\"\",\"\",\"\"]','object'),(295,'pt_BR','question','','string'),(296,'en_US','description','','string'),(296,'en_US','possibleResponses','[\"\",\"\",\"\",\"\",\"\"]','object'),(296,'en_US','question','','string'),(296,'es_ES','description','','string'),(296,'es_ES','possibleResponses','[\"E\",\"B\",\"A\",\"R\",\"D\"]','object'),(296,'es_ES','question','<p><strong>6. ¿Las referencias son actuales y adecuadas para sustentar la temática tratada en el texto?</strong></p>','string'),(296,'pt_BR','description','','string'),(296,'pt_BR','possibleResponses','[\"\",\"\",\"\",\"\",\"\"]','object'),(296,'pt_BR','question','','string'),(297,'en_US','description','','string'),(297,'en_US','possibleResponses','[\"\",\"\",\"\",\"\",\"\"]','object'),(297,'en_US','question','','string'),(297,'es_ES','description','','string'),(297,'es_ES','possibleResponses','[\"E\",\"B\",\"A\",\"R\",\"D\"]','object'),(297,'es_ES','question','<p><strong>7. ¿La propuesta de publicación tiene una estructura clara?</strong></p>','string'),(297,'pt_BR','description','','string'),(297,'pt_BR','possibleResponses','[\"\",\"\",\"\",\"\",\"\"]','object'),(297,'pt_BR','question','','string'),(298,'en_US','description','','string'),(298,'en_US','possibleResponses','[\"\",\"\",\"\",\"\",\"\"]','object'),(298,'en_US','question','','string'),(298,'es_ES','description','','string'),(298,'es_ES','possibleResponses','[\"E\",\"B\",\"A\",\"R\",\"D\"]','object'),(298,'es_ES','question','<p><strong>8. ¿La calidad de la escritura es adecuada (ortografía, gramática, sintaxis)?</strong></p>','string'),(298,'pt_BR','description','','string'),(298,'pt_BR','possibleResponses','[\"\",\"\",\"\",\"\",\"\"]','object'),(298,'pt_BR','question','','string'),(299,'en_US','description','','string'),(299,'en_US','question','','string'),(299,'es_ES','description','','string'),(299,'es_ES','question','<p><strong>Observaciones</strong></p>','string'),(299,'pt_BR','description','','string'),(299,'pt_BR','question','','string'),(300,'en_US','description','','string'),(300,'en_US','question','','string'),(300,'es_ES','description','','string'),(300,'es_ES','question','<p><strong>Comentarios generales</strong></p>','string'),(300,'pt_BR','description','','string'),(300,'pt_BR','question','','string'),(301,'en_US','description','','string'),(301,'en_US','possibleResponses','[\"\",\"\"]','object'),(301,'en_US','question','','string'),(301,'es_ES','description','','string'),(301,'es_ES','possibleResponses','[\"Si\",\"No\"]','object'),(301,'es_ES','question','<p><strong>1. Criterios de evaluación</strong></p>\r\n<p>Responda las preguntas que considere pertinentes de acuerdo con el carácter de la propuesta de publicación</p>\r\n<p>1. ¿El tema de la propuesta de publicación se ajusta al perfil de la revista?</p>','string'),(301,'pt_BR','description','','string'),(301,'pt_BR','possibleResponses','[\"\",\"\"]','object'),(301,'pt_BR','question','','string'),(302,'en_US','description','','string'),(302,'en_US','possibleResponses','[\"\",\"\"]','object'),(302,'en_US','question','','string'),(302,'es_ES','description','','string'),(302,'es_ES','possibleResponses','[\"Si\",\"No\"]','object'),(302,'es_ES','question','<p><strong>2. ¿El título es adecuado?</strong></p>','string'),(302,'pt_BR','description','','string'),(302,'pt_BR','possibleResponses','[\"\",\"\"]','object'),(302,'pt_BR','question','','string'),(303,'en_US','description','','string'),(303,'en_US','possibleResponses','[\"\",\"\"]','object'),(303,'en_US','question','','string'),(303,'es_ES','description','','string'),(303,'es_ES','possibleResponses','[\"Si\",\"No\"]','object'),(303,'es_ES','question','<p><strong>3. ¿La propuesta de publicación es de interés para los lectores de la revista?</strong></p>','string'),(303,'pt_BR','description','','string'),(303,'pt_BR','possibleResponses','[\"\",\"\"]','object'),(303,'pt_BR','question','','string'),(304,'en_US','description','','string'),(304,'en_US','possibleResponses','[\"\",\"\"]','object'),(304,'en_US','question','','string'),(304,'es_ES','description','','string'),(304,'es_ES','possibleResponses','[\"Si\",\"No\"]','object'),(304,'es_ES','question','<p><strong>4. ¿Se identifica el tema principal de la propuesta de publicación?</strong></p>','string'),(304,'pt_BR','description','','string'),(304,'pt_BR','possibleResponses','[\"\",\"\"]','object'),(304,'pt_BR','question','','string'),(305,'en_US','description','','string'),(305,'en_US','possibleResponses','[\"\",\"\"]','object'),(305,'en_US','question','','string'),(305,'es_ES','description','','string'),(305,'es_ES','possibleResponses','[\"Si\",\"No\"]','object'),(305,'es_ES','question','<p><strong>5. ¿Las tablas y figuras son pertinentes y aportan información nueva al contenido?</strong></p>','string'),(305,'pt_BR','description','','string'),(305,'pt_BR','possibleResponses','[\"\",\"\"]','object'),(305,'pt_BR','question','','string'),(306,'en_US','description','','string'),(306,'en_US','possibleResponses','[\"\",\"\"]','object'),(306,'en_US','question','','string'),(306,'es_ES','description','','string'),(306,'es_ES','possibleResponses','[\"Si\",\"No\"]','object'),(306,'es_ES','question','<p><strong>6. ¿Las tablas y figuras tienen los requisitos técnicos para su publicación?</strong></p>','string'),(306,'pt_BR','description','','string'),(306,'pt_BR','possibleResponses','[\"\",\"\"]','object'),(306,'pt_BR','question','','string'),(307,'en_US','description','','string'),(307,'en_US','possibleResponses','[\"\",\"\"]','object'),(307,'en_US','question','','string'),(307,'es_ES','description','','string'),(307,'es_ES','possibleResponses','[\"Si\",\"No\"]','object'),(307,'es_ES','question','<p><strong>7. ¿La propuesta de publicación aporta nuevos conocimientos teóricos o prácticos sobre la temática abordada?</strong></p>','string'),(307,'pt_BR','description','','string'),(307,'pt_BR','possibleResponses','[\"\",\"\"]','object'),(307,'pt_BR','question','','string'),(308,'en_US','description','','string'),(308,'en_US','question','','string'),(308,'es_ES','description','','string'),(308,'es_ES','question','<p><strong>Observaciones</strong></p>','string'),(308,'pt_BR','description','','string'),(308,'pt_BR','question','','string'),(309,'en_US','description','','string'),(309,'en_US','possibleResponses','[\"\",\"\",\"\",\"\",\"\"]','object'),(309,'en_US','question','','string'),(309,'es_ES','description','','string'),(309,'es_ES','possibleResponses','[\"E\",\"B\",\"A\",\"R\",\"D\"]','object'),(309,'es_ES','question','<p><strong>2. Evalúe el contenido teniendo en cuenta la siguiente escala</strong></p>\r\n<p><strong>E: Excelente B: Bueno A: Aceptable R: Regular D: Deficiente</strong></p>\r\n<p><strong>1. ¿El resumen y las palabras clave dan cuenta del contenido?</strong></p>','string'),(309,'pt_BR','description','','string'),(309,'pt_BR','possibleResponses','[\"\",\"\",\"\",\"\",\"\"]','object'),(309,'pt_BR','question','','string'),(310,'en_US','description','','string'),(310,'en_US','possibleResponses','[\"\",\"\",\"\",\"\",\"\"]','object'),(310,'en_US','question','','string'),(310,'es_ES','description','','string'),(310,'es_ES','possibleResponses','[\"E\",\"B\",\"A\",\"R\",\"D\"]','object'),(310,'es_ES','question','<p><strong>2. ¿La introducción plantea la problemática, la contextualización, y los antecedentes que sustentan el objetivo de la propuesta de publicación?</strong></p>','string'),(310,'pt_BR','description','','string'),(310,'pt_BR','possibleResponses','[\"\",\"\",\"\",\"\",\"\"]','object'),(310,'pt_BR','question','','string'),(311,'en_US','description','','string'),(311,'en_US','possibleResponses','[\"\",\"\",\"\",\"\",\"\"]','object'),(311,'en_US','question','','string'),(311,'es_ES','description','','string'),(311,'es_ES','possibleResponses','[\"E\",\"B\",\"A\",\"R\",\"D\"]','object'),(311,'es_ES','question','<p><strong>3. ¿La metodología se plantea de manera adecuada? (Tipo, método, diseño, técnicas o equipos, instrumentos, programas, tratamiento de los datos)</strong></p>','string'),(311,'pt_BR','description','','string'),(311,'pt_BR','possibleResponses','[\"\",\"\",\"\",\"\",\"\"]','object'),(311,'pt_BR','question','','string'),(312,'en_US','description','','string'),(312,'en_US','possibleResponses','[\"\",\"\",\"\",\"\",\"\"]','object'),(312,'en_US','question','','string'),(312,'es_ES','description','','string'),(312,'es_ES','possibleResponses','[\"E\",\"B\",\"A\",\"R\",\"D\"]','object'),(312,'es_ES','question','<p><strong>4. ¿Los resultados y las conclusiones son claros y se presentan adecuadamente para una fácil comprensión de los lectores?</strong></p>','string'),(312,'pt_BR','description','','string'),(312,'pt_BR','possibleResponses','[\"\",\"\",\"\",\"\",\"\"]','object'),(312,'pt_BR','question','','string'),(313,'en_US','description','','string'),(313,'en_US','possibleResponses','[\"\",\"\",\"\",\"\",\"\"]','object'),(313,'en_US','question','','string'),(313,'es_ES','description','','string'),(313,'es_ES','possibleResponses','[\"E\",\"B\",\"A\",\"R\",\"D\"]','object'),(313,'es_ES','question','<p><strong>5. ¿La conclusión expone, de forma clara, concisa y lógica, el aporte del autor?</strong></p>','string'),(313,'pt_BR','description','','string'),(313,'pt_BR','possibleResponses','[\"\",\"\",\"\",\"\",\"\"]','object'),(313,'pt_BR','question','','string'),(314,'en_US','description','','string'),(314,'en_US','possibleResponses','[\"\",\"\",\"\",\"\",\"\"]','object'),(314,'en_US','question','','string'),(314,'es_ES','description','','string'),(314,'es_ES','possibleResponses','[\"E\",\"B\",\"A\",\"R\",\"D\"]','object'),(314,'es_ES','question','<p><strong>6. ¿Las referencias son actuales y adecuadas para sustentar la temática tratada en el texto?</strong></p>','string'),(314,'pt_BR','description','','string'),(314,'pt_BR','possibleResponses','[\"\",\"\",\"\",\"\",\"\"]','object'),(314,'pt_BR','question','','string'),(315,'en_US','description','','string'),(315,'en_US','possibleResponses','[\"\",\"\",\"\",\"\",\"\"]','object'),(315,'en_US','question','','string'),(315,'es_ES','description','','string'),(315,'es_ES','possibleResponses','[\"E\",\"B\",\"A\",\"R\",\"D\"]','object'),(315,'es_ES','question','<p><strong>7. ¿La propuesta de publicación tiene una estructura clara?</strong></p>','string'),(315,'pt_BR','description','','string'),(315,'pt_BR','possibleResponses','[\"\",\"\",\"\",\"\",\"\"]','object'),(315,'pt_BR','question','','string'),(316,'en_US','description','','string'),(316,'en_US','possibleResponses','[\"\",\"\",\"\",\"\",\"\"]','object'),(316,'en_US','question','','string'),(316,'es_ES','description','','string'),(316,'es_ES','possibleResponses','[\"E\",\"B\",\"A\",\"R\",\"D\"]','object'),(316,'es_ES','question','<p><strong>8. ¿La calidad de la escritura es adecuada (ortografía, gramática, sintaxis)?</strong></p>','string'),(316,'pt_BR','description','','string'),(316,'pt_BR','possibleResponses','[\"\",\"\",\"\",\"\",\"\"]','object'),(316,'pt_BR','question','','string'),(317,'en_US','description','','string'),(317,'en_US','question','','string'),(317,'es_ES','description','','string'),(317,'es_ES','question','<p><strong>Observaciones</strong></p>','string'),(317,'pt_BR','description','','string'),(317,'pt_BR','question','','string'),(318,'en_US','description','','string'),(318,'en_US','question','','string'),(318,'es_ES','description','','string'),(318,'es_ES','question','<p><strong>Comentarios generales</strong></p>','string'),(318,'pt_BR','description','','string'),(318,'pt_BR','question','','string'),(319,'en_US','description','','string'),(319,'en_US','possibleResponses','[\"\",\"\"]','object'),(319,'en_US','question','','string'),(319,'es_ES','description','','string'),(319,'es_ES','possibleResponses','[\"Si\",\"No\"]','object'),(319,'es_ES','question','<p><strong>1. Criterios de evaluación</strong></p>\r\n<p>Responda las preguntas que considere pertinentes de acuerdo con el carácter de la propuesta de publicación</p>\r\n<p>1. ¿El tema de la propuesta de publicación se ajusta al perfil de la revista?</p>','string'),(319,'pt_BR','description','','string'),(319,'pt_BR','possibleResponses','[\"\",\"\"]','object'),(319,'pt_BR','question','','string'),(320,'en_US','description','','string'),(320,'en_US','possibleResponses','[\"\",\"\"]','object'),(320,'en_US','question','','string'),(320,'es_ES','description','','string'),(320,'es_ES','possibleResponses','[\"Si\",\"No\"]','object'),(320,'es_ES','question','<p><strong>2. ¿El título es adecuado?</strong></p>','string'),(320,'pt_BR','description','','string'),(320,'pt_BR','possibleResponses','[\"\",\"\"]','object'),(320,'pt_BR','question','','string'),(321,'en_US','description','','string'),(321,'en_US','possibleResponses','[\"\",\"\"]','object'),(321,'en_US','question','','string'),(321,'es_ES','description','','string'),(321,'es_ES','possibleResponses','[\"Si\",\"No\"]','object'),(321,'es_ES','question','<p><strong>3. ¿La propuesta de publicación es de interés para los lectores de la revista?</strong></p>','string'),(321,'pt_BR','description','','string'),(321,'pt_BR','possibleResponses','[\"\",\"\"]','object'),(321,'pt_BR','question','','string'),(322,'en_US','description','','string'),(322,'en_US','possibleResponses','[\"\",\"\"]','object'),(322,'en_US','question','','string'),(322,'es_ES','description','','string'),(322,'es_ES','possibleResponses','[\"Si\",\"No\"]','object'),(322,'es_ES','question','<p><strong>4. ¿Se identifica el tema principal de la propuesta de publicación?</strong></p>','string'),(322,'pt_BR','description','','string'),(322,'pt_BR','possibleResponses','[\"\",\"\"]','object'),(322,'pt_BR','question','','string'),(323,'en_US','description','','string'),(323,'en_US','possibleResponses','[\"\",\"\"]','object'),(323,'en_US','question','','string'),(323,'es_ES','description','','string'),(323,'es_ES','possibleResponses','[\"Si\",\"No\"]','object'),(323,'es_ES','question','<p><strong>5. ¿Las tablas y figuras son pertinentes y aportan información nueva al contenido?</strong></p>','string'),(323,'pt_BR','description','','string'),(323,'pt_BR','possibleResponses','[\"\",\"\"]','object'),(323,'pt_BR','question','','string'),(324,'en_US','description','','string'),(324,'en_US','possibleResponses','[\"\",\"\"]','object'),(324,'en_US','question','','string'),(324,'es_ES','description','','string'),(324,'es_ES','possibleResponses','[\"Si\",\"No\"]','object'),(324,'es_ES','question','<p><strong>6. ¿Las tablas y figuras tienen los requisitos técnicos para su publicación?</strong></p>','string'),(324,'pt_BR','description','','string'),(324,'pt_BR','possibleResponses','[\"\",\"\"]','object'),(324,'pt_BR','question','','string'),(325,'en_US','description','','string'),(325,'en_US','possibleResponses','[\"\",\"\"]','object'),(325,'en_US','question','','string'),(325,'es_ES','description','','string'),(325,'es_ES','possibleResponses','[\"Si\",\"No\"]','object'),(325,'es_ES','question','<p><strong>7. ¿La propuesta de publicación aporta nuevos conocimientos teóricos o prácticos sobre la temática abordada?</strong></p>','string'),(325,'pt_BR','description','','string'),(325,'pt_BR','possibleResponses','[\"\",\"\"]','object'),(325,'pt_BR','question','','string'),(326,'en_US','description','','string'),(326,'en_US','question','','string'),(326,'es_ES','description','','string'),(326,'es_ES','question','<p><strong>Observaciones</strong></p>','string'),(326,'pt_BR','description','','string'),(326,'pt_BR','question','','string'),(327,'en_US','description','','string'),(327,'en_US','possibleResponses','[\"\",\"\",\"\",\"\",\"\"]','object'),(327,'en_US','question','','string'),(327,'es_ES','description','','string'),(327,'es_ES','possibleResponses','[\"E\",\"B\",\"A\",\"R\",\"D\"]','object'),(327,'es_ES','question','<p><strong>2. Evalúe el contenido teniendo en cuenta la siguiente escala</strong></p>\r\n<p><strong>E: Excelente B: Bueno A: Aceptable R: Regular D: Deficiente</strong></p>\r\n<p><strong>1. ¿El resumen y las palabras clave dan cuenta del contenido?</strong></p>','string'),(327,'pt_BR','description','','string'),(327,'pt_BR','possibleResponses','[\"\",\"\",\"\",\"\",\"\"]','object'),(327,'pt_BR','question','','string'),(328,'en_US','description','','string'),(328,'en_US','possibleResponses','[\"\",\"\",\"\",\"\",\"\"]','object'),(328,'en_US','question','','string'),(328,'es_ES','description','','string'),(328,'es_ES','possibleResponses','[\"E\",\"B\",\"A\",\"R\",\"D\"]','object'),(328,'es_ES','question','<p><strong>2. ¿La introducción plantea la problemática, la contextualización, y los antecedentes que sustentan el objetivo de la propuesta de publicación?</strong></p>','string'),(328,'pt_BR','description','','string'),(328,'pt_BR','possibleResponses','[\"\",\"\",\"\",\"\",\"\"]','object'),(328,'pt_BR','question','','string'),(329,'en_US','description','','string'),(329,'en_US','possibleResponses','[\"\",\"\",\"\",\"\",\"\"]','object'),(329,'en_US','question','','string'),(329,'es_ES','description','','string'),(329,'es_ES','possibleResponses','[\"E\",\"B\",\"A\",\"R\",\"D\"]','object'),(329,'es_ES','question','<p><strong>3. ¿La metodología se plantea de manera adecuada? (Tipo, método, diseño, técnicas o equipos, instrumentos, programas, tratamiento de los datos)</strong></p>','string'),(329,'pt_BR','description','','string'),(329,'pt_BR','possibleResponses','[\"\",\"\",\"\",\"\",\"\"]','object'),(329,'pt_BR','question','','string'),(330,'en_US','description','','string'),(330,'en_US','possibleResponses','[\"\",\"\",\"\",\"\",\"\"]','object'),(330,'en_US','question','','string'),(330,'es_ES','description','','string'),(330,'es_ES','possibleResponses','[\"E\",\"B\",\"A\",\"R\",\"D\"]','object'),(330,'es_ES','question','<p><strong>4. ¿Los resultados y las conclusiones son claros y se presentan adecuadamente para una fácil comprensión de los lectores?</strong></p>','string'),(330,'pt_BR','description','','string'),(330,'pt_BR','possibleResponses','[\"\",\"\",\"\",\"\",\"\"]','object'),(330,'pt_BR','question','','string'),(331,'en_US','description','','string'),(331,'en_US','possibleResponses','[\"\",\"\",\"\",\"\",\"\"]','object'),(331,'en_US','question','','string'),(331,'es_ES','description','','string'),(331,'es_ES','possibleResponses','[\"E\",\"B\",\"A\",\"R\",\"D\"]','object'),(331,'es_ES','question','<p><strong>5. ¿La conclusión expone, de forma clara, concisa y lógica, el aporte del autor?</strong></p>','string'),(331,'pt_BR','description','','string'),(331,'pt_BR','possibleResponses','[\"\",\"\",\"\",\"\",\"\"]','object'),(331,'pt_BR','question','','string'),(332,'en_US','description','','string'),(332,'en_US','possibleResponses','[\"\",\"\",\"\",\"\",\"\"]','object'),(332,'en_US','question','','string'),(332,'es_ES','description','','string'),(332,'es_ES','possibleResponses','[\"E\",\"B\",\"A\",\"R\",\"D\"]','object'),(332,'es_ES','question','<p><strong>6. ¿Las referencias son actuales y adecuadas para sustentar la temática tratada en el texto?</strong></p>','string'),(332,'pt_BR','description','','string'),(332,'pt_BR','possibleResponses','[\"\",\"\",\"\",\"\",\"\"]','object'),(332,'pt_BR','question','','string'),(333,'en_US','description','','string'),(333,'en_US','possibleResponses','[\"\",\"\",\"\",\"\",\"\"]','object'),(333,'en_US','question','','string'),(333,'es_ES','description','','string'),(333,'es_ES','possibleResponses','[\"E\",\"B\",\"A\",\"R\",\"D\"]','object'),(333,'es_ES','question','<p><strong>7. ¿La propuesta de publicación tiene una estructura clara?</strong></p>','string'),(333,'pt_BR','description','','string'),(333,'pt_BR','possibleResponses','[\"\",\"\",\"\",\"\",\"\"]','object'),(333,'pt_BR','question','','string'),(334,'en_US','description','','string'),(334,'en_US','possibleResponses','[\"\",\"\",\"\",\"\",\"\"]','object'),(334,'en_US','question','','string'),(334,'es_ES','description','','string'),(334,'es_ES','possibleResponses','[\"E\",\"B\",\"A\",\"R\",\"D\"]','object'),(334,'es_ES','question','<p><strong>8. ¿La calidad de la escritura es adecuada (ortografía, gramática, sintaxis)?</strong></p>','string'),(334,'pt_BR','description','','string'),(334,'pt_BR','possibleResponses','[\"\",\"\",\"\",\"\",\"\"]','object'),(334,'pt_BR','question','','string'),(335,'en_US','description','','string'),(335,'en_US','question','','string'),(335,'es_ES','description','','string'),(335,'es_ES','question','<p><strong>Observaciones</strong></p>','string'),(335,'pt_BR','description','','string'),(335,'pt_BR','question','','string'),(336,'en_US','description','','string'),(336,'en_US','question','','string'),(336,'es_ES','description','','string'),(336,'es_ES','question','<p><strong>Comentarios generales</strong></p>','string'),(336,'pt_BR','description','','string'),(336,'pt_BR','question','','string');

--
-- Table structure for table `review_form_elements`
--

CREATE TABLE `review_form_elements` (
  `review_form_element_id` bigint NOT NULL AUTO_INCREMENT,
  `review_form_id` bigint NOT NULL,
  `seq` double DEFAULT NULL,
  `element_type` bigint DEFAULT NULL,
  `required` tinyint DEFAULT NULL,
  `included` tinyint DEFAULT NULL,
  PRIMARY KEY (`review_form_element_id`),
  KEY `review_form_elements_review_form_id` (`review_form_id`)
) ENGINE=InnoDB AUTO_INCREMENT=337 DEFAULT CHARSET=utf8mb3;

--
-- Dumping data for table `review_form_elements`
--

INSERT INTO `review_form_elements` VALUES (8,1,7,5,1,1),(9,1,8,5,1,1),(10,1,9,5,1,1),(11,1,10,5,1,1),(12,1,11,5,1,1),(13,1,12,5,1,1),(14,1,13,5,1,1),(15,1,14,3,1,0),(16,1,15,5,1,1),(17,1,16,5,1,1),(18,1,17,5,1,1),(19,1,18,5,1,1),(20,1,19,5,1,1),(21,1,20,5,1,1),(22,1,21,5,1,1),(23,1,22,5,1,1),(24,1,23,3,1,0),(30,1,29,3,1,0),(247,14,1,5,1,1),(248,14,2,5,1,1),(249,14,3,5,1,1),(250,14,4,5,1,1),(251,14,5,5,1,1),(252,14,6,5,1,1),(253,14,7,5,1,1),(254,14,8,3,1,0),(255,14,9,5,1,1),(256,14,10,5,1,1),(257,14,11,5,1,1),(258,14,12,5,1,1),(259,14,13,5,1,1),(260,14,14,5,1,1),(261,14,15,5,1,1),(262,14,16,5,1,1),(263,14,17,3,1,0),(264,14,18,3,1,0),(265,15,1,5,1,1),(266,15,2,5,1,1),(267,15,3,5,1,1),(268,15,4,5,1,1),(269,15,5,5,1,1),(270,15,6,5,1,1),(271,15,7,5,1,1),(272,15,8,3,1,0),(273,15,9,5,1,1),(274,15,10,5,1,1),(275,15,11,5,1,1),(276,15,12,5,1,1),(277,15,13,5,1,1),(278,15,14,5,1,1),(279,15,15,5,1,1),(280,15,16,5,1,1),(281,15,17,3,1,0),(282,15,18,3,1,0),(283,16,1,5,1,1),(284,16,2,5,1,1),(285,16,3,5,1,1),(286,16,4,5,1,1),(287,16,5,5,1,1),(288,16,6,5,1,1),(289,16,7,5,1,1),(290,16,8,3,1,0),(291,16,9,5,1,1),(292,16,10,5,1,1),(293,16,11,5,1,1),(294,16,12,5,1,1),(295,16,13,5,1,1),(296,16,14,5,1,1),(297,16,15,5,1,1),(298,16,16,5,1,1),(299,16,17,3,1,0),(300,16,18,3,1,0),(301,17,1,5,1,1),(302,17,2,5,1,1),(303,17,3,5,1,1),(304,17,4,5,1,1),(305,17,5,5,1,1),(306,17,6,5,1,1),(307,17,7,5,1,1),(308,17,8,3,1,0),(309,17,9,5,1,1),(310,17,10,5,1,1),(311,17,11,5,1,1),(312,17,12,5,1,1),(313,17,13,5,1,1),(314,17,14,5,1,1),(315,17,15,5,1,1),(316,17,16,5,1,1),(317,17,17,3,1,0),(318,17,18,3,1,0),(319,18,1,5,1,1),(320,18,2,5,1,1),(321,18,3,5,1,1),(322,18,4,5,1,1),(323,18,5,5,1,1),(324,18,6,5,1,1),(325,18,7,5,1,1),(326,18,8,3,1,0),(327,18,9,5,1,1),(328,18,10,5,1,1),(329,18,11,5,1,1),(330,18,12,5,1,1),(331,18,13,5,1,1),(332,18,14,5,1,1),(333,18,15,5,1,1),(334,18,16,5,1,1),(335,18,17,3,1,0),(336,18,18,3,1,0);

--
-- Table structure for table `review_form_responses`
--

CREATE TABLE `review_form_responses` (
  `review_form_element_id` bigint NOT NULL,
  `review_id` bigint NOT NULL,
  `response_type` varchar(6) DEFAULT NULL,
  `response_value` text,
  KEY `review_form_responses_pkey` (`review_form_element_id`,`review_id`)
) ENGINE=InnoDB DEFAULT CHARSET=utf8mb3;

--
-- Dumping data for table `review_form_responses`
--

INSERT INTO `review_form_responses` VALUES (265,1,'int','1'),(266,1,'int','0'),(267,1,'int','0'),(268,1,'int','0'),(269,1,'int','0'),(270,1,'int','0'),(271,1,'int','0'),(272,1,'string','La propuesta de publicación describe el diseño de una app para registro de asistencia en la JDC, el aporte de nuevo conocimiento teórico se refleja permitiendo enriquecer el conocimiento de aplicaciones móviles y sus diferentes frameworks, y el práctico se refleja en la disponibilidad de la aplicación.  '),(273,1,'int','1'),(274,1,'int','1'),(275,1,'int','1'),(276,1,'int','0'),(277,1,'int','0'),(278,1,'int','0'),(279,1,'int','0'),(280,1,'int','0'),(281,1,'string','Ninguna'),(282,1,'string','Para mi concepto, es un artículo publicable en la revista Ciencia, Innovaciójn y Tecnología.'),(265,3,'int','1'),(266,3,'int','0'),(267,3,'int','0'),(268,3,'int','0'),(269,3,'int','0'),(270,3,'int','0'),(271,3,'int','0'),(272,3,'string','Es un tema innovador, que se ajusta al perfil de la revista; al ser un tema relativamente nuevo, puede ser atractivo para los lectores.  '),(273,3,'int','0'),(274,3,'int','0'),(275,3,'int','0'),(276,3,'int','1'),(277,3,'int','0'),(278,3,'int','0'),(279,3,'int','0'),(280,3,'int','1'),(281,3,'string','NA'),(282,3,'string','NA'),(265,6,'int','1'),(266,6,'int','0'),(267,6,'int','0'),(268,6,'int','0'),(269,6,'int','0'),(270,6,'int','0'),(271,6,'int','0'),(272,6,'string','Ninguna'),(273,6,'int','1'),(274,6,'int','0'),(275,6,'int','1'),(276,6,'int','0'),(277,6,'int','0'),(278,6,'int','0'),(279,6,'int','0'),(280,6,'int','0'),(281,6,'string','Ninugna'),(282,6,'string','Gran aporte a la revista'),(265,5,'int','1'),(266,5,'int','0'),(267,5,'int','0'),(268,5,'int','0'),(269,5,'int','0'),(270,5,'int','0'),(271,5,'int','1'),(272,5,'string','Es un artículo de revisión, a partir de informacion secundaria se podrian haber evaludo las formulaciones encotradas con el fin de analizar la consistencia de los resultados '),(273,5,'int','1'),(274,5,'int','1'),(275,5,'int','2'),(276,5,'int','2'),(277,5,'int','1'),(278,5,'int','1'),(279,5,'int','1'),(280,5,'int','1'),(281,5,'string','Las conclusiones deben ser revisadas, complementarlas con lo que se propuso en la indroducción, en la cual ud va a dar su opinon acerca de cuál método es mejor, teniendo en cuenta datos históricos y otras investigaciones, sin embargo no lo hizo\r\n\r\n'),(282,5,'string','se deben atender las observaciones hechas al documento y reenviar para verificar que han sido atentidas');

--
-- Table structure for table `review_form_settings`
--

CREATE TABLE `review_form_settings` (
  `review_form_id` bigint NOT NULL,
  `locale` varchar(14) NOT NULL DEFAULT '',
  `setting_name` varchar(255) NOT NULL,
  `setting_value` text,
  `setting_type` varchar(6) NOT NULL,
  UNIQUE KEY `review_form_settings_pkey` (`review_form_id`,`locale`,`setting_name`),
  KEY `review_form_settings_review_form_id` (`review_form_id`)
) ENGINE=InnoDB DEFAULT CHARSET=utf8mb3;

--
-- Dumping data for table `review_form_settings`
--

INSERT INTO `review_form_settings` VALUES (1,'en_US','description','','string'),(1,'en_US','title','','string'),(1,'es_ES','description','<p><strong>Instrucciones:</strong></p>\r\n<ul>\r\n<li class=\"show\">El plazo máximo para presentar la evaluación es de 15 días calendario a partir de la fecha de entrega del formato. Si no puede cumplir con este plazo, debe informarlo oportunamente al editor de la revista.</li>\r\n<li class=\"show\">La política editorial de la revista contempla el proceso de evaluación en modalidad doble ciego. Cuando el nuevo número es publicado en físico y en los diferentes sitios web y medios digitales en los que la revista se encuentra indexada, los nombres de los evaluadores que han colaborado en los diferentes procesos son listados en una sección especial. De esta forma, se reconoce su colaboración. Además, se hace entrega de una constancia digital por el apoyo brindado.</li>\r\n</ul>','string'),(1,'es_ES','title','Evaluación Revistas cientificas','string'),(1,'pt_BR','description','','string'),(1,'pt_BR','title','','string'),(14,'en_US','description','','string'),(14,'en_US','title','','string'),(14,'es_ES','description','<p><strong>Instrucciones:</strong></p>\r\n<ul>\r\n<li class=\"show\">El plazo máximo para presentar la evaluación es de 15 días calendario a partir de la fecha de entrega del formato. Si no puede cumplir con este plazo, debe informarlo oportunamente al editor de la revista.</li>\r\n<li class=\"show\">La política editorial de la revista contempla el proceso de evaluación en modalidad doble ciego. Cuando el nuevo número es publicado en físico y en los diferentes sitios web y medios digitales en los que la revista se encuentra indexada, los nombres de los evaluadores que han colaborado en los diferentes procesos son listados en una sección especial. De esta forma, se reconoce su colaboración. Además, se hace entrega de una constancia digital por el apoyo brindado.</li>\r\n</ul>','string'),(14,'es_ES','title','Evaluación Revistas cientificas','string'),(14,'pt_BR','description','','string'),(14,'pt_BR','title','','string'),(15,'en_US','description','','string'),(15,'en_US','title','','string'),(15,'es_ES','description','<p><strong>Instrucciones:</strong></p>\r\n<ul>\r\n<li class=\"show\">El plazo máximo para presentar la evaluación es de 15 días calendario a partir de la fecha de entrega del formato. Si no puede cumplir con este plazo, debe informarlo oportunamente al editor de la revista.</li>\r\n<li class=\"show\">La política editorial de la revista contempla el proceso de evaluación en modalidad doble ciego. Cuando el nuevo número es publicado en físico y en los diferentes sitios web y medios digitales en los que la revista se encuentra indexada, los nombres de los evaluadores que han colaborado en los diferentes procesos son listados en una sección especial. De esta forma, se reconoce su colaboración. Además, se hace entrega de una constancia digital por el apoyo brindado.</li>\r\n</ul>','string'),(15,'es_ES','title','Evaluación Revistas cientificas','string'),(15,'pt_BR','description','','string'),(15,'pt_BR','title','','string'),(16,'en_US','description','','string'),(16,'en_US','title','','string'),(16,'es_ES','description','<p><strong>Instrucciones:</strong></p>\r\n<ul>\r\n<li class=\"show\">El plazo máximo para presentar la evaluación es de 15 días calendario a partir de la fecha de entrega del formato. Si no puede cumplir con este plazo, debe informarlo oportunamente al editor de la revista.</li>\r\n<li class=\"show\">La política editorial de la revista contempla el proceso de evaluación en modalidad doble ciego. Cuando el nuevo número es publicado en físico y en los diferentes sitios web y medios digitales en los que la revista se encuentra indexada, los nombres de los evaluadores que han colaborado en los diferentes procesos son listados en una sección especial. De esta forma, se reconoce su colaboración. Además, se hace entrega de una constancia digital por el apoyo brindado.</li>\r\n</ul>','string'),(16,'es_ES','title','Evaluación Revistas cientificas','string'),(16,'pt_BR','description','','string'),(16,'pt_BR','title','','string'),(17,'en_US','description','','string'),(17,'en_US','title','','string'),(17,'es_ES','description','<p><strong>Instrucciones:</strong></p>\r\n<ul>\r\n<li class=\"show\">El plazo máximo para presentar la evaluación es de 15 días calendario a partir de la fecha de entrega del formato. Si no puede cumplir con este plazo, debe informarlo oportunamente al editor de la revista.</li>\r\n<li class=\"show\">La política editorial de la revista contempla el proceso de evaluación en modalidad doble ciego. Cuando el nuevo número es publicado en físico y en los diferentes sitios web y medios digitales en los que la revista se encuentra indexada, los nombres de los evaluadores que han colaborado en los diferentes procesos son listados en una sección especial. De esta forma, se reconoce su colaboración. Además, se hace entrega de una constancia digital por el apoyo brindado.</li>\r\n</ul>','string'),(17,'es_ES','title','Evaluación Revistas cientificas','string'),(17,'pt_BR','description','','string'),(17,'pt_BR','title','','string'),(18,'en_US','description','','string'),(18,'en_US','title','','string'),(18,'es_ES','description','<p><strong>Instrucciones:</strong></p>\r\n<ul>\r\n<li class=\"show\">El plazo máximo para presentar la evaluación es de 15 días calendario a partir de la fecha de entrega del formato. Si no puede cumplir con este plazo, debe informarlo oportunamente al editor de la revista.</li>\r\n<li class=\"show\">La política editorial de la revista contempla el proceso de evaluación en modalidad doble ciego. Cuando el nuevo número es publicado en físico y en los diferentes sitios web y medios digitales en los que la revista se encuentra indexada, los nombres de los evaluadores que han colaborado en los diferentes procesos son listados en una sección especial. De esta forma, se reconoce su colaboración. Además, se hace entrega de una constancia digital por el apoyo brindado.</li>\r\n</ul>','string'),(18,'es_ES','title','Evaluación Revistas cientificas','string'),(18,'pt_BR','description','','string'),(18,'pt_BR','title','','string');

--
-- Table structure for table `review_forms`
--

CREATE TABLE `review_forms` (
  `review_form_id` bigint NOT NULL AUTO_INCREMENT,
  `assoc_type` bigint NOT NULL,
  `assoc_id` bigint NOT NULL,
  `seq` double DEFAULT NULL,
  `is_active` tinyint DEFAULT NULL,
  PRIMARY KEY (`review_form_id`)
) ENGINE=InnoDB AUTO_INCREMENT=19 DEFAULT CHARSET=utf8mb3;

--
-- Dumping data for table `review_forms`
--

INSERT INTO `review_forms` VALUES (1,256,3,1,1),(14,256,2,1,1),(15,256,6,1,1),(16,256,1,1,1),(17,256,4,1,1),(18,256,5,1,1);

--
-- Table structure for table `review_round_files`
--

CREATE TABLE `review_round_files` (
  `submission_id` bigint NOT NULL,
  `review_round_id` bigint NOT NULL,
  `stage_id` tinyint NOT NULL,
  `submission_file_id` bigint unsigned NOT NULL,
  UNIQUE KEY `review_round_files_pkey` (`submission_id`,`review_round_id`,`submission_file_id`),
  UNIQUE KEY `review_round_files_submission_file_id_unique` (`submission_file_id`),
  KEY `review_round_files_submission_id` (`submission_id`),
  CONSTRAINT `review_round_files_submission_file_id_foreign` FOREIGN KEY (`submission_file_id`) REFERENCES `submission_files` (`submission_file_id`)
) ENGINE=InnoDB DEFAULT CHARSET=utf8mb3;

--
-- Dumping data for table `review_round_files`
--

INSERT INTO `review_round_files` VALUES (4,1,3,8),(6,13,3,33),(7,12,3,32),(8,11,3,31),(9,10,3,30),(10,9,3,29),(11,8,3,28),(12,7,3,27),(13,6,3,26),(14,4,3,24),(15,5,3,25),(16,3,3,21),(17,2,3,20),(44,17,3,161),(45,16,3,159),(46,18,3,166),(47,21,3,174),(48,22,3,176),(49,20,3,172),(50,19,3,171),(67,23,3,220),(68,25,3,237),(69,24,3,235),(70,26,3,240),(71,27,3,243),(73,28,3,247),(74,29,3,250),(75,30,3,253),(76,31,3,256),(77,32,3,259),(78,33,3,261),(79,34,3,263),(80,35,3,265),(99,37,3,324),(101,38,3,330),(103,40,3,338),(104,39,3,335),(105,41,3,340),(107,42,3,343),(110,43,3,352),(112,44,3,355),(113,45,3,361),(116,46,3,368),(117,47,3,371),(118,48,3,374),(119,49,3,377),(120,50,3,380),(121,51,3,389),(123,52,3,399),(125,53,3,404),(127,54,3,409),(134,55,3,431),(135,56,3,455),(136,57,3,458),(137,58,3,461),(138,59,3,464),(140,60,3,470),(141,61,3,473),(142,62,3,476),(143,63,3,479),(145,64,3,483),(146,65,3,487),(148,66,3,491),(150,67,3,496),(151,68,3,499),(152,69,3,502),(154,70,3,508),(155,71,3,511),(156,72,3,514),(157,73,3,517),(166,74,3,540),(167,75,3,547),(168,76,3,550),(169,77,3,557),(170,78,3,560),(172,80,3,564),(175,81,3,570),(176,82,3,573),(178,83,3,579),(179,84,3,583),(182,85,3,588),(183,86,3,593),(185,87,3,597),(192,88,3,625),(193,89,3,628),(194,90,3,631),(195,91,3,634),(196,92,3,637),(197,93,3,640),(198,94,3,643),(199,95,3,646),(200,96,3,649),(201,97,3,652),(202,98,3,655),(203,99,3,658),(204,100,3,661),(211,101,3,675),(212,102,3,680),(213,103,3,687),(214,104,3,691),(215,105,3,694),(216,106,3,697),(217,107,3,700),(218,108,3,703),(219,109,3,706),(220,110,3,709),(221,111,3,712),(222,112,3,715),(225,113,3,722),(229,114,3,737),(230,115,3,740),(231,116,3,743),(232,117,3,746),(233,118,3,749),(234,119,3,752),(235,120,3,755),(236,123,3,764),(237,121,3,759),(238,122,3,762),(239,124,3,767),(240,125,3,770),(241,126,3,773),(242,127,3,776),(243,128,3,779),(244,129,3,782),(245,130,3,785),(246,131,3,788),(247,132,3,791),(248,133,3,794),(258,134,3,825),(258,135,3,826),(259,136,3,829),(260,137,3,832),(261,138,3,835),(262,139,3,838),(263,140,3,841),(264,141,3,844),(265,142,3,847),(266,143,3,850),(267,144,3,853),(268,145,3,856),(269,146,3,860),(270,147,3,863),(271,148,3,866),(272,149,3,869),(273,150,3,872),(274,151,3,875),(275,152,3,878),(276,153,3,881),(277,154,3,884),(278,155,3,887),(279,156,3,890),(280,157,3,893),(281,158,3,896),(282,159,3,899),(283,160,3,902),(284,161,3,905),(285,162,3,908),(286,163,3,911),(287,164,3,914),(288,165,3,917),(289,166,3,920),(290,167,3,923),(291,168,3,926),(292,169,3,929),(293,170,3,932),(295,171,3,936),(296,172,3,939),(297,173,3,942),(298,174,3,945),(299,175,3,948),(300,176,3,951),(301,177,3,954),(302,178,3,957),(303,179,3,960),(304,180,3,963),(305,181,3,966),(306,182,3,969),(307,183,3,972),(308,184,3,975),(314,185,3,984),(315,186,3,996),(316,187,3,999),(317,188,3,1002),(318,189,3,1005),(319,190,3,1008),(320,191,3,1011),(321,192,3,1014),(322,193,3,1017),(323,194,3,1020),(324,195,3,1023),(325,196,3,1026),(350,198,3,1103),(355,199,3,1110),(356,200,3,1113),(359,201,3,1121),(361,202,3,1125),(363,203,3,1140),(364,204,3,1147),(366,205,3,1152),(369,206,3,1156),(370,207,3,1159),(371,208,3,1162),(373,209,3,1166),(375,210,3,1171),(376,211,3,1174),(379,212,3,1187),(380,213,3,1194),(381,214,3,1201),(382,215,3,1204),(383,216,3,1207),(384,217,3,1210),(385,218,3,1213),(386,219,3,1216),(387,220,3,1219),(388,221,3,1222),(389,222,3,1225),(411,224,3,1296),(463,225,3,1447),(464,226,3,1450),(465,227,3,1453),(466,228,3,1456),(467,229,3,1459),(468,230,3,1462),(469,231,3,1465),(470,232,3,1468),(471,233,3,1471),(472,234,3,1474),(473,235,3,1477),(474,236,3,1480),(475,237,3,1483),(476,238,3,1486),(477,239,3,1489),(478,240,3,1492),(479,241,3,1495),(480,242,3,1498),(481,243,3,1501),(482,244,3,1504),(483,245,3,1507),(484,246,3,1510),(485,247,3,1513),(486,248,3,1516),(487,249,3,1519),(488,250,3,1522),(489,251,3,1525),(490,252,3,1528),(491,253,3,1531),(492,254,3,1534),(493,255,3,1537),(494,256,3,1540),(495,257,3,1543),(496,258,3,1546),(497,259,3,1549),(498,260,3,1552),(512,261,3,1599),(512,261,3,1600),(513,262,3,1631),(529,263,3,1635),(530,264,3,1638),(531,265,3,1641),(532,266,3,1644),(533,267,3,1647),(534,268,3,1650),(535,269,3,1653),(536,270,3,1656),(537,271,3,1659),(538,272,3,1662),(539,273,3,1665),(540,274,3,1668),(541,275,3,1671),(542,276,3,1674),(543,277,3,1677),(544,278,3,1681),(545,279,3,1684),(546,280,3,1687),(547,281,3,1690),(548,282,3,1693),(552,283,3,1701),(553,310,3,1797),(554,284,3,1706),(557,285,3,1710),(558,286,3,1713),(559,287,3,1716),(563,288,3,1723),(564,289,3,1726),(565,290,3,1729),(566,291,3,1732),(567,292,3,1735),(568,293,3,1738),(569,294,3,1741),(570,295,3,1744),(571,296,3,1747),(572,297,3,1750),(590,305,3,1783),(591,306,3,1786),(592,307,3,1789),(593,308,3,1792),(594,309,3,1795),(595,311,3,1800),(596,312,3,1803),(597,313,3,1806),(598,314,3,1809),(602,322,3,1824),(603,323,3,1828),(604,324,3,1832),(606,325,3,1839),(607,326,3,1845),(608,327,3,1851),(608,327,3,1852),(609,328,3,1857),(610,333,3,1963),(612,334,3,1964),(613,329,3,1870),(614,330,3,1875),(619,332,3,1962),(635,331,3,1947),(651,336,3,1978),(652,337,3,1983),(653,338,3,1989),(654,339,3,1993),(655,340,3,1997),(656,341,3,2001),(657,342,3,2005),(658,343,3,2010),(659,344,3,2014),(660,345,3,2018),(661,346,3,2022),(662,347,3,2027),(663,348,3,2031),(709,352,3,2299),(709,352,3,2300),(709,352,3,2301),(718,350,3,2202),(734,351,3,2256),(746,353,3,2304),(746,353,3,2305),(760,354,3,2373),(767,355,3,2417),(792,356,3,2422),(805,357,3,2450),(809,358,3,2470),(809,358,3,2474),(809,360,3,2479),(810,359,3,2472),(815,366,3,2568),(817,365,3,2567),(818,364,3,2565),(818,364,3,2566),(826,363,3,2564),(833,362,3,2556);

--
-- Table structure for table `review_rounds`
--

CREATE TABLE `review_rounds` (
  `review_round_id` bigint NOT NULL AUTO_INCREMENT,
  `submission_id` bigint NOT NULL,
  `stage_id` bigint DEFAULT NULL,
  `round` tinyint NOT NULL,
  `review_revision` bigint DEFAULT NULL,
  `status` bigint DEFAULT NULL,
  PRIMARY KEY (`review_round_id`),
  UNIQUE KEY `review_rounds_submission_id_stage_id_round_pkey` (`submission_id`,`stage_id`,`round`),
  KEY `review_rounds_submission_id` (`submission_id`)
) ENGINE=InnoDB AUTO_INCREMENT=367 DEFAULT CHARSET=utf8mb3;

--
-- Dumping data for table `review_rounds`
--

INSERT INTO `review_rounds` VALUES (1,4,3,1,NULL,6),(2,17,3,1,NULL,4),(3,16,3,1,NULL,4),(4,14,3,1,NULL,4),(5,15,3,1,NULL,4),(6,13,3,1,NULL,4),(7,12,3,1,NULL,4),(8,11,3,1,NULL,4),(9,10,3,1,NULL,4),(10,9,3,1,NULL,4),(11,8,3,1,NULL,6),(12,7,3,1,NULL,4),(13,6,3,1,NULL,4),(16,45,3,1,NULL,4),(17,44,3,1,NULL,4),(18,46,3,1,NULL,4),(19,50,3,1,NULL,4),(20,49,3,1,NULL,4),(21,47,3,1,NULL,4),(22,48,3,1,NULL,4),(23,67,3,1,NULL,4),(24,69,3,1,NULL,4),(25,68,3,1,NULL,4),(26,70,3,1,NULL,4),(27,71,3,1,NULL,4),(28,73,3,1,NULL,4),(29,74,3,1,NULL,4),(30,75,3,1,NULL,4),(31,76,3,1,NULL,4),(32,77,3,1,NULL,4),(33,78,3,1,NULL,4),(34,79,3,1,NULL,4),(35,80,3,1,NULL,4),(37,99,3,1,NULL,4),(38,101,3,1,NULL,4),(39,104,3,1,NULL,4),(40,103,3,1,NULL,4),(41,105,3,1,NULL,4),(42,107,3,1,NULL,4),(43,110,3,1,NULL,4),(44,112,3,1,NULL,4),(45,113,3,1,NULL,4),(46,116,3,1,NULL,4),(47,117,3,1,NULL,4),(48,118,3,1,NULL,4),(49,119,3,1,NULL,4),(50,120,3,1,NULL,4),(51,121,3,1,NULL,4),(52,123,3,1,NULL,4),(53,125,3,1,NULL,4),(54,127,3,1,NULL,4),(55,134,3,1,NULL,4),(56,135,3,1,NULL,4),(57,136,3,1,NULL,4),(58,137,3,1,NULL,4),(59,138,3,1,NULL,4),(60,140,3,1,NULL,4),(61,141,3,1,NULL,4),(62,142,3,1,NULL,4),(63,143,3,1,NULL,4),(64,145,3,1,NULL,4),(65,146,3,1,NULL,4),(66,148,3,1,NULL,4),(67,150,3,1,NULL,4),(68,151,3,1,NULL,4),(69,152,3,1,NULL,4),(70,154,3,1,NULL,4),(71,155,3,1,NULL,4),(72,156,3,1,NULL,4),(73,157,3,1,NULL,4),(74,166,3,1,NULL,4),(75,167,3,1,NULL,4),(76,168,3,1,NULL,4),(77,169,3,1,NULL,4),(78,170,3,1,NULL,4),(79,171,3,1,NULL,4),(80,172,3,1,NULL,4),(81,175,3,1,NULL,4),(82,176,3,1,NULL,4),(83,178,3,1,NULL,4),(84,179,3,1,NULL,4),(85,182,3,1,NULL,4),(86,183,3,1,NULL,4),(87,185,3,1,NULL,4),(88,192,3,1,NULL,4),(89,193,3,1,NULL,4),(90,194,3,1,NULL,4),(91,195,3,1,NULL,4),(92,196,3,1,NULL,4),(93,197,3,1,NULL,4),(94,198,3,1,NULL,4),(95,199,3,1,NULL,4),(96,200,3,1,NULL,4),(97,201,3,1,NULL,4),(98,202,3,1,NULL,4),(99,203,3,1,NULL,4),(100,204,3,1,NULL,4),(101,211,3,1,NULL,4),(102,212,3,1,NULL,4),(103,213,3,1,NULL,4),(104,214,3,1,NULL,4),(105,215,3,1,NULL,4),(106,216,3,1,NULL,4),(107,217,3,1,NULL,4),(108,218,3,1,NULL,4),(109,219,3,1,NULL,4),(110,220,3,1,NULL,4),(111,221,3,1,NULL,4),(112,222,3,1,NULL,4),(113,225,3,1,NULL,4),(114,229,3,1,NULL,4),(115,230,3,1,NULL,4),(116,231,3,1,NULL,4),(117,232,3,1,NULL,4),(118,233,3,1,NULL,4),(119,234,3,1,NULL,4),(120,235,3,1,NULL,4),(121,237,3,1,NULL,4),(122,238,3,1,NULL,4),(123,236,3,1,NULL,4),(124,239,3,1,NULL,4),(125,240,3,1,NULL,4),(126,241,3,1,NULL,4),(127,242,3,1,NULL,4),(128,243,3,1,NULL,4),(129,244,3,1,NULL,4),(130,245,3,1,NULL,4),(131,246,3,1,NULL,4),(132,247,3,1,NULL,4),(133,248,3,1,NULL,4),(134,258,3,1,NULL,6),(135,258,3,2,NULL,4),(136,259,3,1,NULL,4),(137,260,3,1,NULL,4),(138,261,3,1,NULL,4),(139,262,3,1,NULL,4),(140,263,3,1,NULL,4),(141,264,3,1,NULL,4),(142,265,3,1,NULL,4),(143,266,3,1,NULL,4),(144,267,3,1,NULL,4),(145,268,3,1,NULL,4),(146,269,3,1,NULL,4),(147,270,3,1,NULL,4),(148,271,3,1,NULL,4),(149,272,3,1,NULL,4),(150,273,3,1,NULL,4),(151,274,3,1,NULL,4),(152,275,3,1,NULL,4),(153,276,3,1,NULL,4),(154,277,3,1,NULL,4),(155,278,3,1,NULL,4),(156,279,3,1,NULL,4),(157,280,3,1,NULL,4),(158,281,3,1,NULL,4),(159,282,3,1,NULL,4),(160,283,3,1,NULL,4),(161,284,3,1,NULL,4),(162,285,3,1,NULL,4),(163,286,3,1,NULL,4),(164,287,3,1,NULL,4),(165,288,3,1,NULL,4),(166,289,3,1,NULL,4),(167,290,3,1,NULL,4),(168,291,3,1,NULL,4),(169,292,3,1,NULL,4),(170,293,3,1,NULL,4),(171,295,3,1,NULL,4),(172,296,3,1,NULL,4),(173,297,3,1,NULL,4),(174,298,3,1,NULL,4),(175,299,3,1,NULL,4),(176,300,3,1,NULL,4),(177,301,3,1,NULL,4),(178,302,3,1,NULL,4),(179,303,3,1,NULL,4),(180,304,3,1,NULL,4),(181,305,3,1,NULL,4),(182,306,3,1,NULL,4),(183,307,3,1,NULL,4),(184,308,3,1,NULL,4),(185,314,3,1,NULL,4),(186,315,3,1,NULL,4),(187,316,3,1,NULL,4),(188,317,3,1,NULL,4),(189,318,3,1,NULL,4),(190,319,3,1,NULL,4),(191,320,3,1,NULL,4),(192,321,3,1,NULL,4),(193,322,3,1,NULL,4),(194,323,3,1,NULL,4),(195,324,3,1,NULL,4),(196,325,3,1,NULL,4),(198,350,3,1,NULL,4),(199,355,3,1,NULL,4),(200,356,3,1,NULL,4),(201,359,3,1,NULL,4),(202,361,3,1,NULL,4),(203,363,3,1,NULL,4),(204,364,3,1,NULL,4),(205,366,3,1,NULL,4),(206,369,3,1,NULL,4),(207,370,3,1,NULL,4),(208,371,3,1,NULL,4),(209,373,3,1,NULL,4),(210,375,3,1,NULL,4),(211,376,3,1,NULL,4),(212,379,3,1,NULL,4),(213,380,3,1,NULL,4),(214,381,3,1,NULL,4),(215,382,3,1,NULL,4),(216,383,3,1,NULL,4),(217,384,3,1,NULL,4),(218,385,3,1,NULL,4),(219,386,3,1,NULL,4),(220,387,3,1,NULL,4),(221,388,3,1,NULL,4),(222,389,3,1,NULL,4),(224,411,3,1,NULL,4),(225,463,3,1,NULL,4),(226,464,3,1,NULL,4),(227,465,3,1,NULL,4),(228,466,3,1,NULL,4),(229,467,3,1,NULL,4),(230,468,3,1,NULL,4),(231,469,3,1,NULL,4),(232,470,3,1,NULL,4),(233,471,3,1,NULL,4),(234,472,3,1,NULL,4),(235,473,3,1,NULL,4),(236,474,3,1,NULL,4),(237,475,3,1,NULL,4),(238,476,3,1,NULL,4),(239,477,3,1,NULL,4),(240,478,3,1,NULL,4),(241,479,3,1,NULL,4),(242,480,3,1,NULL,4),(243,481,3,1,NULL,4),(244,482,3,1,NULL,4),(245,483,3,1,NULL,4),(246,484,3,1,NULL,4),(247,485,3,1,NULL,4),(248,486,3,1,NULL,4),(249,487,3,1,NULL,4),(250,488,3,1,NULL,4),(251,489,3,1,NULL,4),(252,490,3,1,NULL,4),(253,491,3,1,NULL,4),(254,492,3,1,NULL,4),(255,493,3,1,NULL,4),(256,494,3,1,NULL,4),(257,495,3,1,NULL,4),(258,496,3,1,NULL,4),(259,497,3,1,NULL,4),(260,498,3,1,NULL,4),(261,512,3,1,NULL,5),(262,513,3,1,NULL,5),(263,529,3,1,NULL,4),(264,530,3,1,NULL,4),(265,531,3,1,NULL,4),(266,532,3,1,NULL,4),(267,533,3,1,NULL,4),(268,534,3,1,NULL,4),(269,535,3,1,NULL,4),(270,536,3,1,NULL,4),(271,537,3,1,NULL,4),(272,538,3,1,NULL,4),(273,539,3,1,NULL,4),(274,540,3,1,NULL,4),(275,541,3,1,NULL,4),(276,542,3,1,NULL,4),(277,543,3,1,NULL,4),(278,544,3,1,NULL,4),(279,545,3,1,NULL,4),(280,546,3,1,NULL,4),(281,547,3,1,NULL,4),(282,548,3,1,NULL,4),(283,552,3,1,NULL,4),(284,554,3,1,NULL,4),(285,557,3,1,NULL,4),(286,558,3,1,NULL,4),(287,559,3,1,NULL,4),(288,563,3,1,NULL,4),(289,564,3,1,NULL,4),(290,565,3,1,NULL,4),(291,566,3,1,NULL,4),(292,567,3,1,NULL,4),(293,568,3,1,NULL,4),(294,569,3,1,NULL,4),(295,570,3,1,NULL,4),(296,571,3,1,NULL,4),(297,572,3,1,NULL,4),(305,590,3,1,NULL,4),(306,591,3,1,NULL,4),(307,592,3,1,NULL,4),(308,593,3,1,NULL,4),(309,594,3,1,NULL,4),(310,553,3,1,NULL,4),(311,595,3,1,NULL,4),(312,596,3,1,NULL,4),(313,597,3,1,NULL,4),(314,598,3,1,NULL,4),(322,602,3,1,NULL,4),(323,603,3,1,NULL,4),(324,604,3,1,NULL,4),(325,606,3,1,NULL,4),(326,607,3,1,NULL,4),(327,608,3,1,NULL,4),(328,609,3,1,NULL,4),(329,613,3,1,NULL,4),(330,614,3,1,NULL,4),(331,635,3,1,NULL,4),(332,619,3,1,NULL,5),(333,610,3,1,NULL,5),(334,612,3,1,NULL,5),(336,651,3,1,NULL,4),(337,652,3,1,NULL,4),(338,653,3,1,NULL,4),(339,654,3,1,NULL,4),(340,655,3,1,NULL,4),(341,656,3,1,NULL,4),(342,657,3,1,NULL,4),(343,658,3,1,NULL,4),(344,659,3,1,NULL,4),(345,660,3,1,NULL,4),(346,661,3,1,NULL,4),(347,662,3,1,NULL,4),(348,663,3,1,NULL,4),(350,718,3,1,NULL,4),(351,734,3,1,NULL,4),(352,709,3,1,NULL,5),(353,746,3,1,NULL,5),(354,760,3,1,NULL,5),(355,767,3,1,NULL,5),(356,792,3,1,NULL,4),(357,805,3,1,NULL,4),(358,809,3,1,NULL,6),(359,810,3,1,NULL,4),(360,809,3,2,NULL,5),(361,816,3,1,NULL,6),(362,833,3,1,NULL,4),(363,826,3,1,NULL,6),(364,818,3,1,NULL,6),(365,817,3,1,NULL,6),(366,815,3,1,NULL,6);

--
-- Table structure for table `rt_contexts`
--

CREATE TABLE `rt_contexts` (
  `context_id` bigint NOT NULL AUTO_INCREMENT,
  `version_id` bigint NOT NULL,
  `title` varchar(120) NOT NULL,
  `abbrev` varchar(32) NOT NULL,
  `description` text,
  `cited_by` tinyint NOT NULL DEFAULT '0',
  `author_terms` tinyint NOT NULL DEFAULT '0',
  `define_terms` tinyint NOT NULL DEFAULT '0',
  `geo_terms` tinyint NOT NULL DEFAULT '0',
  `seq` double NOT NULL DEFAULT '0',
  PRIMARY KEY (`context_id`),
  KEY `rt_contexts_version_id` (`version_id`)
) ENGINE=InnoDB DEFAULT CHARSET=utf8mb3;

--
-- Dumping data for table `rt_contexts`
--


--
-- Table structure for table `rt_searches`
--

CREATE TABLE `rt_searches` (
  `search_id` bigint NOT NULL AUTO_INCREMENT,
  `context_id` bigint NOT NULL,
  `title` varchar(120) NOT NULL,
  `description` text,
  `url` text,
  `search_url` text,
  `search_post` text,
  `seq` double NOT NULL DEFAULT '0',
  PRIMARY KEY (`search_id`),
  KEY `rt_searches_context_id` (`context_id`)
) ENGINE=InnoDB DEFAULT CHARSET=utf8mb3;

--
-- Dumping data for table `rt_searches`
--


--
-- Table structure for table `rt_versions`
--

CREATE TABLE `rt_versions` (
  `version_id` bigint NOT NULL AUTO_INCREMENT,
  `journal_id` bigint NOT NULL,
  `version_key` varchar(40) NOT NULL,
  `locale` varchar(14) DEFAULT 'en_US',
  `title` varchar(120) NOT NULL,
  `description` text,
  PRIMARY KEY (`version_id`),
  KEY `rt_versions_journal_id` (`journal_id`),
  KEY `rt_versions_version_key` (`version_key`)
) ENGINE=InnoDB DEFAULT CHARSET=utf8mb3;

--
-- Dumping data for table `rt_versions`
--


--
-- Table structure for table `scheduled_tasks`
--

CREATE TABLE `scheduled_tasks` (
  `class_name` varchar(255) NOT NULL,
  `last_run` datetime DEFAULT NULL,
  UNIQUE KEY `scheduled_tasks_pkey` (`class_name`)
) ENGINE=InnoDB DEFAULT CHARSET=utf8mb3;

--
-- Dumping data for table `scheduled_tasks`
--

INSERT INTO `scheduled_tasks` VALUES ('classes.tasks.SubscriptionExpiryReminder','2024-08-01 00:00:33'),('lib.pkp.classes.task.ReviewReminder','2024-08-25 11:07:10'),('lib.pkp.classes.task.StatisticsReport','2024-08-01 00:00:20'),('plugins.generic.crossrefReferenceLinking.CrossrefReferenceLinkingInfoSender','2024-08-25 11:07:09'),('plugins.generic.usageStats.UsageStatsLoader','2024-08-26 00:00:07'),('plugins.importexport.crossref.CrossrefInfoSender','2024-08-25 11:07:09'),('plugins.importexport.datacite.DataciteInfoSender','2024-08-25 11:06:51'),('plugins.importexport.doaj.DOAJInfoSender','2024-08-25 11:06:18');

--
-- Table structure for table `section_settings`
--

CREATE TABLE `section_settings` (
  `section_id` bigint NOT NULL,
  `locale` varchar(14) NOT NULL DEFAULT '',
  `setting_name` varchar(255) NOT NULL,
  `setting_value` text,
  `setting_type` varchar(6) NOT NULL,
  UNIQUE KEY `section_settings_pkey` (`section_id`,`locale`,`setting_name`),
  KEY `section_settings_section_id` (`section_id`)
) ENGINE=InnoDB DEFAULT CHARSET=utf8mb3;

--
-- Dumping data for table `section_settings`
--

INSERT INTO `section_settings` VALUES (2,'es_ES','abbrev','Reflexión','string'),(2,'es_ES','identifyType','','string'),(2,'es_ES','policy','','string'),(2,'es_ES','title','Artículo de reflexión','string'),(3,'en_US','abbrev','','string'),(3,'en_US','identifyType','','string'),(3,'en_US','policy','','string'),(3,'en_US','title','Researh papers','string'),(3,'es_ES','abbrev','Investigación','string'),(3,'es_ES','identifyType','','string'),(3,'es_ES','policy','','string'),(3,'es_ES','title','Artículos de investigación Científica y tecnológica','string'),(4,'en_US','abbrev','','string'),(4,'en_US','identifyType','','string'),(4,'en_US','policy','','string'),(4,'en_US','title','Reflection papers','string'),(4,'es_ES','abbrev','Reflexión','string'),(4,'es_ES','identifyType','','string'),(4,'es_ES','policy','','string'),(4,'es_ES','title','Artículos de reflexi´ón','string'),(5,'es_ES','abbrev','Revisión','string'),(5,'es_ES','identifyType','','string'),(5,'es_ES','policy','','string'),(5,'es_ES','title','Artículos de revisión','string'),(6,'en_US','abbrev','','string'),(6,'en_US','identifyType','','string'),(6,'en_US','policy','','string'),(6,'en_US','title','Unpublished documents','string'),(6,'es_ES','abbrev','Documentos Inéditos','string'),(6,'es_ES','identifyType','','string'),(6,'es_ES','policy','','string'),(6,'es_ES','title','Documentos inéditos','string'),(7,'es_ES','abbrev','Ed.','string'),(7,'es_ES','identifyType','','string'),(7,'es_ES','policy','','string'),(7,'es_ES','title','Editorial','string'),(8,'es_ES','abbrev','Ed.','string'),(8,'es_ES','identifyType','','string'),(8,'es_ES','policy','','string'),(8,'es_ES','title','Editorial','string'),(9,'es_ES','abbrev','Investigación','string'),(9,'es_ES','identifyType','','string'),(9,'es_ES','policy','','string'),(9,'es_ES','title','Artículo de investigación científica y tecnológica','string'),(10,'es_ES','abbrev','Revisión','string'),(10,'es_ES','identifyType','','string'),(10,'es_ES','policy','','string'),(10,'es_ES','title','Artículo de revisión','string'),(11,'es_ES','abbrev','Reporte','string'),(11,'es_ES','identifyType','','string'),(11,'es_ES','policy','','string'),(11,'es_ES','title','Reporte de caso','string'),(12,'en_US','abbrev','','string'),(12,'en_US','identifyType','','string'),(12,'en_US','policy','','string'),(12,'en_US','title','Article of scientific and technological research','string'),(12,'es_ES','abbrev','Art. Inv.','string'),(12,'es_ES','identifyType','','string'),(12,'es_ES','policy','','string'),(12,'es_ES','title','Artículo de Investigación Científica y Tecnológica','string'),(13,'en_US','abbrev','','string'),(13,'en_US','identifyType','','string'),(13,'en_US','policy','','string'),(13,'en_US','title','Editorial','string'),(13,'es_ES','abbrev','Ed.','string'),(13,'es_ES','identifyType','','string'),(13,'es_ES','policy','','string'),(13,'es_ES','title','Editorial','string'),(16,'es_ES','abbrev','Art. Inv.','string'),(16,'es_ES','identifyType','','string'),(16,'es_ES','policy','','string'),(16,'es_ES','title','Artículo de Investigación Científica y Tecnológica','string'),(17,'es_ES','abbrev','Ed.','string'),(17,'es_ES','identifyType','','string'),(17,'es_ES','policy','','string'),(17,'es_ES','title','Editorial','string'),(18,'es_ES','abbrev','C.A.','string'),(18,'es_ES','identifyType','','string'),(18,'es_ES','policy','','string'),(18,'es_ES','title','Ciencias Agrarias','string'),(19,'es_ES','abbrev','C.V.','string'),(19,'es_ES','identifyType','','string'),(19,'es_ES','policy','','string'),(19,'es_ES','title','Ciencias Veterinarias','string'),(20,'es_ES','abbrev','Ed.','string'),(20,'es_ES','identifyType','','string'),(20,'es_ES','policy','','string'),(20,'es_ES','title','Editorial','string'),(21,'es_ES','abbrev','Investigación','string'),(21,'es_ES','identifyType','','string'),(21,'es_ES','policy','','string'),(21,'es_ES','title','Artículo de investigación científica y tecnológica','string'),(22,'en_US','abbrev','','string'),(22,'en_US','identifyType','','string'),(22,'en_US','policy','','string'),(22,'en_US','title','','string'),(22,'es_ES','abbrev','Reflexión','string'),(22,'es_ES','identifyType','','string'),(22,'es_ES','policy','','string'),(22,'es_ES','title','Artículos de reflexión','string'),(22,'pt_BR','abbrev','','string'),(22,'pt_BR','identifyType','','string'),(22,'pt_BR','policy','','string'),(22,'pt_BR','title','','string'),(23,'es_ES','abbrev','Revisión','string'),(23,'es_ES','identifyType','','string'),(23,'es_ES','policy','','string'),(23,'es_ES','title','Artículos de revisión','string'),(25,'es_ES','abbrev','Art. Refle.','string'),(25,'es_ES','identifyType','','string'),(25,'es_ES','policy','','string'),(25,'es_ES','title','Artículo de Reflexión','string'),(26,'es_ES','abbrev','Art. Rev.','string'),(26,'es_ES','identifyType','','string'),(26,'es_ES','policy','','string'),(26,'es_ES','title','Artículo de Revisión','string'),(27,'es_ES','abbrev','Ed.','string'),(27,'es_ES','identifyType','','string'),(27,'es_ES','policy','','string'),(27,'es_ES','title','Editorial','string'),(28,'en_US','abbrev','','string'),(28,'en_US','identifyType','','string'),(28,'en_US','policy','','string'),(28,'en_US','title','','string'),(28,'es_ES','abbrev','Art. corto','string'),(28,'es_ES','identifyType','','string'),(28,'es_ES','policy','','string'),(28,'es_ES','title','Artículo corto','string'),(29,'en_US','abbrev','','string'),(29,'en_US','identifyType','','string'),(29,'en_US','policy','','string'),(29,'en_US','title','','string'),(29,'es_ES','abbrev','Art. Cort.','string'),(29,'es_ES','identifyType','','string'),(29,'es_ES','policy','','string'),(29,'es_ES','title','Artículo Corto','string'),(29,'fr_FR','abbrev','','string'),(29,'fr_FR','identifyType','','string'),(29,'fr_FR','policy','','string'),(29,'fr_FR','title','','string'),(29,'pt_BR','abbrev','','string'),(29,'pt_BR','identifyType','','string'),(29,'pt_BR','policy','','string'),(29,'pt_BR','title','','string'),(30,'en_US','abbrev','','string'),(30,'en_US','identifyType','','string'),(30,'en_US','policy','','string'),(30,'en_US','title','Reflection article','string'),(30,'es_ES','abbrev','Art. Refle.','string'),(30,'es_ES','identifyType','','string'),(30,'es_ES','policy','','string'),(30,'es_ES','title','Artículo de Reflexión','string'),(31,'en_US','abbrev','','string'),(31,'en_US','identifyType','','string'),(31,'en_US','policy','','string'),(31,'en_US','title','Review article','string'),(31,'es_ES','abbrev','Art. Rev.','string'),(31,'es_ES','identifyType','','string'),(31,'es_ES','policy','','string'),(31,'es_ES','title','Artículo de Revisión','string'),(32,'en_US','abbrev','','string'),(32,'en_US','identifyType','','string'),(32,'en_US','policy','','string'),(32,'en_US','title','Literature Review or events','string'),(32,'es_ES','abbrev','Res. Biblio.','string'),(32,'es_ES','identifyType','','string'),(32,'es_ES','policy','','string'),(32,'es_ES','title','Reseña Bibliográfica o de eventos','string'),(33,'en_US','abbrev','','string'),(33,'en_US','identifyType','','string'),(33,'en_US','policy','','string'),(33,'en_US','title','Reflection paper not derived from research','string'),(33,'es_ES','abbrev','Doc. Reflex.','string'),(33,'es_ES','identifyType','','string'),(33,'es_ES','policy','','string'),(33,'es_ES','title','Documento de reflexión no derivado de investigación','string'),(34,'en_US','abbrev','','string'),(34,'en_US','identifyType','','string'),(34,'en_US','policy','','string'),(34,'en_US','title','Short article','string'),(34,'es_ES','abbrev','Art. Cort.','string'),(34,'es_ES','identifyType','','string'),(34,'es_ES','policy','','string'),(34,'es_ES','title','Artículo Corto','string'),(35,'en_US','abbrev','','string'),(35,'en_US','identifyType','','string'),(35,'en_US','policy','','string'),(35,'en_US','title','Case report','string'),(35,'es_ES','abbrev','Report. caso','string'),(35,'es_ES','identifyType','','string'),(35,'es_ES','policy','','string'),(35,'es_ES','title','Reporte de Caso','string'),(36,'en_US','abbrev','','string'),(36,'en_US','identifyType','','string'),(36,'en_US','policy','','string'),(36,'en_US','title','','string'),(36,'es_ES','abbrev','Investigación','string'),(36,'es_ES','identifyType','','string'),(36,'es_ES','policy','','string'),(36,'es_ES','title','Artículos de investigación Científica y tecnológica','string'),(37,'en_US','abbrev','','string'),(37,'en_US','identifyType','','string'),(37,'en_US','policy','','string'),(37,'en_US','title','','string'),(37,'es_ES','abbrev','Reflexión','string'),(37,'es_ES','identifyType','','string'),(37,'es_ES','policy','','string'),(37,'es_ES','title','Artículos de reflexi´ón','string'),(38,'en_US','abbrev','','string'),(38,'en_US','identifyType','','string'),(38,'en_US','policy','','string'),(38,'en_US','title','','string'),(38,'es_ES','abbrev','Revisión','string'),(38,'es_ES','identifyType','','string'),(38,'es_ES','policy','','string'),(38,'es_ES','title','Artículos de revisión','string'),(39,'es_ES','abbrev','ART','string'),(39,'es_ES','policy','','string'),(39,'es_ES','title','Artículos','string'),(40,'en_US','abbrev','','string'),(40,'en_US','identifyType','','string'),(40,'en_US','policy','','string'),(40,'en_US','title','','string'),(40,'es_ES','abbrev','Reporte caso','string'),(40,'es_ES','identifyType','','string'),(40,'es_ES','policy','','string'),(40,'es_ES','title','Reporte de Caso','string'),(41,'en_US','abbrev','','string'),(41,'en_US','identifyType','','string'),(41,'en_US','policy','','string'),(41,'en_US','title','','string'),(41,'es_ES','abbrev','Memo','string'),(41,'es_ES','identifyType','','string'),(41,'es_ES','policy','','string'),(41,'es_ES','title','Memorias','string'),(42,'en_US','abbrev','','string'),(42,'en_US','identifyType','','string'),(42,'en_US','policy','','string'),(42,'en_US','title','','string'),(42,'es_ES','abbrev','Caso','string'),(42,'es_ES','identifyType','','string'),(42,'es_ES','policy','','string'),(42,'es_ES','title','Reporte de Caso','string'),(43,'en_US','abbrev','','string'),(43,'en_US','identifyType','','string'),(43,'en_US','policy','','string'),(43,'en_US','title','Translation','string'),(43,'es_ES','abbrev','Trad.','string'),(43,'es_ES','identifyType','','string'),(43,'es_ES','policy','','string'),(43,'es_ES','title','Traducción','string'),(44,'en_US','abbrev','','string'),(44,'en_US','identifyType','','string'),(44,'en_US','policy','','string'),(44,'en_US','title','','string'),(44,'es_ES','abbrev','Not. Cient.','string'),(44,'es_ES','identifyType','','string'),(44,'es_ES','policy','','string'),(44,'es_ES','title','Nota Científica','string'),(44,'pt_BR','abbrev','','string'),(44,'pt_BR','identifyType','','string'),(44,'pt_BR','policy','','string'),(44,'pt_BR','title','','string');

--
-- Table structure for table `sections`
--

CREATE TABLE `sections` (
  `section_id` bigint NOT NULL AUTO_INCREMENT,
  `journal_id` bigint NOT NULL,
  `review_form_id` bigint DEFAULT NULL,
  `seq` double NOT NULL DEFAULT '0',
  `editor_restricted` tinyint NOT NULL DEFAULT '0',
  `meta_indexed` tinyint NOT NULL DEFAULT '0',
  `meta_reviewed` tinyint NOT NULL DEFAULT '1',
  `abstracts_not_required` tinyint NOT NULL DEFAULT '0',
  `hide_title` tinyint NOT NULL DEFAULT '0',
  `hide_author` tinyint NOT NULL DEFAULT '0',
  `abstract_word_count` bigint DEFAULT NULL,
  `is_inactive` smallint NOT NULL DEFAULT '0',
  PRIMARY KEY (`section_id`),
  KEY `sections_journal_id` (`journal_id`)
) ENGINE=InnoDB AUTO_INCREMENT=45 DEFAULT CHARSET=utf8mb3;

--
-- Dumping data for table `sections`
--

INSERT INTO `sections` VALUES (2,2,0,3,0,1,1,0,0,0,NULL,0),(3,1,0,2,0,1,1,0,0,0,NULL,0),(4,1,0,4,0,1,1,0,0,0,NULL,0),(5,1,0,3,0,1,1,0,0,0,NULL,0),(6,1,0,6,0,1,0,1,0,0,NULL,0),(7,1,0,1,0,1,0,1,0,0,NULL,0),(8,2,0,1,0,1,0,1,0,0,NULL,0),(9,2,0,2,0,1,1,0,0,0,NULL,0),(10,2,0,4,0,1,1,0,0,0,0,0),(11,2,0,5,0,1,1,0,0,0,0,0),(12,3,0,2,0,1,1,0,0,0,NULL,0),(13,3,0,1,0,1,0,1,0,0,NULL,0),(16,6,0,2,0,1,1,0,0,0,NULL,0),(17,4,0,1,0,1,0,1,0,0,250,0),(18,4,0,2,0,1,1,0,0,0,0,0),(19,4,0,3,0,1,1,0,0,0,0,0),(20,5,0,1,0,1,0,1,0,0,250,0),(21,5,0,2,0,1,1,0,0,0,0,0),(22,5,0,4,0,1,1,0,0,0,NULL,0),(23,5,0,3,0,1,1,0,0,0,NULL,0),(25,6,0,3,0,1,1,0,0,0,NULL,0),(26,6,0,4,0,1,1,0,0,0,NULL,0),(27,6,0,1,0,1,0,1,0,0,NULL,0),(28,1,0,5,0,1,1,0,0,0,NULL,0),(29,6,0,5,0,1,1,0,0,0,0,0),(30,3,0,3,0,1,1,0,0,0,NULL,0),(31,3,0,4,0,1,1,0,0,0,NULL,0),(32,3,0,8,0,1,1,0,0,0,NULL,0),(33,3,0,7,0,1,1,0,0,0,NULL,0),(34,3,0,5,0,1,1,0,0,0,NULL,0),(35,3,0,6,0,1,1,0,0,0,NULL,0),(36,4,0,4,0,1,1,0,0,0,0,0),(37,4,0,6,0,1,1,0,0,0,NULL,0),(38,4,0,5,0,1,1,0,0,0,NULL,0),(39,7,0,0,0,1,1,0,0,0,0,0),(40,4,0,7,0,1,1,0,0,0,0,0),(41,4,0,8,0,1,0,1,0,1,NULL,0),(42,5,0,5,0,1,1,0,0,0,0,0),(43,3,0,9,0,1,0,1,0,0,NULL,0),(44,3,0,10,0,1,1,0,0,0,0,0);

--
-- Table structure for table `sessions`
--

CREATE TABLE `sessions` (
  `session_id` varchar(128) NOT NULL,
  `user_id` bigint DEFAULT NULL,
  `ip_address` varchar(39) NOT NULL,
  `user_agent` varchar(255) DEFAULT NULL,
  `created` bigint NOT NULL DEFAULT '0',
  `last_used` bigint NOT NULL DEFAULT '0',
  `remember` tinyint NOT NULL DEFAULT '0',
  `data` text,
  `domain` varchar(255) DEFAULT NULL,
  UNIQUE KEY `sessions_pkey` (`session_id`),
  KEY `sessions_user_id` (`user_id`)
) ENGINE=InnoDB DEFAULT CHARSET=utf8mb3;

--
-- Dumping data for table `sessions`
--

INSERT INTO `sessions` VALUES ('001f388a685f554baad11ee4e35c9917',NULL,'108.181.70.3','Pingdom.com_bot_version_1.4_(http://www.pingdom.com/)',1724617130,1724617130,0,'','revista.jdc.edu.co'),('002c32b2edea5e4ac5bc73d433dbaf31',NULL,'196.245.151.42','Pingdom.com_bot_version_1.4_(http://www.pingdom.com/)',1724602910,1724602910,0,'','revista.jdc.edu.co'),('00414e53981f9de79448828a2b501911',NULL,'173.254.206.242','Pingdom.com_bot_version_1.4_(http://www.pingdom.com/)',1724669511,1724669511,0,'','revista.jdc.edu.co'),('004b8a1859169f610eb835c97cc451d4',NULL,'191.91.39.37','',1724628602,1724628602,0,'','revista.jdc.edu.co'),('006939d29aada2e15bf36e645adc1992',NULL,'66.249.70.108','Mozilla/5.0 (Linux; Android 6.0.1; Nexus 5X Build/MMB29P) AppleWebKit/537.36 (KHTML, like Gecko) Chrome/127.0.6533.119 Mobile Safari/537.36 (compatible; Googlebot/2.1; +http://www.google.com/bot.html)',1724678381,1724678381,0,'','revista.jdc.edu.co'),('0070f9d2cfa696a84f3302624e931f55',NULL,'46.20.45.18','Pingdom.com_bot_version_1.4_(http://www.pingdom.com/)',1724622290,1724622290,0,'','revista.jdc.edu.co'),('00adb30e3a72793628bfd8cb2447949d',NULL,'107.20.105.74','DreamHost SiteMonitor 1.0',1724616769,1724616769,0,'','revista.jdc.edu.co'),('00af4b9a1b2165876a4b95d92acb8e27',NULL,'40.77.167.3','Mozilla/5.0 AppleWebKit/537.36 (KHTML, like Gecko; compatible; bingbot/2.0; +http://www.bing.com/bingbot.htm) Chrome/116.0.1938.76 Safari/537.36',1724631765,1724631765,0,'','revista.jdc.edu.co'),('00b30bf2131259c0558e84c3acd66588',NULL,'46.20.45.18','Pingdom.com_bot_version_1.4_(http://www.pingdom.com/)',1724643290,1724643290,0,'','revista.jdc.edu.co'),('00cda1957358b8e32fda69805e18d436',NULL,'172.241.112.86','Pingdom.com_bot_version_1.4_(http://www.pingdom.com/)',1724647190,1724647190,0,'','revista.jdc.edu.co'),('00de88f04f88c6ef44a6f8c9e1e16683',NULL,'24.232.40.193','Mozilla/5.0 (Windows NT 10.0; Win64; x64) AppleWebKit/537.36 (KHTML, like Gecko) Chrome/127.0.0.0 Safari/537.36',1724679385,1724679385,0,'','revista.jdc.edu.co'),('00e85fcf6bd5c4f4cdf20547a3f4f498',NULL,'186.154.113.196','Mozilla/5.0 (Macintosh; Intel Mac OS X 10_15_7) AppleWebKit/537.36 (KHTML, like Gecko) Chrome/127.0.0.0 Safari/537.36',1724632738,1724632738,0,'','revista.jdc.edu.co'),('00e9838bf8a50105d72b305590450fbc',NULL,'104.129.24.154','Pingdom.com_bot_version_1.4_(http://www.pingdom.com/)',1724623670,1724623670,0,'','revista.jdc.edu.co'),('00fa3e35760d1be62bca21c8f85a02cc',NULL,'185.181.112.11','Mozilla/5.0 AppleWebKit/537.36 (KHTML, like Gecko; compatible; PerplexityBot/1.0; +https://docs.perplexity.ai/docs/perplexity-bot)',1724621443,1724621443,0,'','revista.jdc.edu.co'),('011960202081b70eb996130762ad9d73',NULL,'172.241.112.86','Pingdom.com_bot_version_1.4_(http://www.pingdom.com/)',1724690991,1724690991,0,'','revista.jdc.edu.co'),('011b0015b80bc736231a88374fd19fea',NULL,'66.249.70.110','Mozilla/5.0 (Linux; Android 6.0.1; Nexus 5X Build/MMB29P) AppleWebKit/537.36 (KHTML, like Gecko) Chrome/127.0.6533.119 Mobile Safari/537.36 (compatible; Googlebot/2.1; +http://www.google.com/bot.html)',1724669632,1724669632,0,'','revista.jdc.edu.co'),('012280a036e3def496da690546c887bd',NULL,'181.78.81.66','Mozilla/5.0 (Linux; Android 10; K) AppleWebKit/537.36 (KHTML, like Gecko) Chrome/127.0.0.0 Mobile Safari/537.36',1724609813,1724609813,0,'','revista.jdc.edu.co'),('0153ec3943c27c6d53ba61ee87cace74',NULL,'52.167.144.173','Mozilla/5.0 AppleWebKit/537.36 (KHTML, like Gecko; compatible; bingbot/2.0; +http://www.bing.com/bingbot.htm) Chrome/116.0.1938.76 Safari/537.36',1724611541,1724611541,0,'','revista.jdc.edu.co'),('015fa24091fd658c9a88b6740586f645',NULL,'191.91.39.37','',1724608189,1724608189,0,'currentLocale|s:5:\"en_US\";','revista.jdc.edu.co'),('016c3109ff138e174695f2a40cb4ca24',NULL,'104.129.24.154','Pingdom.com_bot_version_1.4_(http://www.pingdom.com/)',1724618271,1724618271,0,'','revista.jdc.edu.co'),('01728866fa0dbd30d41652baa0d9a748',NULL,'66.249.70.110','Mozilla/5.0 (Linux; Android 6.0.1; Nexus 5X Build/MMB29P) AppleWebKit/537.36 (KHTML, like Gecko) Chrome/127.0.6533.119 Mobile Safari/537.36 (compatible; Googlebot/2.1; +http://www.google.com/bot.html)',1724662532,1724662532,0,'','revista.jdc.edu.co'),('017f1bc3a7028b1ef97181b8c6d79b55',NULL,'189.232.127.61','Mozilla/5.0 (Windows NT 10.0; Win64; x64) AppleWebKit/537.36 (KHTML, like Gecko) Chrome/127.0.0.0 Safari/537.36',1724656704,1724656704,0,'','revista.jdc.edu.co'),('01978ada07e8d7e886a6fbb232ab06d8',NULL,'187.188.59.219','Mozilla/5.0 (Windows NT 10.0; Win64; x64) AppleWebKit/537.36 (KHTML, like Gecko) Chrome/127.0.0.0 Safari/537.36',1724647100,1724647121,0,'','revista.jdc.edu.co'),('019a26841a868b3baa246d70c368aec1',NULL,'107.20.105.74','DreamHost SiteMonitor 1.0',1724614369,1724614369,0,'','revista.jdc.edu.co'),('01aa7c5750058f1bf7813bbf58e548d2',NULL,'172.241.112.86','Pingdom.com_bot_version_1.4_(http://www.pingdom.com/)',1724663990,1724663990,0,'','revista.jdc.edu.co'),('01c2ca7f642e88c56ed45d60412882b9',NULL,'199.87.228.66','Pingdom.com_bot_version_1.4_(http://www.pingdom.com/)',1724672090,1724672090,0,'','revista.jdc.edu.co'),('01fcbcd324e3b15caf8d826e137adef7',NULL,'45.56.133.196','Mozilla/5.0 AppleWebKit/537.36 (KHTML, like Gecko; compatible; PerplexityBot/1.0; +https://docs.perplexity.ai/docs/perplexity-bot)',1724610179,1724610179,0,'','revista.jdc.edu.co'),('0217f0268a8f2c3640ff1bda413a8297',NULL,'190.22.24.135','Mozilla/5.0 (Macintosh; Intel Mac OS X 10_15_7) AppleWebKit/537.36 (KHTML, like Gecko) Chrome/127.0.0.0 Safari/537.36',1724688663,1724689910,0,'','revista.jdc.edu.co'),('021f7358731803ecb89511decb31a3b0',NULL,'66.249.70.110','Mozilla/5.0 (Linux; Android 6.0.1; Nexus 5X Build/MMB29P) AppleWebKit/537.36 (KHTML, like Gecko) Chrome/127.0.6533.119 Mobile Safari/537.36 (compatible; Googlebot/2.1; +http://www.google.com/bot.html)',1724620860,1724620860,0,'','revista.jdc.edu.co'),('023e196c967a0caf03e22e863ec956fa',NULL,'107.20.105.74','DreamHost SiteMonitor 1.0',1724620370,1724620370,0,'','revista.jdc.edu.co'),('0244169ad9f9e88425ea8eda0f391ed8',NULL,'46.20.45.18','Pingdom.com_bot_version_1.4_(http://www.pingdom.com/)',1724607890,1724607890,0,'','revista.jdc.edu.co'),('02491cee17fc8bca251012940f2c5254',NULL,'66.249.70.108','Mozilla/5.0 (Linux; Android 6.0.1; Nexus 5X Build/MMB29P) AppleWebKit/537.36 (KHTML, like Gecko) Chrome/127.0.6533.119 Mobile Safari/537.36 (compatible; Googlebot/2.1; +http://www.google.com/bot.html)',1724680675,1724680675,0,'','revista.jdc.edu.co'),('02562917c68b9254f9ed7daf6ae735cd',NULL,'66.249.70.109','Mozilla/5.0 (Linux; Android 6.0.1; Nexus 5X Build/MMB29P) AppleWebKit/537.36 (KHTML, like Gecko) Chrome/127.0.6533.119 Mobile Safari/537.36 (compatible; Googlebot/2.1; +http://www.google.com/bot.html)',1724661720,1724661720,0,'','revista.jdc.edu.co'),('027245c4d7326aca97ff12921cd3b709',NULL,'23.106.37.99','Pingdom.com_bot_version_1.4_(http://www.pingdom.com/)',1724665431,1724665431,0,'','revista.jdc.edu.co'),('0289b3fea3d1a942e9bc2b987b37218f',NULL,'108.181.70.3','Pingdom.com_bot_version_1.4_(http://www.pingdom.com/)',1724601531,1724601531,0,'','revista.jdc.edu.co'),('028a0240da680b930c2bcdb309355c4a',NULL,'173.44.152.137','Mozilla/5.0 (Windows NT 10.0; WOW64) AppleWebKit/537.36 (KHTML, like Gecko) Chrome/114.0.0.0 YaBrowser/22.7.0 Yowser/2.5 Safari/537.36',1724664099,1724664099,0,'','revista.jdc.edu.co'),('02a8a14d32329e4022dfd6df92cb0c11',NULL,'107.182.234.77','Pingdom.com_bot_version_1.4_(http://www.pingdom.com/)',1724646951,1724646951,0,'','revista.jdc.edu.co'),('02d38660997283b80edd083cc09e54b6',NULL,'173.254.206.242','Pingdom.com_bot_version_1.4_(http://www.pingdom.com/)',1724664110,1724664110,0,'','revista.jdc.edu.co'),('02d8e5113d475f9426f24fa439bf91ec',NULL,'187.246.16.195','Mozilla/5.0 (Windows NT 10.0; Win64; x64) AppleWebKit/537.36 (KHTML, like Gecko) Chrome/128.0.0.0 Safari/537.36 Edg/128.0.0.0',1724685999,1724685999,0,'','revista.jdc.edu.co'),('02e76afe1cf180b3b337864179d33d19',NULL,'172.241.112.86','Pingdom.com_bot_version_1.4_(http://www.pingdom.com/)',1724649590,1724649590,0,'','revista.jdc.edu.co'),('02f522a8c4db75d6a356a6989ee50134',NULL,'107.182.234.77','Pingdom.com_bot_version_1.4_(http://www.pingdom.com/)',1724655351,1724655351,0,'','revista.jdc.edu.co'),('02fe1cd04018e1608dd41664050296c8',NULL,'66.249.70.108','Mozilla/5.0 (Linux; Android 6.0.1; Nexus 5X Build/MMB29P) AppleWebKit/537.36 (KHTML, like Gecko) Chrome/127.0.6533.119 Mobile Safari/537.36 (compatible; Googlebot/2.1; +http://www.google.com/bot.html)',1724637240,1724637240,0,'currentLocale|s:5:\"en_US\";','revista.jdc.edu.co'),('030198a540dba8537260233e2f099661',NULL,'64.237.55.3','Pingdom.com_bot_version_1.4_(http://www.pingdom.com/)',1724618570,1724618570,0,'','revista.jdc.edu.co'),('03113b4afd57966e10f198838ab00635',NULL,'172.241.112.86','Pingdom.com_bot_version_1.4_(http://www.pingdom.com/)',1724644790,1724644790,0,'','revista.jdc.edu.co'),('032b2f7382f3665da49fe129a8d6f555',NULL,'77.183.140.53','Mozilla/5.0 (Macintosh; Intel Mac OS X 10_15_7) AppleWebKit/605.1.15 (KHTML, like Gecko) Version/15.0 Safari/605.1.15',1724612378,1724612379,0,'','revista.jdc.edu.co'),('036a237cc3b3acbfd74fca6bfe757eda',NULL,'46.20.45.18','Pingdom.com_bot_version_1.4_(http://www.pingdom.com/)',1724638490,1724638490,0,'','revista.jdc.edu.co'),('037a0659ce12371642e6786a4f6d449f',NULL,'107.20.105.74','DreamHost SiteMonitor 1.0',1724655469,1724655469,0,'','revista.jdc.edu.co'),('037d2e33a762053a10994a98ce997b47',NULL,'107.20.105.74','DreamHost SiteMonitor 1.0',1724619169,1724619169,0,'','revista.jdc.edu.co'),('037eecdeda7e5ec4c0e01ecc6211cd93',NULL,'66.249.70.109','Mozilla/5.0 (Linux; Android 6.0.1; Nexus 5X Build/MMB29P) AppleWebKit/537.36 (KHTML, like Gecko) Chrome/127.0.6533.119 Mobile Safari/537.36 (compatible; Googlebot/2.1; +http://www.google.com/bot.html)',1724669807,1724669807,0,'','revista.jdc.edu.co'),('0382536b46aa400e0a77722a51ada346',NULL,'66.249.70.109','Googlebot/2.1 (+http://www.google.com/bot.html)',1724684835,1724684835,0,'','revista.jdc.edu.co'),('03835af8c4f9eadd002b5bcc8834c490',NULL,'104.129.24.154','Pingdom.com_bot_version_1.4_(http://www.pingdom.com/)',1724612270,1724612270,0,'','revista.jdc.edu.co'),('03abde637907accb1489c4f8b92c4e01',NULL,'199.87.228.66','Pingdom.com_bot_version_1.4_(http://www.pingdom.com/)',1724649830,1724649830,0,'','revista.jdc.edu.co'),('03d369e2bd3c950e8220ea666d07ba84',NULL,'52.167.144.192','Mozilla/5.0 AppleWebKit/537.36 (KHTML, like Gecko; compatible; bingbot/2.0; +http://www.bing.com/bingbot.htm) Chrome/116.0.1938.76 Safari/537.36',1724665345,1724665345,0,'','revista.jdc.edu.co'),('03d53a4f9db3223d97c4cf59fbc9a5f8',NULL,'66.249.70.108','Mozilla/5.0 (Linux; Android 6.0.1; Nexus 5X Build/MMB29P) AppleWebKit/537.36 (KHTML, like Gecko) Chrome/127.0.6533.119 Mobile Safari/537.36 (compatible; Googlebot/2.1; +http://www.google.com/bot.html)',1724679139,1724679139,0,'','revista.jdc.edu.co'),('03da9e80f93304c57018e145b84e47a3',NULL,'46.20.45.18','Pingdom.com_bot_version_1.4_(http://www.pingdom.com/)',1724628290,1724628290,0,'','revista.jdc.edu.co'),('03de3320dd4e093fbe7000a31941e98e',NULL,'200.118.61.24','Mozilla/5.0 (Windows NT 10.0; Win64; x64) AppleWebKit/537.36 (KHTML, like Gecko) Chrome/127.0.0.0 Safari/537.36',1724614058,1724614058,0,'','revista.jdc.edu.co'),('03df9824960faae877a4cfe6f1695df4',NULL,'107.20.105.74','DreamHost SiteMonitor 1.0',1724648270,1724648270,0,'','revista.jdc.edu.co'),('03e225ecc6c3b4b757529f25ff6a9a29',NULL,'154.3.178.119','Mozilla/5.0 AppleWebKit/537.36 (KHTML, like Gecko; compatible; PerplexityBot/1.0; +https://docs.perplexity.ai/docs/perplexity-bot)',1724609718,1724609718,0,'','revista.jdc.edu.co'),('03f72669b74b1e61cf7b3fc66137ba1a',NULL,'46.20.45.18','Pingdom.com_bot_version_1.4_(http://www.pingdom.com/)',1724693090,1724693090,0,'','revista.jdc.edu.co'),('042af853beb011a0c42e8a61e35a29d5',NULL,'46.20.45.18','Pingdom.com_bot_version_1.4_(http://www.pingdom.com/)',1724615690,1724615690,0,'','revista.jdc.edu.co'),('0431fc142163ef3b84afe8c6c1ef3afd',NULL,'66.249.70.110','Mozilla/5.0 (Linux; Android 6.0.1; Nexus 5X Build/MMB29P) AppleWebKit/537.36 (KHTML, like Gecko) Chrome/127.0.6533.119 Mobile Safari/537.36 (compatible; Googlebot/2.1; +http://www.google.com/bot.html)',1724601145,1724601145,0,'','revista.jdc.edu.co'),('043bd3945b67f2d957b5af3eb6198c86',NULL,'107.182.234.77','Pingdom.com_bot_version_1.4_(http://www.pingdom.com/)',1724677551,1724677551,0,'','revista.jdc.edu.co'),('04423c91a4eb9c0bed3a467133057812',NULL,'104.129.24.154','Pingdom.com_bot_version_1.4_(http://www.pingdom.com/)',1724619470,1724619470,0,'','revista.jdc.edu.co'),('0451366e1e6256084e81b84ae2a972d2',NULL,'66.249.70.110','Mozilla/5.0 (Linux; Android 6.0.1; Nexus 5X Build/MMB29P) AppleWebKit/537.36 (KHTML, like Gecko) Chrome/127.0.6533.119 Mobile Safari/537.36 (compatible; Googlebot/2.1; +http://www.google.com/bot.html)',1724624435,1724624435,0,'','revista.jdc.edu.co'),('04961c4e20e5a54a2f5361d1ea4636de',NULL,'181.61.209.26','Mozilla/5.0 (Windows NT 10.0; Win64; x64) AppleWebKit/537.36 (KHTML, like Gecko) Chrome/128.0.0.0 Safari/537.36',1724693967,1724693967,0,'','revista.jdc.edu.co'),('04b5016b7f68049c57bf6f377778d63c',NULL,'104.129.24.154','Pingdom.com_bot_version_1.4_(http://www.pingdom.com/)',1724684270,1724684270,0,'','revista.jdc.edu.co'),('04c4c2ad7514ed97d825303177123e90',NULL,'107.20.105.74','DreamHost SiteMonitor 1.0',1724619469,1724619469,0,'','revista.jdc.edu.co'),('04c95556178adbb7ed1fab8d2ac07612',NULL,'107.182.234.77','Pingdom.com_bot_version_1.4_(http://www.pingdom.com/)',1724657810,1724657810,0,'','revista.jdc.edu.co'),('04cbb33ad4da4b6f6818f2ba54c8adf9',NULL,'40.77.167.78','Mozilla/5.0 AppleWebKit/537.36 (KHTML, like Gecko; compatible; bingbot/2.0; +http://www.bing.com/bingbot.htm) Chrome/116.0.1938.76 Safari/537.36',1724640356,1724640356,0,'','revista.jdc.edu.co'),('04cd5380e5ea77e558962e10e3e324ee',NULL,'191.156.228.7','Mozilla/5.0 (Windows NT 10.0; Win64; x64) AppleWebKit/537.36 (KHTML, like Gecko) Chrome/127.0.0.0 Safari/537.36',1724678526,1724678526,0,'','revista.jdc.edu.co'),('04cdb6d2aef190a58a5d565b651c7224',NULL,'107.20.105.74','DreamHost SiteMonitor 1.0',1724628769,1724628769,0,'','revista.jdc.edu.co'),('04e310d3599ec64b3cc6069a54f9b7f6',NULL,'107.182.234.77','Pingdom.com_bot_version_1.4_(http://www.pingdom.com/)',1724671010,1724671010,0,'','revista.jdc.edu.co'),('04e382c9a4a46d52e77a7d239b5e62c1',NULL,'52.167.144.187','Mozilla/5.0 AppleWebKit/537.36 (KHTML, like Gecko; compatible; bingbot/2.0; +http://www.bing.com/bingbot.htm) Chrome/116.0.1938.76 Safari/537.36',1724645394,1724645394,0,'','revista.jdc.edu.co'),('04ed27c62a3b1739b7fb02c30fc25e11',NULL,'66.249.70.110','Mozilla/5.0 (Linux; Android 6.0.1; Nexus 5X Build/MMB29P) AppleWebKit/537.36 (KHTML, like Gecko) Chrome/127.0.6533.119 Mobile Safari/537.36 (compatible; Googlebot/2.1; +http://www.google.com/bot.html)',1724679833,1724679834,0,'currentLocale|s:5:\"pt_BR\";','revista.jdc.edu.co'),('04ef7d37da83dcc2d99ef0723820c3d3',NULL,'190.90.80.210','Mozilla/5.0 (Windows NT 10.0; Win64; x64) AppleWebKit/537.36 (KHTML, like Gecko) Chrome/121.0.0.0 Safari/537.36',1724689777,1724689777,0,'','revista.jdc.edu.co'),('05069cddf879ed0a2f05292ff4264cc4',NULL,'108.181.70.3','Pingdom.com_bot_version_1.4_(http://www.pingdom.com/)',1724663930,1724663930,0,'','revista.jdc.edu.co'),('0517da69310fd8289f8940f9356c641f',NULL,'66.249.70.109','Mozilla/5.0 (Linux; Android 6.0.1; Nexus 5X Build/MMB29P) AppleWebKit/537.36 (KHTML, like Gecko) Chrome/127.0.6533.119 Mobile Safari/537.36 (compatible; Googlebot/2.1; +http://www.google.com/bot.html)',1724658498,1724658498,0,'','revista.jdc.edu.co'),('052ceb04e97b9d0e92daa41bac100318',NULL,'66.249.70.108','Mozilla/5.0 (Linux; Android 6.0.1; Nexus 5X Build/MMB29P) AppleWebKit/537.36 (KHTML, like Gecko) Chrome/127.0.6533.119 Mobile Safari/537.36 (compatible; Googlebot/2.1; +http://www.google.com/bot.html)',1724617567,1724617567,0,'','revista.jdc.edu.co'),('054879de06976a5afd9bdece20e35a88',NULL,'107.20.105.74','DreamHost SiteMonitor 1.0',1724644069,1724644069,0,'','revista.jdc.edu.co'),('05571373b5971c77f961b4acdcb87eda',NULL,'66.249.70.109','Mozilla/5.0 (Linux; Android 6.0.1; Nexus 5X Build/MMB29P) AppleWebKit/537.36 (KHTML, like Gecko) Chrome/127.0.6533.119 Mobile Safari/537.36 (compatible; Googlebot/2.1; +http://www.google.com/bot.html)',1724661087,1724661087,0,'','revista.jdc.edu.co'),('0566837c6cf39af5201d5ebe0c54b237',NULL,'209.58.139.193','Pingdom.com_bot_version_1.4_(http://www.pingdom.com/)',1724687031,1724687031,0,'','revista.jdc.edu.co'),('059aee218c030d6a9700e7b531f6d003',NULL,'172.241.112.86','Pingdom.com_bot_version_1.4_(http://www.pingdom.com/)',1724685590,1724685590,0,'','revista.jdc.edu.co'),('05a70a934d5d3c990dbfe96b94a8ab28',NULL,'66.249.70.108','Mozilla/5.0 (Linux; Android 6.0.1; Nexus 5X Build/MMB29P) AppleWebKit/537.36 (KHTML, like Gecko) Chrome/127.0.6533.119 Mobile Safari/537.36 (compatible; Googlebot/2.1; +http://www.google.com/bot.html)',1724683424,1724683424,0,'','revista.jdc.edu.co'),('05b85ae9053fe85c84e5e4141b02a429',NULL,'199.87.228.66','Pingdom.com_bot_version_1.4_(http://www.pingdom.com/)',1724641430,1724641430,0,'','revista.jdc.edu.co'),('05c2e8b54894cd7f565d6a3668544395',NULL,'172.241.112.86','Pingdom.com_bot_version_1.4_(http://www.pingdom.com/)',1724645390,1724645390,0,'','revista.jdc.edu.co'),('05c6acea2347d7e7dccd7ad948ff7f77',NULL,'66.249.70.110','Mozilla/5.0 (Linux; Android 6.0.1; Nexus 5X Build/MMB29P) AppleWebKit/537.36 (KHTML, like Gecko) Chrome/127.0.6533.119 Mobile Safari/537.36 (compatible; Googlebot/2.1; +http://www.google.com/bot.html)',1724624558,1724624558,0,'','revista.jdc.edu.co'),('05ce2a6ba7b0bab7cf4de122efdb37e6',NULL,'66.249.70.110','Mozilla/5.0 (Linux; Android 6.0.1; Nexus 5X Build/MMB29P) AppleWebKit/537.36 (KHTML, like Gecko) Chrome/127.0.6533.119 Mobile Safari/537.36 (compatible; Googlebot/2.1; +http://www.google.com/bot.html)',1724681346,1724681346,0,'','revista.jdc.edu.co'),('05cf2c1cbc8c81210b5b97298871170e',NULL,'199.87.228.66','Pingdom.com_bot_version_1.4_(http://www.pingdom.com/)',1724618031,1724618031,0,'','revista.jdc.edu.co'),('05ef191084f095b9df325befff47c4a2',NULL,'104.129.24.154','Pingdom.com_bot_version_1.4_(http://www.pingdom.com/)',1724601471,1724601471,0,'','revista.jdc.edu.co'),('05f6b38a8939d8c926680b305104a259',NULL,'193.186.4.210','Mozilla/5.0 (Linux; Android 10; K) AppleWebKit/537.36 (KHTML, like Gecko) Chrome/128.0.0.0 Mobile Safari/537.36',1724642371,1724642371,0,'','revista.jdc.edu.co'),('05fa116e93812e313921936468b0f8e6',NULL,'209.58.139.193','Pingdom.com_bot_version_1.4_(http://www.pingdom.com/)',1724688831,1724688831,0,'','revista.jdc.edu.co'),('060f30ce5e8fa7c710b64190aa9b160b',NULL,'66.249.70.109','Googlebot/2.1 (+http://www.google.com/bot.html)',1724683597,1724683597,0,'','revista.jdc.edu.co'),('0610b045fa885b850b7e9ede204f515e',NULL,'193.186.4.210','Mozilla/5.0 (Windows NT 10.0; Win64; x64) AppleWebKit/537.36 (KHTML, like Gecko) Chrome/127.0.0.0 Safari/537.36',1724625705,1724625705,0,'','revista.jdc.edu.co'),('061700785aca8d2b5b9cd56a6c7b5ca6',NULL,'181.176.42.45','Mozilla/5.0 (Windows NT 10.0; Win64; x64) AppleWebKit/537.36 (KHTML, like Gecko) Chrome/124.0.0.0 Safari/537.36',1724615685,1724615713,0,'','revista.jdc.edu.co'),('061e94697ad76333246f5ff8eaf1d739',NULL,'172.241.112.86','Pingdom.com_bot_version_1.4_(http://www.pingdom.com/)',1724606390,1724606390,0,'','revista.jdc.edu.co'),('062add8ba40ac0e695dbf620e4feaa23',NULL,'46.20.45.18','Pingdom.com_bot_version_1.4_(http://www.pingdom.com/)',1724682891,1724682891,0,'','revista.jdc.edu.co'),('062b239a483c78271c8db4d2b2998174',NULL,'66.249.70.110','Mozilla/5.0 (Linux; Android 6.0.1; Nexus 5X Build/MMB29P) AppleWebKit/537.36 (KHTML, like Gecko) Chrome/127.0.6533.119 Mobile Safari/537.36 (compatible; Googlebot/2.1; +http://www.google.com/bot.html)',1724661024,1724661024,0,'','revista.jdc.edu.co'),('064164333210eba7d8f4a60eb5c85514',NULL,'107.20.105.74','DreamHost SiteMonitor 1.0',1724601769,1724601769,0,'','revista.jdc.edu.co'),('0641d3d86b0c1740a1f56584006a4f70',NULL,'46.20.45.18','Pingdom.com_bot_version_1.4_(http://www.pingdom.com/)',1724618690,1724618690,0,'','revista.jdc.edu.co'),('064213d329f9c7534b294bd92ae39fce',NULL,'66.249.70.109','Mozilla/5.0 (Linux; Android 6.0.1; Nexus 5X Build/MMB29P) AppleWebKit/537.36 (KHTML, like Gecko) Chrome/127.0.6533.119 Mobile Safari/537.36 (compatible; Googlebot/2.1; +http://www.google.com/bot.html)',1724680092,1724680092,0,'','revista.jdc.edu.co'),('064b60b3340d564e5662f5a4bcad762d',NULL,'66.249.70.108','Mozilla/5.0 (Linux; Android 6.0.1; Nexus 5X Build/MMB29P) AppleWebKit/537.36 (KHTML, like Gecko) Chrome/127.0.6533.119 Mobile Safari/537.36 (compatible; Googlebot/2.1; +http://www.google.com/bot.html)',1724661276,1724661277,0,'currentLocale|s:5:\"es_ES\";','revista.jdc.edu.co'),('0654bd6e3a959794005dfaeb9f7c3961',NULL,'201.113.18.96','Mozilla/5.0 (Windows NT 10.0; Win64; x64) AppleWebKit/537.36 (KHTML, like Gecko) Chrome/127.0.0.0 Safari/537.36',1724672098,1724672098,0,'','revista.jdc.edu.co'),('06627f4da4eef19cb8e9366770cfe285',NULL,'64.237.55.3','Pingdom.com_bot_version_1.4_(http://www.pingdom.com/)',1724649770,1724649770,0,'','revista.jdc.edu.co'),('068d000e91a78c388d60e950d9289779',NULL,'66.249.70.109','Mozilla/5.0 (Linux; Android 6.0.1; Nexus 5X Build/MMB29P) AppleWebKit/537.36 (KHTML, like Gecko) Chrome/127.0.6533.119 Mobile Safari/537.36 (compatible; Googlebot/2.1; +http://www.google.com/bot.html)',1724670847,1724670847,0,'','revista.jdc.edu.co'),('0697ebd6e43b927d4f49f2a98a7de27e',NULL,'66.249.70.109','Googlebot/2.1 (+http://www.google.com/bot.html)',1724684349,1724684349,0,'','revista.jdc.edu.co'),('06ab5db23731f1bdb29e33252f11926e',NULL,'124.243.189.85','Mozilla/5.0 (Windows NT 10.0; Win64; x64) AppleWebKit/537.36 (KHTML, like Gecko) Chrome/101.0.4951.64 Safari/537.36 Edg/101.0.1210.47',1724665126,1724665126,0,'','revista.jdc.edu.co'),('06ba0f42d1d0271c94686037ccf90924',NULL,'66.249.70.109','Mozilla/5.0 (Linux; Android 6.0.1; Nexus 5X Build/MMB29P) AppleWebKit/537.36 (KHTML, like Gecko) Chrome/127.0.6533.119 Mobile Safari/537.36 (compatible; Googlebot/2.1; +http://www.google.com/bot.html)',1724677466,1724677466,0,'','revista.jdc.edu.co'),('06be1b9542e46fab7ebd3d6a5149c874',NULL,'104.129.24.154','Pingdom.com_bot_version_1.4_(http://www.pingdom.com/)',1724638070,1724638070,0,'','revista.jdc.edu.co'),('06d89c61733115093326c90bd30889d8',NULL,'108.181.70.3','Pingdom.com_bot_version_1.4_(http://www.pingdom.com/)',1724636331,1724636331,0,'','revista.jdc.edu.co'),('06e9537a3c0650c0e528f8e5a2b56fdf',NULL,'64.237.55.3','Pingdom.com_bot_version_1.4_(http://www.pingdom.com/)',1724659370,1724659370,0,'','revista.jdc.edu.co'),('070022bda0b5419c53124290ab970899',NULL,'107.20.105.74','DreamHost SiteMonitor 1.0',1724686369,1724686369,0,'','revista.jdc.edu.co'),('07080011cbd85ac086f60bb8bcaadff8',NULL,'107.20.105.74','DreamHost SiteMonitor 1.0',1724674669,1724674669,0,'','revista.jdc.edu.co'),('07083c0d5a7f0a03c7f351dcc4837090',NULL,'46.20.45.18','Pingdom.com_bot_version_1.4_(http://www.pingdom.com/)',1724677491,1724677491,0,'','revista.jdc.edu.co'),('07728b486d6eeb510f4711fbc9aac5e0',NULL,'107.20.105.74','DreamHost SiteMonitor 1.0',1724658469,1724658469,0,'','revista.jdc.edu.co'),('077b1433ce18270446e556509814592c',NULL,'66.249.70.110','Mozilla/5.0 (Linux; Android 6.0.1; Nexus 5X Build/MMB29P) AppleWebKit/537.36 (KHTML, like Gecko) Chrome/127.0.6533.119 Mobile Safari/537.36 (compatible; Googlebot/2.1; +http://www.google.com/bot.html)',1724663399,1724663399,0,'','revista.jdc.edu.co'),('078958f9b60dec6aac899325f5103e32',NULL,'181.130.196.28','Mozilla/5.0 (Macintosh; Intel Mac OS X 10_15_7) AppleWebKit/605.1.15 (KHTML, like Gecko) Version/17.0 Safari/605.1.15',1724648112,1724648112,0,'','revista.jdc.edu.co'),('079eba915ad2d8fbe9d4202e60955e00',NULL,'172.241.112.86','Pingdom.com_bot_version_1.4_(http://www.pingdom.com/)',1724669390,1724669390,0,'','revista.jdc.edu.co'),('07e2e559eca5569ca514a6b00c4f06ea',NULL,'172.241.112.86','Pingdom.com_bot_version_1.4_(http://www.pingdom.com/)',1724617790,1724617790,0,'','revista.jdc.edu.co'),('080244359398020044be8bb58f4c9ac2',NULL,'196.245.151.42','Pingdom.com_bot_version_1.4_(http://www.pingdom.com/)',1724642511,1724642511,0,'','revista.jdc.edu.co'),('0803b1a198da350178b48fe8e48435e2',NULL,'107.182.234.77','Pingdom.com_bot_version_1.4_(http://www.pingdom.com/)',1724637350,1724637350,0,'','revista.jdc.edu.co'),('0809f0fd796ec7da86ba0e9132b53180',NULL,'104.129.24.154','Pingdom.com_bot_version_1.4_(http://www.pingdom.com/)',1724641070,1724641070,0,'','revista.jdc.edu.co'),('080b3b41220141137402f6bd6a30e470',NULL,'23.106.37.99','Pingdom.com_bot_version_1.4_(http://www.pingdom.com/)',1724662430,1724662430,0,'','revista.jdc.edu.co'),('080f8f93646846690f2dd4cc48e43e9d',NULL,'107.182.234.77','Pingdom.com_bot_version_1.4_(http://www.pingdom.com/)',1724659011,1724659011,0,'','revista.jdc.edu.co'),('0833766d83918b6f3f72764aa3c5ea41',NULL,'193.186.4.211','Mozilla/5.0 (Windows NT 10.0; Win64; x64) AppleWebKit/537.36 (KHTML, like Gecko) Chrome/126.0.0.0 Safari/537.36',1724693945,1724693945,0,'','revista.jdc.edu.co'),('086ee439989f4a4c65cf3ea9871c0eea',NULL,'184.75.214.66','Pingdom.com_bot_version_1.4_(http://www.pingdom.com/)',1724662250,1724662250,0,'','revista.jdc.edu.co'),('08d28aaac2902d305bde4f066b42710c',NULL,'66.249.70.110','Mozilla/5.0 (Linux; Android 6.0.1; Nexus 5X Build/MMB29P) AppleWebKit/537.36 (KHTML, like Gecko) Chrome/127.0.6533.119 Mobile Safari/537.36 (compatible; Googlebot/2.1; +http://www.google.com/bot.html)',1724628337,1724628337,0,'','revista.jdc.edu.co'),('08e5473dc48fe08474203a9b2bda9a9d',NULL,'107.182.234.77','Pingdom.com_bot_version_1.4_(http://www.pingdom.com/)',1724604350,1724604350,0,'','revista.jdc.edu.co'),('08e6e4c14fab8b56d6e5ef2fad0c1643',NULL,'173.254.206.242','Pingdom.com_bot_version_1.4_(http://www.pingdom.com/)',1724676110,1724676110,0,'','revista.jdc.edu.co'),('08e985910c3230da5fb31eea071f7f12',NULL,'172.241.112.86','Pingdom.com_bot_version_1.4_(http://www.pingdom.com/)',1724664590,1724664590,0,'','revista.jdc.edu.co'),('08f82b6cccc163ee907244c17e7fd060',NULL,'199.87.228.66','Pingdom.com_bot_version_1.4_(http://www.pingdom.com/)',1724627030,1724627030,0,'','revista.jdc.edu.co'),('090414f81eb37a0e3c6cad49cfca76e6',NULL,'104.129.24.154','Pingdom.com_bot_version_1.4_(http://www.pingdom.com/)',1724642271,1724642271,0,'','revista.jdc.edu.co'),('09075bd284597312f85526cd541c01eb',NULL,'66.249.70.109','Mozilla/5.0 (Linux; Android 6.0.1; Nexus 5X Build/MMB29P) AppleWebKit/537.36 (KHTML, like Gecko) Chrome/127.0.6533.119 Mobile Safari/537.36 (compatible; Googlebot/2.1; +http://www.google.com/bot.html)',1724637811,1724637811,0,'','revista.jdc.edu.co'),('091828646afd2dd2d5734bf49042a415',NULL,'66.249.70.108','Mozilla/5.0 (Linux; Android 6.0.1; Nexus 5X Build/MMB29P) AppleWebKit/537.36 (KHTML, like Gecko) Chrome/127.0.6533.119 Mobile Safari/537.36 (compatible; Googlebot/2.1; +http://www.google.com/bot.html)',1724688173,1724688174,0,'currentLocale|s:5:\"pt_BR\";','revista.jdc.edu.co'),('091985bf4bb3a0c0a4564c12c1cdcd99',NULL,'173.254.206.242','Pingdom.com_bot_version_1.4_(http://www.pingdom.com/)',1724681450,1724681450,0,'','revista.jdc.edu.co'),('0928b8a838c095ad175ecef74b7a7a05',NULL,'107.20.105.74','DreamHost SiteMonitor 1.0',1724649169,1724649169,0,'','revista.jdc.edu.co'),('0939d6648697c7418ebf4d68e4eea744',NULL,'107.182.234.77','Pingdom.com_bot_version_1.4_(http://www.pingdom.com/)',1724658410,1724658410,0,'','revista.jdc.edu.co'),('0942c632bc84e5fc0cb4738bcece538c',NULL,'66.249.70.109','Mozilla/5.0 (Linux; Android 6.0.1; Nexus 5X Build/MMB29P) AppleWebKit/537.36 (KHTML, like Gecko) Chrome/127.0.6533.119 Mobile Safari/537.36 (compatible; Googlebot/2.1; +http://www.google.com/bot.html)',1724676482,1724676482,0,'','revista.jdc.edu.co'),('09502e51ad6d8cc150971b7bf817acef',NULL,'66.249.70.109','Mozilla/5.0 (Linux; Android 6.0.1; Nexus 5X Build/MMB29P) AppleWebKit/537.36 (KHTML, like Gecko) Chrome/127.0.6533.119 Mobile Safari/537.36 (compatible; Googlebot/2.1; +http://www.google.com/bot.html)',1724648869,1724648869,0,'','revista.jdc.edu.co'),('09735f7f5ffcaa1f75c5e8ba57971183',NULL,'196.245.151.42','Pingdom.com_bot_version_1.4_(http://www.pingdom.com/)',1724606511,1724606511,0,'','revista.jdc.edu.co'),('098458e41dcba9260e7bb4623bebce28',NULL,'107.20.105.74','DreamHost SiteMonitor 1.0',1724650669,1724650669,0,'','revista.jdc.edu.co'),('0994f144230885c9d1736e8733aeaafd',NULL,'199.87.228.66','Pingdom.com_bot_version_1.4_(http://www.pingdom.com/)',1724645631,1724645631,0,'','revista.jdc.edu.co'),('09b2c3bb9783675605d7b5a50672915a',NULL,'66.249.70.110','Mozilla/5.0 (Linux; Android 6.0.1; Nexus 5X Build/MMB29P) AppleWebKit/537.36 (KHTML, like Gecko) Chrome/127.0.6533.119 Mobile Safari/537.36 (compatible; Googlebot/2.1; +http://www.google.com/bot.html)',1724659818,1724659818,0,'','revista.jdc.edu.co'),('09bc2105c1c8f27b3c4fbdc7f6935714',NULL,'40.77.167.78','Mozilla/5.0 AppleWebKit/537.36 (KHTML, like Gecko; compatible; bingbot/2.0; +http://www.bing.com/bingbot.htm) Chrome/116.0.1938.76 Safari/537.36',1724663109,1724663109,0,'','revista.jdc.edu.co'),('09c5c215258f0fb85d1ac4af2434f507',NULL,'148.72.170.233','Pingdom.com_bot_version_1.4_(http://www.pingdom.com/)',1724632611,1724632611,0,'','revista.jdc.edu.co'),('09d3349c76287a5567678764db979139',NULL,'66.249.70.108','Mozilla/5.0 (Linux; Android 6.0.1; Nexus 5X Build/MMB29P) AppleWebKit/537.36 (KHTML, like Gecko) Chrome/127.0.6533.119 Mobile Safari/537.36 (compatible; Googlebot/2.1; +http://www.google.com/bot.html)',1724643122,1724643122,0,'','revista.jdc.edu.co'),('09f7952e5a304d50a4da38cdf33a6859',NULL,'64.237.55.3','Pingdom.com_bot_version_1.4_(http://www.pingdom.com/)',1724670170,1724670170,0,'','revista.jdc.edu.co'),('0a1fc16947021e0d796e8f5e1f9187b9',NULL,'34.122.202.55','okhttp/4.12.0',1724685490,1724685490,0,'','revista.jdc.edu.co'),('0a2261f7beb6cd8cebe4e6cf7d0401a8',NULL,'107.20.105.74','DreamHost SiteMonitor 1.0',1724640770,1724640770,0,'','revista.jdc.edu.co'),('0a4c9e651cf532e736eea0684e249eed',NULL,'108.181.70.3','Pingdom.com_bot_version_1.4_(http://www.pingdom.com/)',1724684330,1724684330,0,'','revista.jdc.edu.co'),('0a4cca071db7fc35eeb392c548b607f3',NULL,'186.154.32.3','Mozilla/5.0 (Linux; Android 10; K) AppleWebKit/537.36 (KHTML, like Gecko) Chrome/128.0.0.0 Mobile Safari/537.36',1724666319,1724666329,0,'','revista.jdc.edu.co'),('0a6833607df8faf37c8a4ace0bbaeb96',NULL,'183.182.115.126','Mozilla/5.0 (Linux; Android 8.0; Pixel 2 Build/OPD3.170816.012) AppleWebKit/537.36 (KHTML, like Gecko) Chrome/40.0.6975.1506 Mobile Safari/537.36',1724609519,1724609522,0,'','revista.jdc.edu.co'),('0a68ffdefbb2ea0c1facf3d3ef0c9e34',NULL,'185.214.199.0','Mozilla/5.0 AppleWebKit/537.36 (KHTML, like Gecko; compatible; PerplexityBot/1.0; +https://docs.perplexity.ai/docs/perplexity-bot)',1724608484,1724608484,0,'','revista.jdc.edu.co'),('0a6e4fa8191173722e6e28ceea1b1d45',NULL,'199.87.228.66','Pingdom.com_bot_version_1.4_(http://www.pingdom.com/)',1724614431,1724614431,0,'','revista.jdc.edu.co'),('0a755800f7e9be8f5d04657b58e9c8a2',NULL,'196.245.151.42','Pingdom.com_bot_version_1.4_(http://www.pingdom.com/)',1724622710,1724622710,0,'','revista.jdc.edu.co'),('0ae6596d0e1ef7e6a0223f79a4ff5a38',NULL,'40.77.167.17','Mozilla/5.0 AppleWebKit/537.36 (KHTML, like Gecko; compatible; bingbot/2.0; +http://www.bing.com/bingbot.htm) Chrome/116.0.1938.76 Safari/537.36',1724616886,1724616886,0,'','revista.jdc.edu.co'),('0b0d23e74da52409e41755dbfd6da3d2',NULL,'104.129.24.154','Pingdom.com_bot_version_1.4_(http://www.pingdom.com/)',1724677670,1724677670,0,'','revista.jdc.edu.co'),('0b22e492c95d1ed18936a1c44b6400ff',NULL,'64.237.55.3','Pingdom.com_bot_version_1.4_(http://www.pingdom.com/)',1724619770,1724619770,0,'','revista.jdc.edu.co'),('0b25b8a96465cb8b227504b37c0dc765',NULL,'173.254.206.242','Pingdom.com_bot_version_1.4_(http://www.pingdom.com/)',1724683250,1724683250,0,'','revista.jdc.edu.co'),('0b33e7c5d7467e50d00ca33b398c8c5f',NULL,'107.182.234.77','Pingdom.com_bot_version_1.4_(http://www.pingdom.com/)',1724621151,1724621151,0,'','revista.jdc.edu.co'),('0b497ce3863d2a17cbf6622669a17e9f',NULL,'64.237.55.3','Pingdom.com_bot_version_1.4_(http://www.pingdom.com/)',1724679710,1724679710,0,'','revista.jdc.edu.co'),('0b4a7798576f8564fde27466711ef71a',NULL,'108.181.70.3','Pingdom.com_bot_version_1.4_(http://www.pingdom.com/)',1724664530,1724664530,0,'','revista.jdc.edu.co'),('0b4a9a77a132f2dd4fcff7cedb32d1dc',NULL,'23.106.37.99','Pingdom.com_bot_version_1.4_(http://www.pingdom.com/)',1724688170,1724688170,0,'','revista.jdc.edu.co'),('0b4ed1b8fc254b0b620c912ce6fe79b1',NULL,'66.249.70.109','Mozilla/5.0 (Linux; Android 6.0.1; Nexus 5X Build/MMB29P) AppleWebKit/537.36 (KHTML, like Gecko) Chrome/127.0.6533.119 Mobile Safari/537.36 (compatible; Googlebot/2.1; +http://www.google.com/bot.html)',1724613311,1724613311,0,'','revista.jdc.edu.co'),('0b5c3771070e1af98e5245746c002ff2',NULL,'190.60.34.94','Mozilla/5.0 (iPhone; CPU iPhone OS 17_6 like Mac OS X) AppleWebKit/605.1.15 (KHTML, like Gecko) CriOS/128.0.6613.92 Mobile/15E148 Safari/604.1',1724687196,1724687196,0,'','revista.jdc.edu.co'),('0b70d2d4c0d4bf61d703061ce87492c9',NULL,'108.181.70.3','Pingdom.com_bot_version_1.4_(http://www.pingdom.com/)',1724641731,1724641731,0,'','revista.jdc.edu.co'),('0b82f3d8d45e2753411a4ada8b8423e7',NULL,'107.182.234.77','Pingdom.com_bot_version_1.4_(http://www.pingdom.com/)',1724627750,1724627750,0,'','revista.jdc.edu.co'),('0baeabc605bfba713989c959f1365993',NULL,'66.249.70.110','Googlebot/2.1 (+http://www.google.com/bot.html)',1724687171,1724687171,0,'','revista.jdc.edu.co'),('0bb00adcae80d9867d29240fb201fff2',NULL,'66.249.70.109','Mozilla/5.0 (Linux; Android 6.0.1; Nexus 5X Build/MMB29P) AppleWebKit/537.36 (KHTML, like Gecko) Chrome/127.0.6533.119 Mobile Safari/537.36 (compatible; Googlebot/2.1; +http://www.google.com/bot.html)',1724613673,1724613673,0,'','revista.jdc.edu.co'),('0bca94dcbd8c9a2553a0dc3d53ee911a',NULL,'5.161.249.214','Mozilla/5.0 (Windows NT 10.0; Win64; x64) AppleWebKit/537.36 (KHTML, like Gecko) Chrome/84.0.4147.105 Safari/537.36',1724614282,1724614282,0,'','revista.jdc.edu.co'),('0bcb85e2163ea36c9bf770b74c5fed7b',NULL,'196.245.151.42','Pingdom.com_bot_version_1.4_(http://www.pingdom.com/)',1724609511,1724609511,0,'','revista.jdc.edu.co'),('0be11c7c2fc16e4c51e9f4b2eb0aa988',NULL,'199.87.228.66','Pingdom.com_bot_version_1.4_(http://www.pingdom.com/)',1724657090,1724657090,0,'','revista.jdc.edu.co'),('0be7badc0a188e3d0d003f8aab60ce38',NULL,'172.241.112.86','Pingdom.com_bot_version_1.4_(http://www.pingdom.com/)',1724682590,1724682590,0,'','revista.jdc.edu.co'),('0c1733f04703f550daa9a9ed814c7dbf',NULL,'139.18.242.215','metha/0.3.11',1724654362,1724654362,0,'','revista.jdc.edu.co'),('0c1ea8130dd3542f2f5e9d3ab6661f44',NULL,'107.182.234.77','Pingdom.com_bot_version_1.4_(http://www.pingdom.com/)',1724643351,1724643351,0,'','revista.jdc.edu.co'),('0c55f680bffb9d3d43e98bee6f5dd988',NULL,'199.87.228.66','Pingdom.com_bot_version_1.4_(http://www.pingdom.com/)',1724634831,1724634831,0,'','revista.jdc.edu.co'),('0c5cd4cba4c4f872f51e06eee1da1f0b',NULL,'107.182.234.77','Pingdom.com_bot_version_1.4_(http://www.pingdom.com/)',1724690750,1724690750,0,'','revista.jdc.edu.co'),('0c676d9db13ef04029d5f8769f8b5ba1',NULL,'196.245.151.42','Pingdom.com_bot_version_1.4_(http://www.pingdom.com/)',1724643711,1724643711,0,'','revista.jdc.edu.co'),('0c7691c1b21b70cb7c77e78b570bc5b4',NULL,'52.167.144.203','Mozilla/5.0 AppleWebKit/537.36 (KHTML, like Gecko; compatible; bingbot/2.0; +http://www.bing.com/bingbot.htm) Chrome/116.0.1938.76 Safari/537.36',1724607639,1724607639,0,'','revista.jdc.edu.co'),('0c94d480372b7d031bc3b57ae09900a9',NULL,'66.249.70.109','Mozilla/5.0 (Linux; Android 6.0.1; Nexus 5X Build/MMB29P) AppleWebKit/537.36 (KHTML, like Gecko) Chrome/127.0.6533.119 Mobile Safari/537.36 (compatible; Googlebot/2.1; +http://www.google.com/bot.html)',1724687412,1724687412,0,'','revista.jdc.edu.co'),('0c9731e34c13bee6db8e5070e9fade60',NULL,'173.254.206.242','Pingdom.com_bot_version_1.4_(http://www.pingdom.com/)',1724694110,1724694110,0,'','revista.jdc.edu.co'),('0ccf9a1f8efaaeb5575287624513056d',NULL,'46.20.45.18','Pingdom.com_bot_version_1.4_(http://www.pingdom.com/)',1724633691,1724633691,0,'','revista.jdc.edu.co'),('0cdd7da6781d86bd40386f0dcd0023c7',NULL,'66.249.70.108','Googlebot/2.1 (+http://www.google.com/bot.html)',1724684919,1724684919,0,'','revista.jdc.edu.co'),('0cee160f65927be1dc176c5c3897933f',NULL,'46.20.45.18','Pingdom.com_bot_version_1.4_(http://www.pingdom.com/)',1724616890,1724616890,0,'','revista.jdc.edu.co'),('0d00f66c7c1d23a723e0baead2379475',NULL,'104.129.24.154','Pingdom.com_bot_version_1.4_(http://www.pingdom.com/)',1724621870,1724621870,0,'','revista.jdc.edu.co'),('0d30d8bac459e54a681003e3a0f4521b',NULL,'66.249.70.108','Mozilla/5.0 (Linux; Android 6.0.1; Nexus 5X Build/MMB29P) AppleWebKit/537.36 (KHTML, like Gecko) Chrome/127.0.6533.119 Mobile Safari/537.36 (compatible; Googlebot/2.1; +http://www.google.com/bot.html)',1724604965,1724604965,0,'','revista.jdc.edu.co'),('0d342083f42496ce68b1e28cdd408122',NULL,'184.75.214.66','Pingdom.com_bot_version_1.4_(http://www.pingdom.com/)',1724667650,1724667650,0,'','revista.jdc.edu.co'),('0d49b57e34b44bbbe637911d1adcbf2d',NULL,'66.249.70.110','Mozilla/5.0 (Linux; Android 6.0.1; Nexus 5X Build/MMB29P) AppleWebKit/537.36 (KHTML, like Gecko) Chrome/127.0.6533.119 Mobile Safari/537.36 (compatible; Googlebot/2.1; +http://www.google.com/bot.html)',1724640695,1724640695,0,'','revista.jdc.edu.co'),('0d4bde07bd7cd8b889d29988bbbb707d',NULL,'64.237.55.3','Pingdom.com_bot_version_1.4_(http://www.pingdom.com/)',1724656970,1724656970,0,'','revista.jdc.edu.co'),('0d7300495f05ea89f0b18bca5b05c9b2',NULL,'107.182.234.77','Pingdom.com_bot_version_1.4_(http://www.pingdom.com/)',1724614551,1724614551,0,'','revista.jdc.edu.co'),('0d7d3afd4a816f4e06618902a8514ec2',NULL,'177.250.26.104','Mozilla/5.0 (Linux; Android 10; K) AppleWebKit/537.36 (KHTML, like Gecko) Chrome/127.0.0.0 Mobile Safari/537.36',1724687563,1724687566,0,'','revista.jdc.edu.co'),('0daa62a53c6f75e6482213d2f2c9e7c0',NULL,'66.249.70.110','Mozilla/5.0 (Linux; Android 6.0.1; Nexus 5X Build/MMB29P) AppleWebKit/537.36 (KHTML, like Gecko) Chrome/127.0.6533.119 Mobile Safari/537.36 (compatible; Googlebot/2.1; +http://www.google.com/bot.html)',1724601641,1724601641,0,'','revista.jdc.edu.co'),('0dbe0e9ee9529b317299b909f9963ebe',NULL,'46.20.45.18','Pingdom.com_bot_version_1.4_(http://www.pingdom.com/)',1724693691,1724693691,0,'','revista.jdc.edu.co'),('0deb156efb1ae929cba7a160e449d5f0',NULL,'107.20.105.74','DreamHost SiteMonitor 1.0',1724616169,1724616169,0,'','revista.jdc.edu.co'),('0e02482a2ad9853dcdc91e5bb52fb5bb',NULL,'52.167.144.173','Mozilla/5.0 AppleWebKit/537.36 (KHTML, like Gecko; compatible; bingbot/2.0; +http://www.bing.com/bingbot.htm) Chrome/116.0.1938.76 Safari/537.36',1724611461,1724611461,0,'','revista.jdc.edu.co'),('0e1cd159101ea76f0ddac2df665a9a6a',NULL,'46.20.45.18','Pingdom.com_bot_version_1.4_(http://www.pingdom.com/)',1724608490,1724608490,0,'','revista.jdc.edu.co'),('0e2285ea66ef80792fa24269dad4edfb',NULL,'107.182.234.77','Pingdom.com_bot_version_1.4_(http://www.pingdom.com/)',1724609751,1724609751,0,'','revista.jdc.edu.co'),('0e242616aac400590a72766f3e0a7100',NULL,'184.75.214.66','Pingdom.com_bot_version_1.4_(http://www.pingdom.com/)',1724672450,1724672450,0,'','revista.jdc.edu.co'),('0e330f546cc3df42b61e60d328dbbf68',NULL,'185.241.208.27','Mozilla/5.0 (Windows NT 10.0; Win64; x64) AppleWebKit/537.36 (KHTML, like Gecko) Chrome/80.0.3987.149 Safari/537.36',1724686089,1724686089,0,'','revista.jdc.edu.co'),('0e398b893b2278931f1bec2aadd19ed2',NULL,'104.129.24.154','Pingdom.com_bot_version_1.4_(http://www.pingdom.com/)',1724602070,1724602070,0,'','revista.jdc.edu.co'),('0e3ed4dac5fc6b3992b804abb8ccb440',NULL,'173.254.206.242','Pingdom.com_bot_version_1.4_(http://www.pingdom.com/)',1724685650,1724685650,0,'','revista.jdc.edu.co'),('0e4334e6cd6117b59e49359df56a7b34',NULL,'173.254.206.242','Pingdom.com_bot_version_1.4_(http://www.pingdom.com/)',1724614250,1724614250,0,'','revista.jdc.edu.co'),('0e4cc7a611569a20a19300ad6156fe70',NULL,'107.20.105.74','DreamHost SiteMonitor 1.0',1724672570,1724672570,0,'','revista.jdc.edu.co'),('0e574b416ac7e11f454be9c08ffce34e',NULL,'199.87.228.66','Pingdom.com_bot_version_1.4_(http://www.pingdom.com/)',1724659491,1724659491,0,'','revista.jdc.edu.co'),('0e81b6c11ecb9199ec23a2926121eb50',NULL,'66.249.70.110','Mozilla/5.0 (Linux; Android 6.0.1; Nexus 5X Build/MMB29P) AppleWebKit/537.36 (KHTML, like Gecko) Chrome/127.0.6533.119 Mobile Safari/537.36 (compatible; Googlebot/2.1; +http://www.google.com/bot.html)',1724615456,1724615456,0,'','revista.jdc.edu.co'),('0e95c6806b24bb4883512b504b996fa8',NULL,'148.72.170.233','Pingdom.com_bot_version_1.4_(http://www.pingdom.com/)',1724614611,1724614611,0,'','revista.jdc.edu.co'),('0ea6255b82f2715d6d44b6d3d9b20dce',NULL,'66.249.70.108','Googlebot/2.1 (+http://www.google.com/bot.html)',1724680853,1724680853,0,'','revista.jdc.edu.co'),('0eaabe37476a80da54353c3dd146432b',NULL,'107.182.234.77','Pingdom.com_bot_version_1.4_(http://www.pingdom.com/)',1724652950,1724652950,0,'','revista.jdc.edu.co'),('0eb476e7723cafaef10908d19f36526e',NULL,'72.14.201.247','Mozilla/5.0 (Windows NT 10.0; Win64; x64) AppleWebKit/537.36 (KHTML, like Gecko) Chrome/127.0.0.0 Safari/537.36',1724643604,1724643604,0,'','revista.jdc.edu.co'),('0eb737df8d0a10005c6424ce3785caef',NULL,'209.58.139.193','Pingdom.com_bot_version_1.4_(http://www.pingdom.com/)',1724680430,1724680430,0,'','revista.jdc.edu.co'),('0ebb85026ed155826bdad2d4635889b5',NULL,'191.109.64.59','Mozilla/5.0 (Windows NT 10.0; Win64; x64) AppleWebKit/537.36 (KHTML, like Gecko) Chrome/123.0.0.0 Safari/537.36 OPR/109.0.0.0 (Edition std-1)',1724610105,1724610105,0,'','revista.jdc.edu.co'),('0ec966ad446b36d076a2852024c7bf41',NULL,'45.65.79.83','Mozilla/5.0 AppleWebKit/537.36 (KHTML, like Gecko; compatible; PerplexityBot/1.0; +https://docs.perplexity.ai/docs/perplexity-bot)',1724655423,1724655423,0,'','revista.jdc.edu.co'),('0ecf2d5bedceff6829bd43fb8c734e35',NULL,'104.129.24.154','Pingdom.com_bot_version_1.4_(http://www.pingdom.com/)',1724661471,1724661471,0,'','revista.jdc.edu.co'),('0ed92338530918853fa6c6293c8949e1',NULL,'46.20.45.18','Pingdom.com_bot_version_1.4_(http://www.pingdom.com/)',1724610891,1724610891,0,'','revista.jdc.edu.co'),('0edde0ced942aeee98b10e6fce36dca2',NULL,'66.249.70.109','Mozilla/5.0 (Linux; Android 6.0.1; Nexus 5X Build/MMB29P) AppleWebKit/537.36 (KHTML, like Gecko) Chrome/127.0.6533.119 Mobile Safari/537.36 (compatible; Googlebot/2.1; +http://www.google.com/bot.html)',1724619278,1724619278,0,'currentLocale|s:5:\"pt_BR\";','revista.jdc.edu.co'),('0ef4f59f80d076770eefec04a93867eb',NULL,'107.20.105.74','DreamHost SiteMonitor 1.0',1724685769,1724685769,0,'','revista.jdc.edu.co'),('0f113df637ac264a97c1231f4a46aaac',NULL,'196.245.151.42','Pingdom.com_bot_version_1.4_(http://www.pingdom.com/)',1724647911,1724647911,0,'','revista.jdc.edu.co'),('0f28bd32eac27eba8e4c5192ff97c08a',NULL,'66.249.70.108','Mozilla/5.0 (Linux; Android 6.0.1; Nexus 5X Build/MMB29P) AppleWebKit/537.36 (KHTML, like Gecko) Chrome/127.0.6533.119 Mobile Safari/537.36 (compatible; Googlebot/2.1; +http://www.google.com/bot.html)',1724617176,1724617176,0,'currentLocale|s:5:\"pt_BR\";','revista.jdc.edu.co'),('0f29610564f92e6545a1b9a28457ba88',NULL,'66.249.70.109','Mozilla/5.0 (Linux; Android 6.0.1; Nexus 5X Build/MMB29P) AppleWebKit/537.36 (KHTML, like Gecko) Chrome/127.0.6533.119 Mobile Safari/537.36 (compatible; Googlebot/2.1; +http://www.google.com/bot.html)',1724660703,1724660703,0,'','revista.jdc.edu.co'),('0f703ae0ad423e5e9d045ba902eabbca',NULL,'189.134.13.118','Mozilla/5.0 (Windows NT 10.0; Win64; x64; rv:121.0) Gecko/20100101 Firefox/121.0',1724639112,1724639112,0,'','revista.jdc.edu.co'),('0f7eab0ce9610faf1d1db47690cd6740',NULL,'107.20.105.74','DreamHost SiteMonitor 1.0',1724646170,1724646170,0,'','revista.jdc.edu.co'),('0f827e550880482f3eab779fdebe5fec',NULL,'107.20.105.74','DreamHost SiteMonitor 1.0',1724634469,1724634469,0,'','revista.jdc.edu.co'),('0f99aa58e339e86be3c2cfba5ec749ab',NULL,'40.77.167.73','Mozilla/5.0 AppleWebKit/537.36 (KHTML, like Gecko; compatible; bingbot/2.0; +http://www.bing.com/bingbot.htm) Chrome/116.0.1938.76 Safari/537.36',1724688339,1724688339,0,'','revista.jdc.edu.co'),('0fa09825967bfbabffe3d1becb7b537f',NULL,'40.77.167.67','Mozilla/5.0 AppleWebKit/537.36 (KHTML, like Gecko; compatible; bingbot/2.0; +http://www.bing.com/bingbot.htm) Chrome/116.0.1938.76 Safari/537.36',1724617492,1724617492,0,'','revista.jdc.edu.co'),('0fd7856415c193f6dbe404f8733d782d',NULL,'52.167.144.203','Mozilla/5.0 AppleWebKit/537.36 (KHTML, like Gecko; compatible; bingbot/2.0; +http://www.bing.com/bingbot.htm) Chrome/116.0.1938.76 Safari/537.36',1724603060,1724603060,0,'','revista.jdc.edu.co'),('0fdbcc9819c604dd5edb4e7d1078d378',NULL,'193.186.4.211','Mozilla/5.0 (Linux; Android 10; K) AppleWebKit/537.36 (KHTML, like Gecko) Chrome/127.0.0.0 Mobile Safari/537.36',1724635299,1724635299,0,'','revista.jdc.edu.co'),('0fe1998ef8d945dc1eda08e380607938',NULL,'66.249.70.110','Mozilla/5.0 (Linux; Android 6.0.1; Nexus 5X Build/MMB29P) AppleWebKit/537.36 (KHTML, like Gecko) Chrome/127.0.6533.119 Mobile Safari/537.36 (compatible; Googlebot/2.1; +http://www.google.com/bot.html)',1724662155,1724662155,0,'','revista.jdc.edu.co'),('101a91d1036e7e9dc4140a1a31e772e4',NULL,'64.237.55.3','Pingdom.com_bot_version_1.4_(http://www.pingdom.com/)',1724669570,1724669570,0,'','revista.jdc.edu.co'),('1040a520739d3e946ba115d7aa32614d',NULL,'107.20.105.74','DreamHost SiteMonitor 1.0',1724614670,1724614670,0,'','revista.jdc.edu.co'),('104edde9c84ef489305e97516f04cc68',NULL,'189.233.154.118','Mozilla/5.0 (Linux; Android 10; K) AppleWebKit/537.36 (KHTML, like Gecko) Chrome/128.0.0.0 Mobile Safari/537.36',1724693425,1724693425,0,'','revista.jdc.edu.co'),('105454f0ec6f0156c022e6aa755cf362',NULL,'186.102.17.239','Mozilla/5.0 (Linux; Android 10; K) AppleWebKit/537.36 (KHTML, like Gecko) Chrome/127.0.0.0 Mobile Safari/537.36',1724616475,1724616488,0,'','revista.jdc.edu.co'),('105bdd640b376702fe88eea1d4fe2377',NULL,'148.72.170.233','Pingdom.com_bot_version_1.4_(http://www.pingdom.com/)',1724629611,1724629611,0,'','revista.jdc.edu.co'),('10a5b4bd14ddcee3524d4cfbbed61ae3',NULL,'66.249.70.108','Mozilla/5.0 (Linux; Android 6.0.1; Nexus 5X Build/MMB29P) AppleWebKit/537.36 (KHTML, like Gecko) Chrome/127.0.6533.119 Mobile Safari/537.36 (compatible; Googlebot/2.1; +http://www.google.com/bot.html)',1724681989,1724681989,0,'','revista.jdc.edu.co'),('10ad6be7090dac918c424c400d4ee2f1',NULL,'52.167.144.192','Mozilla/5.0 AppleWebKit/537.36 (KHTML, like Gecko; compatible; bingbot/2.0; +http://www.bing.com/bingbot.htm) Chrome/116.0.1938.76 Safari/537.36',1724694944,1724694944,0,'','revista.jdc.edu.co'),('10b12e9e71c1a922cfbd2f4b0df58635',NULL,'40.77.167.65','Mozilla/5.0 AppleWebKit/537.36 (KHTML, like Gecko; compatible; bingbot/2.0; +http://www.bing.com/bingbot.htm) Chrome/116.0.1938.76 Safari/537.36',1724672278,1724672278,0,'','revista.jdc.edu.co'),('10b4b7c7f33ec5b164b7579ea1e51b88',NULL,'201.141.111.156','Mozilla/5.0 (iPhone; CPU iPhone OS 17_5 like Mac OS X) AppleWebKit/605.1.15 (KHTML, like Gecko) CriOS/128.0.6613.92 Mobile/15E148 Safari/604.1',1724639604,1724639604,0,'','revista.jdc.edu.co'),('10c185cba1a84ce5e2c45686e0fecc4a',NULL,'107.20.105.74','DreamHost SiteMonitor 1.0',1724612569,1724612569,0,'','revista.jdc.edu.co'),('10d7df0f9f1984129db099556300af6d',254,'191.95.50.86','Mozilla/5.0 (Windows NT 10.0; Win64; x64) AppleWebKit/537.36 (KHTML, like Gecko) Chrome/127.0.0.0 Safari/537.36',1724338023,1724338700,1,'csrf|a:2:{s:9:\"timestamp\";i:1724338700;s:5:\"token\";s:32:\"0f6cfa3009c728bf20642999d50e269e\";}userId|i:254;username|s:13:\"albaluz_ramos\";','revista.jdc.edu.co'),('10eb29a1d6570aff94fa612a0ed35c85',NULL,'158.222.113.178','Mozilla/5.0 AppleWebKit/537.36 (KHTML, like Gecko; compatible; PerplexityBot/1.0; +https://docs.perplexity.ai/docs/perplexity-bot)',1724679169,1724679169,0,'','revista.jdc.edu.co'),('10ec9e6d0c72ffc01d31a9c9c4f825b8',NULL,'66.249.70.108','Mozilla/5.0 (Linux; Android 6.0.1; Nexus 5X Build/MMB29P) AppleWebKit/537.36 (KHTML, like Gecko) Chrome/127.0.6533.119 Mobile Safari/537.36 (compatible; Googlebot/2.1; +http://www.google.com/bot.html)',1724680572,1724680572,0,'','revista.jdc.edu.co'),('10edb8469f471ad6dd8fc51c83da8209',NULL,'66.249.70.110','Mozilla/5.0 (Linux; Android 6.0.1; Nexus 5X Build/MMB29P) AppleWebKit/537.36 (KHTML, like Gecko) Chrome/127.0.6533.119 Mobile Safari/537.36 (compatible; Googlebot/2.1; +http://www.google.com/bot.html)',1724675444,1724675444,0,'','revista.jdc.edu.co'),('10f69e02f202833890ef9f958e055b78',NULL,'172.241.112.86','Pingdom.com_bot_version_1.4_(http://www.pingdom.com/)',1724655590,1724655590,0,'','revista.jdc.edu.co'),('1118f8865e21b396b9eb31b42cdc1b83',NULL,'66.249.70.110','Mozilla/5.0 (Linux; Android 6.0.1; Nexus 5X Build/MMB29P) AppleWebKit/537.36 (KHTML, like Gecko) Chrome/127.0.6533.119 Mobile Safari/537.36 (compatible; Googlebot/2.1; +http://www.google.com/bot.html)',1724691447,1724691447,0,'','revista.jdc.edu.co'),('1124008ad3daba9f98c5d928a786ff08',NULL,'66.249.70.108','Mozilla/5.0 (Linux; Android 6.0.1; Nexus 5X Build/MMB29P) AppleWebKit/537.36 (KHTML, like Gecko) Chrome/127.0.6533.119 Mobile Safari/537.36 (compatible; Googlebot/2.1; +http://www.google.com/bot.html)',1724666663,1724666663,0,'','revista.jdc.edu.co'),('1148d15a84df3ea4728e0b0de60be922',NULL,'46.20.45.18','Pingdom.com_bot_version_1.4_(http://www.pingdom.com/)',1724680490,1724680490,0,'','revista.jdc.edu.co'),('11570195176c3c060bded22234228a82',NULL,'104.129.24.154','Pingdom.com_bot_version_1.4_(http://www.pingdom.com/)',1724651871,1724651871,0,'','revista.jdc.edu.co'),('115f59117a975f9bd602bc482d9ac4b9',NULL,'64.237.55.3','Pingdom.com_bot_version_1.4_(http://www.pingdom.com/)',1724686910,1724686910,0,'','revista.jdc.edu.co'),('1192f073a7cd7d4e56e05d8d8c946b3f',NULL,'186.159.14.122','Mozilla/5.0 (Windows NT 10.0; Win64; x64) AppleWebKit/537.36 (KHTML, like Gecko) Chrome/128.0.0.0 Safari/537.36',1724679727,1724679727,0,'','revista.jdc.edu.co'),('1196e30deaa3b52381cf1b9a7ddb24b5',NULL,'64.237.55.3','Pingdom.com_bot_version_1.4_(http://www.pingdom.com/)',1724687510,1724687510,0,'','revista.jdc.edu.co'),('11977e8d9465cf934189d31eed5dfbf8',NULL,'173.254.206.242','Pingdom.com_bot_version_1.4_(http://www.pingdom.com/)',1724682050,1724682050,0,'','revista.jdc.edu.co'),('119b22c613435b0a78efaadece7d019f',NULL,'186.77.136.144','Mozilla/5.0 (Windows NT 10.0; Win64; x64) AppleWebKit/537.36 (KHTML, like Gecko) Chrome/128.0.0.0 Safari/537.36 Edg/128.0.0.0',1724618477,1724618480,0,'','revista.jdc.edu.co'),('11a998efeaba75b4a78033a13111c753',NULL,'191.91.39.37','',1724629777,1724629777,0,'','revista.jdc.edu.co'),('11d8b40f9020bcb14831d8029bec4be8',NULL,'66.249.70.109','Mozilla/5.0 (Linux; Android 6.0.1; Nexus 5X Build/MMB29P) AppleWebKit/537.36 (KHTML, like Gecko) Chrome/127.0.6533.119 Mobile Safari/537.36 (compatible; Googlebot/2.1; +http://www.google.com/bot.html)',1724668377,1724668377,0,'','revista.jdc.edu.co'),('11f17bea359006ca8a6d79cd29c1b2df',NULL,'104.129.24.154','Pingdom.com_bot_version_1.4_(http://www.pingdom.com/)',1724606270,1724606270,0,'','revista.jdc.edu.co'),('11f2b4afcd4327aa23a608a2dc11feba',NULL,'172.241.112.86','Pingdom.com_bot_version_1.4_(http://www.pingdom.com/)',1724611190,1724611190,0,'','revista.jdc.edu.co'),('11fbc3958f17c22141ffe95fc182de9f',NULL,'107.182.234.77','Pingdom.com_bot_version_1.4_(http://www.pingdom.com/)',1724620550,1724620550,0,'','revista.jdc.edu.co'),('1203cf2cf2d67a38bcc1b646933dddf6',NULL,'104.129.24.154','Pingdom.com_bot_version_1.4_(http://www.pingdom.com/)',1724680671,1724680671,0,'','revista.jdc.edu.co'),('12081a85099d5245f2bd0ef2d9e3e70c',NULL,'107.20.105.74','DreamHost SiteMonitor 1.0',1724635970,1724635970,0,'','revista.jdc.edu.co'),('120e500c893bd4ec85c1cbd310dd09f8',NULL,'172.241.112.86','Pingdom.com_bot_version_1.4_(http://www.pingdom.com/)',1724694590,1724694590,0,'','revista.jdc.edu.co'),('121478c427018d21e2dbb33c9a12138a',NULL,'66.249.70.109','Mozilla/5.0 (Linux; Android 6.0.1; Nexus 5X Build/MMB29P) AppleWebKit/537.36 (KHTML, like Gecko) Chrome/127.0.6533.119 Mobile Safari/537.36 (compatible; Googlebot/2.1; +http://www.google.com/bot.html)',1724658497,1724658497,0,'','revista.jdc.edu.co'),('121b3d86008d89fa67cda1bba36624ca',NULL,'173.254.206.242','Pingdom.com_bot_version_1.4_(http://www.pingdom.com/)',1724606450,1724606450,0,'','revista.jdc.edu.co'),('12208ac35a978edb6f37cb8b0ae93f2c',NULL,'186.29.229.111','Mozilla/5.0 (Windows NT 10.0; Win64; x64) AppleWebKit/537.36 (KHTML, like Gecko) Chrome/127.0.0.0 Safari/537.36',1724628378,1724628378,0,'','revista.jdc.edu.co'),('123df6e21740cc6aeb51aadb2ec12843',NULL,'66.249.70.108','Googlebot/2.1 (+http://www.google.com/bot.html)',1724680685,1724680685,0,'','revista.jdc.edu.co'),('1252f10330d6516ef16b17c188615644',NULL,'191.156.177.138','Mozilla/5.0 (iPhone; CPU iPhone OS 16_1_1 like Mac OS X) AppleWebKit/605.1.15 (KHTML, like Gecko) Version/16.1 Mobile/15E148 Safari/604.1',1724693362,1724693362,0,'','revista.jdc.edu.co'),('1255f2bbf686e83c6d70e589975e9a79',NULL,'190.63.112.198','Mozilla/5.0 (Linux; Android 10; K) AppleWebKit/537.36 (KHTML, like Gecko) Chrome/127.0.0.0 Mobile Safari/537.36',1724686270,1724686270,0,'','revista.jdc.edu.co'),('1257ae1fc4be583647aea12cea2e780c',NULL,'64.237.55.3','Pingdom.com_bot_version_1.4_(http://www.pingdom.com/)',1724664170,1724664170,0,'','revista.jdc.edu.co'),('12641635d4511dee301b4ddd6462487f',NULL,'46.20.45.18','Pingdom.com_bot_version_1.4_(http://www.pingdom.com/)',1724639090,1724639090,0,'','revista.jdc.edu.co'),('12772024d0408f8204294138a42268f1',NULL,'66.249.70.110','Mozilla/5.0 (Linux; Android 6.0.1; Nexus 5X Build/MMB29P) AppleWebKit/537.36 (KHTML, like Gecko) Chrome/127.0.6533.119 Mobile Safari/537.36 (compatible; Googlebot/2.1; +http://www.google.com/bot.html)',1724641132,1724641132,0,'','revista.jdc.edu.co'),('12853e89e4c5d87d37359d05f5ba911e',NULL,'66.249.70.108','Mozilla/5.0 (Linux; Android 6.0.1; Nexus 5X Build/MMB29P) AppleWebKit/537.36 (KHTML, like Gecko) Chrome/127.0.6533.119 Mobile Safari/537.36 (compatible; Googlebot/2.1; +http://www.google.com/bot.html)',1724605660,1724605660,0,'currentLocale|s:5:\"pt_BR\";','revista.jdc.edu.co'),('12a8ef264964f9a6d10aa43d19e2aec3',NULL,'107.20.105.74','DreamHost SiteMonitor 1.0',1724682170,1724682170,0,'','revista.jdc.edu.co'),('12bb7e4b52ff526c4e048c503b41d8a4',NULL,'104.129.24.154','Pingdom.com_bot_version_1.4_(http://www.pingdom.com/)',1724671670,1724671670,0,'','revista.jdc.edu.co'),('12f6e69bbd03b2d10ecd92038cb89460',NULL,'199.87.228.66','Pingdom.com_bot_version_1.4_(http://www.pingdom.com/)',1724663691,1724663691,0,'','revista.jdc.edu.co'),('12fee308ed8bef04ed4ab5713b279ac1',NULL,'107.20.105.74','DreamHost SiteMonitor 1.0',1724680070,1724680070,0,'','revista.jdc.edu.co'),('1318e48043153d2a3d11e443744e8092',NULL,'155.254.45.19','Mozilla/5.0 AppleWebKit/537.36 (KHTML, like Gecko; compatible; PerplexityBot/1.0; +https://docs.perplexity.ai/docs/perplexity-bot)',1724648871,1724648871,0,'','revista.jdc.edu.co'),('132828c77083ca64e75d30cecbadcbc3',NULL,'148.72.170.233','Pingdom.com_bot_version_1.4_(http://www.pingdom.com/)',1724648211,1724648211,0,'','revista.jdc.edu.co'),('132f7e090e64b0433a459760281af5db',NULL,'104.129.24.154','Pingdom.com_bot_version_1.4_(http://www.pingdom.com/)',1724637470,1724637470,0,'','revista.jdc.edu.co'),('135130ba343b5dce7da4626b91a42860',NULL,'66.249.70.108','Mozilla/5.0 (Linux; Android 6.0.1; Nexus 5X Build/MMB29P) AppleWebKit/537.36 (KHTML, like Gecko) Chrome/127.0.6533.119 Mobile Safari/537.36 (compatible; Googlebot/2.1; +http://www.google.com/bot.html)',1724660379,1724660379,0,'','revista.jdc.edu.co'),('135c824fb09e6ad065666dc5a1980ee9',NULL,'172.241.112.86','Pingdom.com_bot_version_1.4_(http://www.pingdom.com/)',1724635190,1724635190,0,'','revista.jdc.edu.co'),('13773fd6e7f1c976e7869bceae29df3f',NULL,'107.20.105.74','DreamHost SiteMonitor 1.0',1724665970,1724665970,0,'','revista.jdc.edu.co'),('1388fb6ded3b57c2794c06188dbca618',NULL,'64.237.55.3','Pingdom.com_bot_version_1.4_(http://www.pingdom.com/)',1724622170,1724622170,0,'','revista.jdc.edu.co'),('13b1a22159f838de1b9891c4bf8382b6',NULL,'108.181.70.3','Pingdom.com_bot_version_1.4_(http://www.pingdom.com/)',1724626731,1724626731,0,'','revista.jdc.edu.co'),('13b2db118af9228125460f5805dc7af6',NULL,'104.129.24.154','Pingdom.com_bot_version_1.4_(http://www.pingdom.com/)',1724608070,1724608070,0,'','revista.jdc.edu.co'),('13d0ac29c7fbcac22e75b934113cb836',NULL,'46.20.45.18','Pingdom.com_bot_version_1.4_(http://www.pingdom.com/)',1724652890,1724652890,0,'','revista.jdc.edu.co'),('13de65cbb43525632650aad14bbbd3fc',NULL,'104.129.24.154','Pingdom.com_bot_version_1.4_(http://www.pingdom.com/)',1724634471,1724634471,0,'','revista.jdc.edu.co'),('13de9e1705f83bb5bdd5918df0887029',NULL,'181.30.24.2','Mozilla/5.0 (Windows NT 10.0; Win64; x64) AppleWebKit/537.36 (KHTML, like Gecko) Chrome/125.0.0.0 Safari/537.36',1724672665,1724672665,0,'','revista.jdc.edu.co'),('13f681d2ebb989fee174d67220ee4e98',NULL,'76.164.234.130','Pingdom.com_bot_version_1.4_(http://www.pingdom.com/)',1724693810,1724693810,0,'','revista.jdc.edu.co'),('13fea7b5ecc493207373b35447935305',NULL,'66.249.70.108','Mozilla/5.0 (Linux; Android 6.0.1; Nexus 5X Build/MMB29P) AppleWebKit/537.36 (KHTML, like Gecko) Chrome/127.0.6533.119 Mobile Safari/537.36 (compatible; Googlebot/2.1; +http://www.google.com/bot.html)',1724681011,1724681011,0,'','revista.jdc.edu.co'),('1406322933f3b790b8b7bfd7bdd2f883',NULL,'64.237.55.3','Pingdom.com_bot_version_1.4_(http://www.pingdom.com/)',1724608370,1724608370,0,'','revista.jdc.edu.co'),('140ebdece63a953fc0a7ea5eb1eb7f23',NULL,'177.234.245.29','Mozilla/5.0 (Windows NT 10.0; Win64; x64) AppleWebKit/537.36 (KHTML, like Gecko) Chrome/90.0.4430.85 Safari/537.36',1724625066,1724625066,0,'','revista.jdc.edu.co'),('141cfe7d3f38f434dcac38be3d248b47',NULL,'64.237.55.3','Pingdom.com_bot_version_1.4_(http://www.pingdom.com/)',1724655770,1724655770,0,'','revista.jdc.edu.co'),('1438c995e550c1aa16f651fe42320e37',NULL,'196.245.151.42','Pingdom.com_bot_version_1.4_(http://www.pingdom.com/)',1724623310,1724623310,0,'','revista.jdc.edu.co'),('147c63acc9788689d05b13237e13eb89',NULL,'104.129.24.154','Pingdom.com_bot_version_1.4_(http://www.pingdom.com/)',1724651270,1724651270,0,'','revista.jdc.edu.co'),('14813811f881e904fcc01cf30a7735fa',NULL,'64.237.55.3','Pingdom.com_bot_version_1.4_(http://www.pingdom.com/)',1724671970,1724671970,0,'','revista.jdc.edu.co'),('148f72253d63578eb2cf41017c59539c',NULL,'66.249.70.108','Mozilla/5.0 (Linux; Android 6.0.1; Nexus 5X Build/MMB29P) AppleWebKit/537.36 (KHTML, like Gecko) Chrome/127.0.6533.119 Mobile Safari/537.36 (compatible; Googlebot/2.1; +http://www.google.com/bot.html)',1724643959,1724643959,0,'','revista.jdc.edu.co'),('14b469807871d162b2cf6aad7d3c97d6',NULL,'66.249.70.109','Mozilla/5.0 (Linux; Android 6.0.1; Nexus 5X Build/MMB29P) AppleWebKit/537.36 (KHTML, like Gecko) Chrome/127.0.6533.119 Mobile Safari/537.36 (compatible; Googlebot/2.1; +http://www.google.com/bot.html)',1724631680,1724631680,0,'','revista.jdc.edu.co'),('14c3a12ec0ff2fb6b5a7dcaeea54640a',NULL,'108.181.70.3','Pingdom.com_bot_version_1.4_(http://www.pingdom.com/)',1724688531,1724688531,0,'','revista.jdc.edu.co'),('14c9533e2b8e0a761edd9b9a22536884',NULL,'173.254.206.242','Pingdom.com_bot_version_1.4_(http://www.pingdom.com/)',1724670110,1724670110,0,'','revista.jdc.edu.co'),('14cddd987af002cb524721cf156c0661',NULL,'108.181.70.3','Pingdom.com_bot_version_1.4_(http://www.pingdom.com/)',1724612931,1724612931,0,'','revista.jdc.edu.co'),('14e283674ad342073c9565db7626f19b',NULL,'107.20.105.74','DreamHost SiteMonitor 1.0',1724654570,1724654570,0,'','revista.jdc.edu.co'),('14eda8cc2a0e68affce64c83cd25552d',NULL,'64.237.55.3','Pingdom.com_bot_version_1.4_(http://www.pingdom.com/)',1724612570,1724612570,0,'','revista.jdc.edu.co'),('14fb8c8b164a3cd95ba0739db3499b0e',NULL,'52.167.144.214','Mozilla/5.0 AppleWebKit/537.36 (KHTML, like Gecko; compatible; bingbot/2.0; +http://www.bing.com/bingbot.htm) Chrome/116.0.1938.76 Safari/537.36',1724648130,1724648130,0,'','revista.jdc.edu.co'),('1505d4ca2315e8a001025dfe201e6d91',NULL,'172.241.112.86','Pingdom.com_bot_version_1.4_(http://www.pingdom.com/)',1724632191,1724632191,0,'','revista.jdc.edu.co'),('1520866f3c69bfaed5bf0d6eb2209fe0',NULL,'66.249.70.109','Mozilla/5.0 (Linux; Android 6.0.1; Nexus 5X Build/MMB29P) AppleWebKit/537.36 (KHTML, like Gecko) Chrome/127.0.6533.119 Mobile Safari/537.36 (compatible; Googlebot/2.1; +http://www.google.com/bot.html)',1724671815,1724671815,0,'','revista.jdc.edu.co'),('152da936c924fc3ad38f2b09a5eeba6d',NULL,'199.87.228.66','Pingdom.com_bot_version_1.4_(http://www.pingdom.com/)',1724658291,1724658291,0,'','revista.jdc.edu.co'),('1530f75bd4772506d36d4b56d9a30780',NULL,'107.182.234.77','Pingdom.com_bot_version_1.4_(http://www.pingdom.com/)',1724637950,1724637950,0,'','revista.jdc.edu.co'),('1534201bef160b9b57e271ece6e37d7c',NULL,'181.105.134.44','Mozilla/5.0 (Windows NT 10.0; Win64; x64) AppleWebKit/537.36 (KHTML, like Gecko) Chrome/127.0.0.0 Safari/537.36 Edg/127.0.0.0',1724625085,1724625085,0,'','revista.jdc.edu.co'),('1551ad846165df3ac5d6e5d227e1220d',NULL,'46.20.45.18','Pingdom.com_bot_version_1.4_(http://www.pingdom.com/)',1724663750,1724663750,0,'','revista.jdc.edu.co'),('155c3ea66fcb0781fa083915380cf604',NULL,'66.249.70.109','Mozilla/5.0 (Linux; Android 6.0.1; Nexus 5X Build/MMB29P) AppleWebKit/537.36 (KHTML, like Gecko) Chrome/127.0.6533.119 Mobile Safari/537.36 (compatible; Googlebot/2.1; +http://www.google.com/bot.html)',1724636108,1724636108,0,'','revista.jdc.edu.co'),('15614480100ca6634769bc8480e84fca',NULL,'107.20.105.74','DreamHost SiteMonitor 1.0',1724677370,1724677370,0,'','revista.jdc.edu.co'),('156381b5226d70a469c42b2724b24536',NULL,'107.182.234.77','Pingdom.com_bot_version_1.4_(http://www.pingdom.com/)',1724653551,1724653551,0,'','revista.jdc.edu.co'),('15667fa13f50f7b8806eda45a3a7a056',NULL,'66.249.70.108','Googlebot/2.1 (+http://www.google.com/bot.html)',1724683728,1724683728,0,'','revista.jdc.edu.co'),('15768a9bc136da2f802ffced68439b1e',NULL,'52.167.144.207','Mozilla/5.0 AppleWebKit/537.36 (KHTML, like Gecko; compatible; bingbot/2.0; +http://www.bing.com/bingbot.htm) Chrome/116.0.1938.76 Safari/537.36',1724655694,1724655694,0,'','revista.jdc.edu.co'),('157c9634a5c60fd1fdb7cca29da4983b',NULL,'104.129.24.154','Pingdom.com_bot_version_1.4_(http://www.pingdom.com/)',1724630871,1724630871,0,'','revista.jdc.edu.co'),('1584ab3d76d9daae36ae1a07decf3f7a',NULL,'46.20.45.18','Pingdom.com_bot_version_1.4_(http://www.pingdom.com/)',1724654091,1724654091,0,'','revista.jdc.edu.co'),('15924d4ebe3f56fbf718f87f3af0df94',NULL,'173.254.206.242','Pingdom.com_bot_version_1.4_(http://www.pingdom.com/)',1724667710,1724667710,0,'','revista.jdc.edu.co'),('15b39d4acdfa6c1af2c137981870f4a6',NULL,'200.118.61.24','Mozilla/5.0 (Windows NT 10.0; Win64; x64) AppleWebKit/537.36 (KHTML, like Gecko) Chrome/127.0.0.0 Safari/537.36',1724614065,1724614065,0,'','revista.jdc.edu.co'),('15c3583d7b5c9ace2ea0cdb7541ea365',NULL,'104.129.24.154','Pingdom.com_bot_version_1.4_(http://www.pingdom.com/)',1724636870,1724636870,0,'','revista.jdc.edu.co'),('15c826d47b4589517062f9ebfc338397',NULL,'66.249.70.109','Mozilla/5.0 (Linux; Android 6.0.1; Nexus 5X Build/MMB29P) AppleWebKit/537.36 (KHTML, like Gecko) Chrome/127.0.6533.119 Mobile Safari/537.36 (compatible; Googlebot/2.1; +http://www.google.com/bot.html)',1724688476,1724688476,0,'','revista.jdc.edu.co'),('15d8539e4b2eb0ef8b579965079a6b25',NULL,'114.43.152.136','Mozilla/5.0 (Windows NT 10.0; Win64; x64) AppleWebKit/537.36 (KHTML, like Gecko) Chrome/113.0.0.0 Safari/537.36',1724637895,1724637895,0,'','revista.jdc.edu.co'),('15ee28c69971ab5aec3864770048b643',NULL,'40.77.167.75','Mozilla/5.0 AppleWebKit/537.36 (KHTML, like Gecko; compatible; bingbot/2.0; +http://www.bing.com/bingbot.htm) Chrome/116.0.1938.76 Safari/537.36',1724665754,1724665754,0,'','revista.jdc.edu.co'),('15f270fec33fdcb83655b661bfee58a8',NULL,'107.20.105.74','DreamHost SiteMonitor 1.0',1724687269,1724687269,0,'','revista.jdc.edu.co'),('160c9e07c49b2f8462dc4d0e802ec3b6',NULL,'184.75.214.66','Pingdom.com_bot_version_1.4_(http://www.pingdom.com/)',1724652650,1724652650,0,'','revista.jdc.edu.co'),('1612b2307e2a8b7ad8f8c1a8ed177fdb',NULL,'107.182.234.77','Pingdom.com_bot_version_1.4_(http://www.pingdom.com/)',1724684751,1724684751,0,'','revista.jdc.edu.co'),('1625a8ddd4022994cf1879271b4c4339',NULL,'66.249.70.110','Mozilla/5.0 (Linux; Android 6.0.1; Nexus 5X Build/MMB29P) AppleWebKit/537.36 (KHTML, like Gecko) Chrome/127.0.6533.119 Mobile Safari/537.36 (compatible; Googlebot/2.1; +http://www.google.com/bot.html)',1724664542,1724664542,0,'','revista.jdc.edu.co'),('16351e1bcb33271c937340da86faabe9',NULL,'201.110.134.196','Mozilla/5.0 (iPhone; CPU iPhone OS 17_5 like Mac OS X) AppleWebKit/605.1.15 (KHTML, like Gecko) CriOS/128.0.6613.92 Mobile/15E148 Safari/604.1',1724626469,1724626469,0,'','revista.jdc.edu.co'),('1643471b7d402b64df5b0d8f193b9196',NULL,'66.249.70.109','Mozilla/5.0 (Linux; Android 6.0.1; Nexus 5X Build/MMB29P) AppleWebKit/537.36 (KHTML, like Gecko) Chrome/127.0.6533.119 Mobile Safari/537.36 (compatible; Googlebot/2.1; +http://www.google.com/bot.html)',1724656082,1724656082,0,'','revista.jdc.edu.co'),('16442ec03c7d20d12a978fe259ea15d3',NULL,'34.200.185.125','Grammarly/1.0 (http://www.grammarly.com)',1724622054,1724622054,0,'','revista.jdc.edu.co'),('1648745937776addff43d2e12d02bf5c',NULL,'181.115.215.5','Mozilla/5.0 (Linux; Android 10; K) AppleWebKit/537.36 (KHTML, like Gecko) Chrome/127.0.0.0 Mobile Safari/537.36',1724629897,1724629897,0,'','revista.jdc.edu.co'),('164d17a9f04793d66524c30fa0d3969d',NULL,'177.234.245.29','Mozilla/5.0 (Windows NT 10.0; Win64; x64) AppleWebKit/537.36 (KHTML, like Gecko) Gecko/20100101 Firefox/88.0',1724625284,1724625284,0,'','revista.jdc.edu.co'),('164f1fa5fd96ce3326babbfd1a2449ac',NULL,'108.181.70.3','Pingdom.com_bot_version_1.4_(http://www.pingdom.com/)',1724681330,1724681330,0,'','revista.jdc.edu.co'),('1660110fffe0f64fc6ded66d1a73c6a6',NULL,'107.20.105.74','DreamHost SiteMonitor 1.0',1724613469,1724613469,0,'','revista.jdc.edu.co'),('1685f106adcaa17ec25d4d292827cd5b',NULL,'64.237.55.3','Pingdom.com_bot_version_1.4_(http://www.pingdom.com/)',1724679111,1724679111,0,'','revista.jdc.edu.co'),('1695c33ea55989c64d6658c35b69f241',NULL,'104.129.24.154','Pingdom.com_bot_version_1.4_(http://www.pingdom.com/)',1724668671,1724668671,0,'','revista.jdc.edu.co'),('16a9f8d3424f288b28e2a2d315b25da3',NULL,'107.20.105.74','DreamHost SiteMonitor 1.0',1724682769,1724682769,0,'','revista.jdc.edu.co'),('16c07b6840dc5bd52b77bffd7df87b39',NULL,'66.249.70.110','Googlebot/2.1 (+http://www.google.com/bot.html)',1724689315,1724689315,0,'','revista.jdc.edu.co'),('16cdb6145979e5117122d7193007aa92',NULL,'199.87.228.66','Pingdom.com_bot_version_1.4_(http://www.pingdom.com/)',1724620431,1724620431,0,'','revista.jdc.edu.co'),('16e092a088f44a192a6350e28a328d45',NULL,'66.249.70.108','Mozilla/5.0 (Linux; Android 6.0.1; Nexus 5X Build/MMB29P) AppleWebKit/537.36 (KHTML, like Gecko) Chrome/127.0.6533.119 Mobile Safari/537.36 (compatible; Googlebot/2.1; +http://www.google.com/bot.html)',1724622285,1724622285,0,'','revista.jdc.edu.co'),('16ee34359e977267be9dd2f39974f537',NULL,'66.249.70.110','Mozilla/5.0 (Linux; Android 6.0.1; Nexus 5X Build/MMB29P) AppleWebKit/537.36 (KHTML, like Gecko) Chrome/127.0.6533.119 Mobile Safari/537.36 (compatible; Googlebot/2.1; +http://www.google.com/bot.html)',1724645898,1724645898,0,'','revista.jdc.edu.co'),('16f343d88d630f58be81871b69f9a7b3',NULL,'151.26.237.111','Mozilla/5.0 (Windows NT 10.0; Win64; x64) AppleWebKit/537.36 (KHTML, like Gecko) Chrome/128.0.0.0 Safari/537.36 Edg/128.0.0.0',1724649754,1724649754,0,'','revista.jdc.edu.co'),('17150566117117ffc8268989a0173ede',NULL,'107.182.234.77','Pingdom.com_bot_version_1.4_(http://www.pingdom.com/)',1724685350,1724685350,0,'','revista.jdc.edu.co'),('171a80ac7308264a360a8604450c6461',NULL,'66.249.70.109','Mozilla/5.0 (Linux; Android 6.0.1; Nexus 5X Build/MMB29P) AppleWebKit/537.36 (KHTML, like Gecko) Chrome/127.0.6533.119 Mobile Safari/537.36 (compatible; Googlebot/2.1; +http://www.google.com/bot.html)',1724681406,1724681406,0,'','revista.jdc.edu.co'),('17569cc230377127d15a73497385e748',NULL,'52.167.144.138','Mozilla/5.0 AppleWebKit/537.36 (KHTML, like Gecko; compatible; bingbot/2.0; +http://www.bing.com/bingbot.htm) Chrome/116.0.1938.76 Safari/537.36',1724636089,1724636090,0,'currentLocale|s:5:\"pt_BR\";csrf|a:2:{s:9:\"timestamp\";i:1724636090;s:5:\"token\";s:32:\"a9fc9481b635a04adee584c800562551\";}','revista.jdc.edu.co'),('175a3c2ce8e34cb950bfe507dc7977ca',NULL,'46.20.45.18','Pingdom.com_bot_version_1.4_(http://www.pingdom.com/)',1724626490,1724626490,0,'','revista.jdc.edu.co'),('175a612c8ccf332a9e1a7fc8a80cf6dc',NULL,'66.249.70.109','Mozilla/5.0 (Linux; Android 6.0.1; Nexus 5X Build/MMB29P) AppleWebKit/537.36 (KHTML, like Gecko) Chrome/127.0.6533.119 Mobile Safari/537.36 (compatible; Googlebot/2.1; +http://www.google.com/bot.html)',1724651822,1724651822,0,'','revista.jdc.edu.co'),('1762c5c77d1ef3e0d8c4c9d6e43a90ce',NULL,'66.249.70.108','Mozilla/5.0 (Linux; Android 6.0.1; Nexus 5X Build/MMB29P) AppleWebKit/537.36 (KHTML, like Gecko) Chrome/127.0.6533.119 Mobile Safari/537.36 (compatible; Googlebot/2.1; +http://www.google.com/bot.html)',1724609875,1724609875,0,'','revista.jdc.edu.co'),('177f08012a560f1d774d0f162ec8a01d',NULL,'191.109.64.59','Mozilla/5.0 (Windows NT 10.0; Win64; x64) AppleWebKit/537.36 (KHTML, like Gecko) Chrome/123.0.0.0 Safari/537.36 OPR/109.0.0.0 (Edition std-1)',1724694157,1724694157,0,'','revista.jdc.edu.co'),('177fc4acdd1782ae1455f76bee2322ad',NULL,'52.167.144.216','Mozilla/5.0 AppleWebKit/537.36 (KHTML, like Gecko; compatible; bingbot/2.0; +http://www.bing.com/bingbot.htm) Chrome/116.0.1938.76 Safari/537.36',1724625075,1724625075,0,'','revista.jdc.edu.co'),('1793aed8635509863ff881bea7af0845',NULL,'104.200.76.245','Mozilla/5.0 (Android 11; Mobile; rv:123.0) Gecko/123.0 Firefox/123.0',1724678487,1724678487,0,'','revista.jdc.edu.co'),('17b3d4710f0e8ef07695c233ddccfa18',NULL,'173.254.206.242','Pingdom.com_bot_version_1.4_(http://www.pingdom.com/)',1724671910,1724671910,0,'','revista.jdc.edu.co'),('17da937abcf26ff3c67e965d3b2a4aee',NULL,'187.133.10.148','Mozilla/5.0 (Windows NT 10.0; Win64; x64) AppleWebKit/537.36 (KHTML, like Gecko) Chrome/127.0.0.0 Safari/537.36 Edg/127.0.0.0',1724640883,1724640883,0,'','revista.jdc.edu.co'),('17dfc415bc7df678f8256f82eaa0e205',NULL,'191.91.39.37','',1724610547,1724610547,0,'','revista.jdc.edu.co'),('181a2fe3bb815792165261cd377bae43',NULL,'46.20.45.18','Pingdom.com_bot_version_1.4_(http://www.pingdom.com/)',1724623491,1724623491,0,'','revista.jdc.edu.co'),('183c89879cc4ac8c302d2d51c97fac36',NULL,'107.20.105.74','DreamHost SiteMonitor 1.0',1724629969,1724629969,0,'','revista.jdc.edu.co'),('18417ae91ab4624d6352fd49fdc6a696',NULL,'64.237.55.3','Pingdom.com_bot_version_1.4_(http://www.pingdom.com/)',1724670770,1724670770,0,'','revista.jdc.edu.co'),('1847162c84a5c4e97a789a2acab0bb2e',NULL,'199.87.228.66','Pingdom.com_bot_version_1.4_(http://www.pingdom.com/)',1724609030,1724609030,0,'','revista.jdc.edu.co'),('184f2d3a2d861e7c16205b2ff90ab641',NULL,'107.20.105.74','DreamHost SiteMonitor 1.0',1724631169,1724631169,0,'','revista.jdc.edu.co'),('186c5c99f6e04d681584996dedb7cd9a',NULL,'148.72.170.233','Pingdom.com_bot_version_1.4_(http://www.pingdom.com/)',1724635612,1724635612,0,'','revista.jdc.edu.co'),('188b96f79c4d629235b4c7aa5de0fa99',NULL,'191.156.247.94','Mozilla/5.0 (Macintosh; Intel Mac OS X 10_15_7) AppleWebKit/537.36 (KHTML, like Gecko) Chrome/116.0.0.0 Safari/537.36',1724666592,1724666599,0,'','revista.jdc.edu.co'),('18aada3558d39760a483ed8297c55029',NULL,'66.249.70.110','Mozilla/5.0 (Linux; Android 6.0.1; Nexus 5X Build/MMB29P) AppleWebKit/537.36 (KHTML, like Gecko) Chrome/127.0.6533.119 Mobile Safari/537.36 (compatible; Googlebot/2.1; +http://www.google.com/bot.html)',1724641694,1724641694,0,'','revista.jdc.edu.co'),('18bf70958054e11f3f36b2142562b0e5',NULL,'66.249.70.108','Mozilla/5.0 (Linux; Android 6.0.1; Nexus 5X Build/MMB29P) AppleWebKit/537.36 (KHTML, like Gecko) Chrome/127.0.6533.119 Mobile Safari/537.36 (compatible; Googlebot/2.1; +http://www.google.com/bot.html)',1724653583,1724653583,0,'','revista.jdc.edu.co'),('18d0e0ca376476c5bcb77ef13d17d569',NULL,'185.246.208.183','Mozilla/5.0 (X11; Linux x86_64; rv:103.0) Gecko/20100101 Firefox/103.0',1724634695,1724634695,0,'','revista.jdc.edu.co'),('18d1de3c3b58fe7cfab9808e64ee3d6f',NULL,'114.119.184.173','Mozilla/5.0 (Windows NT 10.0; Win64; x64) AppleWebKit/537.36 (KHTML, like Gecko) Chrome/104.0.0.0 Safari/537.36',1724604883,1724604887,0,'currentLocale|s:5:\"en_US\";','revista.jdc.edu.co'),('18e1bc7351019778adfdfbaebd483a97',NULL,'107.20.105.74','DreamHost SiteMonitor 1.0',1724627270,1724627270,0,'','revista.jdc.edu.co'),('18f7fb087f0cc78e019470e2c77c4fd8',NULL,'66.249.70.108','Mozilla/5.0 (Linux; Android 6.0.1; Nexus 5X Build/MMB29P) AppleWebKit/537.36 (KHTML, like Gecko) Chrome/127.0.6533.119 Mobile Safari/537.36 (compatible; Googlebot/2.1; +http://www.google.com/bot.html)',1724668439,1724668439,0,'','revista.jdc.edu.co'),('18fc40d28a5d8dc272cbad1df082edc5',NULL,'201.236.222.91','Mozilla/5.0 (Windows NT 10.0; Win64; x64) AppleWebKit/537.36 (KHTML, like Gecko) Chrome/128.0.0.0 Safari/537.36 Edg/128.0.0.0',1724623570,1724623572,0,'','revista.jdc.edu.co'),('1900f87b586d8baab6c9e0b158b842d7',NULL,'192.207.244.151','Mozilla/5.0 (Linux; Android 10; JNY-LX2; HMSCore 6.14.0.302) AppleWebKit/537.36 (KHTML, like Gecko) Chrome/99.0.4844.88 HuaweiBrowser/14.0.5.303 Mobile Safari/537.36',1724682147,1724682154,0,'','revista.jdc.edu.co'),('19046e2591083e699b7d6534a4bbcdfe',NULL,'191.109.64.59','Mozilla/5.0 (Windows NT 10.0; Win64; x64) AppleWebKit/537.36 (KHTML, like Gecko) Chrome/123.0.0.0 Safari/537.36 OPR/109.0.0.0 (Edition std-1)',1724610049,1724610050,0,'','revista.jdc.edu.co'),('19083e5716091d83610db17b33685cf8',NULL,'191.91.39.37','',1724613686,1724613686,0,'currentLocale|s:5:\"en_US\";','revista.jdc.edu.co'),('190fc5e169d3859033175bb5a6a337f2',NULL,'52.167.144.203','Mozilla/5.0 AppleWebKit/537.36 (KHTML, like Gecko; compatible; bingbot/2.0; +http://www.bing.com/bingbot.htm) Chrome/116.0.1938.76 Safari/537.36',1724607638,1724607638,0,'','revista.jdc.edu.co'),('19135da68efb5a40f3a683e147ff3a84',NULL,'196.245.151.42','Pingdom.com_bot_version_1.4_(http://www.pingdom.com/)',1724633511,1724633511,0,'','revista.jdc.edu.co'),('1922de790188787949a0c29c97959659',NULL,'184.75.214.66','Pingdom.com_bot_version_1.4_(http://www.pingdom.com/)',1724665850,1724665850,0,'','revista.jdc.edu.co'),('1949b7e793486454b86aaf5cd3c51b49',NULL,'66.249.70.108','Mozilla/5.0 (Linux; Android 6.0.1; Nexus 5X Build/MMB29P) AppleWebKit/537.36 (KHTML, like Gecko) Chrome/127.0.6533.119 Mobile Safari/537.36 (compatible; Googlebot/2.1; +http://www.google.com/bot.html)',1724686978,1724686978,0,'','revista.jdc.edu.co'),('196ca0945c7a6db65280c5229e8a830d',NULL,'66.249.70.109','Mozilla/5.0 (Linux; Android 6.0.1; Nexus 5X Build/MMB29P) AppleWebKit/537.36 (KHTML, like Gecko) Chrome/127.0.6533.119 Mobile Safari/537.36 (compatible; Googlebot/2.1; +http://www.google.com/bot.html)',1724618184,1724618184,0,'','revista.jdc.edu.co'),('197202a2452425dbbd123f936ca4cf1d',NULL,'193.186.4.210','Mozilla/5.0 (Windows NT 10.0; Win64; x64) AppleWebKit/537.36 (KHTML, like Gecko) Chrome/127.0.0.0 Safari/537.36',1724678433,1724678433,0,'','revista.jdc.edu.co'),('197ec18b667622f5bf9805395c8361f4',NULL,'190.63.112.115','Mozilla/5.0 (Linux; Android 10; K) AppleWebKit/537.36 (KHTML, like Gecko) Chrome/127.0.0.0 Mobile Safari/537.36',1724685579,1724685579,0,'','revista.jdc.edu.co'),('198a080855474ff748a7c973725175a4',NULL,'104.129.24.154','Pingdom.com_bot_version_1.4_(http://www.pingdom.com/)',1724663870,1724663870,0,'','revista.jdc.edu.co'),('19ad5fcdb79efbcc0a09999b2466b0ad',NULL,'72.14.201.211','Mozilla/5.0 (Windows NT 10.0; Win64; x64) AppleWebKit/537.36 (KHTML, like Gecko) Chrome/127.0.0.0 Safari/537.36',1724630937,1724630937,0,'','revista.jdc.edu.co'),('19c5b7b1e2588a2810de7fca00818ef3',NULL,'64.237.55.3','Pingdom.com_bot_version_1.4_(http://www.pingdom.com/)',1724674370,1724674370,0,'','revista.jdc.edu.co'),('19c776eab16a382e5152c02b91687697',NULL,'173.254.206.242','Pingdom.com_bot_version_1.4_(http://www.pingdom.com/)',1724649710,1724649710,0,'','revista.jdc.edu.co'),('19dc3c68cc5aa24644064c1c15efb124',NULL,'46.20.45.18','Pingdom.com_bot_version_1.4_(http://www.pingdom.com/)',1724659551,1724659551,0,'','revista.jdc.edu.co'),('19e18791c5e587b5f4146a83cfec8c49',NULL,'107.20.105.74','DreamHost SiteMonitor 1.0',1724639569,1724639569,0,'','revista.jdc.edu.co'),('19e8af54d61691e0c1c76b472aa85566',NULL,'64.237.55.3','Pingdom.com_bot_version_1.4_(http://www.pingdom.com/)',1724635971,1724635971,0,'','revista.jdc.edu.co'),('19ed56b9194f07b8a3a7dd22f090e31c',NULL,'173.254.206.242','Pingdom.com_bot_version_1.4_(http://www.pingdom.com/)',1724672510,1724672510,0,'','revista.jdc.edu.co'),('19eda2e6094e013a75590f402bdffc6a',NULL,'172.121.222.134','Mozilla/5.0 (Macintosh; Intel Mac OS X 14.2; rv:109.0) Gecko/20100101 Firefox/121.0',1724673519,1724673561,0,'csrf|a:2:{s:9:\"timestamp\";i:1724673556;s:5:\"token\";s:32:\"0b499d968b0c397ca53d62371342208f\";}','revista.jdc.edu.co'),('19f46a66c693627a5e47880945a8075c',NULL,'104.129.24.154','Pingdom.com_bot_version_1.4_(http://www.pingdom.com/)',1724620671,1724620671,0,'','revista.jdc.edu.co'),('1a128ebf582a0b1e28f523e947fac6e8',NULL,'66.249.70.109','Mozilla/5.0 (Linux; Android 6.0.1; Nexus 5X Build/MMB29P) AppleWebKit/537.36 (KHTML, like Gecko) Chrome/127.0.6533.119 Mobile Safari/537.36 (compatible; Googlebot/2.1; +http://www.google.com/bot.html)',1724625475,1724625475,0,'','revista.jdc.edu.co'),('1a1cd682bf4fc10648aca1925c4ee356',NULL,'209.58.139.193','Pingdom.com_bot_version_1.4_(http://www.pingdom.com/)',1724684630,1724684630,0,'','revista.jdc.edu.co'),('1a20f8be2b879340357d4d9131e7de34',NULL,'172.241.112.86','Pingdom.com_bot_version_1.4_(http://www.pingdom.com/)',1724666391,1724666391,0,'','revista.jdc.edu.co'),('1a48cd5e59f43dd56c35b7e9af730ada',NULL,'66.249.70.108','Mozilla/5.0 (Linux; Android 6.0.1; Nexus 5X Build/MMB29P) AppleWebKit/537.36 (KHTML, like Gecko) Chrome/127.0.6533.119 Mobile Safari/537.36 (compatible; Googlebot/2.1; +http://www.google.com/bot.html)',1724609488,1724609488,0,'currentLocale|s:5:\"es_ES\";','revista.jdc.edu.co'),('1a4d6f261abd51b6cb5607f6dd0bf471',NULL,'196.245.151.42','Pingdom.com_bot_version_1.4_(http://www.pingdom.com/)',1724617910,1724617910,0,'','revista.jdc.edu.co'),('1a6e2ec63f409ac1a29a0315f94eda32',NULL,'40.77.167.76','Mozilla/5.0 AppleWebKit/537.36 (KHTML, like Gecko; compatible; bingbot/2.0; +http://www.bing.com/bingbot.htm) Chrome/116.0.1938.76 Safari/537.36',1724659804,1724659804,0,'','revista.jdc.edu.co'),('1a830911ea6d92aa08b78535cada6a76',NULL,'66.249.70.108','Mozilla/5.0 (Linux; Android 6.0.1; Nexus 5X Build/MMB29P) AppleWebKit/537.36 (KHTML, like Gecko) Chrome/127.0.6533.119 Mobile Safari/537.36 (compatible; Googlebot/2.1; +http://www.google.com/bot.html)',1724626150,1724626150,0,'','revista.jdc.edu.co'),('1a9671caf9cd58e91c1a4edeefd39ab9',NULL,'72.14.201.210','Mozilla/5.0 (Linux; Android 10; K) AppleWebKit/537.36 (KHTML, like Gecko) Chrome/127.0.0.0 Mobile Safari/537.36',1724606704,1724606704,0,'','revista.jdc.edu.co'),('1a9ea1db6a1591ffeb1fcb58e5515d8d',NULL,'66.249.70.108','Mozilla/5.0 (Linux; Android 6.0.1; Nexus 5X Build/MMB29P) AppleWebKit/537.36 (KHTML, like Gecko) Chrome/127.0.6533.119 Mobile Safari/537.36 (compatible; Googlebot/2.1; +http://www.google.com/bot.html)',1724667289,1724667289,0,'','revista.jdc.edu.co'),('1aca19a0e5c75d86b50a29cdcddf4c15',NULL,'66.249.70.109','Mozilla/5.0 (Linux; Android 6.0.1; Nexus 5X Build/MMB29P) AppleWebKit/537.36 (KHTML, like Gecko) Chrome/127.0.6533.119 Mobile Safari/537.36 (compatible; Googlebot/2.1; +http://www.google.com/bot.html)',1724640144,1724640144,0,'','revista.jdc.edu.co'),('1ae981044ffab4e8b70b65d2401a3a15',NULL,'108.181.70.3','Pingdom.com_bot_version_1.4_(http://www.pingdom.com/)',1724669931,1724669931,0,'','revista.jdc.edu.co'),('1b0315def32ead3ad8c879c776d79fad',NULL,'66.249.70.108','Mozilla/5.0 (Linux; Android 6.0.1; Nexus 5X Build/MMB29P) AppleWebKit/537.36 (KHTML, like Gecko) Chrome/127.0.6533.119 Mobile Safari/537.36 (compatible; Googlebot/2.1; +http://www.google.com/bot.html)',1724664089,1724664089,0,'','revista.jdc.edu.co'),('1b06e9923a2bfe9a0073fd505a190e4d',NULL,'196.245.151.42','Pingdom.com_bot_version_1.4_(http://www.pingdom.com/)',1724604710,1724604710,0,'','revista.jdc.edu.co'),('1b121b3621487542c6b903b6fb2d0f63',NULL,'148.72.170.233','Pingdom.com_bot_version_1.4_(http://www.pingdom.com/)',1724617610,1724617610,0,'','revista.jdc.edu.co'),('1b1b6620e18ec68746d589445b12ecc2',NULL,'199.87.228.66','Pingdom.com_bot_version_1.4_(http://www.pingdom.com/)',1724660091,1724660091,0,'','revista.jdc.edu.co'),('1b328cddec9eec0ab61e138b094c3b1d',NULL,'66.249.70.108','Mozilla/5.0 (Linux; Android 6.0.1; Nexus 5X Build/MMB29P) AppleWebKit/537.36 (KHTML, like Gecko) Chrome/127.0.6533.119 Mobile Safari/537.36 (compatible; Googlebot/2.1; +http://www.google.com/bot.html)',1724649222,1724649222,0,'','revista.jdc.edu.co'),('1b60002908da8af6a52fc67df4756fcf',NULL,'173.254.206.242','Pingdom.com_bot_version_1.4_(http://www.pingdom.com/)',1724652710,1724652710,0,'','revista.jdc.edu.co'),('1b6096c7aa786e35eb9f23af40746b1e',NULL,'108.181.70.3','Pingdom.com_bot_version_1.4_(http://www.pingdom.com/)',1724611730,1724611730,0,'','revista.jdc.edu.co'),('1b6d1dea8352b56012090fa69a6d1042',NULL,'107.20.105.74','DreamHost SiteMonitor 1.0',1724624869,1724624869,0,'','revista.jdc.edu.co'),('1bc5324ea654a31e167d6d237ccf942e',NULL,'107.182.234.77','Pingdom.com_bot_version_1.4_(http://www.pingdom.com/)',1724665010,1724665010,0,'','revista.jdc.edu.co'),('1bc6cd6e323b1b7542639a0080f7951a',NULL,'108.181.70.3','Pingdom.com_bot_version_1.4_(http://www.pingdom.com/)',1724637530,1724637530,0,'','revista.jdc.edu.co'),('1bd7fd9480775ee05dcd4d09197a82a5',NULL,'107.20.105.74','DreamHost SiteMonitor 1.0',1724629669,1724629669,0,'','revista.jdc.edu.co'),('1be8ba5b73964cc5459f9c4fdf6b453e',NULL,'64.237.55.3','Pingdom.com_bot_version_1.4_(http://www.pingdom.com/)',1724692370,1724692370,0,'','revista.jdc.edu.co'),('1bf0f0a4584a76473d153b2d6828c5c7',NULL,'168.176.40.141','Mozilla/5.0 (iPhone; CPU iPhone OS 17_3 like Mac OS X) AppleWebKit/605.1.15 (KHTML, like Gecko) CriOS/128.0.6613.34 Mobile/15E148 Safari/604.1',1724631338,1724631338,0,'','revista.jdc.edu.co'),('1bfc382400c5ef077a409825d0ef8fdf',NULL,'107.20.105.74','DreamHost SiteMonitor 1.0',1724622769,1724622769,0,'','revista.jdc.edu.co'),('1c13dd8f572c51f66dd56a65c0210158',NULL,'66.249.70.110','Mozilla/5.0 (Linux; Android 6.0.1; Nexus 5X Build/MMB29P) AppleWebKit/537.36 (KHTML, like Gecko) Chrome/127.0.6533.119 Mobile Safari/537.36 (compatible; Googlebot/2.1; +http://www.google.com/bot.html)',1724611195,1724611195,0,'','revista.jdc.edu.co'),('1c24b7021662ea18a9454d0ef7776f6d',NULL,'199.87.228.66','Pingdom.com_bot_version_1.4_(http://www.pingdom.com/)',1724651031,1724651031,0,'','revista.jdc.edu.co'),('1c313a2f5ede34992a269a38b46fcb41',NULL,'107.20.105.74','DreamHost SiteMonitor 1.0',1724625170,1724625170,0,'','revista.jdc.edu.co'),('1c66115b5bb06690068e556c067d859a',NULL,'46.20.45.18','Pingdom.com_bot_version_1.4_(http://www.pingdom.com/)',1724642690,1724642690,0,'','revista.jdc.edu.co'),('1c73469a4c615b1944cdef1934c5af24',NULL,'66.249.70.109','Mozilla/5.0 (Linux; Android 6.0.1; Nexus 5X Build/MMB29P) AppleWebKit/537.36 (KHTML, like Gecko) Chrome/127.0.6533.119 Mobile Safari/537.36 (compatible; Googlebot/2.1; +http://www.google.com/bot.html)',1724673908,1724673908,0,'','revista.jdc.edu.co'),('1c75876e90554a94a5fcaeac6d319e31',NULL,'108.181.70.3','Pingdom.com_bot_version_1.4_(http://www.pingdom.com/)',1724608131,1724608131,0,'','revista.jdc.edu.co'),('1cba5fd14b1ea308854cdaa8cb3efa0b',NULL,'172.241.112.86','Pingdom.com_bot_version_1.4_(http://www.pingdom.com/)',1724638790,1724638790,0,'','revista.jdc.edu.co'),('1cbff1abd7dd85ce5ee2d85bcd1ad905',NULL,'199.87.228.66','Pingdom.com_bot_version_1.4_(http://www.pingdom.com/)',1724638431,1724638431,0,'','revista.jdc.edu.co'),('1d2620f7c6497b7ccc6980fed4b1bfa7',NULL,'66.249.70.108','Mozilla/5.0 (Linux; Android 6.0.1; Nexus 5X Build/MMB29P) AppleWebKit/537.36 (KHTML, like Gecko) Chrome/127.0.6533.119 Mobile Safari/537.36 (compatible; Googlebot/2.1; +http://www.google.com/bot.html)',1724623593,1724623593,0,'currentLocale|s:5:\"es_ES\";','revista.jdc.edu.co'),('1d3bbd31ecfac0353a39e633f649ed79',NULL,'107.182.234.77','Pingdom.com_bot_version_1.4_(http://www.pingdom.com/)',1724626552,1724626552,0,'','revista.jdc.edu.co'),('1d3d474524b217af92749b62d6a48601',NULL,'66.249.70.109','Mozilla/5.0 (Linux; Android 6.0.1; Nexus 5X Build/MMB29P) AppleWebKit/537.36 (KHTML, like Gecko) Chrome/127.0.6533.119 Mobile Safari/537.36 (compatible; Googlebot/2.1; +http://www.google.com/bot.html)',1724638496,1724638496,0,'','revista.jdc.edu.co'),('1d5a2318c81a7fcfff1bcc8bf7f4d3e3',NULL,'186.75.84.181','Mozilla/5.0 (Linux; Android 10; K) AppleWebKit/537.36 (KHTML, like Gecko) Chrome/128.0.0.0 Mobile Safari/537.36',1724630959,1724630959,0,'','revista.jdc.edu.co'),('1d6d5a3d8e60c61ae231f9e94c24d8c7',NULL,'64.237.55.3','Pingdom.com_bot_version_1.4_(http://www.pingdom.com/)',1724616170,1724616170,0,'','revista.jdc.edu.co'),('1d80a387ce9a065d0e3d82d87e1406ad',NULL,'199.87.228.66','Pingdom.com_bot_version_1.4_(http://www.pingdom.com/)',1724652831,1724652831,0,'','revista.jdc.edu.co'),('1da34eb7a09b533f61c980bec2f4260f',NULL,'107.20.105.74','DreamHost SiteMonitor 1.0',1724633569,1724633569,0,'','revista.jdc.edu.co'),('1dcd141dc4b58f27d1643915939576f2',NULL,'66.249.70.108','Googlebot/2.1 (+http://www.google.com/bot.html)',1724689838,1724689838,0,'','revista.jdc.edu.co'),('1dd440adf537b7bfb6bc1f8dd6d0e18f',NULL,'66.249.70.110','Mozilla/5.0 (Linux; Android 6.0.1; Nexus 5X Build/MMB29P) AppleWebKit/537.36 (KHTML, like Gecko) Chrome/127.0.6533.119 Mobile Safari/537.36 (compatible; Googlebot/2.1; +http://www.google.com/bot.html)',1724650232,1724650232,0,'currentLocale|s:5:\"es_ES\";','revista.jdc.edu.co'),('1ddb23b004a6b6345f4f11303da37238',NULL,'104.129.24.154','Pingdom.com_bot_version_1.4_(http://www.pingdom.com/)',1724644071,1724644071,0,'','revista.jdc.edu.co'),('1df00d54903862fd3a6b626bf63246ca',NULL,'64.237.55.3','Pingdom.com_bot_version_1.4_(http://www.pingdom.com/)',1724631770,1724631770,0,'','revista.jdc.edu.co'),('1dfb0d28dee91437b6a34cb88a4819df',NULL,'108.181.70.3','Pingdom.com_bot_version_1.4_(http://www.pingdom.com/)',1724679530,1724679530,0,'','revista.jdc.edu.co'),('1e13d3a1d3fd7f192e69b308b5281b32',NULL,'107.182.234.77','Pingdom.com_bot_version_1.4_(http://www.pingdom.com/)',1724616350,1724616350,0,'','revista.jdc.edu.co'),('1e2bc5dc837f9c715ea77809845d684b',NULL,'66.249.70.108','Mozilla/5.0 (Linux; Android 6.0.1; Nexus 5X Build/MMB29P) AppleWebKit/537.36 (KHTML, like Gecko) Chrome/127.0.6533.119 Mobile Safari/537.36 (compatible; Googlebot/2.1; +http://www.google.com/bot.html)',1724625414,1724625415,0,'currentLocale|s:5:\"es_ES\";','revista.jdc.edu.co'),('1e2ec7dea0c198385700630f2bab62b8',NULL,'137.117.86.228','Mozilla/5.0 (Windows NT 10.0; Win64; x64) AppleWebKit/537.36 (KHTML, like Gecko) Chrome/125.0.6422.142 Safari/537.36',1724678136,1724678136,0,'','revista.jdc.edu.co'),('1e51367302890607591b61e26056a933',NULL,'46.20.45.18','Pingdom.com_bot_version_1.4_(http://www.pingdom.com/)',1724686491,1724686491,0,'','revista.jdc.edu.co'),('1e64a3f4ed75799725a08f2a26354cb3',NULL,'78.142.18.92','Mozilla/5.0 (compatible; MSIE 9.0; Windows NT 6.1; Trident/5.0)',1724692041,1724692041,0,'','revista.jdc.edu.co'),('1e65309d6cdafb52a85c2e42f65637a0',NULL,'66.249.70.108','Mozilla/5.0 (Linux; Android 6.0.1; Nexus 5X Build/MMB29P) AppleWebKit/537.36 (KHTML, like Gecko) Chrome/127.0.6533.119 Mobile Safari/537.36 (compatible; Googlebot/2.1; +http://www.google.com/bot.html)',1724684634,1724684634,0,'','revista.jdc.edu.co'),('1e723cf8ca99720f139ca2304d972469',NULL,'52.160.89.107','Mozilla/5.0 (Windows NT 10.0; Win64; x64) AppleWebKit/537.36 (KHTML, like Gecko) Chrome/126.0.0.0 Safari/537.36',1724606114,1724606114,0,'currentLocale|s:5:\"en_US\";','revista.jdc.edu.co'),('1e9455eca2de8f6bfc970bf1ba47b99a',NULL,'46.20.45.18','Pingdom.com_bot_version_1.4_(http://www.pingdom.com/)',1724675691,1724675691,0,'','revista.jdc.edu.co'),('1ed2de8f5ff04c3bed2a0103537e2b32',NULL,'64.237.55.3','Pingdom.com_bot_version_1.4_(http://www.pingdom.com/)',1724647970,1724647970,0,'','revista.jdc.edu.co'),('1ef0da83a2744cda1eaeca437ab2f934',NULL,'107.20.105.74','DreamHost SiteMonitor 1.0',1724624269,1724624269,0,'','revista.jdc.edu.co'),('1efaa958d81bed4fb8aaf984fa3271d4',NULL,'187.184.18.29','Mozilla/5.0 (Windows NT 10.0; Win64; x64) AppleWebKit/537.36 (KHTML, like Gecko) Chrome/128.0.0.0 Safari/537.36',1724610504,1724610504,0,'','revista.jdc.edu.co'),('1f007cd184a059b4f817f6b536e929b9',NULL,'66.249.70.110','Mozilla/5.0 (Linux; Android 6.0.1; Nexus 5X Build/MMB29P) AppleWebKit/537.36 (KHTML, like Gecko) Chrome/127.0.6533.119 Mobile Safari/537.36 (compatible; Googlebot/2.1; +http://www.google.com/bot.html)',1724667163,1724667163,0,'','revista.jdc.edu.co'),('1f02d809330dbeb522d5094cc5ad4747',NULL,'124.243.191.96','Mozilla/5.0 (Windows NT 10.0; Win64; x64) AppleWebKit/537.36 (KHTML, like Gecko) Chrome/107.0.0.0 Safari/537.36',1724693954,1724693954,0,'','revista.jdc.edu.co'),('1f1a517e44410ac4d0d4e6099d20d4a3',NULL,'107.20.105.74','DreamHost SiteMonitor 1.0',1724631470,1724631470,0,'','revista.jdc.edu.co'),('1f250279144e9d138736ba88ff067357',NULL,'66.249.70.110','Mozilla/5.0 (Linux; Android 6.0.1; Nexus 5X Build/MMB29P) AppleWebKit/537.36 (KHTML, like Gecko) Chrome/127.0.6533.119 Mobile Safari/537.36 (compatible; Googlebot/2.1; +http://www.google.com/bot.html)',1724606972,1724606972,0,'currentLocale|s:5:\"es_ES\";','revista.jdc.edu.co'),('1f2f2236c62378adc31e3916f0232e9f',NULL,'107.20.105.74','DreamHost SiteMonitor 1.0',1724638669,1724638669,0,'','revista.jdc.edu.co'),('1f33e3efc9e689f53edcb7ca8c8b8ffb',NULL,'209.58.139.193','Pingdom.com_bot_version_1.4_(http://www.pingdom.com/)',1724690030,1724690030,0,'','revista.jdc.edu.co'),('1f33f16e12c9d4e87c751826a90590a9',NULL,'191.98.17.221','Mozilla/5.0 (Linux; Android 10; K) AppleWebKit/537.36 (KHTML, like Gecko) SamsungBrowser/26.0 Chrome/122.0.0.0 Mobile Safari/537.36',1724623084,1724623084,0,'','revista.jdc.edu.co'),('1f39cb462b2ee8a2e59b201bf5c7663e',NULL,'107.20.105.74','DreamHost SiteMonitor 1.0',1724663569,1724663569,0,'','revista.jdc.edu.co'),('1fd3a744e8981a8faea53a79e29c77f5',NULL,'23.106.37.99','Pingdom.com_bot_version_1.4_(http://www.pingdom.com/)',1724673830,1724673830,0,'','revista.jdc.edu.co'),('1fd96ae8f401986a0aef2e6402ee6aea',NULL,'40.77.167.144','Mozilla/5.0 AppleWebKit/537.36 (KHTML, like Gecko; compatible; bingbot/2.0; +http://www.bing.com/bingbot.htm) Chrome/116.0.1938.76 Safari/537.36',1724655618,1724655618,0,'','revista.jdc.edu.co'),('1fed7f5db3ce057e66b6d49d39f87c8f',NULL,'46.20.45.18','Pingdom.com_bot_version_1.4_(http://www.pingdom.com/)',1724615090,1724615090,0,'','revista.jdc.edu.co'),('1ff0c0e639cc45307570fdb481de2810',NULL,'108.181.70.3','Pingdom.com_bot_version_1.4_(http://www.pingdom.com/)',1724667531,1724667531,0,'','revista.jdc.edu.co'),('203184903f5d3cc0599d5c31fd4881ea',NULL,'193.186.4.211','Mozilla/5.0 (Windows NT 10.0; Win64; x64) AppleWebKit/537.36 (KHTML, like Gecko) Chrome/127.0.0.0 Safari/537.36',1724627843,1724627843,0,'','revista.jdc.edu.co'),('205f3fd954145523d11d6a2803400441',NULL,'199.87.228.66','Pingdom.com_bot_version_1.4_(http://www.pingdom.com/)',1724606031,1724606031,0,'','revista.jdc.edu.co'),('206c5bd32eb3b4b4696342ea66a20d23',NULL,'196.245.151.42','Pingdom.com_bot_version_1.4_(http://www.pingdom.com/)',1724604111,1724604111,0,'','revista.jdc.edu.co'),('20736805f3273b7c3d1aa945287f9ff9',NULL,'189.150.236.157','Mozilla/5.0 (Windows NT 10.0; Win64; x64) AppleWebKit/537.36 (KHTML, like Gecko) Chrome/127.0.0.0 Safari/537.36',1724608319,1724608319,0,'','revista.jdc.edu.co'),('20811845bbb63472c2ce8aed47396ea8',NULL,'148.72.170.233','Pingdom.com_bot_version_1.4_(http://www.pingdom.com/)',1724638610,1724638610,0,'','revista.jdc.edu.co'),('20aea0918ff8ffd173c25a0e0344d094',NULL,'66.249.66.19','Mozilla/5.0 (Linux; Android 6.0.1; Nexus 5X Build/MMB29P) AppleWebKit/537.36 (KHTML, like Gecko) Chrome/127.0.6533.119 Mobile Safari/537.36 (compatible; Googlebot/2.1; +http://www.google.com/bot.html)',1724615149,1724615149,0,'','revista.jdc.edu.co'),('20d048cfdf240aa00e430cc43fe6b385',NULL,'66.249.70.110','Mozilla/5.0 (Linux; Android 6.0.1; Nexus 5X Build/MMB29P) AppleWebKit/537.36 (KHTML, like Gecko) Chrome/127.0.6533.119 Mobile Safari/537.36 (compatible; Googlebot/2.1; +http://www.google.com/bot.html)',1724651036,1724651038,0,'currentLocale|s:5:\"es_ES\";','revista.jdc.edu.co'),('20e177d5932c8d2fcaeebf845d390324',NULL,'173.254.206.242','Pingdom.com_bot_version_1.4_(http://www.pingdom.com/)',1724692910,1724692910,0,'','revista.jdc.edu.co'),('210ed1036f5fbe45dc3bef81f2c53f80',NULL,'199.87.228.66','Pingdom.com_bot_version_1.4_(http://www.pingdom.com/)',1724621630,1724621630,0,'','revista.jdc.edu.co'),('211c42704b33f3c86812a5e1e0d1d226',NULL,'66.249.70.110','Mozilla/5.0 (Linux; Android 6.0.1; Nexus 5X Build/MMB29P) AppleWebKit/537.36 (KHTML, like Gecko) Chrome/127.0.6533.119 Mobile Safari/537.36 (compatible; Googlebot/2.1; +http://www.google.com/bot.html)',1724633055,1724633055,0,'','revista.jdc.edu.co'),('211cce1c31665141043ee8ae96c8b364',NULL,'107.20.105.74','DreamHost SiteMonitor 1.0',1724624570,1724624570,0,'','revista.jdc.edu.co'),('2123a5c4338097ba1880774e13983057',NULL,'199.87.228.66','Pingdom.com_bot_version_1.4_(http://www.pingdom.com/)',1724667890,1724667890,0,'','revista.jdc.edu.co'),('2138410bfe553d17c8a42101c0246149',NULL,'108.181.70.3','Pingdom.com_bot_version_1.4_(http://www.pingdom.com/)',1724629130,1724629130,0,'','revista.jdc.edu.co'),('21425efee1896d97d357843586f9cc86',NULL,'148.72.170.233','Pingdom.com_bot_version_1.4_(http://www.pingdom.com/)',1724644010,1724644010,0,'','revista.jdc.edu.co'),('21658deae322a3040e5372eddd8d7e90',NULL,'199.87.228.66','Pingdom.com_bot_version_1.4_(http://www.pingdom.com/)',1724625230,1724625230,0,'','revista.jdc.edu.co'),('216607dc5ff08528d5fe4cadf331c301',NULL,'66.249.70.108','Mozilla/5.0 (Linux; Android 6.0.1; Nexus 5X Build/MMB29P) AppleWebKit/537.36 (KHTML, like Gecko) Chrome/127.0.6533.119 Mobile Safari/537.36 (compatible; Googlebot/2.1; +http://www.google.com/bot.html)',1724603915,1724603915,0,'','revista.jdc.edu.co'),('216a9c665f5816d8b9a8072cbe2ee4eb',NULL,'66.249.70.108','Mozilla/5.0 (Linux; Android 6.0.1; Nexus 5X Build/MMB29P) AppleWebKit/537.36 (KHTML, like Gecko) Chrome/127.0.6533.119 Mobile Safari/537.36 (compatible; Googlebot/2.1; +http://www.google.com/bot.html)',1724604159,1724604159,0,'','revista.jdc.edu.co'),('218c8821b1931657bd79e8fbcb7089a4',NULL,'23.106.37.99','Pingdom.com_bot_version_1.4_(http://www.pingdom.com/)',1724676231,1724676231,0,'','revista.jdc.edu.co'),('21a3c4ba3cdd311fcb535b4f7779a610',NULL,'148.72.170.233','Pingdom.com_bot_version_1.4_(http://www.pingdom.com/)',1724691230,1724691230,0,'','revista.jdc.edu.co'),('21b7e457b5453a52adba96cfcaec1866',NULL,'66.249.70.108','Mozilla/5.0 (Linux; Android 6.0.1; Nexus 5X Build/MMB29P) AppleWebKit/537.36 (KHTML, like Gecko) Chrome/127.0.6533.119 Mobile Safari/537.36 (compatible; Googlebot/2.1; +http://www.google.com/bot.html)',1724627114,1724627114,0,'currentLocale|s:5:\"en_US\";','revista.jdc.edu.co'),('21ce9bde2704e26d528ed0702548adb1',NULL,'40.77.167.26','Mozilla/5.0 AppleWebKit/537.36 (KHTML, like Gecko; compatible; bingbot/2.0; +http://www.bing.com/bingbot.htm) Chrome/116.0.1938.76 Safari/537.36',1724602871,1724602871,0,'','revista.jdc.edu.co'),('21da94007d4e0ed702df36424febc550',NULL,'108.181.70.3','Pingdom.com_bot_version_1.4_(http://www.pingdom.com/)',1724639330,1724639330,0,'','revista.jdc.edu.co'),('21db717ea1440e2f3b70cf7d7f77e37a',NULL,'107.182.234.77','Pingdom.com_bot_version_1.4_(http://www.pingdom.com/)',1724663810,1724663810,0,'','revista.jdc.edu.co'),('21f0a1334621d778b452fae27de3a34b',NULL,'107.20.105.74','DreamHost SiteMonitor 1.0',1724646469,1724646469,0,'','revista.jdc.edu.co'),('21fdf21c61949aa000fba8f5f9c27e6e',NULL,'172.241.112.86','Pingdom.com_bot_version_1.4_(http://www.pingdom.com/)',1724675991,1724675991,0,'','revista.jdc.edu.co'),('2213f8eb83a0e251594a501529d48624',NULL,'186.84.89.124','Mozilla/5.0 (Windows NT 10.0; Win64; x64) AppleWebKit/537.36 (KHTML, like Gecko) Chrome/128.0.0.0 Safari/537.36',1724628432,1724628432,0,'','revista.jdc.edu.co'),('22228d8ff1d2ce7bc60f9638406ae434',NULL,'187.132.203.60','Mozilla/5.0 (Windows NT 10.0; Win64; x64) AppleWebKit/537.36 (KHTML, like Gecko) Chrome/127.0.0.0 Safari/537.36',1724663318,1724663320,0,'','revista.jdc.edu.co'),('22304e32f41f1e779a03df97b6254c0d',NULL,'66.249.70.109','Mozilla/5.0 (Linux; Android 6.0.1; Nexus 5X Build/MMB29P) AppleWebKit/537.36 (KHTML, like Gecko) Chrome/127.0.6533.119 Mobile Safari/537.36 (compatible; Googlebot/2.1; +http://www.google.com/bot.html)',1724671497,1724671499,0,'currentLocale|s:5:\"en_US\";','revista.jdc.edu.co'),('223602e8cabe2916588b7923916295e5',NULL,'108.181.70.3','Pingdom.com_bot_version_1.4_(http://www.pingdom.com/)',1724621330,1724621330,0,'','revista.jdc.edu.co'),('224450582fc8854926f2b7414b69e735',NULL,'148.72.170.233','Pingdom.com_bot_version_1.4_(http://www.pingdom.com/)',1724644610,1724644610,0,'','revista.jdc.edu.co'),('226b1066997599af1ad223034ffd5e70',NULL,'200.118.61.24','Mozilla/5.0 (Windows NT 10.0; Win64; x64) AppleWebKit/537.36 (KHTML, like Gecko) Chrome/127.0.0.0 Safari/537.36',1724614048,1724614048,0,'','revista.jdc.edu.co'),('226d4f5c98f2f5248f128cb26b47152f',225,'200.118.61.24','Mozilla/5.0 (Windows NT 10.0; Win64; x64) AppleWebKit/537.36 (KHTML, like Gecko) Chrome/127.0.0.0 Safari/537.36',1724532651,1724532702,1,'csrf|a:2:{s:9:\"timestamp\";i:1724532701;s:5:\"token\";s:32:\"8b22e22622341009c2119a9ba5bad398\";}userId|i:225;username|s:5:\"jordi\";','revista.jdc.edu.co'),('22b42c0d88fe2bfbf1ef012e72324255',NULL,'190.114.35.35','Mozilla/5.0 (Windows NT 10.0; Win64; x64) AppleWebKit/537.36 (KHTML, like Gecko) Chrome/123.0.0.0 Safari/537.36 OPR/109.0.0.0',1724638023,1724638023,0,'','revista.jdc.edu.co'),('22d2d146c0157169b604673d463a38e6',NULL,'172.241.112.86','Pingdom.com_bot_version_1.4_(http://www.pingdom.com/)',1724615390,1724615390,0,'','revista.jdc.edu.co'),('230af73a4d89a0b842ed9eeab1a2319c',NULL,'107.20.105.74','DreamHost SiteMonitor 1.0',1724688470,1724688470,0,'','revista.jdc.edu.co'),('2319268f57e2439d07bc28f3200a95e1',NULL,'24.206.104.220','Mozilla/5.0 (Windows NT 10.0; Win64; x64) AppleWebKit/537.36 (KHTML, like Gecko) Chrome/127.0.0.0 Safari/537.36',1724653125,1724653125,0,'','revista.jdc.edu.co'),('23202490e88f13256c23d3b0f668b4d9',NULL,'64.237.55.3','Pingdom.com_bot_version_1.4_(http://www.pingdom.com/)',1724626971,1724626971,0,'','revista.jdc.edu.co'),('23236a6041ce039533da57854a9f4c28',NULL,'66.249.70.110','Mozilla/5.0 (Linux; Android 6.0.1; Nexus 5X Build/MMB29P) AppleWebKit/537.36 (KHTML, like Gecko) Chrome/127.0.6533.119 Mobile Safari/537.36 (compatible; Googlebot/2.1; +http://www.google.com/bot.html)',1724667414,1724667415,0,'currentLocale|s:5:\"es_ES\";','revista.jdc.edu.co'),('232d56af49d2fccbd11141177c2d0ba3',NULL,'172.241.112.86','Pingdom.com_bot_version_1.4_(http://www.pingdom.com/)',1724624990,1724624990,0,'','revista.jdc.edu.co'),('235ada557f407a20d10798900d61935f',NULL,'66.249.70.108','Mozilla/5.0 (Linux; Android 6.0.1; Nexus 5X Build/MMB29P) AppleWebKit/537.36 (KHTML, like Gecko) Chrome/127.0.6533.119 Mobile Safari/537.36 (compatible; Googlebot/2.1; +http://www.google.com/bot.html)',1724654295,1724654295,0,'','revista.jdc.edu.co'),('238d23ecdf93ac54202ba09aa2edac7d',NULL,'52.167.144.189','Mozilla/5.0 AppleWebKit/537.36 (KHTML, like Gecko; compatible; bingbot/2.0; +http://www.bing.com/bingbot.htm) Chrome/116.0.1938.76 Safari/537.36',1724693839,1724693839,0,'','revista.jdc.edu.co'),('23a8c0a97ad6777437b1ba063571ee82',NULL,'52.167.144.207','Mozilla/5.0 AppleWebKit/537.36 (KHTML, like Gecko; compatible; bingbot/2.0; +http://www.bing.com/bingbot.htm) Chrome/116.0.1938.76 Safari/537.36',1724665482,1724665482,0,'','revista.jdc.edu.co'),('23aa085dcf07334707c0e3a9c5eef571',NULL,'66.249.70.108','Mozilla/5.0 (Linux; Android 6.0.1; Nexus 5X Build/MMB29P) AppleWebKit/537.36 (KHTML, like Gecko) Chrome/127.0.6533.119 Mobile Safari/537.36 (compatible; Googlebot/2.1; +http://www.google.com/bot.html)',1724644967,1724644967,0,'','revista.jdc.edu.co'),('23b50e4e52c4a3553293997b14431375',NULL,'45.15.17.67','Mozilla/5.0 (Macintosh; Intel Mac OS X 11_0_0) AppleWebKit/537.36 (KHTML, like Gecko) Chrome/87.0.4280.88 Safari/537.36',1724607481,1724607481,0,'','revista.jdc.edu.co'),('23c2e5bf8883df1a38604cbbd325485e',NULL,'193.186.4.211','Mozilla/5.0 (Windows NT 10.0; Win64; x64) AppleWebKit/537.36 (KHTML, like Gecko) Chrome/127.0.0.0 Safari/537.36',1724644766,1724644766,0,'','revista.jdc.edu.co'),('23dedb2dd8d854af7141582ba798a50b',NULL,'66.249.70.109','Mozilla/5.0 (Linux; Android 6.0.1; Nexus 5X Build/MMB29P) AppleWebKit/537.36 (KHTML, like Gecko) Chrome/127.0.6533.119 Mobile Safari/537.36 (compatible; Googlebot/2.1; +http://www.google.com/bot.html)',1724608770,1724608770,0,'','revista.jdc.edu.co'),('23e64a924851395c7c2de5a54106f97a',NULL,'200.68.161.197','Mozilla/5.0 (Linux; Android 10; K) AppleWebKit/537.36 (KHTML, like Gecko) SamsungBrowser/26.0 Chrome/122.0.0.0 Mobile Safari/537.36',1724680399,1724680403,0,'','revista.jdc.edu.co'),('23fbaa94afb5451d1fd9d5ebb2d48e5f',NULL,'193.186.4.211','Mozilla/5.0 (Windows NT 10.0; Win64; x64) AppleWebKit/537.36 (KHTML, like Gecko) Chrome/127.0.0.0 Safari/537.36',1724634940,1724634940,0,'','revista.jdc.edu.co'),('241b070e4155a5b754f3950bc119661d',NULL,'66.249.70.108','Mozilla/5.0 (Linux; Android 6.0.1; Nexus 5X Build/MMB29P) AppleWebKit/537.36 (KHTML, like Gecko) Chrome/127.0.6533.119 Mobile Safari/537.36 (compatible; Googlebot/2.1; +http://www.google.com/bot.html)',1724606905,1724606905,0,'','revista.jdc.edu.co'),('241ddb1a05c2ffb1718cf3eec4ec27dd',NULL,'107.182.234.77','Pingdom.com_bot_version_1.4_(http://www.pingdom.com/)',1724640950,1724640950,0,'','revista.jdc.edu.co'),('242581c70627d400ccfddb0b3be40074',NULL,'107.182.234.77','Pingdom.com_bot_version_1.4_(http://www.pingdom.com/)',1724691351,1724691351,0,'','revista.jdc.edu.co'),('2428c9fc2f696aafbc30eec1400af3c0',NULL,'191.156.187.110','Mozilla/5.0 (Windows NT 10.0; Win64; x64) AppleWebKit/537.36 (KHTML, like Gecko) Chrome/127.0.0.0 Safari/537.36',1724629040,1724629040,0,'','revista.jdc.edu.co'),('242f8dbb373d1c15fba645e90ef87002',NULL,'139.18.242.215','metha/0.3.11',1724665169,1724665169,0,'','revista.jdc.edu.co'),('243b36eba31380fb76ea9a9cdd4f9a74',NULL,'107.20.105.74','DreamHost SiteMonitor 1.0',1724645569,1724645569,0,'','revista.jdc.edu.co'),('2468d030b589d78692f1b93a21f74206',NULL,'66.249.70.108','Mozilla/5.0 (Linux; Android 6.0.1; Nexus 5X Build/MMB29P) AppleWebKit/537.36 (KHTML, like Gecko) Chrome/127.0.6533.119 Mobile Safari/537.36 (compatible; Googlebot/2.1; +http://www.google.com/bot.html)',1724679896,1724679896,0,'','revista.jdc.edu.co'),('2481ca5ffdfcb660a8f101554f0f33ec',NULL,'66.249.70.110','Mozilla/5.0 (Linux; Android 6.0.1; Nexus 5X Build/MMB29P) AppleWebKit/537.36 (KHTML, like Gecko) Chrome/127.0.6533.119 Mobile Safari/537.36 (compatible; Googlebot/2.1; +http://www.google.com/bot.html)',1724660837,1724660837,0,'','revista.jdc.edu.co'),('24a123494c0f486c8579210e1b2c1060',NULL,'66.249.70.108','Mozilla/5.0 (Linux; Android 6.0.1; Nexus 5X Build/MMB29P) AppleWebKit/537.36 (KHTML, like Gecko) Chrome/127.0.6533.119 Mobile Safari/537.36 (compatible; Googlebot/2.1; +http://www.google.com/bot.html)',1724655246,1724655247,0,'currentLocale|s:5:\"es_ES\";','revista.jdc.edu.co'),('24a16a4430cf62546eefddaefaded58c',NULL,'114.43.152.136','Mozilla/5.0 (Windows NT 10.0; Win64; x64) AppleWebKit/537.36 (KHTML, like Gecko) Chrome/113.0.0.0 Safari/537.36',1724637906,1724637906,0,'','revista.jdc.edu.co'),('24c3cca64166ff4d386be6278d87f914',NULL,'172.241.112.86','Pingdom.com_bot_version_1.4_(http://www.pingdom.com/)',1724607590,1724607590,0,'','revista.jdc.edu.co'),('24c96fa5efa7da798ef32db718f3bd73',NULL,'46.20.45.18','Pingdom.com_bot_version_1.4_(http://www.pingdom.com/)',1724636090,1724636090,0,'','revista.jdc.edu.co'),('24d5fdc708617ea6e6605296694757ad',NULL,'196.245.151.42','Pingdom.com_bot_version_1.4_(http://www.pingdom.com/)',1724614310,1724614310,0,'','revista.jdc.edu.co'),('24dc9ea98d3e3ef6f8dcba4d10f20d88',NULL,'46.20.45.18','Pingdom.com_bot_version_1.4_(http://www.pingdom.com/)',1724606090,1724606090,0,'','revista.jdc.edu.co'),('24f05fbb830b5b138122b82cfe8f8a5e',NULL,'108.181.70.3','Pingdom.com_bot_version_1.4_(http://www.pingdom.com/)',1724628531,1724628531,0,'','revista.jdc.edu.co'),('24ff2ebc71bc07036dd081992538871d',NULL,'187.133.79.96','Mozilla/5.0 (Windows NT 10.0; Win64; x64) AppleWebKit/537.36 (KHTML, like Gecko) Chrome/109.0.0.0 Safari/537.36',1724619563,1724619563,0,'','revista.jdc.edu.co'),('251d46c40b262d00f8bf1955bb23c441',NULL,'172.241.112.86','Pingdom.com_bot_version_1.4_(http://www.pingdom.com/)',1724678390,1724678390,0,'','revista.jdc.edu.co'),('253428c2388d696c8a0a7b2de3544e89',NULL,'23.106.37.99','Pingdom.com_bot_version_1.4_(http://www.pingdom.com/)',1724679170,1724679170,0,'','revista.jdc.edu.co'),('2535cfbea0b4b16d9466bc1042f6f1b0',NULL,'66.249.70.109','Mozilla/5.0 (Linux; Android 6.0.1; Nexus 5X Build/MMB29P) AppleWebKit/537.36 (KHTML, like Gecko) Chrome/127.0.6533.119 Mobile Safari/537.36 (compatible; Googlebot/2.1; +http://www.google.com/bot.html)',1724648177,1724648177,0,'','revista.jdc.edu.co'),('2543a483c18fb1f52e024c81a082a359',NULL,'66.249.70.110','Mozilla/5.0 (Linux; Android 6.0.1; Nexus 5X Build/MMB29P) AppleWebKit/537.36 (KHTML, like Gecko) Chrome/127.0.6533.119 Mobile Safari/537.36 (compatible; Googlebot/2.1; +http://www.google.com/bot.html)',1724604349,1724604349,0,'currentLocale|s:5:\"pt_BR\";','revista.jdc.edu.co'),('2545e12a6eb24907ff56bb7a1467e9e2',NULL,'66.249.70.108','Googlebot/2.1 (+http://www.google.com/bot.html)',1724681028,1724681028,0,'','revista.jdc.edu.co'),('255d69db51f751c3614e947b7c56cd0a',NULL,'139.18.242.215','metha/0.3.11',1724631902,1724631902,0,'','revista.jdc.edu.co'),('2562c6609fe26f3de32a28fb32fa55d2',NULL,'66.249.70.109','Googlebot/2.1 (+http://www.google.com/bot.html)',1724681319,1724681319,0,'','revista.jdc.edu.co'),('256c1be078d22af0eba47c38604918b1',NULL,'191.91.39.37','',1724622676,1724622676,0,'currentLocale|s:5:\"en_US\";','revista.jdc.edu.co'),('2573612751aa34ddf9056a3e3f6a6182',NULL,'104.129.24.154','Pingdom.com_bot_version_1.4_(http://www.pingdom.com/)',1724694470,1724694470,0,'','revista.jdc.edu.co'),('258071bbe511509b3db24b77f14b7b99',NULL,'189.233.154.118','WhatsApp/2.23.20.0',1724693337,1724693337,0,'','revista.jdc.edu.co'),('25875fbf2a21089bb705e4ffb3af2888',NULL,'107.20.105.74','DreamHost SiteMonitor 1.0',1724612269,1724612269,0,'','revista.jdc.edu.co'),('25a0ac8369053187699f9a9d931528b7',NULL,'148.72.170.233','Pingdom.com_bot_version_1.4_(http://www.pingdom.com/)',1724641610,1724641610,0,'','revista.jdc.edu.co'),('25b4806412ff14ef0d769b0d4c5090fb',NULL,'66.249.70.108','Mozilla/5.0 (Linux; Android 6.0.1; Nexus 5X Build/MMB29P) AppleWebKit/537.36 (KHTML, like Gecko) Chrome/127.0.6533.119 Mobile Safari/537.36 (compatible; Googlebot/2.1; +http://www.google.com/bot.html)',1724623409,1724623410,0,'currentLocale|s:5:\"pt_BR\";','revista.jdc.edu.co'),('25bb4d89f65b0e8eeecd8be077e678ee',NULL,'23.106.37.99','Pingdom.com_bot_version_1.4_(http://www.pingdom.com/)',1724683971,1724683971,0,'','revista.jdc.edu.co'),('25d7c87ba6bac204f80bf1c4610790d9',NULL,'66.249.70.108','Mozilla/5.0 (Linux; Android 6.0.1; Nexus 5X Build/MMB29P) AppleWebKit/537.36 (KHTML, like Gecko) Chrome/127.0.6533.119 Mobile Safari/537.36 (compatible; Googlebot/2.1; +http://www.google.com/bot.html)',1724645836,1724645836,0,'','revista.jdc.edu.co'),('25de5fe10f39cceb5261b899d0f4fc5c',NULL,'107.182.234.77','Pingdom.com_bot_version_1.4_(http://www.pingdom.com/)',1724660811,1724660811,0,'','revista.jdc.edu.co'),('25e2ce6557b6e07ae75e253a99554a62',NULL,'66.249.70.110','Mozilla/5.0 (Linux; Android 6.0.1; Nexus 5X Build/MMB29P) AppleWebKit/537.36 (KHTML, like Gecko) Chrome/127.0.6533.119 Mobile Safari/537.36 (compatible; Googlebot/2.1; +http://www.google.com/bot.html)',1724685799,1724685799,0,'','revista.jdc.edu.co'),('25e5c9c06677e01f9f3a17f590d45281',NULL,'200.118.61.24','Mozilla/5.0 (Windows NT 10.0; Win64; x64) AppleWebKit/537.36 (KHTML, like Gecko) Chrome/127.0.0.0 Safari/537.36',1724614058,1724614058,0,'csrf|a:2:{s:9:\"timestamp\";i:1724614058;s:5:\"token\";s:32:\"d493aa06fdea51487e441a7496c0f9a7\";}','revista.jdc.edu.co'),('25eb310dfe61f6f162811a1548daf18a',NULL,'66.249.70.110','Googlebot/2.1 (+http://www.google.com/bot.html)',1724686937,1724686937,0,'','revista.jdc.edu.co'),('25eed2b8b535dfe7c389fbed9f5929ec',NULL,'45.188.127.40','Mozilla/5.0 (Windows NT 10.0; Win64; x64) AppleWebKit/537.36 (KHTML, like Gecko) Chrome/127.0.0.0 Safari/537.36',1724632655,1724632655,0,'','revista.jdc.edu.co'),('25ff78eb95f3d8aae3b04910b12bf57f',NULL,'66.249.70.108','Mozilla/5.0 (Linux; Android 6.0.1; Nexus 5X Build/MMB29P) AppleWebKit/537.36 (KHTML, like Gecko) Chrome/127.0.6533.99 Mobile Safari/537.36 (compatible; Googlebot/2.1; +http://www.google.com/bot.html)',1724622669,1724622669,0,'','revista.jdc.edu.co'),('26059f31d1ee0f2f1bf9d5ef27e926a3',NULL,'66.249.70.108','Mozilla/5.0 (Linux; Android 6.0.1; Nexus 5X Build/MMB29P) AppleWebKit/537.36 (KHTML, like Gecko) Chrome/127.0.6533.119 Mobile Safari/537.36 (compatible; Googlebot/2.1; +http://www.google.com/bot.html)',1724647471,1724647471,0,'','revista.jdc.edu.co'),('26069d2be8313aa0c89a3021b4095df3',NULL,'191.91.39.37','',1724610547,1724610547,0,'currentLocale|s:5:\"en_US\";','revista.jdc.edu.co'),('26225c8051cca57afb67ed096c7186d5',NULL,'66.249.70.109','Mozilla/5.0 (Linux; Android 6.0.1; Nexus 5X Build/MMB29P) AppleWebKit/537.36 (KHTML, like Gecko) Chrome/127.0.6533.119 Mobile Safari/537.36 (compatible; Googlebot/2.1; +http://www.google.com/bot.html)',1724631958,1724631958,0,'','revista.jdc.edu.co'),('2646ea0cadd6545e6d59e485a9b17051',NULL,'104.129.24.154','Pingdom.com_bot_version_1.4_(http://www.pingdom.com/)',1724605670,1724605670,0,'','revista.jdc.edu.co'),('26580956aed982dc7ea622c4c36b696c',NULL,'173.254.206.242','Pingdom.com_bot_version_1.4_(http://www.pingdom.com/)',1724662911,1724662911,0,'','revista.jdc.edu.co'),('265ec148069c7b3ea8d01771efdb2d0d',NULL,'66.249.70.109','Mozilla/5.0 (Linux; Android 6.0.1; Nexus 5X Build/MMB29P) AppleWebKit/537.36 (KHTML, like Gecko) Chrome/127.0.6533.119 Mobile Safari/537.36 (compatible; Googlebot/2.1; +http://www.google.com/bot.html)',1724639067,1724639067,0,'currentLocale|s:5:\"es_ES\";','revista.jdc.edu.co'),('26868141245c8cd18a52748ddf5356fb',NULL,'107.20.105.74','DreamHost SiteMonitor 1.0',1724604169,1724604169,0,'','revista.jdc.edu.co'),('269ae47a2d77b2e433b8b4257415ca78',NULL,'66.249.70.110','Mozilla/5.0 (Linux; Android 6.0.1; Nexus 5X Build/MMB29P) AppleWebKit/537.36 (KHTML, like Gecko) Chrome/127.0.6533.119 Mobile Safari/537.36 (compatible; Googlebot/2.1; +http://www.google.com/bot.html)',1724638881,1724638881,0,'','revista.jdc.edu.co'),('269fdf5adeec2f77ce91b415ac20bb38',NULL,'190.66.219.202','Mozilla/5.0 (Windows NT 10.0; Win64; x64) AppleWebKit/537.36 (KHTML, like Gecko) Chrome/128.0.0.0 Safari/537.36',1724678698,1724678698,0,'','revista.jdc.edu.co'),('26ca3ded4c8b45a18785447add7c5f65',NULL,'108.181.70.3','Pingdom.com_bot_version_1.4_(http://www.pingdom.com/)',1724614731,1724614731,0,'','revista.jdc.edu.co'),('26e4814ae8d21ae0d61fec836b36499f',NULL,'148.72.170.233','Pingdom.com_bot_version_1.4_(http://www.pingdom.com/)',1724694830,1724694830,0,'','revista.jdc.edu.co'),('26ed2ac30bdcacdcfcbcb5b6cfbf63fd',NULL,'104.129.24.154','Pingdom.com_bot_version_1.4_(http://www.pingdom.com/)',1724648870,1724648870,0,'','revista.jdc.edu.co'),('26f645c839312a8369ab6e5c3ba4901d',NULL,'40.77.167.33','Mozilla/5.0 AppleWebKit/537.36 (KHTML, like Gecko; compatible; bingbot/2.0; +http://www.bing.com/bingbot.htm) Chrome/116.0.1938.76 Safari/537.36',1724615421,1724615421,0,'','revista.jdc.edu.co'),('27013656e5b4d1955cb901ce8b7a001d',NULL,'107.182.234.77','Pingdom.com_bot_version_1.4_(http://www.pingdom.com/)',1724642150,1724642150,0,'','revista.jdc.edu.co'),('2716707ff11a14ced57a02e478871677',NULL,'174.140.201.90','Mozilla/5.0 AppleWebKit/537.36 (KHTML, like Gecko; compatible; PerplexityBot/1.0; +https://docs.perplexity.ai/docs/perplexity-bot)',1724642348,1724642348,0,'','revista.jdc.edu.co'),('27528afc33f9d39ee23c4b6925025ea0',NULL,'196.245.151.42','Pingdom.com_bot_version_1.4_(http://www.pingdom.com/)',1724634111,1724634111,0,'','revista.jdc.edu.co'),('275bfc402f87d4cf8f70bf27bf439684',NULL,'173.254.206.242','Pingdom.com_bot_version_1.4_(http://www.pingdom.com/)',1724601650,1724601650,0,'','revista.jdc.edu.co'),('27729b6543231688d99f27c4583d46e8',NULL,'107.20.105.74','DreamHost SiteMonitor 1.0',1724620969,1724620969,0,'','revista.jdc.edu.co'),('277e6c5230266fe465cbd40c0b289cc0',NULL,'107.20.105.74','DreamHost SiteMonitor 1.0',1724637469,1724637469,0,'','revista.jdc.edu.co'),('278369b02db4b632320a954171bfbd54',NULL,'46.20.45.18','Pingdom.com_bot_version_1.4_(http://www.pingdom.com/)',1724641490,1724641490,0,'','revista.jdc.edu.co'),('27b47869d0f3f8f509745e791fb5f9b7',NULL,'108.181.70.3','Pingdom.com_bot_version_1.4_(http://www.pingdom.com/)',1724640531,1724640531,0,'','revista.jdc.edu.co'),('27db3c963f15984141cff63d8faf5895',NULL,'107.20.105.74','DreamHost SiteMonitor 1.0',1724647069,1724647069,0,'','revista.jdc.edu.co'),('2824ab4c3dfa0d2c3fd0f6dac631715c',NULL,'173.254.206.242','Pingdom.com_bot_version_1.4_(http://www.pingdom.com/)',1724648450,1724648450,0,'','revista.jdc.edu.co'),('283895fdce01d1e9440a52ddb1e1b4e7',NULL,'190.15.17.101','Mozilla/5.0 (Macintosh; Intel Mac OS X 10_15_7) AppleWebKit/537.36 (KHTML, like Gecko) Chrome/127.0.0.0 Safari/537.36',1724681703,1724681703,0,'','revista.jdc.edu.co'),('2838c0249c315a1ecf88211a09ac8625',NULL,'107.20.105.74','DreamHost SiteMonitor 1.0',1724602070,1724602070,0,'','revista.jdc.edu.co'),('2841ce00f08f34765720e25849e5cd30',NULL,'107.20.105.74','DreamHost SiteMonitor 1.0',1724611069,1724611069,0,'','revista.jdc.edu.co'),('286407683c0ce47257c98b7f53c993ec',NULL,'201.110.134.196','Mozilla/5.0 (iPhone; CPU iPhone OS 17_5 like Mac OS X) AppleWebKit/605.1.15 (KHTML, like Gecko) CriOS/128.0.6613.92 Mobile/15E148 Safari/604.1',1724626450,1724626450,0,'','revista.jdc.edu.co'),('286ec3348d6178e82aa5e03fb7801692',NULL,'66.249.70.109','Mozilla/5.0 (Linux; Android 6.0.1; Nexus 5X Build/MMB29P) AppleWebKit/537.36 (KHTML, like Gecko) Chrome/127.0.6533.119 Mobile Safari/537.36 (compatible; Googlebot/2.1; +http://www.google.com/bot.html)',1724615148,1724615148,0,'currentLocale|s:5:\"es_ES\";','revista.jdc.edu.co'),('2875b0995b9ea670a2802f7f78dd6e05',NULL,'108.181.70.3','Pingdom.com_bot_version_1.4_(http://www.pingdom.com/)',1724621931,1724621931,0,'','revista.jdc.edu.co'),('2875e1ae1aec8600fb5fdd29c436e78f',NULL,'46.20.45.18','Pingdom.com_bot_version_1.4_(http://www.pingdom.com/)',1724648090,1724648090,0,'','revista.jdc.edu.co'),('288e6e32a66e12d84f34d66474bc83d9',NULL,'138.84.39.15','Mozilla/5.0 (Windows NT 10.0; Win64; x64) AppleWebKit/537.36 (KHTML, like Gecko) Chrome/127.0.0.0 Safari/537.36',1724621587,1724621587,0,'','revista.jdc.edu.co'),('28b353d93b7f69fb7d8a7938ac081d94',NULL,'148.72.170.233','Pingdom.com_bot_version_1.4_(http://www.pingdom.com/)',1724613410,1724613410,0,'','revista.jdc.edu.co'),('28be99a9832b4d4de1645748412c5d01',NULL,'107.20.105.74','DreamHost SiteMonitor 1.0',1724667169,1724667169,0,'','revista.jdc.edu.co'),('28c422cf9a862e060281b74c065d06c7',NULL,'66.249.70.108','Googlebot/2.1 (+http://www.google.com/bot.html)',1724693228,1724693228,0,'','revista.jdc.edu.co'),('28d546f3de11bd802167506345646994',NULL,'52.167.144.203','Mozilla/5.0 AppleWebKit/537.36 (KHTML, like Gecko; compatible; bingbot/2.0; +http://www.bing.com/bingbot.htm) Chrome/116.0.1938.76 Safari/537.36',1724618205,1724618205,0,'','revista.jdc.edu.co'),('28d9b2f389a4d1d2b1e57a524eb4ab42',NULL,'172.241.112.86','Pingdom.com_bot_version_1.4_(http://www.pingdom.com/)',1724690390,1724690390,0,'','revista.jdc.edu.co'),('28f507282d3e3a9c8bbf645048e2b12d',NULL,'52.167.144.225','Mozilla/5.0 AppleWebKit/537.36 (KHTML, like Gecko; compatible; bingbot/2.0; +http://www.bing.com/bingbot.htm) Chrome/116.0.1938.76 Safari/537.36',1724656100,1724656100,0,'','revista.jdc.edu.co'),('292ff07dc266d3abeb6b515e8bcfe3f9',NULL,'66.249.70.109','Mozilla/5.0 (Linux; Android 6.0.1; Nexus 5X Build/MMB29P) AppleWebKit/537.36 (KHTML, like Gecko) Chrome/127.0.6533.119 Mobile Safari/537.36 (compatible; Googlebot/2.1; +http://www.google.com/bot.html)',1724681154,1724681154,0,'','revista.jdc.edu.co'),('294a80a3e5c63fd1d590e26fcbe1b4f7',NULL,'66.249.70.108','Googlebot/2.1 (+http://www.google.com/bot.html)',1724685432,1724685432,0,'','revista.jdc.edu.co'),('294f25ece7698e43048880369050bef6',NULL,'104.129.24.154','Pingdom.com_bot_version_1.4_(http://www.pingdom.com/)',1724615871,1724615871,0,'','revista.jdc.edu.co'),('2950046fa7d2d5536ac0716b5d2ea291',NULL,'107.20.105.74','DreamHost SiteMonitor 1.0',1724651270,1724651270,0,'','revista.jdc.edu.co'),('29566e2f4244c83a196a1f57424834c2',NULL,'177.234.251.193','Mozilla/5.0 (Windows NT 10.0; Win64; x64; rv:129.0) Gecko/20100101 Firefox/129.0',1724630922,1724630922,0,'','revista.jdc.edu.co'),('29568f3cb7d150990fa14e4efc4d59a2',NULL,'125.80.217.233','Mozilla/5.0 (Windows NT 10.0; Win64; x64) AppleWebKit/537.36 (KHTML, like Gecko) Chrome/113.0.0.0 Safari/537.36',1724637892,1724637892,0,'','revista.jdc.edu.co'),('297fd344c3a860766171b0901cb8a6bf',NULL,'172.241.112.86','Pingdom.com_bot_version_1.4_(http://www.pingdom.com/)',1724680190,1724680190,0,'','revista.jdc.edu.co'),('298fb5017052f24895ee2ade63a03b6f',NULL,'52.167.144.222','Mozilla/5.0 AppleWebKit/537.36 (KHTML, like Gecko; compatible; bingbot/2.0; +http://www.bing.com/bingbot.htm) Chrome/116.0.1938.76 Safari/537.36',1724626829,1724626829,0,'','revista.jdc.edu.co'),('299999ff766d84a90d1146138c51f2c6',NULL,'196.245.151.42','Pingdom.com_bot_version_1.4_(http://www.pingdom.com/)',1724621511,1724621511,0,'','revista.jdc.edu.co'),('29b78f0795614436be8af3f92dad3922',NULL,'64.237.55.3','Pingdom.com_bot_version_1.4_(http://www.pingdom.com/)',1724637771,1724637771,0,'','revista.jdc.edu.co'),('29b86c5925ace766c003882dd1338838',NULL,'66.249.70.110','Googlebot/2.1 (+http://www.google.com/bot.html)',1724684232,1724684232,0,'','revista.jdc.edu.co'),('29b8c6bf380bb289a811730ded372aaa',NULL,'179.19.5.8','Mozilla/5.0 (Linux; Android 10; K) AppleWebKit/537.36 (KHTML, like Gecko) Chrome/127.0.0.0 Mobile Safari/537.36',1724670660,1724670660,0,'','revista.jdc.edu.co'),('29c0df00a084aa70bc0a061095ac38bb',NULL,'107.20.105.74','DreamHost SiteMonitor 1.0',1724673469,1724673469,0,'','revista.jdc.edu.co'),('29d483e2573cec9943502fef05fef483',NULL,'107.20.105.74','DreamHost SiteMonitor 1.0',1724630269,1724630269,0,'','revista.jdc.edu.co'),('2a13efd88131023e2549ebb41f0439c7',NULL,'191.156.150.150','Mozilla/5.0 (iPhone; CPU iPhone OS 17_5 like Mac OS X) AppleWebKit/605.1.15 (KHTML, like Gecko) CriOS/128.0.6613.92 Mobile/15E148 Safari/604.1',1724635715,1724635715,0,'','revista.jdc.edu.co'),('2a2cf036e5ed58f18f60ecbda5179ae0',NULL,'196.245.151.42','Pingdom.com_bot_version_1.4_(http://www.pingdom.com/)',1724625711,1724625711,0,'','revista.jdc.edu.co'),('2a3814b8e484472383829174be95052a',NULL,'107.20.105.74','DreamHost SiteMonitor 1.0',1724636569,1724636569,0,'','revista.jdc.edu.co'),('2a730869934f8089ead8615702666585',NULL,'181.59.193.151','Mozilla/5.0 (Windows NT 10.0; Win64; x64) AppleWebKit/537.36 (KHTML, like Gecko) Chrome/109.0.0.0 Safari/537.36',1724626627,1724626627,0,'','revista.jdc.edu.co'),('2a78f7f95cc4b9a9c3ac19dde85e5573',NULL,'148.72.170.233','Pingdom.com_bot_version_1.4_(http://www.pingdom.com/)',1724612211,1724612211,0,'','revista.jdc.edu.co'),('2a7e1a244c94ffc784b14d23d660a6a2',NULL,'46.20.45.18','Pingdom.com_bot_version_1.4_(http://www.pingdom.com/)',1724605491,1724605491,0,'','revista.jdc.edu.co'),('2a82699485ae850d87bb651029c28212',NULL,'40.77.167.132','Mozilla/5.0 AppleWebKit/537.36 (KHTML, like Gecko; compatible; bingbot/2.0; +http://www.bing.com/bingbot.htm) Chrome/116.0.1938.76 Safari/537.36',1724632938,1724632938,0,'','revista.jdc.edu.co'),('2a87f510f3174e6c35593c8fb5721a3f',NULL,'172.241.112.86','Pingdom.com_bot_version_1.4_(http://www.pingdom.com/)',1724683790,1724683790,0,'','revista.jdc.edu.co'),('2a96bfc453e0cb7ecea4b0bc68489c41',NULL,'108.181.70.3','Pingdom.com_bot_version_1.4_(http://www.pingdom.com/)',1724677730,1724677730,0,'','revista.jdc.edu.co'),('2aa62fd8955176ddd57e5d1e38a3cddf',NULL,'184.75.214.66','Pingdom.com_bot_version_1.4_(http://www.pingdom.com/)',1724668850,1724668850,0,'','revista.jdc.edu.co'),('2acc43ba9e2334ec074bba599a2125ce',NULL,'108.181.70.3','Pingdom.com_bot_version_1.4_(http://www.pingdom.com/)',1724629730,1724629730,0,'','revista.jdc.edu.co'),('2ad6f71f2d61e9d8b8e5a5978930e398',NULL,'45.61.91.34','Mozilla/5.0 AppleWebKit/537.36 (KHTML, like Gecko; compatible; PerplexityBot/1.0; +https://docs.perplexity.ai/docs/perplexity-bot)',1724633537,1724633537,0,'','revista.jdc.edu.co'),('2ae68bb8db06f2464542a0cb8d5a7e57',NULL,'104.129.24.154','Pingdom.com_bot_version_1.4_(http://www.pingdom.com/)',1724603870,1724603870,0,'','revista.jdc.edu.co'),('2ae9551662d8bddd58a9cd985ae783b0',NULL,'23.109.193.228','Mozilla/5.0 AppleWebKit/537.36 (KHTML, like Gecko; compatible; PerplexityBot/1.0; +https://docs.perplexity.ai/docs/perplexity-bot)',1724628234,1724628234,0,'','revista.jdc.edu.co'),('2af33b3c12196a0cf9020ed1ce7d2b72',NULL,'108.181.70.3','Pingdom.com_bot_version_1.4_(http://www.pingdom.com/)',1724678330,1724678330,0,'','revista.jdc.edu.co'),('2af5a2a437bca5f615b4a948217bb44e',NULL,'104.129.24.154','Pingdom.com_bot_version_1.4_(http://www.pingdom.com/)',1724690271,1724690271,0,'','revista.jdc.edu.co'),('2af9bd71ee5aba9ad11a18cbd0616719',NULL,'184.75.214.66','Pingdom.com_bot_version_1.4_(http://www.pingdom.com/)',1724661051,1724661051,0,'','revista.jdc.edu.co'),('2b1038279556b682d7279ca159a3f960',NULL,'23.106.37.99','Pingdom.com_bot_version_1.4_(http://www.pingdom.com/)',1724667231,1724667231,0,'','revista.jdc.edu.co'),('2b1fe87afb7e06dc446e14425e7c1075',NULL,'167.0.56.207','Mozilla/5.0 (Windows NT 10.0; Win64; x64) AppleWebKit/537.36 (KHTML, like Gecko) Chrome/127.0.0.0 Safari/537.36',1724620163,1724620163,0,'','revista.jdc.edu.co'),('2b23ae43520bd6b4fe611f952f5dd246',NULL,'107.20.105.74','DreamHost SiteMonitor 1.0',1724674970,1724674970,0,'','revista.jdc.edu.co'),('2b2d49a1b8f8e1e0a133601c09bbccd1',NULL,'66.249.70.109','Mozilla/5.0 (Linux; Android 6.0.1; Nexus 5X Build/MMB29P) AppleWebKit/537.36 (KHTML, like Gecko) Chrome/127.0.6533.119 Mobile Safari/537.36 (compatible; Googlebot/2.1; +http://www.google.com/bot.html)',1724601457,1724601457,0,'','revista.jdc.edu.co'),('2b3b113206c0d99543171cc7b74b10c9',NULL,'20.117.200.45','Mozilla/5.0 (X11; Linux x86_64) AppleWebKit/537.36 (KHTML, like Gecko) Chrome/81.0.4044.129 Safari/537.36',1724660822,1724660822,0,'','revista.jdc.edu.co'),('2b435f55a2fab8789d0a473ccdffa7aa',NULL,'107.182.234.77','Pingdom.com_bot_version_1.4_(http://www.pingdom.com/)',1724628350,1724628350,0,'','revista.jdc.edu.co'),('2b4c5b8b1307706de6bacfa7b5918821',NULL,'173.254.206.242','Pingdom.com_bot_version_1.4_(http://www.pingdom.com/)',1724639450,1724639450,0,'','revista.jdc.edu.co'),('2b52071f201d6a7cab076fb4dad2ac46',NULL,'172.241.112.86','Pingdom.com_bot_version_1.4_(http://www.pingdom.com/)',1724651390,1724651390,0,'','revista.jdc.edu.co'),('2b57e0dca2d52080d731d935555144b3',NULL,'66.249.70.108','Mozilla/5.0 (Linux; Android 6.0.1; Nexus 5X Build/MMB29P) AppleWebKit/537.36 (KHTML, like Gecko) Chrome/127.0.6533.119 Mobile Safari/537.36 (compatible; Googlebot/2.1; +http://www.google.com/bot.html)',1724636107,1724636107,0,'csrf|a:2:{s:9:\"timestamp\";i:1724636107;s:5:\"token\";s:32:\"3ea13159460a9035452b6529dcf6ddf5\";}','revista.jdc.edu.co'),('2b697224376e788108692f05e9e64c22',NULL,'66.249.70.109','Mozilla/5.0 (Linux; Android 6.0.1; Nexus 5X Build/MMB29P) AppleWebKit/537.36 (KHTML, like Gecko) Chrome/127.0.6533.119 Mobile Safari/537.36 (compatible; Googlebot/2.1; +http://www.google.com/bot.html)',1724618670,1724618670,0,'','revista.jdc.edu.co'),('2b9c5d4ca10c98e62eeee824faf9a25a',NULL,'124.243.133.179','Mozilla/5.0 (Windows NT 10.0; Win64; x64) AppleWebKit/537.36 (KHTML, like Gecko) Chrome/101.0.4951.67 Safari/537.36',1724669077,1724669079,0,'currentLocale|s:5:\"en_US\";','revista.jdc.edu.co'),('2b9d76219ab41bda1c6e7d78945899f7',NULL,'148.72.170.233','Pingdom.com_bot_version_1.4_(http://www.pingdom.com/)',1724631410,1724631410,0,'','revista.jdc.edu.co'),('2bb0d282496f09b5b77e1b6ad62cadf7',NULL,'46.20.45.18','Pingdom.com_bot_version_1.4_(http://www.pingdom.com/)',1724665550,1724665550,0,'','revista.jdc.edu.co'),('2bb8fb6b7e0b2259f56ee6fbb32346f8',NULL,'66.249.70.108','Mozilla/5.0 (Linux; Android 6.0.1; Nexus 5X Build/MMB29P) AppleWebKit/537.36 (KHTML, like Gecko) Chrome/127.0.6533.119 Mobile Safari/537.36 (compatible; Googlebot/2.1; +http://www.google.com/bot.html)',1724677738,1724677738,0,'','revista.jdc.edu.co'),('2bbb28490fd049c5fec5d7bed1bec8be',NULL,'66.249.70.108','Mozilla/5.0 (Linux; Android 6.0.1; Nexus 5X Build/MMB29P) AppleWebKit/537.36 (KHTML, like Gecko) Chrome/127.0.6533.119 Mobile Safari/537.36 (compatible; Googlebot/2.1; +http://www.google.com/bot.html)',1724614723,1724614723,0,'','revista.jdc.edu.co'),('2bc588fc2c76f2a8d63393896f9b855b',NULL,'66.249.70.108','Mozilla/5.0 (Linux; Android 6.0.1; Nexus 5X Build/MMB29P) AppleWebKit/537.36 (KHTML, like Gecko) Chrome/127.0.6533.119 Mobile Safari/537.36 (compatible; Googlebot/2.1; +http://www.google.com/bot.html)',1724653712,1724653713,0,'currentLocale|s:5:\"pt_BR\";','revista.jdc.edu.co'),('2bc808b7a82cda51bb289016866c3407',NULL,'66.249.70.110','Mozilla/5.0 (Linux; Android 6.0.1; Nexus 5X Build/MMB29P) AppleWebKit/537.36 (KHTML, like Gecko) Chrome/127.0.6533.119 Mobile Safari/537.36 (compatible; Googlebot/2.1; +http://www.google.com/bot.html)',1724614722,1724614722,0,'','revista.jdc.edu.co'),('2bdb27ee784d5397af52d7c22aa9784f',NULL,'172.241.112.86','Pingdom.com_bot_version_1.4_(http://www.pingdom.com/)',1724612390,1724612390,0,'','revista.jdc.edu.co'),('2bdc19ddf5c34e889a4b026142e4d751',NULL,'104.129.24.154','Pingdom.com_bot_version_1.4_(http://www.pingdom.com/)',1724609870,1724609870,0,'','revista.jdc.edu.co'),('2be871382bbc9e346bc5f5cb5f0ae79b',NULL,'107.20.105.74','DreamHost SiteMonitor 1.0',1724629369,1724629369,0,'','revista.jdc.edu.co'),('2be93065bf807e68ae6e8d5db3caecde',NULL,'104.129.24.154','Pingdom.com_bot_version_1.4_(http://www.pingdom.com/)',1724662670,1724662670,0,'','revista.jdc.edu.co'),('2bfc829da4301aedfe3f2372ffe4dfc4',NULL,'107.20.105.74','DreamHost SiteMonitor 1.0',1724634169,1724634169,0,'','revista.jdc.edu.co'),('2c16c00103dd1bb349ba69d54d4463ea',NULL,'66.249.70.108','Mozilla/5.0 (Linux; Android 6.0.1; Nexus 5X Build/MMB29P) AppleWebKit/537.36 (KHTML, like Gecko) Chrome/127.0.6533.119 Mobile Safari/537.36 (compatible; Googlebot/2.1; +http://www.google.com/bot.html)',1724647669,1724647669,0,'','revista.jdc.edu.co'),('2c19ae846faa5dba12e6881abbce0edc',NULL,'104.129.24.154','Pingdom.com_bot_version_1.4_(http://www.pingdom.com/)',1724622471,1724622471,0,'','revista.jdc.edu.co'),('2c274ae3cb0f469f369f2176185e27ef',NULL,'40.77.167.7','Mozilla/5.0 AppleWebKit/537.36 (KHTML, like Gecko; compatible; bingbot/2.0; +http://www.bing.com/bingbot.htm) Chrome/116.0.1938.76 Safari/537.36',1724606035,1724606035,0,'','revista.jdc.edu.co'),('2c3b7c9405f36eb621c01d5fd5880543',NULL,'52.167.144.203','Mozilla/5.0 AppleWebKit/537.36 (KHTML, like Gecko; compatible; bingbot/2.0; +http://www.bing.com/bingbot.htm) Chrome/116.0.1938.76 Safari/537.36',1724692894,1724692894,0,'','revista.jdc.edu.co'),('2c48ee85540a680e9cc0868cb6f4a0f6',NULL,'191.95.37.165','Mozilla/5.0 (Windows NT 10.0; Win64; x64) AppleWebKit/537.36 (KHTML, like Gecko) Chrome/128.0.0.0 Safari/537.36 Edg/128.0.0.0',1724627673,1724627673,0,'','revista.jdc.edu.co'),('2c570ccfb583dae1d89572ceaf60e2f7',NULL,'66.249.70.108','Mozilla/5.0 (Linux; Android 6.0.1; Nexus 5X Build/MMB29P) AppleWebKit/537.36 (KHTML, like Gecko) Chrome/127.0.6533.119 Mobile Safari/537.36 (compatible; Googlebot/2.1; +http://www.google.com/bot.html)',1724621977,1724621977,0,'','revista.jdc.edu.co'),('2c653554e801ee29e053b43c9e0b8595',NULL,'52.167.144.182','Mozilla/5.0 AppleWebKit/537.36 (KHTML, like Gecko; compatible; bingbot/2.0; +http://www.bing.com/bingbot.htm) Chrome/116.0.1938.76 Safari/537.36',1724611498,1724611498,0,'','revista.jdc.edu.co'),('2c6b566c5b821151ebd9b79eb19cd9fb',NULL,'107.182.234.77','Pingdom.com_bot_version_1.4_(http://www.pingdom.com/)',1724652351,1724652351,0,'','revista.jdc.edu.co'),('2c7e7a4cfa1bcdb4df75e3ea90195447',NULL,'172.241.112.86','Pingdom.com_bot_version_1.4_(http://www.pingdom.com/)',1724633991,1724633991,0,'','revista.jdc.edu.co'),('2caad0c0d70048bc3722dcfc5e740cc1',NULL,'66.249.70.110','Mozilla/5.0 (Linux; Android 6.0.1; Nexus 5X Build/MMB29P) AppleWebKit/537.36 (KHTML, like Gecko) Chrome/127.0.6533.119 Mobile Safari/537.36 (compatible; Googlebot/2.1; +http://www.google.com/bot.html)',1724678427,1724678427,0,'','revista.jdc.edu.co'),('2cabfd3026eae2b242eca70efa214215',NULL,'148.72.170.233','Pingdom.com_bot_version_1.4_(http://www.pingdom.com/)',1724608610,1724608610,0,'','revista.jdc.edu.co'),('2cb71cfc155a8ba190291a0f3c5e842d',NULL,'66.249.70.108','Mozilla/5.0 (Linux; Android 6.0.1; Nexus 5X Build/MMB29P) AppleWebKit/537.36 (KHTML, like Gecko) Chrome/127.0.6533.119 Mobile Safari/537.36 (compatible; Googlebot/2.1; +http://www.google.com/bot.html)',1724648100,1724648100,0,'','revista.jdc.edu.co'),('2ccfd7f9190ce4c388f4c8d870027295',NULL,'172.241.112.86','Pingdom.com_bot_version_1.4_(http://www.pingdom.com/)',1724642390,1724642390,0,'','revista.jdc.edu.co'),('2ce131eeeb5e4049016f0fa079b5082e',NULL,'23.109.191.249','Mozilla/5.0 AppleWebKit/537.36 (KHTML, like Gecko; compatible; PerplexityBot/1.0; +https://docs.perplexity.ai/docs/perplexity-bot)',1724608856,1724608856,0,'','revista.jdc.edu.co'),('2cf684d35e309d73dbc7e484a95e6cd6',NULL,'199.87.228.66','Pingdom.com_bot_version_1.4_(http://www.pingdom.com/)',1724604231,1724604231,0,'','revista.jdc.edu.co'),('2d2cd7c7831e3369fba5d3d7af8ea3b1',NULL,'104.232.199.145','Mozilla/5.0 (Macintosh; U; PPC Mac OS X Mach-O; en-US; rv:1.4a) Gecko/20030401',1724679064,1724679064,0,'','revista.jdc.edu.co'),('2d3bf9592249e1aab5a0d7267ad6564d',NULL,'66.249.70.110','Mozilla/5.0 (Linux; Android 6.0.1; Nexus 5X Build/MMB29P) AppleWebKit/537.36 (KHTML, like Gecko) Chrome/127.0.6533.119 Mobile Safari/537.36 (compatible; Googlebot/2.1; +http://www.google.com/bot.html)',1724682119,1724682119,0,'','revista.jdc.edu.co'),('2d47d83c34d1b42ac41be5520dfbe6e3',NULL,'64.237.55.3','Pingdom.com_bot_version_1.4_(http://www.pingdom.com/)',1724615570,1724615570,0,'','revista.jdc.edu.co'),('2d4cc42bcc3a1d98aa2dffdecc914b5f',NULL,'191.156.63.198','Mozilla/5.0 (iPhone; CPU iPhone OS 17_5 like Mac OS X) AppleWebKit/605.1.15 (KHTML, like Gecko) CriOS/128.0.6613.34 Mobile/15E148 Safari/604.1',1724627845,1724627845,0,'','revista.jdc.edu.co'),('2d6b6db72f37fce8f5ed5712bd735cbd',NULL,'66.249.70.110','Mozilla/5.0 (Linux; Android 6.0.1; Nexus 5X Build/MMB29P) AppleWebKit/537.36 (KHTML, like Gecko) Chrome/127.0.6533.119 Mobile Safari/537.36 (compatible; Googlebot/2.1; +http://www.google.com/bot.html)',1724615698,1724615698,0,'','revista.jdc.edu.co'),('2d6d3e7c838eced5b60bb4e69619f405',NULL,'108.181.70.3','Pingdom.com_bot_version_1.4_(http://www.pingdom.com/)',1724602731,1724602731,0,'','revista.jdc.edu.co'),('2d7d35f7fcef4ea814b854adf2a8efd0',NULL,'107.20.105.74','DreamHost SiteMonitor 1.0',1724616469,1724616469,0,'','revista.jdc.edu.co'),('2daa5beaa87d5b4b7991d5646955f8f4',NULL,'179.6.35.219','Mozilla/5.0 (Linux; Android 10; K) AppleWebKit/537.36 (KHTML, like Gecko) Chrome/127.0.0.0 Mobile Safari/537.36',1724627130,1724627130,0,'','revista.jdc.edu.co'),('2dc6b9b6a598f03e39fdeb5c6fcdde71',NULL,'173.254.206.242','Pingdom.com_bot_version_1.4_(http://www.pingdom.com/)',1724685050,1724685050,0,'','revista.jdc.edu.co'),('2ddae01a41f20df39a3e94e6276bd1a1',NULL,'66.249.70.109','Mozilla/5.0 (Linux; Android 6.0.1; Nexus 5X Build/MMB29P) AppleWebKit/537.36 (KHTML, like Gecko) Chrome/127.0.6533.119 Mobile Safari/537.36 (compatible; Googlebot/2.1; +http://www.google.com/bot.html)',1724664165,1724664166,0,'currentLocale|s:5:\"es_ES\";','revista.jdc.edu.co'),('2dfe3ca92525048dffc5e224e8f548b9',NULL,'148.72.170.233','Pingdom.com_bot_version_1.4_(http://www.pingdom.com/)',1724634410,1724634410,0,'','revista.jdc.edu.co'),('2dff00a7bc66a840c99ef2f8d2f6b992',NULL,'108.181.70.3','Pingdom.com_bot_version_1.4_(http://www.pingdom.com/)',1724609330,1724609330,0,'','revista.jdc.edu.co'),('2dffbb0f6841885edf116be0bc4dd18e',NULL,'107.20.105.74','DreamHost SiteMonitor 1.0',1724657869,1724657869,0,'','revista.jdc.edu.co'),('2e02e142ecac4ae1bef9dc095fd5c3f2',NULL,'66.249.70.108','Mozilla/5.0 (Linux; Android 6.0.1; Nexus 5X Build/MMB29P) AppleWebKit/537.36 (KHTML, like Gecko) Chrome/127.0.6533.99 Mobile Safari/537.36 (compatible; Googlebot/2.1; +http://www.google.com/bot.html)',1724644660,1724644660,0,'','revista.jdc.edu.co'),('2e5be8ffadb09b48af7625d276ea00df',NULL,'186.158.188.158','Mozilla/5.0 (X11; Linux x86_64; rv:109.0) Gecko/20100101 Firefox/115.0',1724634979,1724634979,0,'','revista.jdc.edu.co'),('2e6d37a6ee06af8b87d0e0f5a79d2f39',NULL,'66.249.70.109','Mozilla/5.0 (Linux; Android 6.0.1; Nexus 5X Build/MMB29P) AppleWebKit/537.36 (KHTML, like Gecko) Chrome/127.0.6533.119 Mobile Safari/537.36 (compatible; Googlebot/2.1; +http://www.google.com/bot.html)',1724648549,1724648549,0,'','revista.jdc.edu.co'),('2ec7bcfd6d113f46ab63ed2f4a87a5e4',NULL,'78.142.18.92','Mozilla/5.0 (compatible; MSIE 9.0; Windows NT 6.1; Trident/5.0)',1724660796,1724660796,0,'','revista.jdc.edu.co'),('2ed883360df1d44ca067b5538cdca35f',NULL,'107.182.234.77','Pingdom.com_bot_version_1.4_(http://www.pingdom.com/)',1724691951,1724691951,0,'','revista.jdc.edu.co'),('2eecd774190377c641634d4f22b74ea4',NULL,'195.55.164.65','Mozilla/5.0 (Windows NT 10.0; Win64; x64) AppleWebKit/537.36 (KHTML, like Gecko) Chrome/113.0.0.0 Safari/537.36',1724661947,1724661947,0,'','revista.jdc.edu.co'),('2f08853e971ef594eac070d49f9c07da',NULL,'23.106.37.99','Pingdom.com_bot_version_1.4_(http://www.pingdom.com/)',1724672631,1724672631,0,'','revista.jdc.edu.co'),('2f1ad862ef63435901173a72a2ebe4fd',NULL,'200.104.68.231','Mozilla/5.0 (Windows NT 10.0; Win64; x64) AppleWebKit/537.36 (KHTML, like Gecko) Chrome/127.0.0.0 Safari/537.36',1724609464,1724609464,0,'','revista.jdc.edu.co'),('2f1e6b114b12c493d2d34279f84f389d',NULL,'190.143.185.72','Mozilla/5.0 (Windows NT 10.0; Win64; x64) AppleWebKit/537.36 (KHTML, like Gecko) Chrome/127.0.0.0 Safari/537.36',1724693924,1724693924,0,'','revista.jdc.edu.co'),('2f2eaea385aa1e932c1472ee13105724',NULL,'66.249.70.109','Mozilla/5.0 (Linux; Android 6.0.1; Nexus 5X Build/MMB29P) AppleWebKit/537.36 (KHTML, like Gecko) Chrome/127.0.6533.99 Mobile Safari/537.36 (compatible; Googlebot/2.1; +http://www.google.com/bot.html)',1724693802,1724693802,0,'','revista.jdc.edu.co'),('2f33e6816f96a39b26776b0310fa73c5',NULL,'66.249.70.109','Mozilla/5.0 (Linux; Android 6.0.1; Nexus 5X Build/MMB29P) AppleWebKit/537.36 (KHTML, like Gecko) Chrome/127.0.6533.119 Mobile Safari/537.36 (compatible; Googlebot/2.1; +http://www.google.com/bot.html)',1724648048,1724648048,0,'','revista.jdc.edu.co'),('2f4d7968cbd590cce02a376dcc9cad45',NULL,'64.237.55.3','Pingdom.com_bot_version_1.4_(http://www.pingdom.com/)',1724631170,1724631170,0,'','revista.jdc.edu.co'),('2f5f47fd967b505e9672efa6742c863f',NULL,'185.246.208.183','Mozilla/5.0 (X11; Linux x86_64; rv:103.0) Gecko/20100101 Firefox/103.0',1724634697,1724634697,0,'','revista.jdc.edu.co'),('2f60d745adbcca5392efad61f5990e7f',NULL,'46.20.45.18','Pingdom.com_bot_version_1.4_(http://www.pingdom.com/)',1724612690,1724612690,0,'','revista.jdc.edu.co'),('2f762f77eeb34a6dcb0c4f9cbec3fa01',NULL,'104.129.24.154','Pingdom.com_bot_version_1.4_(http://www.pingdom.com/)',1724678871,1724678871,0,'','revista.jdc.edu.co'),('2f7b42945e802f23861fed52ef1ea239',NULL,'108.181.70.3','Pingdom.com_bot_version_1.4_(http://www.pingdom.com/)',1724618331,1724618331,0,'','revista.jdc.edu.co'),('2fb583c4961e7cc04ad923dd40b9c7c7',NULL,'107.20.105.74','DreamHost SiteMonitor 1.0',1724674370,1724674370,0,'','revista.jdc.edu.co'),('2fc57a6e72bcd6e1193145e86804f7ec',NULL,'104.129.24.154','Pingdom.com_bot_version_1.4_(http://www.pingdom.com/)',1724610470,1724610470,0,'','revista.jdc.edu.co'),('2fcdddbe4624d095d257574e6c060021',NULL,'66.249.70.109','Mozilla/5.0 (Linux; Android 6.0.1; Nexus 5X Build/MMB29P) AppleWebKit/537.36 (KHTML, like Gecko) Chrome/127.0.6533.119 Mobile Safari/537.36 (compatible; Googlebot/2.1; +http://www.google.com/bot.html)',1724611953,1724611953,0,'','revista.jdc.edu.co'),('2fdb35bddd8271e0a3116a6ba0661be3',NULL,'191.91.39.37','',1724629769,1724629769,0,'currentLocale|s:5:\"en_US\";','revista.jdc.edu.co'),('2fdc896dd9bfec9a125b841f7fa76fb1',NULL,'66.249.70.108','Mozilla/5.0 (Linux; Android 6.0.1; Nexus 5X Build/MMB29P) AppleWebKit/537.36 (KHTML, like Gecko) Chrome/127.0.6533.119 Mobile Safari/537.36 (compatible; Googlebot/2.1; +http://www.google.com/bot.html)',1724650542,1724650542,0,'','revista.jdc.edu.co'),('2fec074693f179f0179823daa2bd7955',NULL,'64.237.55.3','Pingdom.com_bot_version_1.4_(http://www.pingdom.com/)',1724693570,1724693570,0,'','revista.jdc.edu.co'),('3014f63c410ca7fc4b87914c24e676f3',NULL,'66.249.70.108','Mozilla/5.0 (Linux; Android 6.0.1; Nexus 5X Build/MMB29P) AppleWebKit/537.36 (KHTML, like Gecko) Chrome/127.0.6533.119 Mobile Safari/537.36 (compatible; Googlebot/2.1; +http://www.google.com/bot.html)',1724662761,1724662761,0,'','revista.jdc.edu.co'),('3018eaa232787cee5cb9ee808f09fbe5',NULL,'107.20.105.74','DreamHost SiteMonitor 1.0',1724659069,1724659069,0,'','revista.jdc.edu.co'),('301b38904ea4cfab935c9fcd99eba48b',NULL,'66.249.70.110','Mozilla/5.0 (Linux; Android 6.0.1; Nexus 5X Build/MMB29P) AppleWebKit/537.36 (KHTML, like Gecko) Chrome/127.0.6533.119 Mobile Safari/537.36 (compatible; Googlebot/2.1; +http://www.google.com/bot.html)',1724632506,1724632506,0,'','revista.jdc.edu.co'),('301f660da0555d11a533572ab09d12be',NULL,'191.91.39.37','',1724632813,1724632813,0,'currentLocale|s:5:\"en_US\";','revista.jdc.edu.co'),('302d3e7363420467fd9a0dd7feff59cf',NULL,'46.20.45.18','Pingdom.com_bot_version_1.4_(http://www.pingdom.com/)',1724630090,1724630090,0,'','revista.jdc.edu.co'),('304a89bd63f7d031d54f444f733cd90e',NULL,'66.249.70.110','Mozilla/5.0 (Linux; Android 6.0.1; Nexus 5X Build/MMB29P) AppleWebKit/537.36 (KHTML, like Gecko) Chrome/127.0.6533.119 Mobile Safari/537.36 (compatible; Googlebot/2.1; +http://www.google.com/bot.html)',1724634665,1724634665,0,'','revista.jdc.edu.co'),('30508d49644507f05a7e9efa823576fe',NULL,'66.249.70.109','Mozilla/5.0 (Linux; Android 6.0.1; Nexus 5X Build/MMB29P) AppleWebKit/537.36 (KHTML, like Gecko) Chrome/127.0.6533.119 Mobile Safari/537.36 (compatible; Googlebot/2.1; +http://www.google.com/bot.html)',1724611447,1724611448,0,'currentLocale|s:5:\"pt_BR\";','revista.jdc.edu.co'),('30719d3781f9a856c2757ef12fffae4f',NULL,'64.237.55.3','Pingdom.com_bot_version_1.4_(http://www.pingdom.com/)',1724682711,1724682711,0,'','revista.jdc.edu.co'),('307abce6e178ba58e821f338ebe30d60',NULL,'46.20.45.18','Pingdom.com_bot_version_1.4_(http://www.pingdom.com/)',1724647490,1724647490,0,'','revista.jdc.edu.co'),('308c6c56640af6986d97d69345446dcd',NULL,'66.249.70.110','Mozilla/5.0 (Linux; Android 6.0.1; Nexus 5X Build/MMB29P) AppleWebKit/537.36 (KHTML, like Gecko) Chrome/127.0.6533.119 Mobile Safari/537.36 (compatible; Googlebot/2.1; +http://www.google.com/bot.html)',1724687304,1724687306,0,'currentLocale|s:5:\"en_US\";','revista.jdc.edu.co'),('30c17b9deea14084fc12873b46595805',NULL,'172.241.112.86','Pingdom.com_bot_version_1.4_(http://www.pingdom.com/)',1724662790,1724662790,0,'','revista.jdc.edu.co'),('30c3025206af153c2654c20c6b4abb78',NULL,'177.222.112.158','Mozilla/5.0 (Windows NT 10.0; Win64; x64; rv:129.0) Gecko/20100101 Firefox/129.0',1724645777,1724645777,0,'','revista.jdc.edu.co'),('30d2020ba2e03ba65b02bea62c2045ce',NULL,'107.182.234.77','Pingdom.com_bot_version_1.4_(http://www.pingdom.com/)',1724630751,1724630751,0,'','revista.jdc.edu.co'),('30d313fdb3e22e733f61ea0b4ddbc5b0',NULL,'104.200.76.245','Mozilla/5.0 (Android 11; Mobile; rv:123.0) Gecko/123.0 Firefox/123.0',1724678488,1724678488,0,'','revista.jdc.edu.co'),('30db90c3be8765b05315c95386a896c9',NULL,'52.160.89.107','Mozilla/5.0 (Windows NT 10.0; Win64; x64) AppleWebKit/537.36 (KHTML, like Gecko) Chrome/126.0.0.0 Safari/537.36',1724606115,1724606115,0,'','revista.jdc.edu.co'),('312f8fb2b81238b53fd93de8b9ce4de4',NULL,'66.249.70.110','Mozilla/5.0 (Linux; Android 6.0.1; Nexus 5X Build/MMB29P) AppleWebKit/537.36 (KHTML, like Gecko) Chrome/127.0.6533.119 Mobile Safari/537.36 (compatible; Googlebot/2.1; +http://www.google.com/bot.html)',1724650111,1724650111,0,'','revista.jdc.edu.co'),('31520a3f86c3cefaa2ef29b6cb45a782',NULL,'64.237.55.3','Pingdom.com_bot_version_1.4_(http://www.pingdom.com/)',1724694771,1724694771,0,'','revista.jdc.edu.co'),('315746a6a8db2a51c6e55027f6513519',NULL,'190.248.105.114','Mozilla/5.0 (Windows NT 10.0; Win64; x64) AppleWebKit/537.36 (KHTML, like Gecko) Chrome/128.0.0.0 Safari/537.36',1724622037,1724622037,0,'','revista.jdc.edu.co'),('317e7819c80edb9580c7c2e6d2951292',NULL,'177.230.148.122','Mozilla/5.0 (Windows NT 10.0; Win64; x64) AppleWebKit/537.36 (KHTML, like Gecko) Chrome/127.0.0.0 Safari/537.36',1724629761,1724629761,0,'','revista.jdc.edu.co'),('3198a1b9798a147cc068f2ba42d6fed2',NULL,'107.20.105.74','DreamHost SiteMonitor 1.0',1724636869,1724636869,0,'','revista.jdc.edu.co'),('31cfbbfe182bbecf10d26d3387249581',NULL,'46.20.45.18','Pingdom.com_bot_version_1.4_(http://www.pingdom.com/)',1724611490,1724611490,0,'','revista.jdc.edu.co'),('31d76d76828c42a00247a9f1bda4687d',NULL,'186.98.244.22','Mozilla/5.0 (Windows NT 10.0; Win64; x64) AppleWebKit/537.36 (KHTML, like Gecko) Chrome/128.0.0.0 Safari/537.36',1724618200,1724618200,0,'','revista.jdc.edu.co'),('31d8ddbead6012db54a933b86c823a3c',NULL,'172.241.112.86','Pingdom.com_bot_version_1.4_(http://www.pingdom.com/)',1724623190,1724623190,0,'','revista.jdc.edu.co'),('31e2440153ad4dfc10a8685c20186907',NULL,'173.254.206.242','Pingdom.com_bot_version_1.4_(http://www.pingdom.com/)',1724653311,1724653311,0,'','revista.jdc.edu.co'),('31eb746ef8cd2470425f5b5b843b3b2f',NULL,'2.136.251.201','Mozilla/5.0 (Windows NT 10.0; Win64; x64) AppleWebKit/537.36 (KHTML, like Gecko) Chrome/128.0.0.0 Safari/537.36',1724670524,1724670524,0,'','revista.jdc.edu.co'),('3206dcd71c46465d191ac824b499f55d',NULL,'23.106.37.99','Pingdom.com_bot_version_1.4_(http://www.pingdom.com/)',1724664230,1724664230,0,'','revista.jdc.edu.co'),('321135c856e34c890bc0c0680225b5d5',NULL,'177.234.245.29','Mozilla/5.0 (Windows NT 10.0; WOW64) AppleWebKit/537.36 (KHTML, like Gecko) Gecko/20100101 Firefox/88.0',1724624860,1724624860,0,'','revista.jdc.edu.co'),('324603895465f0aeb32b55646d61f665',NULL,'172.241.112.86','Pingdom.com_bot_version_1.4_(http://www.pingdom.com/)',1724651990,1724651990,0,'','revista.jdc.edu.co'),('325174ea809a47f5612fdfd4bf7b6d98',NULL,'66.249.70.108','Mozilla/5.0 (Linux; Android 6.0.1; Nexus 5X Build/MMB29P) AppleWebKit/537.36 (KHTML, like Gecko) Chrome/127.0.6533.119 Mobile Safari/537.36 (compatible; Googlebot/2.1; +http://www.google.com/bot.html)',1724693873,1724693873,0,'','revista.jdc.edu.co'),('3253fd8ee7949bbaed88386a73e08e4f',NULL,'66.249.70.110','Mozilla/5.0 (Linux; Android 6.0.1; Nexus 5X Build/MMB29P) AppleWebKit/537.36 (KHTML, like Gecko) Chrome/127.0.6533.119 Mobile Safari/537.36 (compatible; Googlebot/2.1; +http://www.google.com/bot.html)',1724617114,1724617114,0,'','revista.jdc.edu.co'),('3258610ee33b1f1609c03426a4c13ed3',NULL,'66.249.70.110','Mozilla/5.0 (Linux; Android 6.0.1; Nexus 5X Build/MMB29P) AppleWebKit/537.36 (KHTML, like Gecko) Chrome/127.0.6533.119 Mobile Safari/537.36 (compatible; Googlebot/2.1; +http://www.google.com/bot.html)',1724657103,1724657103,0,'','revista.jdc.edu.co'),('3260d2e82653b4cc1aaee20416f890f0',NULL,'199.87.228.66','Pingdom.com_bot_version_1.4_(http://www.pingdom.com/)',1724665491,1724665491,0,'','revista.jdc.edu.co'),('326efdbbb8a41538744b696becc93826',NULL,'190.114.33.53','Mozilla/5.0 (Windows NT 10.0; Win64; x64) AppleWebKit/537.36 (KHTML, like Gecko) Chrome/128.0.0.0 Safari/537.36',1724635573,1724635573,0,'','revista.jdc.edu.co'),('32789d7ec2e518f72a21ed4b1a28b80d',NULL,'172.241.112.86','Pingdom.com_bot_version_1.4_(http://www.pingdom.com/)',1724677791,1724677791,0,'','revista.jdc.edu.co'),('328cdb58c3a0173ba44c1c4ac2afd4b2',NULL,'66.249.70.110','Mozilla/5.0 (Linux; Android 6.0.1; Nexus 5X Build/MMB29P) AppleWebKit/537.36 (KHTML, like Gecko) Chrome/127.0.6533.119 Mobile Safari/537.36 (compatible; Googlebot/2.1; +http://www.google.com/bot.html)',1724612014,1724612014,0,'','revista.jdc.edu.co'),('32a8adc3a50a6eb155643e57916839ac',NULL,'66.249.70.109','Mozilla/5.0 (Linux; Android 6.0.1; Nexus 5X Build/MMB29P) AppleWebKit/537.36 (KHTML, like Gecko) Chrome/127.0.6533.119 Mobile Safari/537.36 (compatible; Googlebot/2.1; +http://www.google.com/bot.html)',1724648594,1724648594,0,'','revista.jdc.edu.co'),('32ab9f620b2f7c847710f8b1f6ae2930',NULL,'108.181.70.3','Pingdom.com_bot_version_1.4_(http://www.pingdom.com/)',1724603931,1724603931,0,'','revista.jdc.edu.co'),('32b3764a6d56f6171c943368bd2f1e41',NULL,'76.164.234.130','Pingdom.com_bot_version_1.4_(http://www.pingdom.com/)',1724676411,1724676411,0,'','revista.jdc.edu.co'),('32c3e5fd237541a2b08cda0456e7c147',NULL,'82.165.98.207','Go-http-client/1.1',1724616344,1724616344,0,'','revista.jdc.edu.co'),('32c7b5008cf62c1c794306f3e929b97b',NULL,'66.249.70.110','Mozilla/5.0 (Linux; Android 6.0.1; Nexus 5X Build/MMB29P) AppleWebKit/537.36 (KHTML, like Gecko) Chrome/127.0.6533.119 Mobile Safari/537.36 (compatible; Googlebot/2.1; +http://www.google.com/bot.html)',1724616991,1724616991,0,'','revista.jdc.edu.co'),('32c7dee1f77ea6dd95f1f5001a3358b1',NULL,'45.232.105.196','Mozilla/5.0 (Windows NT 10.0; Win64; x64) AppleWebKit/537.36 (KHTML, like Gecko) Chrome/127.0.0.0 Safari/537.36',1724681942,1724681942,0,'','revista.jdc.edu.co'),('32f49167ee1f2eed08ace4600eb0d95b',NULL,'200.68.186.75','Mozilla/5.0 (iPhone; CPU iPhone OS 16_7_8 like Mac OS X) AppleWebKit/605.1.15 (KHTML, like Gecko) Version/16.6 Mobile/15E148 Safari/604.1',1724657667,1724657667,0,'','revista.jdc.edu.co'),('32ffb8a15d488a9f858efaade19c4dfe',NULL,'189.233.154.118','Mozilla/5.0 (Linux; Android 10; K) AppleWebKit/537.36 (KHTML, like Gecko) Chrome/128.0.0.0 Mobile Safari/537.36',1724694615,1724694615,0,'','revista.jdc.edu.co'),('3364dec1ba6447055fad65060037fa91',NULL,'108.181.70.3','Pingdom.com_bot_version_1.4_(http://www.pingdom.com/)',1724632131,1724632131,0,'','revista.jdc.edu.co'),('3364fba4f64b475ff7be6b9d4a543729',NULL,'172.241.112.86','Pingdom.com_bot_version_1.4_(http://www.pingdom.com/)',1724639391,1724639391,0,'','revista.jdc.edu.co'),('3372e19ca6fff1f2a21bf9913276e6bf',NULL,'191.156.241.222','Mozilla/5.0 (Linux; Android 10; K) AppleWebKit/537.36 (KHTML, like Gecko) Chrome/127.0.0.0 Mobile Safari/537.36',1724635087,1724635087,0,'','revista.jdc.edu.co'),('33731bd39ea05decab9b9fd2d8629db4',NULL,'66.249.70.110','Mozilla/5.0 (Linux; Android 6.0.1; Nexus 5X Build/MMB29P) AppleWebKit/537.36 (KHTML, like Gecko) Chrome/127.0.6533.119 Mobile Safari/537.36 (compatible; Googlebot/2.1; +http://www.google.com/bot.html)',1724629254,1724629254,0,'','revista.jdc.edu.co'),('337b9bc502270fd3ea696e6da411cc9b',NULL,'186.0.208.18','Mozilla/5.0 (iPhone; CPU iPhone OS 17_5_1 like Mac OS X) AppleWebKit/605.1.15 (KHTML, like Gecko) Version/17.5 Mobile/15E148 Safari/604.1',1724688161,1724688162,0,'','revista.jdc.edu.co'),('338c5696116b8adc0881fc731d17c846',NULL,'40.77.167.26','Mozilla/5.0 AppleWebKit/537.36 (KHTML, like Gecko; compatible; bingbot/2.0; +http://www.bing.com/bingbot.htm) Chrome/116.0.1938.76 Safari/537.36',1724668459,1724668459,0,'','revista.jdc.edu.co'),('33b05656609f61f883b3bcff93c97a34',NULL,'66.249.70.108','Mozilla/5.0 (Linux; Android 6.0.1; Nexus 5X Build/MMB29P) AppleWebKit/537.36 (KHTML, like Gecko) Chrome/127.0.6533.119 Mobile Safari/537.36 (compatible; Googlebot/2.1; +http://www.google.com/bot.html)',1724675023,1724675024,0,'currentLocale|s:5:\"pt_BR\";','revista.jdc.edu.co'),('33e1d155c9170b1ebf2ea0b562533ac3',NULL,'107.20.105.74','DreamHost SiteMonitor 1.0',1724691470,1724691470,0,'','revista.jdc.edu.co'),('33eab684a1ce189cf5d828b671c22c22',NULL,'64.237.55.3','Pingdom.com_bot_version_1.4_(http://www.pingdom.com/)',1724649170,1724649170,0,'','revista.jdc.edu.co'),('33f6227c09e88775e827cb7c93a808e7',NULL,'107.182.234.77','Pingdom.com_bot_version_1.4_(http://www.pingdom.com/)',1724636150,1724636150,0,'','revista.jdc.edu.co'),('33f83bb96557a6c364ba15c7bb10499f',NULL,'66.249.70.110','Mozilla/5.0 (Linux; Android 6.0.1; Nexus 5X Build/MMB29P) AppleWebKit/537.36 (KHTML, like Gecko) Chrome/127.0.6533.119 Mobile Safari/537.36 (compatible; Googlebot/2.1; +http://www.google.com/bot.html)',1724639377,1724639377,0,'','revista.jdc.edu.co'),('3400d0f729963a4b419f60a0226a284f',NULL,'104.129.24.154','Pingdom.com_bot_version_1.4_(http://www.pingdom.com/)',1724615270,1724615270,0,'','revista.jdc.edu.co'),('3408ae72bae01e37ba14c195e71f3cdf',NULL,'108.181.70.3','Pingdom.com_bot_version_1.4_(http://www.pingdom.com/)',1724615930,1724615930,0,'','revista.jdc.edu.co'),('3429c98a3323c9729e63ff4ef2c157e1',NULL,'181.78.74.234','Mozilla/5.0 (Windows NT 10.0; Win64; x64) AppleWebKit/537.36 (KHTML, like Gecko) Chrome/127.0.0.0 Safari/537.36',1724604512,1724604512,0,'','revista.jdc.edu.co'),('34332821e374fa54e1a2017128fef8a2',NULL,'190.145.240.34','Mozilla/5.0 (Linux; Android 10; K) AppleWebKit/537.36 (KHTML, like Gecko) Chrome/127.0.0.0 Mobile Safari/537.36',1724640332,1724640332,0,'','revista.jdc.edu.co'),('345925181425e4f55abe7d502d051492',NULL,'190.66.219.202','Mozilla/5.0 (Windows NT 10.0; Win64; x64) AppleWebKit/537.36 (KHTML, like Gecko) Chrome/128.0.0.0 Safari/537.36',1724636937,1724636937,0,'','revista.jdc.edu.co'),('3459e08502f7a924f0215e471c69921c',NULL,'108.181.70.3','Pingdom.com_bot_version_1.4_(http://www.pingdom.com/)',1724645931,1724645931,0,'','revista.jdc.edu.co'),('346ebe32b6a303c9ed800177d3c7d00f',NULL,'124.243.134.213','Mozilla/5.0 (Windows NT 10.0; Win64; x64) AppleWebKit/537.36 (KHTML, like Gecko) Chrome/101.0.4951.67 Safari/537.36',1724689971,1724689971,0,'','revista.jdc.edu.co'),('349f39df3d44539ac3553d3d488678d5',NULL,'104.129.24.154','Pingdom.com_bot_version_1.4_(http://www.pingdom.com/)',1724609271,1724609271,0,'','revista.jdc.edu.co'),('34a0462015d5936a5d10b341c70fb7b7',NULL,'52.167.144.207','Mozilla/5.0 AppleWebKit/537.36 (KHTML, like Gecko; compatible; bingbot/2.0; +http://www.bing.com/bingbot.htm) Chrome/116.0.1938.76 Safari/537.36',1724685041,1724685041,0,'','revista.jdc.edu.co'),('34b163cc376d945a8c2e9160b7065aac',NULL,'66.249.70.110','Mozilla/5.0 AppleWebKit/537.36 (KHTML, like Gecko; compatible; Googlebot/2.1; +http://www.google.com/bot.html) Chrome/127.0.6533.99 Safari/537.36',1724648593,1724648593,0,'','revista.jdc.edu.co'),('34cef8b7a915b1939979501ad7d45faa',NULL,'66.249.70.110','Mozilla/5.0 (compatible; Googlebot/2.1; +http://www.google.com/bot.html)',1724643737,1724643737,0,'','revista.jdc.edu.co'),('34d0ac81b868ad3058daf2c4ddb9c517',NULL,'66.249.70.109','Mozilla/5.0 (Linux; Android 6.0.1; Nexus 5X Build/MMB29P) AppleWebKit/537.36 (KHTML, like Gecko) Chrome/127.0.6533.99 Mobile Safari/537.36 (compatible; Googlebot/2.1; +http://www.google.com/bot.html)',1724671121,1724671121,0,'','revista.jdc.edu.co'),('350a52079c7281f649d6ac34a2e964cf',NULL,'66.249.70.108','Mozilla/5.0 (Linux; Android 6.0.1; Nexus 5X Build/MMB29P) AppleWebKit/537.36 (KHTML, like Gecko) Chrome/127.0.6533.119 Mobile Safari/537.36 (compatible; Googlebot/2.1; +http://www.google.com/bot.html)',1724681467,1724681467,0,'','revista.jdc.edu.co'),('35165c3d265ff659a78aee23fa9d0124',NULL,'108.181.70.3','Pingdom.com_bot_version_1.4_(http://www.pingdom.com/)',1724659730,1724659730,0,'','revista.jdc.edu.co'),('3538237faaf252da60ad556715b39ffa',NULL,'148.72.170.233','Pingdom.com_bot_version_1.4_(http://www.pingdom.com/)',1724608011,1724608011,0,'','revista.jdc.edu.co'),('353a10402bc1ea4be86381609f5a14dc',NULL,'66.249.70.110','Mozilla/5.0 (Linux; Android 6.0.1; Nexus 5X Build/MMB29P) AppleWebKit/537.36 (KHTML, like Gecko) Chrome/127.0.6533.119 Mobile Safari/537.36 (compatible; Googlebot/2.1; +http://www.google.com/bot.html)',1724652075,1724652075,0,'','revista.jdc.edu.co'),('3573229dd583b00e84288621a30629a4',NULL,'46.20.45.18','Pingdom.com_bot_version_1.4_(http://www.pingdom.com/)',1724650490,1724650490,0,'','revista.jdc.edu.co'),('3589b24d926a7278c268a213ffd96ad6',NULL,'199.87.228.66','Pingdom.com_bot_version_1.4_(http://www.pingdom.com/)',1724662490,1724662490,0,'','revista.jdc.edu.co'),('35913021ae7a5e6762dc98b790dfdd67',NULL,'107.20.105.74','DreamHost SiteMonitor 1.0',1724685169,1724685169,0,'','revista.jdc.edu.co'),('35af0a3da562f42d5c006e030810034a',NULL,'66.249.70.108','Mozilla/5.0 (Linux; Android 6.0.1; Nexus 5X Build/MMB29P) AppleWebKit/537.36 (KHTML, like Gecko) Chrome/127.0.6533.119 Mobile Safari/537.36 (compatible; Googlebot/2.1; +http://www.google.com/bot.html)',1724692998,1724692998,0,'','revista.jdc.edu.co'),('35b84a0e72ac0d401d3650654634e68b',NULL,'66.249.70.108','Mozilla/5.0 (Linux; Android 6.0.1; Nexus 5X Build/MMB29P) AppleWebKit/537.36 (KHTML, like Gecko) Chrome/127.0.6533.119 Mobile Safari/537.36 (compatible; Googlebot/2.1; +http://www.google.com/bot.html)',1724632193,1724632193,0,'','revista.jdc.edu.co'),('35bb9f904df319d959ddcc2c6002418c',NULL,'104.129.24.154','Pingdom.com_bot_version_1.4_(http://www.pingdom.com/)',1724635670,1724635670,0,'','revista.jdc.edu.co'),('35be8bea285fc92fe346be94577999fb',NULL,'64.237.55.3','Pingdom.com_bot_version_1.4_(http://www.pingdom.com/)',1724661770,1724661770,0,'','revista.jdc.edu.co'),('35c30fc5577ef27d6274020749a30ac7',NULL,'173.254.206.242','Pingdom.com_bot_version_1.4_(http://www.pingdom.com/)',1724620250,1724620250,0,'','revista.jdc.edu.co'),('35cd0d3eb0acd46a392e0f05813f4e29',NULL,'66.249.70.110','Mozilla/5.0 (Linux; Android 6.0.1; Nexus 5X Build/MMB29P) AppleWebKit/537.36 (KHTML, like Gecko) Chrome/127.0.6533.119 Mobile Safari/537.36 (compatible; Googlebot/2.1; +http://www.google.com/bot.html)',1724617936,1724617936,0,'','revista.jdc.edu.co'),('35dcff7ede10defb36ecd3d0d9af5943',NULL,'199.87.228.66','Pingdom.com_bot_version_1.4_(http://www.pingdom.com/)',1724603630,1724603630,0,'','revista.jdc.edu.co'),('35eef775761172be0bfa236e6628f855',NULL,'107.182.234.77','Pingdom.com_bot_version_1.4_(http://www.pingdom.com/)',1724669811,1724669811,0,'','revista.jdc.edu.co'),('35faafa5da00715bf494a01acf2f3d43',NULL,'107.182.234.77','Pingdom.com_bot_version_1.4_(http://www.pingdom.com/)',1724660210,1724660210,0,'','revista.jdc.edu.co'),('360a8b37dafb5b631c4fe53d3f626db5',NULL,'148.72.170.233','Pingdom.com_bot_version_1.4_(http://www.pingdom.com/)',1724602611,1724602611,0,'','revista.jdc.edu.co'),('3638af544553a533dc5a5334e42c1a72',NULL,'196.245.151.42','Pingdom.com_bot_version_1.4_(http://www.pingdom.com/)',1724647310,1724647310,0,'','revista.jdc.edu.co'),('363d57c36fc708a0b2cbfee8e149470e',NULL,'66.249.70.108','Mozilla/5.0 (Linux; Android 6.0.1; Nexus 5X Build/MMB29P) AppleWebKit/537.36 (KHTML, like Gecko) Chrome/127.0.6533.119 Mobile Safari/537.36 (compatible; Googlebot/2.1; +http://www.google.com/bot.html)',1724690184,1724690184,0,'','revista.jdc.edu.co'),('364a3e18cc3a24babfc12266efd3fa4d',NULL,'66.249.70.109','Mozilla/5.0 (Linux; Android 6.0.1; Nexus 5X Build/MMB29P) AppleWebKit/537.36 (KHTML, like Gecko) Chrome/127.0.6533.119 Mobile Safari/537.36 (compatible; Googlebot/2.1; +http://www.google.com/bot.html)',1724627114,1724627114,0,'','revista.jdc.edu.co'),('36509394e289b4a0c348a33b469a20c0',NULL,'181.174.74.74','Mozilla/5.0 (Windows NT 10.0; Win64; x64) AppleWebKit/537.36 (KHTML, like Gecko) Chrome/127.0.0.0 Safari/537.36',1724643980,1724643980,0,'','revista.jdc.edu.co'),('3652faf068adb59f1a24e0f7372d06b7',NULL,'66.249.70.110','Mozilla/5.0 (Linux; Android 6.0.1; Nexus 5X Build/MMB29P) AppleWebKit/537.36 (KHTML, like Gecko) Chrome/127.0.6533.119 Mobile Safari/537.36 (compatible; Googlebot/2.1; +http://www.google.com/bot.html)',1724665762,1724665762,0,'','revista.jdc.edu.co'),('365877c8fa639ce88aa4e166b9dee52a',NULL,'107.20.105.74','DreamHost SiteMonitor 1.0',1724664469,1724664469,0,'','revista.jdc.edu.co'),('36720754be0e6fce9fe93cfbba163cbc',NULL,'66.249.70.109','Mozilla/5.0 (Linux; Android 6.0.1; Nexus 5X Build/MMB29P) AppleWebKit/537.36 (KHTML, like Gecko) Chrome/127.0.6533.119 Mobile Safari/537.36 (compatible; Googlebot/2.1; +http://www.google.com/bot.html)',1724644594,1724644594,0,'','revista.jdc.edu.co'),('368a1183e8d9c59f3419bb926af3e1d4',NULL,'189.203.113.71','Mozilla/5.0 (Linux; Android 10; K) AppleWebKit/537.36 (KHTML, like Gecko) Chrome/127.0.0.0 Mobile Safari/537.36',1724688019,1724688019,0,'','revista.jdc.edu.co'),('369d4e6b7b8f103162b557db942eb514',NULL,'107.20.105.74','DreamHost SiteMonitor 1.0',1724655770,1724655770,0,'','revista.jdc.edu.co'),('36a5cf3c60daa30df50de690a18a85fd',NULL,'66.249.70.108','Mozilla/5.0 (Linux; Android 6.0.1; Nexus 5X Build/MMB29P) AppleWebKit/537.36 (KHTML, like Gecko) Chrome/127.0.6533.119 Mobile Safari/537.36 (compatible; Googlebot/2.1; +http://www.google.com/bot.html)',1724677678,1724677678,0,'','revista.jdc.edu.co'),('36ad6021ee4f76bb6a1ff9135167ef65',NULL,'107.20.105.74','DreamHost SiteMonitor 1.0',1724676769,1724676769,0,'','revista.jdc.edu.co'),('36ba2b35891c5f70a438f07a7423cbfe',NULL,'66.249.70.110','Mozilla/5.0 (Linux; Android 6.0.1; Nexus 5X Build/MMB29P) AppleWebKit/537.36 (KHTML, like Gecko) Chrome/127.0.6533.119 Mobile Safari/537.36 (compatible; Googlebot/2.1; +http://www.google.com/bot.html)',1724618427,1724618427,0,'','revista.jdc.edu.co'),('36bea702bb5063a197909d988890ec23',NULL,'173.44.152.152','Mozilla/5.0 (Macintosh; Intel Mac OS X 12.5; rv:114.0) Gecko/20100101 Firefox/114.0',1724677025,1724677025,0,'','revista.jdc.edu.co'),('36c38be2564de2a945b31224f9fdba86',NULL,'66.249.70.109','Mozilla/5.0 (Linux; Android 6.0.1; Nexus 5X Build/MMB29P) AppleWebKit/537.36 (KHTML, like Gecko) Chrome/127.0.6533.119 Mobile Safari/537.36 (compatible; Googlebot/2.1; +http://www.google.com/bot.html)',1724668438,1724668438,0,'','revista.jdc.edu.co'),('36caf47bc61ec91b7ba74aa3adc882e5',NULL,'20.197.17.103','Mozilla/5.0 (X11; Linux x86_64; rv:103.0) Gecko/20100101 Firefox/103.0',1724645054,1724645054,0,'','revista.jdc.edu.co'),('36cb82cff6065c25f3eb447652dd533e',NULL,'66.249.70.109','Mozilla/5.0 (Linux; Android 6.0.1; Nexus 5X Build/MMB29P) AppleWebKit/537.36 (KHTML, like Gecko) Chrome/127.0.6533.119 Mobile Safari/537.36 (compatible; Googlebot/2.1; +http://www.google.com/bot.html)',1724623779,1724623779,0,'','revista.jdc.edu.co'),('36daeabb1e3916c5965b5d3988f74a9a',NULL,'177.234.245.29','Mozilla/5.0 (Windows NT 10.0; WOW64) AppleWebKit/537.36 (KHTML, like Gecko) Gecko/20100101 Firefox/88.0',1724626053,1724626053,0,'','revista.jdc.edu.co'),('36e54352cc710b0943cdc85633818e5f',NULL,'173.254.206.242','Pingdom.com_bot_version_1.4_(http://www.pingdom.com/)',1724614850,1724614850,0,'','revista.jdc.edu.co'),('3723ab29f763be26a535cd6bed250da3',NULL,'181.199.60.151','Mozilla/5.0 (Windows NT 10.0; Win64; x64) AppleWebKit/537.36 (KHTML, like Gecko) Chrome/127.0.0.0 Safari/537.36',1724646951,1724646953,0,'','revista.jdc.edu.co'),('3728c58d0ba3acc35a9992562a9cdb25',NULL,'191.156.159.130','Mozilla/5.0 (Linux; Android 10; K) AppleWebKit/537.36 (KHTML, like Gecko) Chrome/127.0.0.0 Mobile Safari/537.36',1724682484,1724682484,0,'','revista.jdc.edu.co'),('3748ab619651b2e62d0473fde1241733',NULL,'66.249.70.108','Mozilla/5.0 (Linux; Android 6.0.1; Nexus 5X Build/MMB29P) AppleWebKit/537.36 (KHTML, like Gecko) Chrome/127.0.6533.119 Mobile Safari/537.36 (compatible; Googlebot/2.1; +http://www.google.com/bot.html)',1724638057,1724638057,0,'','revista.jdc.edu.co'),('375581195d2bac4cbe22070f18d51a0b',NULL,'66.249.70.108','Mozilla/5.0 (Linux; Android 6.0.1; Nexus 5X Build/MMB29P) AppleWebKit/537.36 (KHTML, like Gecko) Chrome/127.0.6533.119 Mobile Safari/537.36 (compatible; Googlebot/2.1; +http://www.google.com/bot.html)',1724648656,1724648656,0,'','revista.jdc.edu.co'),('3762010a15b832b3031b6258894562ec',NULL,'66.249.70.109','Mozilla/5.0 (Linux; Android 6.0.1; Nexus 5X Build/MMB29P) AppleWebKit/537.36 (KHTML, like Gecko) Chrome/127.0.6533.119 Mobile Safari/537.36 (compatible; Googlebot/2.1; +http://www.google.com/bot.html)',1724609738,1724609738,0,'','revista.jdc.edu.co'),('376cd82b9cf857a6aaa4a3ceedcbf67c',NULL,'172.241.112.86','Pingdom.com_bot_version_1.4_(http://www.pingdom.com/)',1724686190,1724686190,0,'','revista.jdc.edu.co'),('3779075fc0b839b785dcd86754f376c8',NULL,'187.190.153.99','Mozilla/5.0 (Windows NT 10.0; Win64; x64) AppleWebKit/537.36 (KHTML, like Gecko) Chrome/127.0.0.0 Safari/537.36',1724632630,1724632630,0,'','revista.jdc.edu.co'),('377c8b46facde99eb9ba628b3f6c9b3d',NULL,'38.18.25.1','Mozilla/5.0 AppleWebKit/537.36 (KHTML, like Gecko; compatible; PerplexityBot/1.0; +https://docs.perplexity.ai/docs/perplexity-bot)',1724655104,1724655104,0,'','revista.jdc.edu.co'),('37967531880784d9e65c613ac649179f',NULL,'104.129.24.154','Pingdom.com_bot_version_1.4_(http://www.pingdom.com/)',1724681871,1724681871,0,'','revista.jdc.edu.co'),('37bad87d793a1128b27751dfb5f061c1',NULL,'107.20.105.74','DreamHost SiteMonitor 1.0',1724627870,1724627870,0,'','revista.jdc.edu.co'),('37cfcce73fd1cf2458b5a12519d47562',NULL,'66.249.70.108','Mozilla/5.0 (Linux; Android 6.0.1; Nexus 5X Build/MMB29P) AppleWebKit/537.36 (KHTML, like Gecko) Chrome/127.0.6533.119 Mobile Safari/537.36 (compatible; Googlebot/2.1; +http://www.google.com/bot.html)',1724616182,1724616183,0,'currentLocale|s:5:\"pt_BR\";','revista.jdc.edu.co'),('37dbe0ca6571266098c25dc3d8c56469',NULL,'52.167.144.187','Mozilla/5.0 AppleWebKit/537.36 (KHTML, like Gecko; compatible; bingbot/2.0; +http://www.bing.com/bingbot.htm) Chrome/116.0.1938.76 Safari/537.36',1724636585,1724636585,0,'','revista.jdc.edu.co'),('37e1cee952b994518e7a2b04870af14b',NULL,'66.249.70.109','Googlebot/2.1 (+http://www.google.com/bot.html)',1724686121,1724686121,0,'','revista.jdc.edu.co'),('37fcf293c3b0949428e9128a79984d46',NULL,'40.77.167.52','Mozilla/5.0 AppleWebKit/537.36 (KHTML, like Gecko; compatible; bingbot/2.0; +http://www.bing.com/bingbot.htm) Chrome/116.0.1938.76 Safari/537.36',1724645226,1724645226,0,'','revista.jdc.edu.co'),('3801dc95b13337cc2f995b74ecf63479',NULL,'66.249.70.110','Mozilla/5.0 (Linux; Android 6.0.1; Nexus 5X Build/MMB29P) AppleWebKit/537.36 (KHTML, like Gecko) Chrome/127.0.6533.119 Mobile Safari/537.36 (compatible; Googlebot/2.1; +http://www.google.com/bot.html)',1724661214,1724661215,0,'currentLocale|s:5:\"es_ES\";','revista.jdc.edu.co'),('3802304e5ab416c370a815cc6fb49808',NULL,'104.129.24.154','Pingdom.com_bot_version_1.4_(http://www.pingdom.com/)',1724642870,1724642870,0,'','revista.jdc.edu.co'),('3809ae4d843476f3f797c53c9fa8192e',NULL,'23.106.37.99','Pingdom.com_bot_version_1.4_(http://www.pingdom.com/)',1724681570,1724681570,0,'','revista.jdc.edu.co'),('380e341075231270b3ff53582d1d0451',NULL,'107.20.105.74','DreamHost SiteMonitor 1.0',1724640469,1724640469,0,'','revista.jdc.edu.co'),('382599110f80e2904787a6c0ffa0c951',NULL,'72.14.201.229','Mozilla/5.0 (Linux; Android 10; K) AppleWebKit/537.36 (KHTML, like Gecko) Chrome/127.0.0.0 Mobile Safari/537.36',1724623815,1724623815,0,'','revista.jdc.edu.co'),('3830a64a39f92a12292b42b4380f6de4',NULL,'173.254.206.242','Pingdom.com_bot_version_1.4_(http://www.pingdom.com/)',1724601051,1724601051,0,'','revista.jdc.edu.co'),('385106b94eb26167be7f802675c6c8e6',NULL,'187.189.215.227','Mozilla/5.0 (Windows NT 10.0; Win64; x64) AppleWebKit/537.36 (KHTML, like Gecko) Chrome/127.0.0.0 Safari/537.36 Edg/127.0.0.0',1724693948,1724693948,0,'','revista.jdc.edu.co'),('385dc6940525ae1d91f09a76d76649ed',NULL,'190.92.219.117','Mozilla/5.0 (Windows NT 10.0; Win64; x64) AppleWebKit/537.36 (KHTML, like Gecko) Chrome/110.0.0.0 Safari/537.36',1724685631,1724685631,0,'','revista.jdc.edu.co'),('389b540979e297baec5c9fb486adcc2d',NULL,'46.20.45.18','Pingdom.com_bot_version_1.4_(http://www.pingdom.com/)',1724685290,1724685290,0,'','revista.jdc.edu.co'),('38b0b98563f575e434f02a570687192c',NULL,'216.24.212.163','',1724674381,1724674381,0,'currentLocale|s:5:\"en_US\";','revista.jdc.edu.co'),('38bed23f5d42fda659c53ad3d37876ff',NULL,'104.129.24.154','Pingdom.com_bot_version_1.4_(http://www.pingdom.com/)',1724606871,1724606871,0,'','revista.jdc.edu.co'),('38c7f93b07eb6fa7856cb5f51e7d3984',NULL,'66.249.70.109','Mozilla/5.0 (Linux; Android 6.0.1; Nexus 5X Build/MMB29P) AppleWebKit/537.36 (KHTML, like Gecko) Chrome/127.0.6533.119 Mobile Safari/537.36 (compatible; Googlebot/2.1; +http://www.google.com/bot.html)',1724647407,1724647407,0,'','revista.jdc.edu.co'),('38e41f50c235316013c3e1b168207119',NULL,'108.181.70.3','Pingdom.com_bot_version_1.4_(http://www.pingdom.com/)',1724680131,1724680131,0,'','revista.jdc.edu.co'),('38efc56fd5684f2b26954721fc0fb0d1',NULL,'49.0.206.244','Mozilla/5.0 (Windows NT 10.0; Win64; x64) AppleWebKit/537.36 (KHTML, like Gecko) Chrome/104.0.0.0 Safari/537.36',1724657439,1724657439,0,'','revista.jdc.edu.co'),('38f1959ae6484d710b7da2444e2b764f',NULL,'173.254.206.242','Pingdom.com_bot_version_1.4_(http://www.pingdom.com/)',1724661710,1724661710,0,'','revista.jdc.edu.co'),('390248edb369ef310225a9cd97ac241e',NULL,'179.33.208.42','Mozilla/5.0 (Windows NT 10.0; Win64; x64) AppleWebKit/537.36 (KHTML, like Gecko) Chrome/127.0.0.0 Safari/537.36',1724605617,1724605617,0,'','revista.jdc.edu.co'),('3915b004fb345f8257674930119d9d87',NULL,'46.20.45.18','Pingdom.com_bot_version_1.4_(http://www.pingdom.com/)',1724668550,1724668550,0,'','revista.jdc.edu.co'),('391704b17f0426a357dd7ba0dc5acd5d',NULL,'66.249.70.108','Mozilla/5.0 (Linux; Android 6.0.1; Nexus 5X Build/MMB29P) AppleWebKit/537.36 (KHTML, like Gecko) Chrome/127.0.6533.99 Mobile Safari/537.36 (compatible; Googlebot/2.1; +http://www.google.com/bot.html)',1724608102,1724608102,0,'','revista.jdc.edu.co'),('39172827cd6d3be24174dd4e280a772f',NULL,'190.232.46.60','Mozilla/5.0 (Windows NT 10.0; Win64; x64) AppleWebKit/537.36 (KHTML, like Gecko) Chrome/128.0.0.0 Safari/537.36',1724632204,1724632213,0,'','revista.jdc.edu.co'),('3938e3d2701984822be007521c06d460',NULL,'132.255.20.2','Mozilla/5.0 (Windows NT 10.0; Win64; x64) AppleWebKit/537.36 (KHTML, like Gecko) Chrome/127.0.0.0 Safari/537.36',1724686852,1724687554,0,'','revista.jdc.edu.co'),('394fced0e0b7b9b0ac394c0ad3a65b8c',NULL,'76.164.234.130','Pingdom.com_bot_version_1.4_(http://www.pingdom.com/)',1724680610,1724680610,0,'','revista.jdc.edu.co'),('395dc50f86688916e36a5e2f247f4746',NULL,'155.254.50.13','Mozilla/5.0 AppleWebKit/537.36 (KHTML, like Gecko; compatible; PerplexityBot/1.0; +https://docs.perplexity.ai/docs/perplexity-bot)',1724628288,1724628288,0,'','revista.jdc.edu.co'),('3960fff010005f0a3ec2475fe6212fd5',NULL,'190.108.85.58','Mozilla/5.0 (Windows NT 10.0; Win64; x64) AppleWebKit/537.36 (KHTML, like Gecko) Chrome/127.0.0.0 Safari/537.36',1724640999,1724640999,0,'','revista.jdc.edu.co'),('3969de85c53f742ccd4a709c5792f753',NULL,'196.240.207.18','Pingdom.com_bot_version_1.4_(http://www.pingdom.com/)',1724693451,1724693451,0,'','revista.jdc.edu.co'),('396c4a586c3a7ee9e77e4c949d233ac3',NULL,'108.181.70.3','Pingdom.com_bot_version_1.4_(http://www.pingdom.com/)',1724657930,1724657930,0,'','revista.jdc.edu.co'),('398516aecfcd96d65c4e35102f703cb7',NULL,'179.6.149.120','Mozilla/5.0 (Windows NT 10.0; Win64; x64) AppleWebKit/537.36 (KHTML, like Gecko) Chrome/128.0.0.0 Safari/537.36',1724614813,1724614813,0,'','revista.jdc.edu.co'),('398677176d84ab4410a7f8004ec9cdfe',NULL,'172.241.112.86','Pingdom.com_bot_version_1.4_(http://www.pingdom.com/)',1724631591,1724631591,0,'','revista.jdc.edu.co'),('398e0f2cf8fc3931ae684bcbe84550b4',NULL,'66.249.70.109','Mozilla/5.0 (Linux; Android 6.0.1; Nexus 5X Build/MMB29P) AppleWebKit/537.36 (KHTML, like Gecko) Chrome/127.0.6533.119 Mobile Safari/537.36 (compatible; Googlebot/2.1; +http://www.google.com/bot.html)',1724660767,1724660767,0,'','revista.jdc.edu.co'),('399c7a549def0a716ed403f70b8cd7c9',NULL,'66.249.70.109','Mozilla/5.0 (Linux; Android 6.0.1; Nexus 5X Build/MMB29P) AppleWebKit/537.36 (KHTML, like Gecko) Chrome/127.0.6533.119 Mobile Safari/537.36 (compatible; Googlebot/2.1; +http://www.google.com/bot.html)',1724693676,1724693676,0,'','revista.jdc.edu.co'),('39ab43a46cb85a7d4df85529191ed76b',NULL,'172.241.112.86','Pingdom.com_bot_version_1.4_(http://www.pingdom.com/)',1724687990,1724687990,0,'','revista.jdc.edu.co'),('39ab5368af0a8bda7407bb3df15b0def',NULL,'190.145.240.156','Mozilla/5.0 (Windows NT 10.0; Win64; x64) AppleWebKit/537.36 (KHTML, like Gecko) Chrome/127.0.0.0 Safari/537.36',1724606080,1724606080,0,'','revista.jdc.edu.co'),('39be4246097f10ca1c35fd52ff0329e9',NULL,'66.249.70.110','Mozilla/5.0 (Linux; Android 6.0.1; Nexus 5X Build/MMB29P) AppleWebKit/537.36 (KHTML, like Gecko) Chrome/127.0.6533.119 Mobile Safari/537.36 (compatible; Googlebot/2.1; +http://www.google.com/bot.html)',1724694055,1724694055,0,'','revista.jdc.edu.co'),('39c43e373f36ac6742e53a7df438566a',NULL,'173.254.206.242','Pingdom.com_bot_version_1.4_(http://www.pingdom.com/)',1724675510,1724675510,0,'','revista.jdc.edu.co'),('39ddfbb18dacf550747a2d20471ea56c',NULL,'199.87.228.66','Pingdom.com_bot_version_1.4_(http://www.pingdom.com/)',1724619230,1724619230,0,'','revista.jdc.edu.co'),('39fd1702476ecb93de9a587fea738686',NULL,'196.245.151.42','Pingdom.com_bot_version_1.4_(http://www.pingdom.com/)',1724641310,1724641310,0,'','revista.jdc.edu.co'),('3a0368d1e35cd54c842163bf62e9832a',NULL,'148.72.170.233','Pingdom.com_bot_version_1.4_(http://www.pingdom.com/)',1724630210,1724630210,0,'','revista.jdc.edu.co'),('3a12321c5365d5e511fc064bc10f648d',NULL,'107.20.105.74','DreamHost SiteMonitor 1.0',1724615569,1724615569,0,'','revista.jdc.edu.co'),('3a16a677c865096cce90d6e74c0746e1',NULL,'196.245.151.42','Pingdom.com_bot_version_1.4_(http://www.pingdom.com/)',1724637110,1724637110,0,'','revista.jdc.edu.co'),('3a1bfbb1717963dbe0541c542ba81a2f',NULL,'66.249.70.108','Mozilla/5.0 (Linux; Android 6.0.1; Nexus 5X Build/MMB29P) AppleWebKit/537.36 (KHTML, like Gecko) Chrome/127.0.6533.119 Mobile Safari/537.36 (compatible; Googlebot/2.1; +http://www.google.com/bot.html)',1724684006,1724684007,0,'currentLocale|s:5:\"es_ES\";','revista.jdc.edu.co'),('3a22e47df7a19e9b42c430871c618fc2',NULL,'46.20.45.18','Pingdom.com_bot_version_1.4_(http://www.pingdom.com/)',1724678690,1724678690,0,'','revista.jdc.edu.co'),('3a262388ad3131b96ff6da6f44a70d0a',NULL,'66.249.70.110','Mozilla/5.0 (Linux; Android 6.0.1; Nexus 5X Build/MMB29P) AppleWebKit/537.36 (KHTML, like Gecko) Chrome/127.0.6533.119 Mobile Safari/537.36 (compatible; Googlebot/2.1; +http://www.google.com/bot.html)',1724634298,1724634298,0,'','revista.jdc.edu.co'),('3a302c1f951723dec230c8a7562faf85',NULL,'107.20.105.74','DreamHost SiteMonitor 1.0',1724607169,1724607169,0,'','revista.jdc.edu.co'),('3a3dbe166bd7369308452c370f56e1a9',NULL,'107.20.105.74','DreamHost SiteMonitor 1.0',1724650970,1724650970,0,'','revista.jdc.edu.co'),('3a49aebe2005963fdebdd8ba506f75f8',NULL,'52.215.226.101','Mozilla/5.0 (Macintosh; Intel Mac OS X 10.15; rv:109.0) AppleWebKit/537.36 (KHTML, like Gecko) Chrome/108.0.0.0 Safari/537.36',1724609657,1724609657,0,'','revista.jdc.edu.co'),('3a4b77b9f2fc7d471be808e6966ddd3c',NULL,'66.249.70.109','Mozilla/5.0 (Linux; Android 6.0.1; Nexus 5X Build/MMB29P) AppleWebKit/537.36 (KHTML, like Gecko) Chrome/127.0.6533.99 Mobile Safari/537.36 (compatible; Googlebot/2.1; +http://www.google.com/bot.html)',1724661270,1724661270,0,'','revista.jdc.edu.co'),('3a4f912a674a30371c92a9ad7f9fd46e',NULL,'107.182.234.77','Pingdom.com_bot_version_1.4_(http://www.pingdom.com/)',1724686551,1724686551,0,'','revista.jdc.edu.co'),('3a6e41c18a4d334e0b7e5d30dd3b24dd',NULL,'187.132.240.13','Mozilla/5.0 (Linux; Android 10; K) AppleWebKit/537.36 (KHTML, like Gecko) Chrome/127.0.0.0 Mobile Safari/537.36',1724688981,1724688981,0,'','revista.jdc.edu.co'),('3a75c9aefd316c890efcd3ee15baff15',NULL,'64.237.55.3','Pingdom.com_bot_version_1.4_(http://www.pingdom.com/)',1724658170,1724658170,0,'','revista.jdc.edu.co'),('3a80ab76fb7316d597f727370273d6f1',NULL,'72.14.201.211','Mozilla/5.0 (Linux; Android 10; K) AppleWebKit/537.36 (KHTML, like Gecko) Chrome/127.0.0.0 Mobile Safari/537.36',1724621853,1724621853,0,'','revista.jdc.edu.co'),('3a88b0c631eb44a11e7107f604028c92',NULL,'186.28.4.237','Mozilla/5.0 (Linux; Android 10; K) AppleWebKit/537.36 (KHTML, like Gecko) Chrome/127.0.0.0 Mobile Safari/537.36',1724610560,1724610560,0,'','revista.jdc.edu.co'),('3a8c7937726f33f051afab648dd70f41',NULL,'196.245.151.42','Pingdom.com_bot_version_1.4_(http://www.pingdom.com/)',1724641910,1724641910,0,'','revista.jdc.edu.co'),('3aa256e0e6a32334b6357e9096b9856b',NULL,'191.95.19.27','Mozilla/5.0 (iPhone; CPU iPhone OS 16_1_1 like Mac OS X) AppleWebKit/605.1.15 (KHTML, like Gecko) Version/16.1 Mobile/15E148 Safari/604.1',1724675726,1724675726,0,'','revista.jdc.edu.co'),('3abd36f35802bc4b7e87af192edb2008',NULL,'209.58.139.193','Pingdom.com_bot_version_1.4_(http://www.pingdom.com/)',1724684030,1724684030,0,'','revista.jdc.edu.co'),('3ac68905641a3a6eed89f9bf826dd12a',NULL,'172.241.112.86','Pingdom.com_bot_version_1.4_(http://www.pingdom.com/)',1724670591,1724670591,0,'','revista.jdc.edu.co'),('3ad4baa586e028572ebcffd99ad5c976',NULL,'52.167.144.140','Mozilla/5.0 AppleWebKit/537.36 (KHTML, like Gecko; compatible; bingbot/2.0; +http://www.bing.com/bingbot.htm) Chrome/116.0.1938.76 Safari/537.36',1724627720,1724627720,0,'','revista.jdc.edu.co'),('3ad4d1f7d03cd35c03d426812adcab97',NULL,'107.182.234.77','Pingdom.com_bot_version_1.4_(http://www.pingdom.com/)',1724679950,1724679950,0,'','revista.jdc.edu.co'),('3af234684bec181146d7d1a707ab5ff5',NULL,'185.220.100.252','Mozilla/5.0 (X11; Linux i686) AppleWebKit/537.36 (KHTML, like Gecko) Chrome/114.0.0.0 Safari/537.36 Vivaldi/5.3.2679.68',1724667726,1724667726,0,'','revista.jdc.edu.co'),('3af8a51cba200f57b1edeadac97d1c92',NULL,'196.245.151.42','Pingdom.com_bot_version_1.4_(http://www.pingdom.com/)',1724608910,1724608910,0,'','revista.jdc.edu.co'),('3b0afe880607c49693db1f79b59043cd',NULL,'64.237.55.3','Pingdom.com_bot_version_1.4_(http://www.pingdom.com/)',1724623970,1724623970,0,'','revista.jdc.edu.co'),('3b4c813e07c304c5d28b6bab12576bcc',NULL,'66.249.70.108','Mozilla/5.0 (Linux; Android 6.0.1; Nexus 5X Build/MMB29P) AppleWebKit/537.36 (KHTML, like Gecko) Chrome/127.0.6533.119 Mobile Safari/537.36 (compatible; Googlebot/2.1; +http://www.google.com/bot.html)',1724647017,1724647017,0,'','revista.jdc.edu.co'),('3b5064be9ccfeda73b3fe8b78cc0f605',NULL,'52.167.144.192','Mozilla/5.0 AppleWebKit/537.36 (KHTML, like Gecko; compatible; bingbot/2.0; +http://www.bing.com/bingbot.htm) Chrome/116.0.1938.76 Safari/537.36',1724643072,1724643072,0,'','revista.jdc.edu.co'),('3b620314d0c7b704f63a5479e55c462d',NULL,'184.75.214.66','Pingdom.com_bot_version_1.4_(http://www.pingdom.com/)',1724676050,1724676050,0,'','revista.jdc.edu.co'),('3b7971dad766d67b381f74958fb7d7b7',NULL,'187.190.166.25','Mozilla/5.0 (Linux; Android 10; K) AppleWebKit/537.36 (KHTML, like Gecko) Chrome/127.0.0.0 Mobile Safari/537.36',1724643705,1724643705,0,'','revista.jdc.edu.co'),('3b837739ac646bcb65cbf0e9ada09343',NULL,'199.87.228.66','Pingdom.com_bot_version_1.4_(http://www.pingdom.com/)',1724612030,1724612030,0,'','revista.jdc.edu.co'),('3b932048bef127449a560d5fa7839050',NULL,'66.249.70.108','Mozilla/5.0 (Linux; Android 6.0.1; Nexus 5X Build/MMB29P) AppleWebKit/537.36 (KHTML, like Gecko) Chrome/127.0.6533.99 Mobile Safari/537.36 (compatible; Googlebot/2.1; +http://www.google.com/bot.html)',1724609939,1724609939,0,'','revista.jdc.edu.co'),('3b9a00558fed769df214f789dc33d1b9',NULL,'64.237.55.3','Pingdom.com_bot_version_1.4_(http://www.pingdom.com/)',1724668970,1724668970,0,'','revista.jdc.edu.co'),('3ba84a5e889faa2fd3a07966c6b6851d',NULL,'66.249.70.109','Mozilla/5.0 (Linux; Android 6.0.1; Nexus 5X Build/MMB29P) AppleWebKit/537.36 (KHTML, like Gecko) Chrome/127.0.6533.119 Mobile Safari/537.36 (compatible; Googlebot/2.1; +http://www.google.com/bot.html)',1724694590,1724694591,0,'currentLocale|s:5:\"pt_BR\";','revista.jdc.edu.co'),('3bc45d8a940fe9614c81c17b837b2e22',NULL,'66.249.70.109','Mozilla/5.0 (Linux; Android 6.0.1; Nexus 5X Build/MMB29P) AppleWebKit/537.36 (KHTML, like Gecko) Chrome/127.0.6533.119 Mobile Safari/537.36 (compatible; Googlebot/2.1; +http://www.google.com/bot.html)',1724660382,1724660382,0,'','revista.jdc.edu.co'),('3bd27d40297734b11c86a176eb51fd45',NULL,'66.249.70.108','Mozilla/5.0 (Linux; Android 6.0.1; Nexus 5X Build/MMB29P) AppleWebKit/537.36 (KHTML, like Gecko) Chrome/127.0.6533.119 Mobile Safari/537.36 (compatible; Googlebot/2.1; +http://www.google.com/bot.html)',1724601702,1724601702,0,'','revista.jdc.edu.co'),('3be59996a03efc86b48577881ce3a46f',NULL,'107.182.234.77','Pingdom.com_bot_version_1.4_(http://www.pingdom.com/)',1724669210,1724669210,0,'','revista.jdc.edu.co'),('3bff440f55613a0b80d1978bf30eb50c',NULL,'107.20.105.74','DreamHost SiteMonitor 1.0',1724693271,1724693271,0,'','revista.jdc.edu.co'),('3c184022481c85cc009689d1b66d1bce',NULL,'108.181.70.3','Pingdom.com_bot_version_1.4_(http://www.pingdom.com/)',1724625531,1724625531,0,'','revista.jdc.edu.co'),('3c320761d9c31974fe4838ecff2c1c40',NULL,'66.249.70.108','Mozilla/5.0 (Linux; Android 6.0.1; Nexus 5X Build/MMB29P) AppleWebKit/537.36 (KHTML, like Gecko) Chrome/127.0.6533.119 Mobile Safari/537.36 (compatible; Googlebot/2.1; +http://www.google.com/bot.html)',1724604473,1724604473,0,'','revista.jdc.edu.co'),('3c40c85eed45af022d407d107bba6189',NULL,'66.249.70.108','Mozilla/5.0 (Linux; Android 6.0.1; Nexus 5X Build/MMB29P) AppleWebKit/537.36 (KHTML, like Gecko) Chrome/127.0.6533.119 Mobile Safari/537.36 (compatible; Googlebot/2.1; +http://www.google.com/bot.html)',1724603039,1724603039,0,'','revista.jdc.edu.co'),('3c48946421b935e2c769dc1ac36e2687',NULL,'179.51.142.137','Mozilla/5.0 (Linux; Android 10; K) AppleWebKit/537.36 (KHTML, like Gecko) Chrome/127.0.0.0 Mobile Safari/537.36',1724637431,1724637431,0,'','revista.jdc.edu.co'),('3c5fbf4ec669576b8d5cde7c3278ed43',NULL,'66.249.70.108','Mozilla/5.0 (Linux; Android 6.0.1; Nexus 5X Build/MMB29P) AppleWebKit/537.36 (KHTML, like Gecko) Chrome/127.0.6533.119 Mobile Safari/537.36 (compatible; Googlebot/2.1; +http://www.google.com/bot.html)',1724679708,1724679708,0,'','revista.jdc.edu.co'),('3c86d4e6aaa775c025f6244582e9effb',NULL,'66.249.70.108','Mozilla/5.0 (Linux; Android 6.0.1; Nexus 5X Build/MMB29P) AppleWebKit/537.36 (KHTML, like Gecko) Chrome/127.0.6533.119 Mobile Safari/537.36 (compatible; Googlebot/2.1; +http://www.google.com/bot.html)',1724619972,1724619972,0,'','revista.jdc.edu.co'),('3ca8da32c6b12df7832a5acdc1f9c5e7',NULL,'66.249.70.108','Mozilla/5.0 (Linux; Android 6.0.1; Nexus 5X Build/MMB29P) AppleWebKit/537.36 (KHTML, like Gecko) Chrome/127.0.6533.119 Mobile Safari/537.36 (compatible; Googlebot/2.1; +http://www.google.com/bot.html)',1724651949,1724651949,0,'','revista.jdc.edu.co'),('3ccc2019a830b4a289d1b1ea1ae445a3',NULL,'66.249.70.110','Mozilla/5.0 (Linux; Android 6.0.1; Nexus 5X Build/MMB29P) AppleWebKit/537.36 (KHTML, like Gecko) Chrome/127.0.6533.119 Mobile Safari/537.36 (compatible; Googlebot/2.1; +http://www.google.com/bot.html)',1724672231,1724672231,0,'','revista.jdc.edu.co'),('3ccf754180e7ea8b0b6a4f80c0417d4c',NULL,'66.249.70.108','Mozilla/5.0 (Linux; Android 6.0.1; Nexus 5X Build/MMB29P) AppleWebKit/537.36 (KHTML, like Gecko) Chrome/127.0.6533.119 Mobile Safari/537.36 (compatible; Googlebot/2.1; +http://www.google.com/bot.html)',1724617506,1724617506,0,'','revista.jdc.edu.co'),('3cdd0a041c62a5bf31c6543f75208480',NULL,'52.167.144.204','Mozilla/5.0 AppleWebKit/537.36 (KHTML, like Gecko; compatible; bingbot/2.0; +http://www.bing.com/bingbot.htm) Chrome/116.0.1938.76 Safari/537.36',1724607722,1724607722,0,'','revista.jdc.edu.co'),('3ce47f3e44ca4c574c91863d86ef1dd9',NULL,'196.245.151.42','Pingdom.com_bot_version_1.4_(http://www.pingdom.com/)',1724602311,1724602311,0,'','revista.jdc.edu.co'),('3cf1fcb7e01e00cf416f93ba3962a4a9',NULL,'45.232.105.196','Mozilla/5.0 (Windows NT 10.0; Win64; x64) AppleWebKit/537.36 (KHTML, like Gecko) Chrome/127.0.0.0 Safari/537.36',1724681845,1724681867,0,'','revista.jdc.edu.co'),('3cf2ccaa7edd8de0853fe3b341cc6b5f',NULL,'66.249.70.108','Mozilla/5.0 (Linux; Android 6.0.1; Nexus 5X Build/MMB29P) AppleWebKit/537.36 (KHTML, like Gecko) Chrome/127.0.6533.119 Mobile Safari/537.36 (compatible; Googlebot/2.1; +http://www.google.com/bot.html)',1724655314,1724655314,0,'','revista.jdc.edu.co'),('3cf33f90976af63cffeda047400f1c7d',NULL,'108.181.70.3','Pingdom.com_bot_version_1.4_(http://www.pingdom.com/)',1724692130,1724692130,0,'','revista.jdc.edu.co'),('3cfd0e53bdeec67eeddfd61adb46a202',NULL,'66.249.70.108','Mozilla/5.0 AppleWebKit/537.36 (KHTML, like Gecko; compatible; Googlebot/2.1; +http://www.google.com/bot.html) Chrome/127.0.6533.99 Safari/537.36',1724614143,1724614143,0,'','revista.jdc.edu.co'),('3d1524080a44f559bbb4e51d7a077d59',NULL,'167.160.50.198','Mozilla/5.0 AppleWebKit/537.36 (KHTML, like Gecko; compatible; PerplexityBot/1.0; +https://docs.perplexity.ai/docs/perplexity-bot)',1724649165,1724649165,0,'','revista.jdc.edu.co'),('3d15fd0e459e103fabf2ff3ef282f52e',NULL,'76.164.234.130','Pingdom.com_bot_version_1.4_(http://www.pingdom.com/)',1724687211,1724687211,0,'','revista.jdc.edu.co'),('3d40ff085adc109717bc08eb67b1e156',NULL,'40.77.167.21','Mozilla/5.0 AppleWebKit/537.36 (KHTML, like Gecko; compatible; bingbot/2.0; +http://www.bing.com/bingbot.htm) Chrome/116.0.1938.76 Safari/537.36',1724663368,1724663369,0,'currentLocale|s:5:\"es_ES\";','revista.jdc.edu.co'),('3d45ef55b4dee2eb7758b1100f631da3',NULL,'107.182.234.77','Pingdom.com_bot_version_1.4_(http://www.pingdom.com/)',1724603751,1724603751,0,'','revista.jdc.edu.co'),('3d4c156d948d9afff8405b6bb8ef542f',NULL,'66.249.70.110','Mozilla/5.0 (Linux; Android 6.0.1; Nexus 5X Build/MMB29P) AppleWebKit/537.36 (KHTML, like Gecko) Chrome/127.0.6533.119 Mobile Safari/537.36 (compatible; Googlebot/2.1; +http://www.google.com/bot.html)',1724653397,1724653397,0,'currentLocale|s:5:\"pt_BR\";','revista.jdc.edu.co'),('3d5b179f36d0e09fdba12502c46463cd',NULL,'199.87.228.66','Pingdom.com_bot_version_1.4_(http://www.pingdom.com/)',1724603030,1724603030,0,'','revista.jdc.edu.co'),('3d9d3b876fe336dfb0263e454b638abb',NULL,'191.156.146.152','Mozilla/5.0 (Linux; Android 11; moto e20) AppleWebKit/537.36 (KHTML, like Gecko) Chrome/103.0.0.0 Mobile Safari/537.36',1724675263,1724675263,0,'','revista.jdc.edu.co'),('3dac3b7a379fc49baa61c8268e90ebf5',NULL,'104.129.24.154','Pingdom.com_bot_version_1.4_(http://www.pingdom.com/)',1724675870,1724675870,0,'','revista.jdc.edu.co'),('3db0dfc2d3ebd1e109fa2e91ff69cdba',NULL,'108.181.70.3','Pingdom.com_bot_version_1.4_(http://www.pingdom.com/)',1724660930,1724660930,0,'','revista.jdc.edu.co'),('3e4c88700fc859ad2cc8c542ae7948c3',NULL,'196.245.151.42','Pingdom.com_bot_version_1.4_(http://www.pingdom.com/)',1724637710,1724637710,0,'','revista.jdc.edu.co'),('3e69525c56caca556770a19e844f8c49',NULL,'66.249.70.108','Mozilla/5.0 (Linux; Android 6.0.1; Nexus 5X Build/MMB29P) AppleWebKit/537.36 (KHTML, like Gecko) Chrome/127.0.6533.119 Mobile Safari/537.36 (compatible; Googlebot/2.1; +http://www.google.com/bot.html)',1724678683,1724678683,0,'','revista.jdc.edu.co'),('3ea3b0b07537562f8100a121a5648778',NULL,'66.249.70.110','Mozilla/5.0 (Linux; Android 6.0.1; Nexus 5X Build/MMB29P) AppleWebKit/537.36 (KHTML, like Gecko) Chrome/127.0.6533.119 Mobile Safari/537.36 (compatible; Googlebot/2.1; +http://www.google.com/bot.html)',1724658236,1724658236,0,'','revista.jdc.edu.co'),('3ed6994ec6d6109189c7237379a3b1cb',NULL,'66.249.70.110','Mozilla/5.0 (Linux; Android 6.0.1; Nexus 5X Build/MMB29P) AppleWebKit/537.36 (KHTML, like Gecko) Chrome/127.0.6533.119 Mobile Safari/537.36 (compatible; Googlebot/2.1; +http://www.google.com/bot.html)',1724677524,1724677524,0,'','revista.jdc.edu.co'),('3ee21ebe65b00c83dacb43bacc6c281c',NULL,'186.13.195.193','Mozilla/5.0 (Windows NT 10.0; Win64; x64) AppleWebKit/537.36 (KHTML, like Gecko) Chrome/128.0.0.0 Safari/537.36',1724688350,1724688353,0,'','revista.jdc.edu.co'),('3f2b560bdfd01a43386ec14785721e03',NULL,'201.151.85.78','Mozilla/5.0 (Linux; Android 10; K) AppleWebKit/537.36 (KHTML, like Gecko) Chrome/128.0.0.0 Mobile Safari/537.36',1724680815,1724680815,0,'','revista.jdc.edu.co'),('3f33c43a218c12b8143f4e3d32fc851e',NULL,'107.182.234.77','Pingdom.com_bot_version_1.4_(http://www.pingdom.com/)',1724621750,1724621750,0,'','revista.jdc.edu.co'),('3f51e557b89f8e2c1dd0a4e488fa91f4',NULL,'191.91.39.37','',1724627326,1724627326,0,'currentLocale|s:5:\"en_US\";','revista.jdc.edu.co'),('3f7002109c3eebb2f62f493662e66cd0',NULL,'193.186.4.220','Mozilla/5.0 (Windows NT 10.0; Win64; x64) AppleWebKit/537.36 (KHTML, like Gecko) Chrome/127.0.0.0 Safari/537.36',1724691917,1724691917,0,'','revista.jdc.edu.co'),('3fa08d5792c9a181736177d08379b0f5',NULL,'66.249.70.109','Googlebot/2.1 (+http://www.google.com/bot.html)',1724678884,1724678884,0,'','revista.jdc.edu.co'),('3fad1db989209d327fa5f90dda670c3e',NULL,'166.108.239.180','Mozilla/5.0 (Windows NT 10.0; Win64; x64) AppleWebKit/537.36 (KHTML, like Gecko) Chrome/101.0.4951.64 Safari/537.36 Edg/101.0.1210.47',1724679781,1724679785,0,'currentLocale|s:5:\"pt_BR\";','revista.jdc.edu.co'),('3fadd919cd105006e5cf9342f45f7add',NULL,'108.181.70.3','Pingdom.com_bot_version_1.4_(http://www.pingdom.com/)',1724686731,1724686731,0,'','revista.jdc.edu.co'),('3fb9177511b4fa0b485f1f8578d27742',NULL,'46.20.45.18','Pingdom.com_bot_version_1.4_(http://www.pingdom.com/)',1724632491,1724632491,0,'','revista.jdc.edu.co'),('3fb93963e9afb7378a78faf0f99a499e',NULL,'66.249.70.110','Mozilla/5.0 (Linux; Android 6.0.1; Nexus 5X Build/MMB29P) AppleWebKit/537.36 (KHTML, like Gecko) Chrome/127.0.6533.119 Mobile Safari/537.36 (compatible; Googlebot/2.1; +http://www.google.com/bot.html)',1724655451,1724655451,0,'','revista.jdc.edu.co'),('3fbda1a544ece2ebbf66a21765308c46',NULL,'172.241.112.86','Pingdom.com_bot_version_1.4_(http://www.pingdom.com/)',1724692190,1724692190,0,'','revista.jdc.edu.co'),('3fc61fe6d6d40823296e0114ebed6acb',NULL,'108.181.70.3','Pingdom.com_bot_version_1.4_(http://www.pingdom.com/)',1724650730,1724650730,0,'','revista.jdc.edu.co'),('3fc7aca683e309527c76ca1d9cd29d7e',NULL,'107.20.105.74','DreamHost SiteMonitor 1.0',1724649770,1724649770,0,'','revista.jdc.edu.co'),('3fe6838018f33c71408c6818d2199f8d',NULL,'66.249.70.109','Mozilla/5.0 (Linux; Android 6.0.1; Nexus 5X Build/MMB29P) AppleWebKit/537.36 (KHTML, like Gecko) Chrome/127.0.6533.119 Mobile Safari/537.36 (compatible; Googlebot/2.1; +http://www.google.com/bot.html)',1724652641,1724652641,0,'','revista.jdc.edu.co'),('3ff922e773fe0c0655b3f86ddc0be065',NULL,'38.25.25.28','Mozilla/5.0 (Windows NT 10.0; Win64; x64) AppleWebKit/537.36 (KHTML, like Gecko) Chrome/127.0.0.0 Safari/537.36',1724635612,1724635614,0,'','revista.jdc.edu.co'),('3ffdd40d1d9b10765205a220d342fecb',NULL,'66.249.70.109','Mozilla/5.0 (Linux; Android 6.0.1; Nexus 5X Build/MMB29P) AppleWebKit/537.36 (KHTML, like Gecko) Chrome/127.0.6533.119 Mobile Safari/537.36 (compatible; Googlebot/2.1; +http://www.google.com/bot.html)',1724693614,1724693614,0,'','revista.jdc.edu.co'),('40086fe296ef4efb9e341958bf3dc848',NULL,'148.72.170.233','Pingdom.com_bot_version_1.4_(http://www.pingdom.com/)',1724627810,1724627810,0,'','revista.jdc.edu.co'),('4022805896f899b1d1c1275f3af62f8a',NULL,'107.20.105.74','DreamHost SiteMonitor 1.0',1724659369,1724659369,0,'','revista.jdc.edu.co'),('4032164be27e8caac7ece0c301efb398',NULL,'190.140.24.173','Mozilla/5.0 (Windows NT 10.0; Win64; x64) AppleWebKit/537.36 (KHTML, like Gecko) Chrome/127.0.0.0 Safari/537.36',1724682764,1724682764,0,'','revista.jdc.edu.co'),('4035a56cbb777a08b5901b591a92bfcc',NULL,'94.74.89.144','Mozilla/5.0 (Windows NT 10.0; Win64; x64) AppleWebKit/537.36 (KHTML, like Gecko) Chrome/107.0.0.0 Safari/537.36',1724661354,1724661356,0,'currentLocale|s:5:\"pt_BR\";','revista.jdc.edu.co'),('4053e8a932816c765a685d19c7b60972',NULL,'66.249.70.110','Mozilla/5.0 (Linux; Android 6.0.1; Nexus 5X Build/MMB29P) AppleWebKit/537.36 (KHTML, like Gecko) Chrome/127.0.6533.119 Mobile Safari/537.36 (compatible; Googlebot/2.1; +http://www.google.com/bot.html)',1724651437,1724651437,0,'','revista.jdc.edu.co'),('4090504541c52fbfa594258e10a7dcc1',NULL,'201.188.143.240','Mozilla/5.0 (Windows NT 10.0; Win64; x64) AppleWebKit/537.36 (KHTML, like Gecko) Chrome/128.0.0.0 Safari/537.36',1724610302,1724610302,0,'','revista.jdc.edu.co'),('40909bfe8ed8fd5f302de9bb981748a2',NULL,'177.234.245.29','Mozilla/5.0 (Windows NT 10.0; Win64; x64) AppleWebKit/537.36 (KHTML, like Gecko) Gecko/20100101 Firefox/88.0',1724619512,1724619512,0,'','revista.jdc.edu.co'),('40a7f975dfdf8ded336c5da549c90704',NULL,'107.20.105.74','DreamHost SiteMonitor 1.0',1724677969,1724677969,0,'','revista.jdc.edu.co'),('40b8fdfbbba5768b8c75cf7adab3c550',NULL,'38.191.204.4','Mozilla/5.0 (Linux; Android 10; K) AppleWebKit/537.36 (KHTML, like Gecko) Chrome/127.0.0.0 Mobile Safari/537.36',1724618728,1724618728,0,'','revista.jdc.edu.co'),('40edf20b64fd20e6ba7926279d2a6e45',NULL,'196.245.151.42','Pingdom.com_bot_version_1.4_(http://www.pingdom.com/)',1724640111,1724640111,0,'','revista.jdc.edu.co'),('40f9f3fa741e4dcd0835d58d7ff2d924',NULL,'172.241.112.86','Pingdom.com_bot_version_1.4_(http://www.pingdom.com/)',1724669990,1724669990,0,'','revista.jdc.edu.co'),('411711ca5284e03a0ca0aeb581f70382',NULL,'108.181.70.3','Pingdom.com_bot_version_1.4_(http://www.pingdom.com/)',1724690330,1724690330,0,'','revista.jdc.edu.co'),('41176554549668cb5f7e48d74304974f',NULL,'172.241.112.86','Pingdom.com_bot_version_1.4_(http://www.pingdom.com/)',1724675390,1724675390,0,'','revista.jdc.edu.co'),('414426da620c72b65ce39a0ffe9c6a6b',NULL,'209.58.139.193','Pingdom.com_bot_version_1.4_(http://www.pingdom.com/)',1724685830,1724685830,0,'','revista.jdc.edu.co'),('414792735cc664a99b03647b699018f3',NULL,'185.163.209.180','Mozilla/5.0 AppleWebKit/537.36 (KHTML, like Gecko; compatible; PerplexityBot/1.0; +https://docs.perplexity.ai/docs/perplexity-bot)',1724647137,1724647137,0,'','revista.jdc.edu.co'),('4150da82c5164d4357e946ed97e02452',NULL,'107.20.105.74','DreamHost SiteMonitor 1.0',1724615270,1724615270,0,'','revista.jdc.edu.co'),('4153e1d11a51faf95056271bc94bbfd1',NULL,'66.249.70.109','Mozilla/5.0 (Linux; Android 6.0.1; Nexus 5X Build/MMB29P) AppleWebKit/537.36 (KHTML, like Gecko) Chrome/127.0.6533.119 Mobile Safari/537.36 (compatible; Googlebot/2.1; +http://www.google.com/bot.html)',1724633687,1724633687,0,'','revista.jdc.edu.co'),('415ff469238918e7662ac094e4c306a1',NULL,'199.87.228.66','Pingdom.com_bot_version_1.4_(http://www.pingdom.com/)',1724636030,1724636030,0,'','revista.jdc.edu.co'),('41890fdd6addda6545f33c40279215b0',NULL,'197.156.97.81','Mozilla/5.0 (Windows NT 10.0; Win64; x64) AppleWebKit/537.36 (KHTML, like Gecko) Chrome/127.0.0.0 Safari/537.36',1724627544,1724627544,0,'','revista.jdc.edu.co'),('418f7f0d1a687684a987d75e0ece94ac',NULL,'107.182.234.77','Pingdom.com_bot_version_1.4_(http://www.pingdom.com/)',1724604950,1724604950,0,'','revista.jdc.edu.co'),('41a879712ac8178b8ff9a145de57e05e',NULL,'107.20.105.74','DreamHost SiteMonitor 1.0',1724653669,1724653669,0,'','revista.jdc.edu.co'),('41acf096c28531a2274b9772d4ca90bf',NULL,'108.181.70.3','Pingdom.com_bot_version_1.4_(http://www.pingdom.com/)',1724685531,1724685531,0,'','revista.jdc.edu.co'),('41badc347d5e132fd299b8efd6a38be8',NULL,'66.249.70.109','Mozilla/5.0 (Linux; Android 6.0.1; Nexus 5X Build/MMB29P) AppleWebKit/537.36 (KHTML, like Gecko) Chrome/127.0.6533.119 Mobile Safari/537.36 (compatible; Googlebot/2.1; +http://www.google.com/bot.html)',1724608708,1724608708,0,'','revista.jdc.edu.co'),('41d8b4d819479a1fbc994ab6cd07ee1e',NULL,'200.68.162.130','Mozilla/5.0 (Linux; Android 10; K) AppleWebKit/537.36 (KHTML, like Gecko) Chrome/127.0.0.0 Mobile Safari/537.36',1724630208,1724630208,0,'','revista.jdc.edu.co'),('41f022dbcb7984c0c2be3835807d4b43',NULL,'172.241.112.86','Pingdom.com_bot_version_1.4_(http://www.pingdom.com/)',1724603991,1724603991,0,'','revista.jdc.edu.co'),('42194eb95ecd3449835aca5a538fff60',NULL,'187.190.187.248','Mozilla/5.0 (iPhone; CPU iPhone OS 17_5 like Mac OS X) AppleWebKit/605.1.15 (KHTML, like Gecko) GSA/330.0.663358993 Mobile/15E148 Safari/604.1',1724631983,1724631983,0,'','revista.jdc.edu.co'),('422cd38aff5d047d3a35c6be14592890',NULL,'104.129.24.154','Pingdom.com_bot_version_1.4_(http://www.pingdom.com/)',1724652470,1724652470,0,'','revista.jdc.edu.co'),('422db76fa8a7011d44bba26bf5826ab8',NULL,'66.249.70.109','Mozilla/5.0 (Linux; Android 6.0.1; Nexus 5X Build/MMB29P) AppleWebKit/537.36 (KHTML, like Gecko) Chrome/127.0.6533.119 Mobile Safari/537.36 (compatible; Googlebot/2.1; +http://www.google.com/bot.html)',1724628640,1724628640,0,'','revista.jdc.edu.co'),('423bb2edd71db914cdaf2288c736b834',NULL,'186.13.203.210','Mozilla/5.0 (iPhone; CPU iPhone OS 17_4_1 like Mac OS X) AppleWebKit/605.1.15 (KHTML, like Gecko) Version/17.4.1 Mobile/15E148 Safari/604.1',1724680990,1724680990,0,'','revista.jdc.edu.co'),('4259315008811fa76e168a5e39149849',NULL,'190.24.57.119','Mozilla/5.0 (Windows NT 10.0; Win64; x64) AppleWebKit/537.36 (KHTML, like Gecko) Chrome/127.0.0.0 Safari/537.36',1724675915,1724675915,0,'','revista.jdc.edu.co'),('4281635d627ce4fbedb4b4b447f88e6f',NULL,'46.20.45.18','Pingdom.com_bot_version_1.4_(http://www.pingdom.com/)',1724687090,1724687090,0,'','revista.jdc.edu.co'),('4294918e29f147d9abb00d7aba984371',NULL,'107.182.234.77','Pingdom.com_bot_version_1.4_(http://www.pingdom.com/)',1724630150,1724630150,0,'','revista.jdc.edu.co'),('429c158cd97fef39ab9330f53d2fef29',NULL,'46.20.45.18','Pingdom.com_bot_version_1.4_(http://www.pingdom.com/)',1724625890,1724625890,0,'','revista.jdc.edu.co'),('42a8834c9757bb006f06a36e60246c04',NULL,'107.20.105.74','DreamHost SiteMonitor 1.0',1724694770,1724694770,0,'','revista.jdc.edu.co'),('42b36a4af8c4267e267b01a50246d01e',NULL,'66.249.70.110','Mozilla/5.0 (Linux; Android 6.0.1; Nexus 5X Build/MMB29P) AppleWebKit/537.36 (KHTML, like Gecko) Chrome/127.0.6533.119 Mobile Safari/537.36 (compatible; Googlebot/2.1; +http://www.google.com/bot.html)',1724628580,1724628580,0,'','revista.jdc.edu.co'),('42b8cd4a3708e212432debc2e0020153',NULL,'107.20.105.74','DreamHost SiteMonitor 1.0',1724689669,1724689669,0,'','revista.jdc.edu.co'),('42f8b915ce1a25a5688f1e3e73befe12',NULL,'107.20.105.74','DreamHost SiteMonitor 1.0',1724609269,1724609269,0,'','revista.jdc.edu.co'),('430576de3cef2e34a32f02bc3ce67904',NULL,'209.58.139.193','Pingdom.com_bot_version_1.4_(http://www.pingdom.com/)',1724682230,1724682230,0,'','revista.jdc.edu.co'),('4311e4ba16c2894b7ca901314623bff3',NULL,'196.245.151.42','Pingdom.com_bot_version_1.4_(http://www.pingdom.com/)',1724643110,1724643110,0,'','revista.jdc.edu.co'),('4312ca2b74f6ff0e4a6ebdf49642ed64',NULL,'107.20.105.74','DreamHost SiteMonitor 1.0',1724648570,1724648570,0,'','revista.jdc.edu.co'),('432ad5bfa102b5b1d77b472b902b698d',NULL,'199.87.228.66','Pingdom.com_bot_version_1.4_(http://www.pingdom.com/)',1724656491,1724656491,0,'','revista.jdc.edu.co'),('4334ab1d6ae4e123d71b9c54280d492b',NULL,'108.181.70.3','Pingdom.com_bot_version_1.4_(http://www.pingdom.com/)',1724626130,1724626130,0,'','revista.jdc.edu.co'),('433724452e245a787ca70956dcfdb577',NULL,'66.249.70.108','Mozilla/5.0 (Linux; Android 6.0.1; Nexus 5X Build/MMB29P) AppleWebKit/537.36 (KHTML, like Gecko) Chrome/127.0.6533.119 Mobile Safari/537.36 (compatible; Googlebot/2.1; +http://www.google.com/bot.html)',1724601207,1724601207,0,'currentLocale|s:5:\"es_ES\";','revista.jdc.edu.co'),('43390056ff2573e2fa3faceb67117319',NULL,'66.249.70.110','Googlebot/2.1 (+http://www.google.com/bot.html)',1724686416,1724686416,0,'','revista.jdc.edu.co'),('433bf93719d3ae82f6a1d17c758ceaaf',NULL,'66.249.70.108','Mozilla/5.0 (Linux; Android 6.0.1; Nexus 5X Build/MMB29P) AppleWebKit/537.36 (KHTML, like Gecko) Chrome/127.0.6533.119 Mobile Safari/537.36 (compatible; Googlebot/2.1; +http://www.google.com/bot.html)',1724610074,1724610074,0,'currentLocale|s:5:\"pt_BR\";','revista.jdc.edu.co'),('433ed1780fa5e166e17b9bf41941cfb6',NULL,'190.145.240.34','Mozilla/5.0 (Linux; Android 10; K) AppleWebKit/537.36 (KHTML, like Gecko) Chrome/127.0.0.0 Mobile Safari/537.36',1724640331,1724640331,0,'','revista.jdc.edu.co'),('4346b8c2ff4709ce01d420657ba855ac',NULL,'23.106.37.99','Pingdom.com_bot_version_1.4_(http://www.pingdom.com/)',1724666630,1724666630,0,'','revista.jdc.edu.co'),('4358578d94a21c3701956549099d6ab8',NULL,'107.20.105.74','DreamHost SiteMonitor 1.0',1724635069,1724635069,0,'','revista.jdc.edu.co'),('435f8bb8d427acea32e297e4b5ae0144',NULL,'107.182.234.77','Pingdom.com_bot_version_1.4_(http://www.pingdom.com/)',1724607350,1724607350,0,'','revista.jdc.edu.co'),('43676e074bbf0a34df002f98ec7c446c',NULL,'172.241.112.86','Pingdom.com_bot_version_1.4_(http://www.pingdom.com/)',1724632791,1724632791,0,'','revista.jdc.edu.co'),('43a97ba196b651d2434d7b33ee1dbc14',NULL,'104.129.24.154','Pingdom.com_bot_version_1.4_(http://www.pingdom.com/)',1724630270,1724630270,0,'','revista.jdc.edu.co'),('43b3d3f4440f1aae7781c200670a14a2',NULL,'104.129.24.154','Pingdom.com_bot_version_1.4_(http://www.pingdom.com/)',1724654870,1724654870,0,'','revista.jdc.edu.co'),('43bae007dfdd54be2da237564b946b97',NULL,'148.72.170.233','Pingdom.com_bot_version_1.4_(http://www.pingdom.com/)',1724642211,1724642211,0,'','revista.jdc.edu.co'),('43df6bfcb092fbe1e96808c5fc0c73a9',NULL,'108.181.70.3','Pingdom.com_bot_version_1.4_(http://www.pingdom.com/)',1724622530,1724622530,0,'','revista.jdc.edu.co'),('43e9cb6e5c1c0b73cef9ea7ea297939a',NULL,'138.185.137.134','Mozilla/5.0 (Windows NT 10.0; Win64; x64) AppleWebKit/537.36 (KHTML, like Gecko) Chrome/122.0.0.0 Safari/537.36',1724611413,1724611413,0,'','revista.jdc.edu.co'),('4429b9dbd2264d768f5811b5dfe48975',NULL,'107.20.105.74','DreamHost SiteMonitor 1.0',1724617369,1724617369,0,'','revista.jdc.edu.co'),('44333e84d00ecfa5f1e7ec4cc4fe4d99',NULL,'66.249.70.110','Googlebot/2.1 (+http://www.google.com/bot.html)',1724685487,1724685487,0,'','revista.jdc.edu.co'),('443c8560b34e04300e4b7580495b48ce',NULL,'196.245.151.42','Pingdom.com_bot_version_1.4_(http://www.pingdom.com/)',1724620311,1724620311,0,'','revista.jdc.edu.co'),('444b1c28b852aff2f637ac0358ea47ba',NULL,'172.241.112.86','Pingdom.com_bot_version_1.4_(http://www.pingdom.com/)',1724684990,1724684990,0,'','revista.jdc.edu.co'),('444fe3bcbf6e000714a41f325ad3e0a7',NULL,'66.249.70.108','Mozilla/5.0 (Linux; Android 6.0.1; Nexus 5X Build/MMB29P) AppleWebKit/537.36 (KHTML, like Gecko) Chrome/127.0.6533.119 Mobile Safari/537.36 (compatible; Googlebot/2.1; +http://www.google.com/bot.html)',1724683882,1724683882,0,'','revista.jdc.edu.co'),('445da548b04d38567807d1eed2da2d9e',NULL,'124.243.147.252','Mozilla/5.0 (Windows NT 10.0; Win64; x64) AppleWebKit/537.36 (KHTML, like Gecko) Chrome/104.0.0.0 Safari/537.36',1724648546,1724648546,0,'currentLocale|s:5:\"pt_BR\";','revista.jdc.edu.co'),('4467ae98136995907729f926615197e5',NULL,'66.249.70.110','Mozilla/5.0 (Linux; Android 6.0.1; Nexus 5X Build/MMB29P) AppleWebKit/537.36 (KHTML, like Gecko) Chrome/127.0.6533.119 Mobile Safari/537.36 (compatible; Googlebot/2.1; +http://www.google.com/bot.html)',1724658490,1724658492,0,'currentLocale|s:5:\"es_ES\";','revista.jdc.edu.co'),('44690c2a392b50d66a778630fcbc66ae',NULL,'173.254.206.242','Pingdom.com_bot_version_1.4_(http://www.pingdom.com/)',1724620850,1724620850,0,'','revista.jdc.edu.co'),('4497f509867161bc2ff1b455ad9830ac',NULL,'66.249.70.110','Mozilla/5.0 (Linux; Android 6.0.1; Nexus 5X Build/MMB29P) AppleWebKit/537.36 (KHTML, like Gecko) Chrome/127.0.6533.119 Mobile Safari/537.36 (compatible; Googlebot/2.1; +http://www.google.com/bot.html)',1724621725,1724621725,0,'','revista.jdc.edu.co'),('44a4425185e2e65d1f4654657833941c',NULL,'66.249.70.108','Mozilla/5.0 (Linux; Android 6.0.1; Nexus 5X Build/MMB29P) AppleWebKit/537.36 (KHTML, like Gecko) Chrome/127.0.6533.119 Mobile Safari/537.36 (compatible; Googlebot/2.1; +http://www.google.com/bot.html)',1724614959,1724614959,0,'currentLocale|s:5:\"pt_BR\";','revista.jdc.edu.co'),('44a5643f8f8215af63def865b87d9483',NULL,'46.20.45.18','Pingdom.com_bot_version_1.4_(http://www.pingdom.com/)',1724661350,1724661350,0,'','revista.jdc.edu.co'),('44b3f63af824b7bfc0b3640c46fa95a6',NULL,'148.72.170.233','Pingdom.com_bot_version_1.4_(http://www.pingdom.com/)',1724693631,1724693631,0,'','revista.jdc.edu.co'),('44cfbf2e783714f637bf5763ae8c328c',NULL,'154.3.178.89','Mozilla/5.0 AppleWebKit/537.36 (KHTML, like Gecko; compatible; PerplexityBot/1.0; +https://docs.perplexity.ai/docs/perplexity-bot)',1724679438,1724679438,0,'','revista.jdc.edu.co'),('44deac6a4cfb665e846a4000e838c348',NULL,'107.20.105.74','DreamHost SiteMonitor 1.0',1724666270,1724666270,0,'','revista.jdc.edu.co'),('44e8c45e40e9e6980dc9456d0cff1925',NULL,'173.254.206.242','Pingdom.com_bot_version_1.4_(http://www.pingdom.com/)',1724689250,1724689250,0,'','revista.jdc.edu.co'),('450aa0231a8cc37e3ebff2154322fc88',NULL,'173.254.206.242','Pingdom.com_bot_version_1.4_(http://www.pingdom.com/)',1724638251,1724638251,0,'','revista.jdc.edu.co'),('450cd5a17bc193f2ae4597ee123dcb32',NULL,'137.224.252.12','Mozilla/5.0 (Windows NT 10.0; Win64; x64) AppleWebKit/537.36 (KHTML, like Gecko) Chrome/127.0.0.0 Safari/537.36',1724686726,1724686726,0,'','revista.jdc.edu.co'),('4514a1a708a7f0d6b3cd8b4b9d463e81',NULL,'52.167.144.200','Mozilla/5.0 AppleWebKit/537.36 (KHTML, like Gecko; compatible; bingbot/2.0; +http://www.bing.com/bingbot.htm) Chrome/116.0.1938.76 Safari/537.36',1724640309,1724640310,0,'currentLocale|s:5:\"en_US\";csrf|a:2:{s:9:\"timestamp\";i:1724640310;s:5:\"token\";s:32:\"0e41ee6101d13596e530014b5cf27426\";}','revista.jdc.edu.co'),('451e9cfe409e4318862659fabb6d7db6',NULL,'191.95.52.243','Mozilla/5.0 (Linux; Android 10; K) AppleWebKit/537.36 (KHTML, like Gecko) Chrome/127.0.0.0 Mobile Safari/537.36',1724681686,1724681686,0,'','revista.jdc.edu.co'),('454269ec1798633855267573061a0c67',NULL,'107.20.105.74','DreamHost SiteMonitor 1.0',1724618269,1724618269,0,'','revista.jdc.edu.co'),('4544f7791ceaae7992a2a5482bc49b83',NULL,'46.20.45.18','Pingdom.com_bot_version_1.4_(http://www.pingdom.com/)',1724619891,1724619891,0,'','revista.jdc.edu.co'),('45595166b2744f1bf646c3274e6008ae',NULL,'181.55.68.127','Mozilla/5.0 (iPhone; CPU iPhone OS 17_5_1 like Mac OS X) AppleWebKit/605.1.15 (KHTML, like Gecko) Version/17.5 Mobile/15E148 Safari/604.1',1724636047,1724636047,0,'','revista.jdc.edu.co'),('4559943a750ca64cbab7e93a835b65cd',NULL,'146.155.148.221','Mozilla/5.0 (Macintosh; Intel Mac OS X 10_15_7) AppleWebKit/537.36 (KHTML, like Gecko) Chrome/128.0.0.0 Safari/537.36',1724678440,1724678440,0,'','revista.jdc.edu.co'),('45646da4e463e99db9128190c6a38727',NULL,'196.245.151.42','Pingdom.com_bot_version_1.4_(http://www.pingdom.com/)',1724631110,1724631110,0,'','revista.jdc.edu.co'),('45721ee7d8bab282b75ba39522675f49',NULL,'190.104.126.232','Mozilla/5.0 (Windows NT 10.0; Win64; x64) AppleWebKit/537.36 (KHTML, like Gecko) Chrome/127.0.0.0 Safari/537.36',1724623311,1724623311,0,'','revista.jdc.edu.co'),('457354d78ca362bea6cc95d0e12f5c25',NULL,'196.245.151.42','Pingdom.com_bot_version_1.4_(http://www.pingdom.com/)',1724631711,1724631711,0,'','revista.jdc.edu.co'),('458ea7ecaa45485394244d156809ba4a',NULL,'190.145.196.101','Mozilla/5.0 (Linux; Android 10; K) AppleWebKit/537.36 (KHTML, like Gecko) Chrome/127.0.0.0 Mobile Safari/537.36',1724687079,1724687079,0,'','revista.jdc.edu.co'),('45b3f68e70e70e58064b2d965d02216e',NULL,'107.182.234.77','Pingdom.com_bot_version_1.4_(http://www.pingdom.com/)',1724635550,1724635550,0,'','revista.jdc.edu.co'),('45d2105e6edf97276006e42eacacbae3',NULL,'103.219.169.184','Mozilla/5.0 (Windows NT 10.0; Win64; x64) AppleWebKit/537.36 (KHTML, like Gecko) Chrome/128.0.0.0 Safari/537.36',1724692956,1724692956,0,'','revista.jdc.edu.co'),('45d53d92374c7cbbe4baa9002c47f911',NULL,'40.77.167.47','Mozilla/5.0 AppleWebKit/537.36 (KHTML, like Gecko; compatible; bingbot/2.0; +http://www.bing.com/bingbot.htm) Chrome/116.0.1938.76 Safari/537.36',1724687488,1724687488,0,'','revista.jdc.edu.co'),('45e312726e44d7e421f35bee89230c26',NULL,'196.245.151.42','Pingdom.com_bot_version_1.4_(http://www.pingdom.com/)',1724644311,1724644311,0,'','revista.jdc.edu.co'),('45e7b20440abfb11231f2b4f39644cc0',NULL,'108.181.70.3','Pingdom.com_bot_version_1.4_(http://www.pingdom.com/)',1724619530,1724619530,0,'','revista.jdc.edu.co'),('45f66d7bf0439e7db56fd4728e699d3b',NULL,'172.121.221.101','Mozilla/5.0 (Windows NT 10.0; Win64; x64) AppleWebKit/537.36 (KHTML, like Gecko) Chrome/122.0.0.0 Safari/537.36',1724673486,1724673486,0,'','revista.jdc.edu.co'),('460c16c28f41345dab522ea035e3dfc9',NULL,'107.20.105.74','DreamHost SiteMonitor 1.0',1724675269,1724675269,0,'','revista.jdc.edu.co'),('460d50aa104961284fd920e765b2d1eb',NULL,'104.129.24.154','Pingdom.com_bot_version_1.4_(http://www.pingdom.com/)',1724624870,1724624870,0,'','revista.jdc.edu.co'),('462234b059a8ef0eaecd9ec2800da110',NULL,'107.182.234.77','Pingdom.com_bot_version_1.4_(http://www.pingdom.com/)',1724609150,1724609150,0,'','revista.jdc.edu.co'),('4626517796256789f09c622afed190f3',NULL,'173.254.206.242','Pingdom.com_bot_version_1.4_(http://www.pingdom.com/)',1724627450,1724627450,0,'','revista.jdc.edu.co'),('462caed0f2f8156e7ff83078908d3e8f',NULL,'66.249.70.109','Mozilla/5.0 (Linux; Android 6.0.1; Nexus 5X Build/MMB29P) AppleWebKit/537.36 (KHTML, like Gecko) Chrome/127.0.6533.119 Mobile Safari/537.36 (compatible; Googlebot/2.1; +http://www.google.com/bot.html)',1724652705,1724652705,0,'','revista.jdc.edu.co'),('463654494294b66758f55c73c691f1b6',NULL,'46.20.45.18','Pingdom.com_bot_version_1.4_(http://www.pingdom.com/)',1724637891,1724637891,0,'','revista.jdc.edu.co'),('463d48ab0f64d8570f0cd885f38b3869',NULL,'66.249.70.108','Mozilla/5.0 (Linux; Android 6.0.1; Nexus 5X Build/MMB29P) AppleWebKit/537.36 (KHTML, like Gecko) Chrome/127.0.6533.119 Mobile Safari/537.36 (compatible; Googlebot/2.1; +http://www.google.com/bot.html)',1724675196,1724675196,0,'','revista.jdc.edu.co'),('4657dea823148ad798f31a849deac8a5',NULL,'177.234.245.29','Mozilla/5.0 (Windows NT 10.0; WOW64) AppleWebKit/537.36 (KHTML, like Gecko) Chrome/90.0.4430.85 Safari/537.36',1724625366,1724625366,0,'','revista.jdc.edu.co'),('466e50beea1a0490a7e0bc4adf2474b0',NULL,'201.113.18.96','Mozilla/5.0 (Windows NT 10.0; Win64; x64) AppleWebKit/537.36 (KHTML, like Gecko) Chrome/127.0.0.0 Safari/537.36',1724671747,1724671825,0,'','revista.jdc.edu.co'),('46793649e6411fd07e32304241433b45',NULL,'66.249.70.108','Googlebot/2.1 (+http://www.google.com/bot.html)',1724680033,1724680033,0,'','revista.jdc.edu.co'),('46804765f584b580a496afa15fa5ea43',NULL,'66.249.70.109','Mozilla/5.0 (Linux; Android 6.0.1; Nexus 5X Build/MMB29P) AppleWebKit/537.36 (KHTML, like Gecko) Chrome/127.0.6533.119 Mobile Safari/537.36 (compatible; Googlebot/2.1; +http://www.google.com/bot.html)',1724682054,1724682054,0,'','revista.jdc.edu.co'),('468d0dc3483637009d1f6c68807a6dca',NULL,'199.87.228.66','Pingdom.com_bot_version_1.4_(http://www.pingdom.com/)',1724633630,1724633630,0,'','revista.jdc.edu.co'),('4696bab053dd78fb11e957a4904ff5ed',NULL,'66.249.70.108','Mozilla/5.0 (Linux; Android 6.0.1; Nexus 5X Build/MMB29P) AppleWebKit/537.36 (KHTML, like Gecko) Chrome/127.0.6533.119 Mobile Safari/537.36 (compatible; Googlebot/2.1; +http://www.google.com/bot.html)',1724626868,1724626868,0,'','revista.jdc.edu.co'),('469fba02c0a33aea354c200f666bd387',NULL,'139.18.242.215','metha/0.3.11',1724665170,1724665170,0,'','revista.jdc.edu.co'),('46a4a183d772624f0de61d576a798928',NULL,'46.20.45.18','Pingdom.com_bot_version_1.4_(http://www.pingdom.com/)',1724639692,1724639692,0,'','revista.jdc.edu.co'),('46a7d295994ea5dab6dce7c7cfc37d1b',NULL,'66.249.70.110','Mozilla/5.0 (Linux; Android 6.0.1; Nexus 5X Build/MMB29P) AppleWebKit/537.36 (KHTML, like Gecko) Chrome/127.0.6533.119 Mobile Safari/537.36 (compatible; Googlebot/2.1; +http://www.google.com/bot.html)',1724641694,1724641695,0,'currentLocale|s:5:\"es_ES\";','revista.jdc.edu.co'),('46ae098e2566fa351c83f70d9c496f16',NULL,'192.141.244.143','Mozilla/5.0 (iPhone; CPU iPhone OS 16_7_8 like Mac OS X) AppleWebKit/605.1.15 (KHTML, like Gecko) Version/16.6 Mobile/15E148 Safari/604.1',1724629329,1724629329,0,'','revista.jdc.edu.co'),('46cf132327f42ee6ff0999808aa8947c',NULL,'23.106.37.99','Pingdom.com_bot_version_1.4_(http://www.pingdom.com/)',1724657630,1724657630,0,'','revista.jdc.edu.co'),('46e06f0cf5e76deb71274d0d39a9124e',NULL,'66.249.70.109','Mozilla/5.0 (Linux; Android 6.0.1; Nexus 5X Build/MMB29P) AppleWebKit/537.36 (KHTML, like Gecko) Chrome/127.0.6533.119 Mobile Safari/537.36 (compatible; Googlebot/2.1; +http://www.google.com/bot.html)',1724606907,1724606907,0,'','revista.jdc.edu.co'),('46e335d1e86835468105c2b3f9f6a21d',NULL,'199.87.228.66','Pingdom.com_bot_version_1.4_(http://www.pingdom.com/)',1724639630,1724639630,0,'','revista.jdc.edu.co'),('46f5be119fa671761769d86a83416cd5',NULL,'66.249.70.109','Mozilla/5.0 (Linux; Android 6.0.1; Nexus 5X Build/MMB29P) AppleWebKit/537.36 (KHTML, like Gecko) Chrome/127.0.6533.119 Mobile Safari/537.36 (compatible; Googlebot/2.1; +http://www.google.com/bot.html)',1724665559,1724665559,0,'','revista.jdc.edu.co'),('46f75e4033d98ce6441208594dbbf066',NULL,'107.182.234.77','Pingdom.com_bot_version_1.4_(http://www.pingdom.com/)',1724672210,1724672210,0,'','revista.jdc.edu.co'),('470013dad4fc208ec6bb8931de781fb1',NULL,'155.254.50.236','Mozilla/5.0 AppleWebKit/537.36 (KHTML, like Gecko; compatible; PerplexityBot/1.0; +https://docs.perplexity.ai/docs/perplexity-bot)',1724664651,1724664651,0,'','revista.jdc.edu.co'),('47520762addb1ac62ad2b7e8ffe2ff01',NULL,'173.254.206.242','Pingdom.com_bot_version_1.4_(http://www.pingdom.com/)',1724686251,1724686251,0,'','revista.jdc.edu.co'),('476703ab633b0ed9a036e885519939be',NULL,'66.249.83.112','Mozilla/5.0 (Linux; Android 7.0; SM-G930V Build/NRD90M) AppleWebKit/537.36 (KHTML, like Gecko) Chrome/59.0.3071.125 Mobile Safari/537.36 (compatible; Google-Read-Aloud; +https://support.google.com/webmasters/answer/1061943)',1724693220,1724693220,0,'','revista.jdc.edu.co'),('477fd0d3a403f704319dddf4df0f38f6',NULL,'66.249.70.110','Googlebot/2.1 (+http://www.google.com/bot.html)',1724683386,1724683386,0,'','revista.jdc.edu.co'),('4791a764e173e2ae0933d0210775f807',NULL,'66.249.70.109','Mozilla/5.0 (Linux; Android 6.0.1; Nexus 5X Build/MMB29P) AppleWebKit/537.36 (KHTML, like Gecko) Chrome/127.0.6533.119 Mobile Safari/537.36 (compatible; Googlebot/2.1; +http://www.google.com/bot.html)',1724612875,1724612875,0,'','revista.jdc.edu.co'),('47959be1f934b1e9744679e42f45f12f',NULL,'66.249.70.108','Mozilla/5.0 (Linux; Android 6.0.1; Nexus 5X Build/MMB29P) AppleWebKit/537.36 (KHTML, like Gecko) Chrome/127.0.6533.119 Mobile Safari/537.36 (compatible; Googlebot/2.1; +http://www.google.com/bot.html)',1724618970,1724618970,0,'','revista.jdc.edu.co'),('47a4eb0de40520a06889a5d838a06446',NULL,'76.164.234.130','Pingdom.com_bot_version_1.4_(http://www.pingdom.com/)',1724681811,1724681811,0,'','revista.jdc.edu.co'),('47a617e93e130f8e726d331dea9ed89c',NULL,'193.186.4.211','Mozilla/5.0 (Windows NT 10.0; Win64; x64) AppleWebKit/537.36 (KHTML, like Gecko) Chrome/128.0.0.0 Safari/537.36',1724622733,1724622733,0,'','revista.jdc.edu.co'),('47a7a21f7b1d7e9bcef130486fdbc672',NULL,'108.181.70.3','Pingdom.com_bot_version_1.4_(http://www.pingdom.com/)',1724662730,1724662730,0,'','revista.jdc.edu.co'),('47aa1ea3b4a2ad782ab09eb330d7dbc4',NULL,'209.58.139.193','Pingdom.com_bot_version_1.4_(http://www.pingdom.com/)',1724683430,1724683430,0,'','revista.jdc.edu.co'),('47c356f989ac89f46b583b509061641d',NULL,'64.237.55.3','Pingdom.com_bot_version_1.4_(http://www.pingdom.com/)',1724640170,1724640170,0,'','revista.jdc.edu.co'),('47d0eb14ec7eeec42c095d6391d0421c',NULL,'190.63.97.135','Mozilla/5.0 (Linux; Android 10; K) AppleWebKit/537.36 (KHTML, like Gecko) Chrome/128.0.0.0 Mobile Safari/537.36',1724679917,1724679917,0,'','revista.jdc.edu.co'),('47d0f72f2aa32a8ccfa63be749c296c7',NULL,'173.254.206.242','Pingdom.com_bot_version_1.4_(http://www.pingdom.com/)',1724694710,1724694710,0,'','revista.jdc.edu.co'),('47d97363248c7db19b2b64fe45777811',NULL,'192.30.80.227','Mozilla/5.0 AppleWebKit/537.36 (KHTML, like Gecko; compatible; PerplexityBot/1.0; +https://docs.perplexity.ai/docs/perplexity-bot)',1724606804,1724606804,0,'','revista.jdc.edu.co'),('4804ca7b8d4a01968910c6a9e8acabc3',NULL,'193.186.4.213','Mozilla/5.0 (Linux; Android 10; K) AppleWebKit/537.36 (KHTML, like Gecko) Chrome/127.0.0.0 Mobile Safari/537.36',1724677178,1724677178,0,'','revista.jdc.edu.co'),('4809dc70541bf63c7a73643b140febb8',NULL,'196.245.151.42','Pingdom.com_bot_version_1.4_(http://www.pingdom.com/)',1724646110,1724646110,0,'','revista.jdc.edu.co'),('4809e6b83415981c8a02252d63b6b412',NULL,'72.14.201.211','Mozilla/5.0 (Windows NT 10.0; Win64; x64) AppleWebKit/537.36 (KHTML, like Gecko) Chrome/128.0.0.0 Safari/537.36',1724622663,1724622663,0,'','revista.jdc.edu.co'),('480ae3496985e4871f592b311ad588f2',NULL,'46.20.45.18','Pingdom.com_bot_version_1.4_(http://www.pingdom.com/)',1724658950,1724658950,0,'','revista.jdc.edu.co'),('480d8dfc975bf5c56582277fe62175fd',NULL,'196.245.151.42','Pingdom.com_bot_version_1.4_(http://www.pingdom.com/)',1724616111,1724616111,0,'','revista.jdc.edu.co'),('481c50e70f664787597d089d8eb29845',NULL,'148.72.170.233','Pingdom.com_bot_version_1.4_(http://www.pingdom.com/)',1724694230,1724694230,0,'','revista.jdc.edu.co'),('4826bf17b25f60ba4827c9cf03ea0794',NULL,'104.129.24.154','Pingdom.com_bot_version_1.4_(http://www.pingdom.com/)',1724645871,1724645871,0,'','revista.jdc.edu.co'),('483a14179eb73ebfe80f0cc3326955fb',NULL,'107.182.234.77','Pingdom.com_bot_version_1.4_(http://www.pingdom.com/)',1724618750,1724618750,0,'','revista.jdc.edu.co'),('483ecb5f727485044e374c517ee23eb5',NULL,'172.241.112.86','Pingdom.com_bot_version_1.4_(http://www.pingdom.com/)',1724614190,1724614190,0,'','revista.jdc.edu.co'),('4853784cf22b095c875747d1f44208b0',NULL,'199.87.228.66','Pingdom.com_bot_version_1.4_(http://www.pingdom.com/)',1724666090,1724666090,0,'','revista.jdc.edu.co'),('4880f398ab880cbbbb4a10dead4e7b31',NULL,'46.20.45.18','Pingdom.com_bot_version_1.4_(http://www.pingdom.com/)',1724666750,1724666750,0,'','revista.jdc.edu.co'),('4888dbab12eb7a2ad251f56b5c6b0641',NULL,'66.249.70.108','Mozilla/5.0 (Linux; Android 6.0.1; Nexus 5X Build/MMB29P) AppleWebKit/537.36 (KHTML, like Gecko) Chrome/127.0.6533.119 Mobile Safari/537.36 (compatible; Googlebot/2.1; +http://www.google.com/bot.html)',1724612076,1724612076,0,'','revista.jdc.edu.co'),('489c39a32f37bb64727eccf4f43a91e7',NULL,'107.20.105.74','DreamHost SiteMonitor 1.0',1724658769,1724658769,0,'','revista.jdc.edu.co'),('48a4750b857535e1ac3e7bbcd7a4b6fa',NULL,'23.106.37.99','Pingdom.com_bot_version_1.4_(http://www.pingdom.com/)',1724656430,1724656430,0,'','revista.jdc.edu.co'),('48ae1277ca065fbebed84c5080f79658',NULL,'67.224.128.132','Mozilla/5.0 (Linux; Android 10; K) AppleWebKit/537.36 (KHTML, like Gecko) Chrome/127.0.0.0 Mobile Safari/537.36',1724692486,1724692486,0,'','revista.jdc.edu.co'),('48b6100715020bee9869687cfc44a402',NULL,'104.129.24.154','Pingdom.com_bot_version_1.4_(http://www.pingdom.com/)',1724660270,1724660270,0,'','revista.jdc.edu.co'),('48b7ca35c8a0939b80ef4de74e46b62c',NULL,'177.234.245.29','Mozilla/5.0 (Windows NT 10.0; Win64; x64) AppleWebKit/537.36 (KHTML, like Gecko) Gecko/20100101 Firefox/88.0',1724625441,1724625441,0,'','revista.jdc.edu.co'),('48c3467933ccb90d02a4010f3884abba',NULL,'104.129.24.154','Pingdom.com_bot_version_1.4_(http://www.pingdom.com/)',1724649470,1724649470,0,'','revista.jdc.edu.co'),('48f52083e0bf366254a5a3b4564fc951',NULL,'64.237.55.3','Pingdom.com_bot_version_1.4_(http://www.pingdom.com/)',1724624570,1724624570,0,'','revista.jdc.edu.co'),('492366e5eee946b7e5fcfe40a14b4870',NULL,'66.249.70.110','Mozilla/5.0 (Linux; Android 6.0.1; Nexus 5X Build/MMB29P) AppleWebKit/537.36 (KHTML, like Gecko) Chrome/127.0.6533.119 Mobile Safari/537.36 (compatible; Googlebot/2.1; +http://www.google.com/bot.html)',1724629438,1724629438,0,'','revista.jdc.edu.co'),('493f93dc8eedda2cf6657611e80e6aa9',NULL,'107.20.105.74','DreamHost SiteMonitor 1.0',1724610169,1724610169,0,'','revista.jdc.edu.co'),('4948e4f1049cdbf55c43909838e3bb34',NULL,'148.72.170.233','Pingdom.com_bot_version_1.4_(http://www.pingdom.com/)',1724628411,1724628411,0,'','revista.jdc.edu.co'),('494b855a7e3b12999f4f347ebecf9816',NULL,'66.249.70.109','Mozilla/5.0 (Linux; Android 6.0.1; Nexus 5X Build/MMB29P) AppleWebKit/537.36 (KHTML, like Gecko) Chrome/127.0.6533.119 Mobile Safari/537.36 (compatible; Googlebot/2.1; +http://www.google.com/bot.html)',1724691950,1724691950,0,'','revista.jdc.edu.co'),('4963dd84eb31fb58491cc88eee8a66eb',NULL,'189.216.19.70','Mozilla/5.0 (Windows NT 10.0; Win64; x64) AppleWebKit/537.36 (KHTML, like Gecko) Chrome/128.0.0.0 Safari/537.36',1724644467,1724644467,0,'','revista.jdc.edu.co'),('496b87e3872988c7e11be2410e52ac42',NULL,'45.232.105.196','Mozilla/5.0 (Windows NT 10.0; Win64; x64) AppleWebKit/537.36 (KHTML, like Gecko) Chrome/127.0.0.0 Safari/537.36',1724682095,1724682095,0,'','revista.jdc.edu.co'),('498971c9a21bb9f9d0f1b626d9f7fe62',NULL,'107.182.234.77','Pingdom.com_bot_version_1.4_(http://www.pingdom.com/)',1724641551,1724641551,0,'','revista.jdc.edu.co'),('499f8343c205aad11175e75b34ff0152',NULL,'148.72.170.233','Pingdom.com_bot_version_1.4_(http://www.pingdom.com/)',1724636211,1724636211,0,'','revista.jdc.edu.co'),('49cb7677b39dc9dc62c9bd0cb47f3c70',NULL,'196.245.151.42','Pingdom.com_bot_version_1.4_(http://www.pingdom.com/)',1724622111,1724622111,0,'','revista.jdc.edu.co'),('49e0f536501e248f0f8cd85a9c8562f5',NULL,'66.249.70.109','Mozilla/5.0 (Linux; Android 6.0.1; Nexus 5X Build/MMB29P) AppleWebKit/537.36 (KHTML, like Gecko) Chrome/127.0.6533.119 Mobile Safari/537.36 (compatible; Googlebot/2.1; +http://www.google.com/bot.html)',1724656146,1724656146,0,'','revista.jdc.edu.co'),('49ee57adf00897027a504684a16211ab',NULL,'107.20.105.74','DreamHost SiteMonitor 1.0',1724620069,1724620069,0,'','revista.jdc.edu.co'),('49eee84fa35c07ca0af71e96ab2a6764',NULL,'148.72.170.233','Pingdom.com_bot_version_1.4_(http://www.pingdom.com/)',1724653611,1724653611,0,'','revista.jdc.edu.co'),('49f0d8536aecda804c222a94d868d28d',NULL,'173.254.206.242','Pingdom.com_bot_version_1.4_(http://www.pingdom.com/)',1724658711,1724658711,0,'','revista.jdc.edu.co'),('4a21feb28fe204fdee31498f620ee23d',NULL,'179.48.140.79','Mozilla/5.0 (Linux; Android 10; K) AppleWebKit/537.36 (KHTML, like Gecko) Chrome/127.0.0.0 Mobile Safari/537.36',1724688804,1724688804,0,'','revista.jdc.edu.co'),('4a31d9ae85c64ec64bb4cdce752ec472',NULL,'187.246.16.195','Mozilla/5.0 (Windows NT 10.0; Win64; x64) AppleWebKit/537.36 (KHTML, like Gecko) Chrome/128.0.0.0 Safari/537.36 Edg/128.0.0.0',1724685960,1724685979,0,'','revista.jdc.edu.co'),('4a339ac29ea525d5ac449566cc8a8e39',NULL,'173.254.206.242','Pingdom.com_bot_version_1.4_(http://www.pingdom.com/)',1724655111,1724655111,0,'','revista.jdc.edu.co'),('4a5beb774245cf0d5ac7c31c3cafaab0',NULL,'23.106.37.99','Pingdom.com_bot_version_1.4_(http://www.pingdom.com/)',1724660630,1724660630,0,'','revista.jdc.edu.co'),('4a7125f97a83842800017292ad7e5ba1',NULL,'66.249.70.108','Mozilla/5.0 (Linux; Android 6.0.1; Nexus 5X Build/MMB29P) AppleWebKit/537.36 (KHTML, like Gecko) Chrome/127.0.6533.119 Mobile Safari/537.36 (compatible; Googlebot/2.1; +http://www.google.com/bot.html)',1724607466,1724607466,0,'','revista.jdc.edu.co'),('4a75aebe110cadcfaeceaac247058760',NULL,'173.254.206.242','Pingdom.com_bot_version_1.4_(http://www.pingdom.com/)',1724631651,1724631651,0,'','revista.jdc.edu.co'),('4a936ff3d52f3bb16e91b79f03c6dd47',NULL,'108.181.70.3','Pingdom.com_bot_version_1.4_(http://www.pingdom.com/)',1724636931,1724636931,0,'','revista.jdc.edu.co'),('4a966036f694987f94ee353f9110309a',NULL,'66.249.70.109','Mozilla/5.0 (Linux; Android 6.0.1; Nexus 5X Build/MMB29P) AppleWebKit/537.36 (KHTML, like Gecko) Chrome/127.0.6533.119 Mobile Safari/537.36 (compatible; Googlebot/2.1; +http://www.google.com/bot.html)',1724643632,1724643632,0,'currentLocale|s:5:\"pt_BR\";','revista.jdc.edu.co'),('4a97437786fff02505f579cf32e93aae',NULL,'181.50.102.52','Mozilla/5.0 (Linux; Android 10; K) AppleWebKit/537.36 (KHTML, like Gecko) Chrome/127.0.0.0 Mobile Safari/537.36',1724629982,1724629982,0,'','revista.jdc.edu.co'),('4ab6243a4481acc4f4f6ef7e482483b9',NULL,'148.72.170.233','Pingdom.com_bot_version_1.4_(http://www.pingdom.com/)',1724647010,1724647010,0,'','revista.jdc.edu.co'),('4ac87bce0168b3beee4e55624e6e3de1',NULL,'66.249.70.109','Mozilla/5.0 (Linux; Android 6.0.1; Nexus 5X Build/MMB29P) AppleWebKit/537.36 (KHTML, like Gecko) Chrome/127.0.6533.119 Mobile Safari/537.36 (compatible; Googlebot/2.1; +http://www.google.com/bot.html)',1724608371,1724608371,0,'','revista.jdc.edu.co'),('4acb4dcdf3bebb4de829fab7d23a264c',NULL,'77.183.140.53','Mozilla/5.0 (Macintosh; Intel Mac OS X 10_15_7) AppleWebKit/605.1.15 (KHTML, like Gecko) Version/15.0 Safari/605.1.15',1724612395,1724613415,0,'','revista.jdc.edu.co'),('4ace53cf9a650d5a7fc1b8fa75336af5',NULL,'172.241.112.86','Pingdom.com_bot_version_1.4_(http://www.pingdom.com/)',1724606990,1724606990,0,'','revista.jdc.edu.co'),('4afd2967bfbf42110a9b43718b36b423',NULL,'187.188.79.223','Mozilla/5.0 (Windows NT 10.0; Win64; x64) AppleWebKit/537.36 (KHTML, like Gecko) Chrome/128.0.0.0 Safari/537.36',1724628497,1724628516,0,'','revista.jdc.edu.co'),('4b2d5e29abb573f75a00815c5715c687',NULL,'199.87.228.66','Pingdom.com_bot_version_1.4_(http://www.pingdom.com/)',1724601230,1724601230,0,'','revista.jdc.edu.co'),('4b3e91e4db20a05c4c3d1155279269f9',NULL,'40.77.167.65','Mozilla/5.0 AppleWebKit/537.36 (KHTML, like Gecko; compatible; bingbot/2.0; +http://www.bing.com/bingbot.htm) Chrome/116.0.1938.76 Safari/537.36',1724672257,1724672257,0,'','revista.jdc.edu.co'),('4b4999223f96a7b2c78638a7ab68b96f',NULL,'66.249.70.110','Mozilla/5.0 (Linux; Android 6.0.1; Nexus 5X Build/MMB29P) AppleWebKit/537.36 (KHTML, like Gecko) Chrome/127.0.6533.119 Mobile Safari/537.36 (compatible; Googlebot/2.1; +http://www.google.com/bot.html)',1724654167,1724654167,0,'','revista.jdc.edu.co'),('4b5a00a1fdaf38ec20db2467e4f95213',NULL,'64.237.55.3','Pingdom.com_bot_version_1.4_(http://www.pingdom.com/)',1724645570,1724645570,0,'','revista.jdc.edu.co'),('4b6093deb83bc70040f21ac18ac2e9da',NULL,'189.219.79.125','Mozilla/5.0 (iPhone; CPU iPhone OS 16_1_1 like Mac OS X) AppleWebKit/605.1.15 (KHTML, like Gecko) Version/16.1 Mobile/15E148 Safari/604.1',1724624282,1724624282,0,'','revista.jdc.edu.co'),('4b66ad5a1610ffb955da541dcfebd633',NULL,'66.249.70.110','Mozilla/5.0 (Linux; Android 6.0.1; Nexus 5X Build/MMB29P) AppleWebKit/537.36 (KHTML, like Gecko) Chrome/127.0.6533.119 Mobile Safari/537.36 (compatible; Googlebot/2.1; +http://www.google.com/bot.html)',1724668502,1724668502,0,'','revista.jdc.edu.co'),('4b6ba78282a88c4f9ddf86ff8474e15d',NULL,'66.249.70.108','Mozilla/5.0 (Linux; Android 6.0.1; Nexus 5X Build/MMB29P) AppleWebKit/537.36 (KHTML, like Gecko) Chrome/127.0.6533.119 Mobile Safari/537.36 (compatible; Googlebot/2.1; +http://www.google.com/bot.html)',1724689516,1724689516,0,'','revista.jdc.edu.co'),('4b7dc613ab2a46787abd8b39e093bd3e',NULL,'148.72.170.233','Pingdom.com_bot_version_1.4_(http://www.pingdom.com/)',1724639210,1724639210,0,'','revista.jdc.edu.co'),('4b8866c4ff310610c83ee893982f4763',NULL,'66.249.70.108','Mozilla/5.0 (Linux; Android 6.0.1; Nexus 5X Build/MMB29P) AppleWebKit/537.36 (KHTML, like Gecko) Chrome/127.0.6533.119 Mobile Safari/537.36 (compatible; Googlebot/2.1; +http://www.google.com/bot.html)',1724685671,1724685671,0,'','revista.jdc.edu.co'),('4b8cbdc05d4bbca395c88b2d73a1a847',NULL,'108.181.70.3','Pingdom.com_bot_version_1.4_(http://www.pingdom.com/)',1724684930,1724684930,0,'','revista.jdc.edu.co'),('4ba17b1cbf9529bc3ec50e8fe9fe25e8',NULL,'199.87.228.66','Pingdom.com_bot_version_1.4_(http://www.pingdom.com/)',1724626430,1724626430,0,'','revista.jdc.edu.co'),('4baeb5c8ee8f5dceef5503bd3d445a04',NULL,'107.20.105.74','DreamHost SiteMonitor 1.0',1724639270,1724639270,0,'','revista.jdc.edu.co'),('4bb9c30801030ab3ff2bdcd61254c3ff',NULL,'66.249.70.109','Googlebot/2.1 (+http://www.google.com/bot.html)',1724686943,1724686943,0,'','revista.jdc.edu.co'),('4bc825cb16da04d0a19b72a4f1f15ac4',NULL,'107.20.105.74','DreamHost SiteMonitor 1.0',1724683670,1724683670,0,'','revista.jdc.edu.co'),('4bc973ad5b89f2b52f3c4e2d53fbe062',NULL,'108.181.70.3','Pingdom.com_bot_version_1.4_(http://www.pingdom.com/)',1724607530,1724607530,0,'','revista.jdc.edu.co'),('4bcfc3de44ec1ea72f543e1e8680f26d',NULL,'66.249.70.109','Mozilla/5.0 (Linux; Android 6.0.1; Nexus 5X Build/MMB29P) AppleWebKit/537.36 (KHTML, like Gecko) Chrome/127.0.6533.119 Mobile Safari/537.36 (compatible; Googlebot/2.1; +http://www.google.com/bot.html)',1724646459,1724646459,0,'','revista.jdc.edu.co'),('4bd05d508a4aca1786890bebc4332149',NULL,'66.249.70.109','Mozilla/5.0 (Linux; Android 6.0.1; Nexus 5X Build/MMB29P) AppleWebKit/537.36 (KHTML, like Gecko) Chrome/127.0.6533.119 Mobile Safari/537.36 (compatible; Googlebot/2.1; +http://www.google.com/bot.html)',1724602852,1724602853,0,'currentLocale|s:5:\"es_ES\";','revista.jdc.edu.co'),('4bd3e3664711074818dab72a064ede39',NULL,'107.20.105.74','DreamHost SiteMonitor 1.0',1724626369,1724626369,0,'','revista.jdc.edu.co'),('4bdea98c0645ca47294fdf4683e9bb5a',NULL,'66.249.70.110','Mozilla/5.0 (Linux; Android 6.0.1; Nexus 5X Build/MMB29P) AppleWebKit/537.36 (KHTML, like Gecko) Chrome/127.0.6533.119 Mobile Safari/537.36 (compatible; Googlebot/2.1; +http://www.google.com/bot.html)',1724666851,1724666851,0,'','revista.jdc.edu.co'),('4be11d27f44015bbe7081501b9a50edc',NULL,'38.255.108.166','Mozilla/5.0 (Linux; Android 10; K) AppleWebKit/537.36 (KHTML, like Gecko) Chrome/127.0.0.0 Mobile Safari/537.36',1724683748,1724683748,0,'','revista.jdc.edu.co'),('4bea4572546e7d160b2d38bd531d6d63',NULL,'40.77.167.9','Mozilla/5.0 AppleWebKit/537.36 (KHTML, like Gecko; compatible; bingbot/2.0; +http://www.bing.com/bingbot.htm) Chrome/116.0.1938.76 Safari/537.36',1724629551,1724629551,0,'','revista.jdc.edu.co'),('4bf3cdd89b214528ff4c73cb80da3fa3',NULL,'191.108.72.117','Mozilla/5.0 (Windows NT 10.0; Win64; x64) AppleWebKit/537.36 (KHTML, like Gecko) Chrome/127.0.0.0 Safari/537.36',1724688719,1724688719,0,'','revista.jdc.edu.co'),('4c0b4101fc73595c87fecebd92faff63',NULL,'179.19.90.30','Mozilla/5.0 (Linux; Android 10; K) AppleWebKit/537.36 (KHTML, like Gecko) Chrome/127.0.0.0 Mobile Safari/537.36',1724693618,1724693618,0,'','revista.jdc.edu.co'),('4c0bbeb482d52bf3789de56a10b18cfa',NULL,'190.66.219.202','Mozilla/5.0 (Windows NT 10.0; Win64; x64) AppleWebKit/537.36 (KHTML, like Gecko) Chrome/128.0.0.0 Safari/537.36',1724678698,1724678698,0,'','revista.jdc.edu.co'),('4c1a3c14b2b812aadcb4abb6d91f83b8',NULL,'66.249.70.109','Mozilla/5.0 (Linux; Android 6.0.1; Nexus 5X Build/MMB29P) AppleWebKit/537.36 (KHTML, like Gecko) Chrome/127.0.6533.119 Mobile Safari/537.36 (compatible; Googlebot/2.1; +http://www.google.com/bot.html)',1724614251,1724614251,0,'','revista.jdc.edu.co'),('4c2ab4ead1a152de679f9408d530ac12',NULL,'191.109.170.126','Mozilla/5.0 (Windows NT 10.0; Win64; x64) AppleWebKit/537.36 (KHTML, like Gecko) Chrome/116.0.0.0 Safari/537.36 Edg/116.0.1938.62',1724623964,1724623964,0,'','revista.jdc.edu.co'),('4c63a09b1befe0f38c78022fb892751f',NULL,'185.77.217.45','Mozilla/5.0 (en-us) AppleWebKit/525.13 (KHTML, like Gecko; Google Web Preview) Version/3.1 Safari/525.13',1724672940,1724672940,0,'','revista.jdc.edu.co'),('4c6422da9836843e2950a1e8ed6c8fa9',NULL,'186.174.138.122','Mozilla/5.0 (iPhone; CPU iPhone OS 17_5_1 like Mac OS X) AppleWebKit/605.1.15 (KHTML, like Gecko) Version/17.5 Mobile/15E148 Safari/604.1',1724637909,1724637909,0,'','revista.jdc.edu.co'),('4c8a6b5cd7114fd4d080a426b98fb099',NULL,'66.249.70.108','Mozilla/5.0 (Linux; Android 6.0.1; Nexus 5X Build/MMB29P) AppleWebKit/537.36 (KHTML, like Gecko) Chrome/127.0.6533.119 Mobile Safari/537.36 (compatible; Googlebot/2.1; +http://www.google.com/bot.html)',1724640570,1724640570,0,'','revista.jdc.edu.co'),('4c97081837e86d6f6f097b14b902c369',NULL,'107.20.105.74','DreamHost SiteMonitor 1.0',1724635669,1724635669,0,'','revista.jdc.edu.co'),('4c9dc49059e9b8c9fba00c58fe5f889e',NULL,'187.235.96.196','Mozilla/5.0 (Windows NT 10.0; Win64; x64) AppleWebKit/537.36 (KHTML, like Gecko) Chrome/127.0.0.0 Safari/537.36',1724613884,1724613884,0,'','revista.jdc.edu.co'),('4ca117f7c3fcc5361cad556c5b37fbe0',NULL,'66.249.70.109','Mozilla/5.0 (Linux; Android 6.0.1; Nexus 5X Build/MMB29P) AppleWebKit/537.36 (KHTML, like Gecko) Chrome/127.0.6533.119 Mobile Safari/537.36 (compatible; Googlebot/2.1; +http://www.google.com/bot.html)',1724652395,1724652395,0,'','revista.jdc.edu.co'),('4ca3910a088b7fb24d1d338b7109470e',NULL,'190.97.251.123','Mozilla/5.0 (Linux; Android 10; K) AppleWebKit/537.36 (KHTML, like Gecko) Chrome/127.0.0.0 Mobile Safari/537.36',1724690588,1724690588,0,'','revista.jdc.edu.co'),('4cad5df557572d283abb7d4f92c9baad',NULL,'66.249.70.110','Mozilla/5.0 (Linux; Android 6.0.1; Nexus 5X Build/MMB29P) AppleWebKit/537.36 (KHTML, like Gecko) Chrome/127.0.6533.119 Mobile Safari/537.36 (compatible; Googlebot/2.1; +http://www.google.com/bot.html)',1724668902,1724668902,0,'','revista.jdc.edu.co'),('4cd00e278076643e289c41efe6aa67b4',NULL,'107.20.105.74','DreamHost SiteMonitor 1.0',1724654269,1724654269,0,'','revista.jdc.edu.co'),('4d06f636490b9d9e12afcf965e66a73b',NULL,'107.20.105.74','DreamHost SiteMonitor 1.0',1724662070,1724662070,0,'','revista.jdc.edu.co'),('4d1eb20c204bd12ae56d6f4a65ea05ef',NULL,'64.237.55.3','Pingdom.com_bot_version_1.4_(http://www.pingdom.com/)',1724640770,1724640770,0,'','revista.jdc.edu.co'),('4d2d9c6cd4bbc0d4d8d9a48694b8533b',NULL,'66.249.70.110','Mozilla/5.0 (Linux; Android 6.0.1; Nexus 5X Build/MMB29P) AppleWebKit/537.36 (KHTML, like Gecko) Chrome/127.0.6533.119 Mobile Safari/537.36 (compatible; Googlebot/2.1; +http://www.google.com/bot.html)',1724643566,1724643566,0,'','revista.jdc.edu.co'),('4d31dc01649687d8dca343e52aa81ee4',NULL,'66.249.70.108','Googlebot/2.1 (+http://www.google.com/bot.html)',1724680904,1724680904,0,'','revista.jdc.edu.co'),('4d37eed11520d231555a26cac327ff4e',NULL,'173.254.206.242','Pingdom.com_bot_version_1.4_(http://www.pingdom.com/)',1724674910,1724674910,0,'','revista.jdc.edu.co'),('4d498fd07450ba38b5251bf16e603df3',NULL,'196.245.151.42','Pingdom.com_bot_version_1.4_(http://www.pingdom.com/)',1724607711,1724607711,0,'','revista.jdc.edu.co'),('4d5726f0514ab6998d189d2ee2efa092',NULL,'52.167.144.235','Mozilla/5.0 AppleWebKit/537.36 (KHTML, like Gecko; compatible; bingbot/2.0; +http://www.bing.com/bingbot.htm) Chrome/116.0.1938.76 Safari/537.36',1724634588,1724634588,0,'','revista.jdc.edu.co'),('4d63918086f46a7d77f37804f6fa42cb',NULL,'181.137.165.204','Mozilla/5.0 (Windows NT 10.0; Win64; x64) AppleWebKit/537.36 (KHTML, like Gecko) Chrome/127.0.0.0 Safari/537.36',1724610819,1724610819,0,'','revista.jdc.edu.co'),('4d6eef30aac99ebfe2f9e6ad80fdf2d6',NULL,'123.6.49.15','Mozilla/5.0 (Linux; Android 8.0; Pixel 2 Build/OPD3.170816.012) AppleWebKit/537.36 (KHTML, like Gecko) Chrome/87.0.4280.88 Mobile Safari/537.36',1724654374,1724654374,0,'','revista.jdc.edu.co'),('4d94d5c850eba7a6309f104bc22878e9',NULL,'66.249.70.109','Mozilla/5.0 (Linux; Android 6.0.1; Nexus 5X Build/MMB29P) AppleWebKit/537.36 (KHTML, like Gecko) Chrome/127.0.6533.119 Mobile Safari/537.36 (compatible; Googlebot/2.1; +http://www.google.com/bot.html)',1724623900,1724623900,0,'','revista.jdc.edu.co'),('4db185f557590c832e9a85d431ea0d30',NULL,'200.3.193.225','Mozilla/5.0 (Windows NT 10.0; Win64; x64) AppleWebKit/537.36 (KHTML, like Gecko) Chrome/127.0.0.0 Safari/537.36',1724686060,1724686062,0,'','revista.jdc.edu.co'),('4dc5d1dd752a1cd96d520743346ed290',NULL,'107.182.234.77','Pingdom.com_bot_version_1.4_(http://www.pingdom.com/)',1724654150,1724654150,0,'','revista.jdc.edu.co'),('4ddc76a52eab4b71f78c004b48a0e8a6',NULL,'107.20.105.74','DreamHost SiteMonitor 1.0',1724636270,1724636270,0,'','revista.jdc.edu.co'),('4de0c1461040bc8c1dde9e9068e68741',NULL,'196.245.151.42','Pingdom.com_bot_version_1.4_(http://www.pingdom.com/)',1724603510,1724603510,0,'','revista.jdc.edu.co'),('4df59b18ab01b5b30a3d42ae554153e9',NULL,'64.237.55.3','Pingdom.com_bot_version_1.4_(http://www.pingdom.com/)',1724674970,1724674970,0,'','revista.jdc.edu.co'),('4e1757c7c57d1b48c8d195cda1542a24',NULL,'189.148.32.46','Mozilla/5.0 (Windows NT 10.0; Win64; x64) AppleWebKit/537.36 (KHTML, like Gecko) Chrome/128.0.0.0 Safari/537.36',1724612057,1724612057,0,'','revista.jdc.edu.co'),('4e3773a7da6abb04213cd7f33b2fc4b8',NULL,'104.224.66.26','Mozilla/5.0 (Macintosh; U; PPC Mac OS X Mach-O; en-US; rv:1.4a) Gecko/20030401',1724673498,1724673498,0,'','revista.jdc.edu.co'),('4e420b9420ca2b4b62ee65faf7972a21',NULL,'66.249.70.109','Mozilla/5.0 (Linux; Android 6.0.1; Nexus 5X Build/MMB29P) AppleWebKit/537.36 (KHTML, like Gecko) Chrome/127.0.6533.119 Mobile Safari/537.36 (compatible; Googlebot/2.1; +http://www.google.com/bot.html)',1724625233,1724625233,0,'','revista.jdc.edu.co'),('4e63d52b7ef483246cf150c7c0fdad84',NULL,'52.167.144.171','Mozilla/5.0 AppleWebKit/537.36 (KHTML, like Gecko; compatible; bingbot/2.0; +http://www.bing.com/bingbot.htm) Chrome/116.0.1938.76 Safari/537.36',1724677401,1724677401,0,'','revista.jdc.edu.co'),('4e74a2bc4d72a62c660a9fba90fbcb86',NULL,'66.249.70.108','Googlebot/2.1 (+http://www.google.com/bot.html)',1724685581,1724685581,0,'','revista.jdc.edu.co'),('4e7e7f06c05b67d704489960c500f5dc',NULL,'82.165.98.207','Go-http-client/1.1',1724616340,1724616340,0,'','revista.jdc.edu.co'),('4ea3ef47e8f6ea4be93b2458a6465c1a',NULL,'66.249.70.110','Mozilla/5.0 (Linux; Android 6.0.1; Nexus 5X Build/MMB29P) AppleWebKit/537.36 (KHTML, like Gecko) Chrome/127.0.6533.119 Mobile Safari/537.36 (compatible; Googlebot/2.1; +http://www.google.com/bot.html)',1724667036,1724667036,0,'','revista.jdc.edu.co'),('4eb35484a65b747a8f161845f29e9dce',NULL,'66.249.70.109','Mozilla/5.0 (Linux; Android 6.0.1; Nexus 5X Build/MMB29P) AppleWebKit/537.36 (KHTML, like Gecko) Chrome/127.0.6533.119 Mobile Safari/537.36 (compatible; Googlebot/2.1; +http://www.google.com/bot.html)',1724609054,1724609054,0,'','revista.jdc.edu.co'),('4ec69d6cfd2302c5da7f389835787e51',NULL,'173.254.206.242','Pingdom.com_bot_version_1.4_(http://www.pingdom.com/)',1724670710,1724670710,0,'','revista.jdc.edu.co'),('4ed5ca589b5063e63f02d40e4aaf6350',NULL,'191.91.39.37','',1724602683,1724602683,0,'','revista.jdc.edu.co'),('4edefe8772a601ab0ec9f87e9cb85bf5',NULL,'179.1.68.42','Mozilla/5.0 (Windows NT 10.0; Win64; x64) AppleWebKit/537.36 (KHTML, like Gecko) Chrome/128.0.0.0 Safari/537.36',1724690846,1724690846,0,'','revista.jdc.edu.co'),('4f3007d3f494e68c6e0495e3b35c423e',NULL,'66.249.70.108','Mozilla/5.0 (Linux; Android 6.0.1; Nexus 5X Build/MMB29P) AppleWebKit/537.36 (KHTML, like Gecko) Chrome/127.0.6533.119 Mobile Safari/537.36 (compatible; Googlebot/2.1; +http://www.google.com/bot.html)',1724651567,1724651567,0,'','revista.jdc.edu.co'),('4f3b99d9cbf44fc33bf4c35e109eea6f',NULL,'66.249.70.108','Mozilla/5.0 (Linux; Android 6.0.1; Nexus 5X Build/MMB29P) AppleWebKit/537.36 (KHTML, like Gecko) Chrome/127.0.6533.119 Mobile Safari/537.36 (compatible; Googlebot/2.1; +http://www.google.com/bot.html)',1724671251,1724671251,0,'','revista.jdc.edu.co'),('4f50b4bbb9eef9d12bc2d7f6ee3425b7',NULL,'173.254.206.242','Pingdom.com_bot_version_1.4_(http://www.pingdom.com/)',1724647250,1724647250,0,'','revista.jdc.edu.co'),('4f68a3808b01900423214b744d7ca15e',NULL,'196.245.151.42','Pingdom.com_bot_version_1.4_(http://www.pingdom.com/)',1724625111,1724625111,0,'','revista.jdc.edu.co'),('4f7b8c1354ab7a9a05585e79dad151bf',NULL,'66.249.70.109','Mozilla/5.0 (Linux; Android 6.0.1; Nexus 5X Build/MMB29P) AppleWebKit/537.36 (KHTML, like Gecko) Chrome/127.0.6533.119 Mobile Safari/537.36 (compatible; Googlebot/2.1; +http://www.google.com/bot.html)',1724631700,1724631700,0,'currentLocale|s:5:\"pt_BR\";','revista.jdc.edu.co'),('4f821993515caeca259f1757f667ced1',NULL,'107.20.105.74','DreamHost SiteMonitor 1.0',1724667470,1724667470,0,'','revista.jdc.edu.co'),('4f932fc17aa3f69db69a7c4f6c3bf6c2',NULL,'107.182.234.77','Pingdom.com_bot_version_1.4_(http://www.pingdom.com/)',1724615151,1724615151,0,'','revista.jdc.edu.co'),('4faac9745b731099229900e235f78f1b',NULL,'196.245.151.42','Pingdom.com_bot_version_1.4_(http://www.pingdom.com/)',1724614911,1724614911,0,'','revista.jdc.edu.co'),('4fae683f5fcf9feff374aee6e9df3ba2',NULL,'66.249.70.109','Mozilla/5.0 (Linux; Android 6.0.1; Nexus 5X Build/MMB29P) AppleWebKit/537.36 (KHTML, like Gecko) Chrome/127.0.6533.119 Mobile Safari/537.36 (compatible; Googlebot/2.1; +http://www.google.com/bot.html)',1724632012,1724632012,0,'','revista.jdc.edu.co'),('4fb78fdd460141d70d3a6eb9408def53',NULL,'64.237.55.3','Pingdom.com_bot_version_1.4_(http://www.pingdom.com/)',1724689910,1724689910,0,'','revista.jdc.edu.co'),('4fba6db348c89870faba24387eea2c8d',NULL,'107.20.105.74','DreamHost SiteMonitor 1.0',1724644969,1724644969,0,'','revista.jdc.edu.co'),('4fbcb82ad980c8e51816f6dbcb829e43',NULL,'181.114.108.18','Mozilla/5.0 (Linux; Android 10; K) AppleWebKit/537.36 (KHTML, like Gecko) Chrome/127.0.0.0 Mobile Safari/537.36',1724620693,1724620693,0,'','revista.jdc.edu.co'),('4fc10a1811ecfb5ee3053b18ba2b949d',NULL,'46.20.45.18','Pingdom.com_bot_version_1.4_(http://www.pingdom.com/)',1724622891,1724622891,0,'','revista.jdc.edu.co'),('4fd583f6709c17dd55eb263cb2403869',NULL,'172.241.112.86','Pingdom.com_bot_version_1.4_(http://www.pingdom.com/)',1724686790,1724686790,0,'','revista.jdc.edu.co'),('4ff7a265047c9badebdade5911316897',NULL,'49.0.202.21','Mozilla/5.0 (Windows NT 10.0; Win64; x64) AppleWebKit/537.36 (KHTML, like Gecko) Chrome/101.0.4951.64 Safari/537.36 Edg/101.0.1210.47',1724637252,1724637252,0,'','revista.jdc.edu.co'),('4ffc76c1e197c5839e5c112af7afcee3',NULL,'66.249.70.109','Mozilla/5.0 (Linux; Android 6.0.1; Nexus 5X Build/MMB29P) AppleWebKit/537.36 (KHTML, like Gecko) Chrome/127.0.6533.119 Mobile Safari/537.36 (compatible; Googlebot/2.1; +http://www.google.com/bot.html)',1724632446,1724632446,0,'','revista.jdc.edu.co'),('4ffe1477c838ec27e18e5a412c5d7778',NULL,'199.87.228.66','Pingdom.com_bot_version_1.4_(http://www.pingdom.com/)',1724654030,1724654030,0,'','revista.jdc.edu.co'),('5005cc014adcaf7c71f8410604ed1f38',NULL,'66.249.70.109','Mozilla/5.0 (Linux; Android 6.0.1; Nexus 5X Build/MMB29P) AppleWebKit/537.36 (KHTML, like Gecko) Chrome/127.0.6533.119 Mobile Safari/537.36 (compatible; Googlebot/2.1; +http://www.google.com/bot.html)',1724643123,1724643123,0,'','revista.jdc.edu.co'),('500b30332ee1ce0008f9c0acdcfa352e',NULL,'46.20.45.18','Pingdom.com_bot_version_1.4_(http://www.pingdom.com/)',1724656550,1724656550,0,'','revista.jdc.edu.co'),('501a624bceed7ed75704e920930d1e7b',NULL,'104.129.24.154','Pingdom.com_bot_version_1.4_(http://www.pingdom.com/)',1724655470,1724655470,0,'','revista.jdc.edu.co'),('503958ea3fe19927342dbb60e016cc38',NULL,'108.181.70.3','Pingdom.com_bot_version_1.4_(http://www.pingdom.com/)',1724630331,1724630331,0,'','revista.jdc.edu.co'),('505fb84c575c776949e08a17a5ed8269',NULL,'125.80.217.233','Mozilla/5.0 (Windows NT 10.0; Win64; x64) AppleWebKit/537.36 (KHTML, like Gecko) Chrome/113.0.0.0 Safari/537.36',1724637898,1724637898,0,'','revista.jdc.edu.co'),('5073f73e13002afb7718541c173b2896',NULL,'173.254.206.242','Pingdom.com_bot_version_1.4_(http://www.pingdom.com/)',1724653911,1724653911,0,'','revista.jdc.edu.co'),('5080c7674e44a9b461634a3452a37f30',NULL,'107.20.105.74','DreamHost SiteMonitor 1.0',1724688769,1724688769,0,'','revista.jdc.edu.co'),('508b3d88eaac6fc7a9cd4ae6ba0b5d5d',NULL,'66.249.70.108','Mozilla/5.0 (Linux; Android 6.0.1; Nexus 5X Build/MMB29P) AppleWebKit/537.36 (KHTML, like Gecko) Chrome/127.0.6533.119 Mobile Safari/537.36 (compatible; Googlebot/2.1; +http://www.google.com/bot.html)',1724671373,1724671373,0,'','revista.jdc.edu.co'),('508fc5699c94b94909cdfe92abb961ec',NULL,'107.182.234.77','Pingdom.com_bot_version_1.4_(http://www.pingdom.com/)',1724657211,1724657211,0,'','revista.jdc.edu.co'),('50ce7650fe97677c85813cede263c4e2',NULL,'66.249.70.108','Mozilla/5.0 (Linux; Android 6.0.1; Nexus 5X Build/MMB29P) AppleWebKit/537.36 (KHTML, like Gecko) Chrome/127.0.6533.119 Mobile Safari/537.36 (compatible; Googlebot/2.1; +http://www.google.com/bot.html)',1724687856,1724687856,0,'','revista.jdc.edu.co'),('50eb1c55d1d7a9841969b78740748f70',NULL,'107.182.234.77','Pingdom.com_bot_version_1.4_(http://www.pingdom.com/)',1724651750,1724651750,0,'','revista.jdc.edu.co'),('50ec88985d9427a0fc6bf5cf4d35f475',NULL,'173.254.206.242','Pingdom.com_bot_version_1.4_(http://www.pingdom.com/)',1724679650,1724679650,0,'','revista.jdc.edu.co'),('5128972b30069cf7c7f5c02dd0353f99',NULL,'107.182.234.77','Pingdom.com_bot_version_1.4_(http://www.pingdom.com/)',1724688950,1724688950,0,'','revista.jdc.edu.co'),('513f7ab2edafee8c1f9cbefb618ec0d1',NULL,'199.87.228.66','Pingdom.com_bot_version_1.4_(http://www.pingdom.com/)',1724658890,1724658890,0,'','revista.jdc.edu.co'),('5159394fd9889d4e31e35a465d1334cf',NULL,'66.249.70.109','Mozilla/5.0 (Linux; Android 6.0.1; Nexus 5X Build/MMB29P) AppleWebKit/537.36 (KHTML, like Gecko) Chrome/127.0.6533.119 Mobile Safari/537.36 (compatible; Googlebot/2.1; +http://www.google.com/bot.html)',1724647914,1724647914,0,'','revista.jdc.edu.co'),('51613762a6b70980a3f6f57ec152557c',NULL,'66.249.70.108','Mozilla/5.0 (Linux; Android 6.0.1; Nexus 5X Build/MMB29P) AppleWebKit/537.36 (KHTML, like Gecko) Chrome/127.0.6533.119 Mobile Safari/537.36 (compatible; Googlebot/2.1; +http://www.google.com/bot.html)',1724650727,1724650727,0,'','revista.jdc.edu.co'),('51817f10c6a1c23b7665a944b9bdc853',NULL,'148.72.170.233','Pingdom.com_bot_version_1.4_(http://www.pingdom.com/)',1724647610,1724647610,0,'','revista.jdc.edu.co'),('5192d4cf541731489acf0837b62a3927',NULL,'66.249.70.109','Mozilla/5.0 (Linux; Android 6.0.1; Nexus 5X Build/MMB29P) AppleWebKit/537.36 (KHTML, like Gecko) Chrome/127.0.6533.99 Mobile Safari/537.36 (compatible; Googlebot/2.1; +http://www.google.com/bot.html)',1724609940,1724609940,0,'','revista.jdc.edu.co'),('51b0b09434cbdd44c1afe2d903ea8c2b',NULL,'157.97.126.188','Mozilla/5.0 AppleWebKit/537.36 (KHTML, like Gecko; compatible; PerplexityBot/1.0; +https://docs.perplexity.ai/docs/perplexity-bot)',1724680315,1724680315,0,'','revista.jdc.edu.co'),('51b7b1919442c42e55e31caab4ff3cbc',NULL,'181.67.176.175','Mozilla/5.0 (Windows NT 10.0; Win64; x64) AppleWebKit/537.36 (KHTML, like Gecko) Chrome/127.0.0.0 Safari/537.36',1724691983,1724691997,0,'','revista.jdc.edu.co'),('51fc351b1ab4fe67330a6ca50cfc47a0',NULL,'66.249.70.110','Mozilla/5.0 (Linux; Android 6.0.1; Nexus 5X Build/MMB29P) AppleWebKit/537.36 (KHTML, like Gecko) Chrome/127.0.6533.119 Mobile Safari/537.36 (compatible; Googlebot/2.1; +http://www.google.com/bot.html)',1724606971,1724606971,0,'','revista.jdc.edu.co'),('522bd8c6caf73b25430cd944ee853927',NULL,'198.235.24.17','',1724603703,1724603703,0,'','revista.jdc.edu.co'),('522c638cc08627733dd28cca109fed6f',NULL,'64.237.55.3','Pingdom.com_bot_version_1.4_(http://www.pingdom.com/)',1724666570,1724666570,0,'','revista.jdc.edu.co'),('522e036dac150969ef8f2f149a009379',NULL,'66.249.70.110','Mozilla/5.0 (Linux; Android 6.0.1; Nexus 5X Build/MMB29P) AppleWebKit/537.36 (KHTML, like Gecko) Chrome/127.0.6533.119 Mobile Safari/537.36 (compatible; Googlebot/2.1; +http://www.google.com/bot.html)',1724612075,1724612075,0,'','revista.jdc.edu.co'),('5241e204931b346dbe7e410dc56c65ac',NULL,'66.249.70.108','Mozilla/5.0 (Linux; Android 6.0.1; Nexus 5X Build/MMB29P) AppleWebKit/537.36 (KHTML, like Gecko) Chrome/127.0.6533.119 Mobile Safari/537.36 (compatible; Googlebot/2.1; +http://www.google.com/bot.html)',1724609799,1724609799,0,'','revista.jdc.edu.co'),('52465c9b6a24696f6919a0f2b606e323',NULL,'172.241.112.86','Pingdom.com_bot_version_1.4_(http://www.pingdom.com/)',1724634591,1724634591,0,'','revista.jdc.edu.co'),('527024afaecf055773176713f0236676',NULL,'199.87.228.66','Pingdom.com_bot_version_1.4_(http://www.pingdom.com/)',1724643230,1724643230,0,'','revista.jdc.edu.co'),('527d7f11976ee7830307b0fffae1710f',NULL,'64.237.55.3','Pingdom.com_bot_version_1.4_(http://www.pingdom.com/)',1724646770,1724646770,0,'','revista.jdc.edu.co'),('5287197cedb9cd49714e3ab3c34cc79f',NULL,'204.199.81.178','Mozilla/5.0 (Linux; Android 10; K) AppleWebKit/537.36 (KHTML, like Gecko) Chrome/128.0.0.0 Mobile Safari/537.36',1724693213,1724693216,0,'','revista.jdc.edu.co'),('528a8daa2626757ef6db0c09e20268a8',NULL,'23.106.37.99','Pingdom.com_bot_version_1.4_(http://www.pingdom.com/)',1724659430,1724659430,0,'','revista.jdc.edu.co'),('5297571a8d877b4aadee688bb62edf2b',NULL,'66.249.70.108','Mozilla/5.0 (Linux; Android 6.0.1; Nexus 5X Build/MMB29P) AppleWebKit/537.36 (KHTML, like Gecko) Chrome/127.0.6533.119 Mobile Safari/537.36 (compatible; Googlebot/2.1; +http://www.google.com/bot.html)',1724652203,1724652205,0,'currentLocale|s:5:\"en_US\";','revista.jdc.edu.co'),('52a2c9b25070f758de75c539aad8168f',NULL,'172.241.112.86','Pingdom.com_bot_version_1.4_(http://www.pingdom.com/)',1724674790,1724674790,0,'','revista.jdc.edu.co'),('52a3e7a5649649078bafd1e4851fa55e',NULL,'173.254.206.242','Pingdom.com_bot_version_1.4_(http://www.pingdom.com/)',1724682651,1724682651,0,'','revista.jdc.edu.co'),('52a8a9ac644625dc939e6e10eeab3a1b',NULL,'40.77.167.67','Mozilla/5.0 AppleWebKit/537.36 (KHTML, like Gecko; compatible; bingbot/2.0; +http://www.bing.com/bingbot.htm) Chrome/116.0.1938.76 Safari/537.36',1724617153,1724617153,0,'','revista.jdc.edu.co'),('52b88b53b26bd87fe916e00f13f5d4c6',NULL,'64.237.55.3','Pingdom.com_bot_version_1.4_(http://www.pingdom.com/)',1724678510,1724678510,0,'','revista.jdc.edu.co'),('52ba83030173f6012fe957dab938a8a5',NULL,'107.182.234.77','Pingdom.com_bot_version_1.4_(http://www.pingdom.com/)',1724693751,1724693751,0,'','revista.jdc.edu.co'),('52bda3419d4ee7f12b49b79b64b1b425',NULL,'107.182.234.77','Pingdom.com_bot_version_1.4_(http://www.pingdom.com/)',1724682350,1724682350,0,'','revista.jdc.edu.co'),('52c41b012b022adf1337b850939c2997',NULL,'190.114.37.178','Mozilla/5.0 (Windows NT 10.0; Win64; x64) AppleWebKit/537.36 (KHTML, like Gecko) Chrome/127.0.0.0 Safari/537.36',1724623210,1724623210,0,'','revista.jdc.edu.co'),('52d3abf9af4350a884045853c14a1401',NULL,'124.243.178.186','Mozilla/5.0 (Windows NT 10.0; Win64; x64) AppleWebKit/537.36 (KHTML, like Gecko) Chrome/104.0.0.0 Safari/537.36',1724676510,1724676510,0,'','revista.jdc.edu.co'),('52d990f5279e0008d3940c7b13b3d280',NULL,'189.233.154.118','Mozilla/5.0 (Linux; Android 10; K) AppleWebKit/537.36 (KHTML, like Gecko) Chrome/128.0.0.0 Mobile Safari/537.36',1724693305,1724693313,0,'','revista.jdc.edu.co'),('52d9bb8e8a750546b20101cd2f31bca3',NULL,'107.20.105.74','DreamHost SiteMonitor 1.0',1724623669,1724623669,0,'','revista.jdc.edu.co'),('52edc1178b1166c72a194194e62df0f8',NULL,'66.249.70.108','Mozilla/5.0 (Linux; Android 6.0.1; Nexus 5X Build/MMB29P) AppleWebKit/537.36 (KHTML, like Gecko) Chrome/127.0.6533.119 Mobile Safari/537.36 (compatible; Googlebot/2.1; +http://www.google.com/bot.html)',1724637809,1724637809,0,'','revista.jdc.edu.co'),('52faf920df6c502d39bfa860f895f97e',NULL,'201.220.133.126','Mozilla/5.0 (Windows NT 10.0; Win64; x64) AppleWebKit/537.36 (KHTML, like Gecko) Chrome/127.0.0.0 Safari/537.36',1724605497,1724605499,0,'','revista.jdc.edu.co'),('52fff93efb36f95af470a37fdcd56aef',NULL,'172.241.112.86','Pingdom.com_bot_version_1.4_(http://www.pingdom.com/)',1724647790,1724647790,0,'','revista.jdc.edu.co'),('530dfb2d6d00010238daf2d2ad40b8bb',NULL,'52.167.144.229','Mozilla/5.0 AppleWebKit/537.36 (KHTML, like Gecko; compatible; bingbot/2.0; +http://www.bing.com/bingbot.htm) Chrome/116.0.1938.76 Safari/537.36',1724686607,1724686607,0,'','revista.jdc.edu.co'),('53410425aaeaf331a323276e00c9722d',NULL,'66.249.70.110','Mozilla/5.0 (Linux; Android 6.0.1; Nexus 5X Build/MMB29P) AppleWebKit/537.36 (KHTML, like Gecko) Chrome/127.0.6533.119 Mobile Safari/537.36 (compatible; Googlebot/2.1; +http://www.google.com/bot.html)',1724665241,1724665241,0,'','revista.jdc.edu.co'),('534b4ee4fb24ee238c8c6252744d23c8',NULL,'66.249.70.109','Mozilla/5.0 (Linux; Android 6.0.1; Nexus 5X Build/MMB29P) AppleWebKit/537.36 (KHTML, like Gecko) Chrome/127.0.6533.119 Mobile Safari/537.36 (compatible; Googlebot/2.1; +http://www.google.com/bot.html)',1724653857,1724653857,0,'','revista.jdc.edu.co'),('536bed9720342575209c5d5c21f1c303',NULL,'46.20.45.18','Pingdom.com_bot_version_1.4_(http://www.pingdom.com/)',1724624690,1724624690,0,'','revista.jdc.edu.co'),('538481c0bcf038921359a0ec6f87cc6f',NULL,'66.249.70.108','Mozilla/5.0 (Linux; Android 6.0.1; Nexus 5X Build/MMB29P) AppleWebKit/537.36 (KHTML, like Gecko) Chrome/127.0.6533.119 Mobile Safari/537.36 (compatible; Googlebot/2.1; +http://www.google.com/bot.html)',1724604410,1724604410,0,'','revista.jdc.edu.co'),('538b250f05dfa79211c11cf67e595e30',NULL,'66.249.70.109','Mozilla/5.0 (Linux; Android 6.0.1; Nexus 5X Build/MMB29P) AppleWebKit/537.36 (KHTML, like Gecko) Chrome/127.0.6533.119 Mobile Safari/537.36 (compatible; Googlebot/2.1; +http://www.google.com/bot.html)',1724647854,1724647854,0,'','revista.jdc.edu.co'),('538cb93431371df87f9deca14eb2c7c9',NULL,'64.237.55.3','Pingdom.com_bot_version_1.4_(http://www.pingdom.com/)',1724606570,1724606570,0,'','revista.jdc.edu.co'),('539b9d361d902337e86149fee8983d29',NULL,'152.203.162.197','Mozilla/5.0 (Windows NT 10.0; Win64; x64) AppleWebKit/537.36 (KHTML, like Gecko) Chrome/128.0.0.0 Safari/537.36',1724622607,1724622612,0,'','revista.jdc.edu.co'),('539d441d3d7aeddb5f773cb8293e8375',NULL,'64.237.55.3','Pingdom.com_bot_version_1.4_(http://www.pingdom.com/)',1724641371,1724641371,0,'','revista.jdc.edu.co'),('53a8109724b009fda5e3b7907f56a9d6',NULL,'107.20.105.74','DreamHost SiteMonitor 1.0',1724626969,1724626969,0,'','revista.jdc.edu.co'),('53a989777cc7bb8190ba602c6ce55de0',NULL,'104.129.24.154','Pingdom.com_bot_version_1.4_(http://www.pingdom.com/)',1724650071,1724650071,0,'','revista.jdc.edu.co'),('53afd43581dcfe947e4b99e4942fcb1e',NULL,'66.249.70.109','Mozilla/5.0 (Linux; Android 6.0.1; Nexus 5X Build/MMB29P) AppleWebKit/537.36 (KHTML, like Gecko) Chrome/127.0.6533.119 Mobile Safari/537.36 (compatible; Googlebot/2.1; +http://www.google.com/bot.html)',1724629316,1724629316,0,'','revista.jdc.edu.co'),('53b11f6dbc20464735d17749e59799e3',NULL,'107.20.105.74','DreamHost SiteMonitor 1.0',1724653969,1724653969,0,'','revista.jdc.edu.co'),('53c9497751bbe9af97337e23af547736',NULL,'107.20.105.74','DreamHost SiteMonitor 1.0',1724679769,1724679769,0,'','revista.jdc.edu.co'),('53f6298717049bb6dee82671b27c982b',NULL,'66.249.70.108','Mozilla/5.0 (Linux; Android 6.0.1; Nexus 5X Build/MMB29P) AppleWebKit/537.36 (KHTML, like Gecko) Chrome/127.0.6533.119 Mobile Safari/537.36 (compatible; Googlebot/2.1; +http://www.google.com/bot.html)',1724661469,1724661469,0,'','revista.jdc.edu.co'),('53f7333248c9428527feb26fe1c4bdad',NULL,'107.20.105.74','DreamHost SiteMonitor 1.0',1724652769,1724652769,0,'','revista.jdc.edu.co'),('5402c54cd2f5ad8da0d4ed353d0010d0',NULL,'85.208.98.227','Mozilla/5.0 (compatible; Googlebot/2.1; +http://www.google.com/bot.html)',1724671161,1724671161,0,'','revista.jdc.edu.co'),('5422f5bb12e1ed1e1404b7539cfd6a75',NULL,'66.249.70.109','Mozilla/5.0 (Linux; Android 6.0.1; Nexus 5X Build/MMB29P) AppleWebKit/537.36 (KHTML, like Gecko) Chrome/127.0.6533.119 Mobile Safari/537.36 (compatible; Googlebot/2.1; +http://www.google.com/bot.html)',1724629994,1724629994,0,'','revista.jdc.edu.co'),('5463bbd21180b256ce1e51c46de8b4d7',NULL,'66.249.70.108','Mozilla/5.0 (Linux; Android 6.0.1; Nexus 5X Build/MMB29P) AppleWebKit/537.36 (KHTML, like Gecko) Chrome/127.0.6533.119 Mobile Safari/537.36 (compatible; Googlebot/2.1; +http://www.google.com/bot.html)',1724660960,1724660960,0,'','revista.jdc.edu.co'),('546d2bd981548cb2fdc64f5702a03728',NULL,'66.249.70.108','Googlebot/2.1 (+http://www.google.com/bot.html)',1724685503,1724685503,0,'','revista.jdc.edu.co'),('546ea164cc16c1ce063560cf15ebd0c1',NULL,'72.14.201.247','Mozilla/5.0 (Linux; Android 10; K) AppleWebKit/537.36 (KHTML, like Gecko) Chrome/127.0.0.0 Mobile Safari/537.36',1724614618,1724614618,0,'','revista.jdc.edu.co'),('547b182f8d25155c60aa631151a2ba78',NULL,'173.254.206.242','Pingdom.com_bot_version_1.4_(http://www.pingdom.com/)',1724604050,1724604050,0,'','revista.jdc.edu.co'),('547f32f21ff0d4ef8027c2eed11b6c0e',NULL,'66.249.70.109','Mozilla/5.0 (Linux; Android 6.0.1; Nexus 5X Build/MMB29P) AppleWebKit/537.36 (KHTML, like Gecko) Chrome/127.0.6533.119 Mobile Safari/537.36 (compatible; Googlebot/2.1; +http://www.google.com/bot.html)',1724678700,1724678700,0,'','revista.jdc.edu.co'),('54831d7ddbaa5e50b47242304d7880aa',NULL,'8.243.166.28','Mozilla/5.0 (Windows NT 10.0; Win64; x64) AppleWebKit/537.36 (KHTML, like Gecko) Chrome/127.0.0.0 Safari/537.36',1724622925,1724622925,0,'','revista.jdc.edu.co'),('54845cd4f51c9f76db4938150a3baf52',NULL,'187.188.59.219','Mozilla/5.0 (Windows NT 10.0; Win64; x64) AppleWebKit/537.36 (KHTML, like Gecko) Chrome/127.0.0.0 Safari/537.36',1724647145,1724647145,0,'','revista.jdc.edu.co'),('54873ddc597e9423a6b10ca0a0c4c6f5',NULL,'66.249.70.110','Googlebot/2.1 (+http://www.google.com/bot.html)',1724681209,1724681209,0,'','revista.jdc.edu.co'),('549c59c5aacaf7655959c7b1f07f039c',NULL,'66.249.70.109','Mozilla/5.0 (Linux; Android 6.0.1; Nexus 5X Build/MMB29P) AppleWebKit/537.36 (KHTML, like Gecko) Chrome/127.0.6533.99 Mobile Safari/537.36 (compatible; Googlebot/2.1; +http://www.google.com/bot.html)',1724678002,1724678002,0,'','revista.jdc.edu.co'),('54ad64d8511826bcbf4edb59d58fab1c',NULL,'184.75.214.66','Pingdom.com_bot_version_1.4_(http://www.pingdom.com/)',1724673050,1724673050,0,'','revista.jdc.edu.co'),('54c728e0b2a63517c9a99515c39aed1d',NULL,'107.20.105.74','DreamHost SiteMonitor 1.0',1724687869,1724687869,0,'','revista.jdc.edu.co'),('54f6fb3182d7e1fdc56403630f9d7384',NULL,'66.249.70.109','Mozilla/5.0 (Linux; Android 6.0.1; Nexus 5X Build/MMB29P) AppleWebKit/537.36 (KHTML, like Gecko) Chrome/127.0.6533.119 Mobile Safari/537.36 (compatible; Googlebot/2.1; +http://www.google.com/bot.html)',1724656726,1724656726,0,'','revista.jdc.edu.co'),('54f819a10f1f4119bcfbfd2015b278ad',NULL,'196.245.151.42','Pingdom.com_bot_version_1.4_(http://www.pingdom.com/)',1724624510,1724624510,0,'','revista.jdc.edu.co'),('550b8203c563bc60b4a802cd09fd0591',NULL,'196.245.151.42','Pingdom.com_bot_version_1.4_(http://www.pingdom.com/)',1724640711,1724640711,0,'','revista.jdc.edu.co'),('55287bab6e5560bba629522fa7b0d9a9',NULL,'179.1.77.99','Mozilla/5.0 (Windows NT 10.0; Win64; x64) AppleWebKit/537.36 (KHTML, like Gecko) Chrome/127.0.0.0 Safari/537.36 Edg/127.0.0.0',1724616737,1724633154,0,'','revista.jdc.edu.co'),('552c911d08836808855b1fef7d75888d',NULL,'107.20.105.74','DreamHost SiteMonitor 1.0',1724642569,1724642569,0,'','revista.jdc.edu.co'),('553cf0ad5e596cdc7da49f84d82f2ad3',NULL,'190.239.79.183','Mozilla/5.0 (Linux; Android 10; K) AppleWebKit/537.36 (KHTML, like Gecko) Chrome/127.0.0.0 Mobile Safari/537.36',1724623883,1724623883,0,'','revista.jdc.edu.co'),('556fff3842d5eae1a155e8b59867d029',NULL,'66.249.70.109','Mozilla/5.0 (Linux; Android 6.0.1; Nexus 5X Build/MMB29P) AppleWebKit/537.36 (KHTML, like Gecko) Chrome/127.0.6533.119 Mobile Safari/537.36 (compatible; Googlebot/2.1; +http://www.google.com/bot.html)',1724606470,1724606470,0,'','revista.jdc.edu.co'),('55776ea6f38ede03c93057b2b8465397',NULL,'66.249.70.108','Mozilla/5.0 (Linux; Android 6.0.1; Nexus 5X Build/MMB29P) AppleWebKit/537.36 (KHTML, like Gecko) Chrome/127.0.6533.119 Mobile Safari/537.36 (compatible; Googlebot/2.1; +http://www.google.com/bot.html)',1724677160,1724677160,0,'','revista.jdc.edu.co'),('55ab4b15ec5a484c10e33887a6d664c6',NULL,'191.93.242.120','Mozilla/5.0 (Windows NT 10.0; Win64; x64) AppleWebKit/537.36 (KHTML, like Gecko) Chrome/127.0.0.0 Safari/537.36',1724621342,1724621352,0,'','revista.jdc.edu.co'),('55abfa8cbef4f107ec5fbb19aa1616e9',NULL,'40.77.167.73','Mozilla/5.0 AppleWebKit/537.36 (KHTML, like Gecko; compatible; bingbot/2.0; +http://www.bing.com/bingbot.htm) Chrome/116.0.1938.76 Safari/537.36',1724666716,1724666716,0,'','revista.jdc.edu.co'),('55c2e7f1ff27cdee0a11b22b299a0c2d',NULL,'130.250.228.21','Mozilla/5.0 (Windows NT 10.0; Win64; x64) AppleWebKit/537.36 (KHTML, like Gecko) Chrome/127.0.0.0 Safari/537.36',1724694048,1724694050,0,'','revista.jdc.edu.co'),('55cfde85eded07b419e711c09a4e60ec',NULL,'66.249.70.109','Mozilla/5.0 (Linux; Android 6.0.1; Nexus 5X Build/MMB29P) AppleWebKit/537.36 (KHTML, like Gecko) Chrome/127.0.6533.119 Mobile Safari/537.36 (compatible; Googlebot/2.1; +http://www.google.com/bot.html)',1724662407,1724662409,0,'currentLocale|s:5:\"pt_BR\";','revista.jdc.edu.co'),('55e2d9c0f84b072c1920e81a14857793',NULL,'199.87.228.66','Pingdom.com_bot_version_1.4_(http://www.pingdom.com/)',1724652230,1724652230,0,'','revista.jdc.edu.co'),('55eae5d549e9089ede76c353a8af20c3',NULL,'199.87.228.66','Pingdom.com_bot_version_1.4_(http://www.pingdom.com/)',1724647431,1724647431,0,'','revista.jdc.edu.co'),('55eb7626b59f4ff6cb9b650595278ebe',NULL,'107.20.105.74','DreamHost SiteMonitor 1.0',1724691170,1724691170,0,'','revista.jdc.edu.co'),('561884f2cb7643ec3292ce455a49cf65',NULL,'66.249.70.108','Mozilla/5.0 (Linux; Android 6.0.1; Nexus 5X Build/MMB29P) AppleWebKit/537.36 (KHTML, like Gecko) Chrome/127.0.6533.119 Mobile Safari/537.36 (compatible; Googlebot/2.1; +http://www.google.com/bot.html)',1724668315,1724668315,0,'','revista.jdc.edu.co'),('561d0e403f6d0d393de97f0e1c3a6066',NULL,'52.167.144.238','Mozilla/5.0 AppleWebKit/537.36 (KHTML, like Gecko; compatible; bingbot/2.0; +http://www.bing.com/bingbot.htm) Chrome/116.0.1938.76 Safari/537.36',1724678161,1724678161,0,'','revista.jdc.edu.co'),('5655b51b8ff8046b025d2b9e07ea8a9c',NULL,'181.115.171.193','Mozilla/5.0 (Linux; Android 10; K) AppleWebKit/537.36 (KHTML, like Gecko) Chrome/127.0.0.0 Mobile Safari/537.36',1724647881,1724647883,0,'','revista.jdc.edu.co'),('5667fa9953e1279589760f770e768059',NULL,'107.20.105.74','DreamHost SiteMonitor 1.0',1724675569,1724675569,0,'','revista.jdc.edu.co'),('5676b68c881b96b891cd3c1b4ead2895',NULL,'172.241.112.86','Pingdom.com_bot_version_1.4_(http://www.pingdom.com/)',1724665191,1724665191,0,'','revista.jdc.edu.co'),('5689ac15669855b19ab21523e58f9fb7',NULL,'107.182.234.77','Pingdom.com_bot_version_1.4_(http://www.pingdom.com/)',1724618150,1724618150,0,'','revista.jdc.edu.co'),('568c32e156f5cc07093ee26ec3c0ed4a',NULL,'108.181.70.3','Pingdom.com_bot_version_1.4_(http://www.pingdom.com/)',1724660330,1724660330,0,'','revista.jdc.edu.co'),('56a5d916d365ed6187f9712d65073f13',NULL,'40.77.167.17','Mozilla/5.0 AppleWebKit/537.36 (KHTML, like Gecko; compatible; bingbot/2.0; +http://www.bing.com/bingbot.htm) Chrome/116.0.1938.76 Safari/537.36',1724664659,1724664659,0,'','revista.jdc.edu.co'),('56cd2386cbf38eba57aba46fbb2ed0a0',NULL,'64.237.55.3','Pingdom.com_bot_version_1.4_(http://www.pingdom.com/)',1724604770,1724604770,0,'','revista.jdc.edu.co'),('56ce2d2b9150b967170643b4063a368d',NULL,'66.249.70.108','Googlebot/2.1 (+http://www.google.com/bot.html)',1724685054,1724685054,0,'','revista.jdc.edu.co'),('56de44f45b3d948c5e90bd105f80a8db',NULL,'52.167.144.207','Mozilla/5.0 AppleWebKit/537.36 (KHTML, like Gecko; compatible; bingbot/2.0; +http://www.bing.com/bingbot.htm) Chrome/116.0.1938.76 Safari/537.36',1724622419,1724622419,0,'','revista.jdc.edu.co'),('56e42173dda08ed641ca26832e9cfd54',NULL,'107.182.234.77','Pingdom.com_bot_version_1.4_(http://www.pingdom.com/)',1724668011,1724668011,0,'','revista.jdc.edu.co'),('571089773196c79d4be46331b95f9aed',NULL,'196.245.151.42','Pingdom.com_bot_version_1.4_(http://www.pingdom.com/)',1724607111,1724607111,0,'','revista.jdc.edu.co'),('57191454d6d752869866fc2b2b44f53f',NULL,'199.87.228.66','Pingdom.com_bot_version_1.4_(http://www.pingdom.com/)',1724608430,1724608430,0,'','revista.jdc.edu.co'),('57319376146b14021c7f9e749e54cbc0',NULL,'66.249.70.108','Mozilla/5.0 (Linux; Android 6.0.1; Nexus 5X Build/MMB29P) AppleWebKit/537.36 (KHTML, like Gecko) Chrome/127.0.6533.119 Mobile Safari/537.36 (compatible; Googlebot/2.1; +http://www.google.com/bot.html)',1724668125,1724668125,0,'','revista.jdc.edu.co'),('5735cfc7e38f05730c5e5b2d3a556ad7',NULL,'66.249.70.110','Mozilla/5.0 (Linux; Android 6.0.1; Nexus 5X Build/MMB29P) AppleWebKit/537.36 (KHTML, like Gecko) Chrome/127.0.6533.119 Mobile Safari/537.36 (compatible; Googlebot/2.1; +http://www.google.com/bot.html)',1724632203,1724632203,0,'','revista.jdc.edu.co'),('5758be3768c2580e69138bed0e952065',NULL,'82.199.134.165','Mozilla/5.0 (Windows NT 10.0; Win64; x64) AppleWebKit/537.36 (KHTML, like Gecko) Chrome/84.0.4147.89 Safari/537.36',1724658837,1724658837,0,'','revista.jdc.edu.co'),('576969e0ac4217c94bfd21b7950fe3f3',NULL,'173.254.206.242','Pingdom.com_bot_version_1.4_(http://www.pingdom.com/)',1724610651,1724610651,0,'','revista.jdc.edu.co'),('577ca6d151b4b3ce9084ee19b362d109',NULL,'64.237.55.3','Pingdom.com_bot_version_1.4_(http://www.pingdom.com/)',1724625171,1724625171,0,'','revista.jdc.edu.co'),('577efe3cf750c933b0df3e0f459c114f',NULL,'66.249.70.108','Mozilla/5.0 (Linux; Android 6.0.1; Nexus 5X Build/MMB29P) AppleWebKit/537.36 (KHTML, like Gecko) Chrome/127.0.6533.119 Mobile Safari/537.36 (compatible; Googlebot/2.1; +http://www.google.com/bot.html)',1724671561,1724671561,0,'','revista.jdc.edu.co'),('578883bc574d889a1ba64e0913906e22',NULL,'66.249.70.109','Mozilla/5.0 (Linux; Android 6.0.1; Nexus 5X Build/MMB29P) AppleWebKit/537.36 (KHTML, like Gecko) Chrome/127.0.6533.119 Mobile Safari/537.36 (compatible; Googlebot/2.1; +http://www.google.com/bot.html)',1724603976,1724603976,0,'currentLocale|s:5:\"es_ES\";','revista.jdc.edu.co'),('579dabd4be07d5e55956cb4db0622b8a',NULL,'104.129.24.154','Pingdom.com_bot_version_1.4_(http://www.pingdom.com/)',1724670471,1724670471,0,'','revista.jdc.edu.co'),('57c503262a5d4eed873bc49b0c398fa4',NULL,'172.241.112.86','Pingdom.com_bot_version_1.4_(http://www.pingdom.com/)',1724610590,1724610590,0,'','revista.jdc.edu.co'),('57c87f77f90f807452e6642e27d61360',NULL,'107.20.105.74','DreamHost SiteMonitor 1.0',1724654869,1724654869,0,'','revista.jdc.edu.co'),('57cb960584888cb147d041abf50086e2',NULL,'66.249.70.110','Mozilla/5.0 (Linux; Android 6.0.1; Nexus 5X Build/MMB29P) AppleWebKit/537.36 (KHTML, like Gecko) Chrome/127.0.6533.119 Mobile Safari/537.36 (compatible; Googlebot/2.1; +http://www.google.com/bot.html)',1724642242,1724642243,0,'currentLocale|s:5:\"en_US\";','revista.jdc.edu.co'),('57cf83dc50563013f256fc2a63aa403a',NULL,'66.249.70.110','Mozilla/5.0 (Linux; Android 6.0.1; Nexus 5X Build/MMB29P) AppleWebKit/537.36 (KHTML, like Gecko) Chrome/127.0.6533.119 Mobile Safari/537.36 (compatible; Googlebot/2.1; +http://www.google.com/bot.html)',1724679272,1724679272,0,'','revista.jdc.edu.co'),('57d4e4c345f4cad69146347c7c0e76fa',NULL,'196.240.207.18','Pingdom.com_bot_version_1.4_(http://www.pingdom.com/)',1724694051,1724694051,0,'','revista.jdc.edu.co'),('57d8e398c38bacf2b0c6ea130efdc654',NULL,'107.20.105.74','DreamHost SiteMonitor 1.0',1724647670,1724647670,0,'','revista.jdc.edu.co'),('57fa65aa06449eec2f98ca6c8dfbf0b6',NULL,'191.108.168.239','Mozilla/5.0 (Windows NT 10.0; Win64; x64) AppleWebKit/537.36 (KHTML, like Gecko) Chrome/127.0.0.0 Safari/537.36',1724603930,1724605990,0,'','revista.jdc.edu.co'),('58031dac55634a87bc77254f5912838b',NULL,'199.87.228.66','Pingdom.com_bot_version_1.4_(http://www.pingdom.com/)',1724630030,1724630030,0,'','revista.jdc.edu.co'),('5807cd19f81135ecb29ad59cedfdd50f',NULL,'66.249.70.108','Mozilla/5.0 (Linux; Android 6.0.1; Nexus 5X Build/MMB29P) AppleWebKit/537.36 (KHTML, like Gecko) Chrome/127.0.6533.119 Mobile Safari/537.36 (compatible; Googlebot/2.1; +http://www.google.com/bot.html)',1724602602,1724602602,0,'','revista.jdc.edu.co'),('58095a48d25972bc95eb8b26cb2ea3d0',NULL,'108.181.70.3','Pingdom.com_bot_version_1.4_(http://www.pingdom.com/)',1724665731,1724665731,0,'','revista.jdc.edu.co'),('5834d4248eb575b519329778f7adb8c1',NULL,'23.106.37.99','Pingdom.com_bot_version_1.4_(http://www.pingdom.com/)',1724667830,1724667830,0,'','revista.jdc.edu.co'),('583aa261d7462d4f935eef6c934cf792',NULL,'45.230.33.99','Mozilla/5.0 (Windows NT 10.0; Win64; x64) AppleWebKit/537.36 (KHTML, like Gecko) Chrome/127.0.0.0 Safari/537.36',1724631777,1724631777,0,'','revista.jdc.edu.co'),('5856fe80e975c3d17ac222c211ab4354',NULL,'107.20.105.74','DreamHost SiteMonitor 1.0',1724626070,1724626070,0,'','revista.jdc.edu.co'),('587876dbd418121dc601d67ed64a7ea0',NULL,'66.249.70.110','Mozilla/5.0 (Linux; Android 6.0.1; Nexus 5X Build/MMB29P) AppleWebKit/537.36 (KHTML, like Gecko) Chrome/127.0.6533.119 Mobile Safari/537.36 (compatible; Googlebot/2.1; +http://www.google.com/bot.html)',1724604226,1724604226,0,'currentLocale|s:5:\"pt_BR\";','revista.jdc.edu.co'),('5896e45dbdcee6684b7129227513902f',NULL,'186.158.188.158','Mozilla/5.0 (X11; Linux x86_64; rv:109.0) Gecko/20100101 Firefox/115.0',1724634978,1724634978,0,'','revista.jdc.edu.co'),('58a1f478d669b250ae8a8a41ac5b1627',NULL,'66.249.70.109','Mozilla/5.0 (Linux; Android 6.0.1; Nexus 5X Build/MMB29P) AppleWebKit/537.36 (KHTML, like Gecko) Chrome/127.0.6533.119 Mobile Safari/537.36 (compatible; Googlebot/2.1; +http://www.google.com/bot.html)',1724608084,1724608084,0,'','revista.jdc.edu.co'),('58b0fdeddd22bb91d31c62fe69dee9eb',NULL,'107.182.234.77','Pingdom.com_bot_version_1.4_(http://www.pingdom.com/)',1724612750,1724612750,0,'','revista.jdc.edu.co'),('58d2766514ac018f41f7c187bfb9458b',NULL,'196.245.151.42','Pingdom.com_bot_version_1.4_(http://www.pingdom.com/)',1724619710,1724619710,0,'','revista.jdc.edu.co'),('58ec350950afc24620f8feafbb6cc623',NULL,'179.6.47.58','Mozilla/5.0 (Windows NT 10.0; Win64; x64) AppleWebKit/537.36 (KHTML, like Gecko) Chrome/128.0.0.0 Safari/537.36',1724680983,1724680983,0,'','revista.jdc.edu.co'),('58ee0d6dcb2bb6f2c962d6023c68528e',NULL,'108.181.70.3','Pingdom.com_bot_version_1.4_(http://www.pingdom.com/)',1724604530,1724604530,0,'','revista.jdc.edu.co'),('58f10df3c03f002e86cfa063bd67881f',NULL,'201.184.28.189','Mozilla/5.0 (Windows NT 10.0; Win64; x64) AppleWebKit/537.36 (KHTML, like Gecko) Chrome/127.0.0.0 Safari/537.36',1724692411,1724692411,0,'','revista.jdc.edu.co'),('58fc25bf55b8dc331726f969422ca562',NULL,'46.20.45.18','Pingdom.com_bot_version_1.4_(http://www.pingdom.com/)',1724664950,1724664950,0,'','revista.jdc.edu.co'),('5916758e87934b3f0b4ba5f371425130',NULL,'23.106.37.99','Pingdom.com_bot_version_1.4_(http://www.pingdom.com/)',1724658830,1724658830,0,'','revista.jdc.edu.co'),('59182aa75efed91e9832fb6a29f6601f',NULL,'35.217.51.213','Mozilla/5.0 (Windows NT 10.0; Win64; x64) AppleWebKit/537.36 (KHTML, like Gecko; compatible; BW/1.2; rb.gy/oupwis) Chrome/124.0.0.0 Safari/537.36',1724651050,1724651050,0,'','revista.jdc.edu.co'),('591d048d28e30588a58f8aa410610425',NULL,'66.249.70.108','Mozilla/5.0 (Linux; Android 6.0.1; Nexus 5X Build/MMB29P) AppleWebKit/537.36 (KHTML, like Gecko) Chrome/127.0.6533.119 Mobile Safari/537.36 (compatible; Googlebot/2.1; +http://www.google.com/bot.html)',1724658417,1724658419,0,'currentLocale|s:5:\"es_ES\";','revista.jdc.edu.co'),('59359b29e0e0f2f5991df71a3f0656f0',NULL,'52.167.144.182','Mozilla/5.0 AppleWebKit/537.36 (KHTML, like Gecko; compatible; bingbot/2.0; +http://www.bing.com/bingbot.htm) Chrome/116.0.1938.76 Safari/537.36',1724619836,1724619836,0,'','revista.jdc.edu.co'),('594490628be99ac891f987b769418f7a',NULL,'199.87.228.66','Pingdom.com_bot_version_1.4_(http://www.pingdom.com/)',1724643831,1724643831,0,'','revista.jdc.edu.co'),('5992e762007e9358e902d02282e56e7e',NULL,'190.217.65.139','Mozilla/5.0 (Windows NT 10.0; Win64; x64) AppleWebKit/537.36 (KHTML, like Gecko) Chrome/127.0.0.0 Safari/537.36',1724618229,1724618229,0,'','revista.jdc.edu.co'),('5993a8f9d354a9c8f630b4928d1a3b95',NULL,'148.72.170.233','Pingdom.com_bot_version_1.4_(http://www.pingdom.com/)',1724606812,1724606812,0,'','revista.jdc.edu.co'),('5996919114cadd16a070a506e1199505',NULL,'173.254.206.242','Pingdom.com_bot_version_1.4_(http://www.pingdom.com/)',1724603450,1724603450,0,'','revista.jdc.edu.co'),('59a5e4ce6deb10a22f84c87a8de07832',NULL,'173.254.206.242','Pingdom.com_bot_version_1.4_(http://www.pingdom.com/)',1724650910,1724650910,0,'','revista.jdc.edu.co'),('59b321219b118a56e04b01542feacd1a',NULL,'172.241.112.86','Pingdom.com_bot_version_1.4_(http://www.pingdom.com/)',1724627390,1724627390,0,'','revista.jdc.edu.co'),('59f1ccf1e27cc30b9e6e8fb6999bcd55',NULL,'64.237.55.3','Pingdom.com_bot_version_1.4_(http://www.pingdom.com/)',1724662370,1724662370,0,'','revista.jdc.edu.co'),('5a074224a38b78f6a1f9ac45a914bb71',NULL,'72.14.201.247','Mozilla/5.0 (Linux; Android 10; K) AppleWebKit/537.36 (KHTML, like Gecko) Chrome/127.0.0.0 Mobile Safari/537.36',1724621869,1724621869,0,'','revista.jdc.edu.co'),('5a0eeec84ef687921b24a01e0d9064f3',NULL,'46.20.45.18','Pingdom.com_bot_version_1.4_(http://www.pingdom.com/)',1724692490,1724692490,0,'','revista.jdc.edu.co'),('5a4a374fd9ad28b465f3d7673a3f10a9',NULL,'66.249.70.108','Googlebot/2.1 (+http://www.google.com/bot.html)',1724688567,1724688567,0,'','revista.jdc.edu.co'),('5a4d1d7547297209030be63e8cc679af',NULL,'66.249.70.108','Mozilla/5.0 (Linux; Android 6.0.1; Nexus 5X Build/MMB29P) AppleWebKit/537.36 (KHTML, like Gecko) Chrome/127.0.6533.119 Mobile Safari/537.36 (compatible; Googlebot/2.1; +http://www.google.com/bot.html)',1724632264,1724632264,0,'','revista.jdc.edu.co'),('5a5434b2ab6b04b2af4de4a87a570f4c',NULL,'46.20.45.18','Pingdom.com_bot_version_1.4_(http://www.pingdom.com/)',1724674490,1724674490,0,'','revista.jdc.edu.co'),('5a5af0c0ae5c24833c564a9f586a642a',NULL,'189.232.127.61','Mozilla/5.0 (Linux; Android 10; K) AppleWebKit/537.36 (KHTML, like Gecko) Chrome/127.0.0.0 Mobile Safari/537.36',1724644480,1724644484,0,'','revista.jdc.edu.co'),('5a74cff89f0e51314b8d21f6ba87ccb3',NULL,'173.254.206.242','Pingdom.com_bot_version_1.4_(http://www.pingdom.com/)',1724677850,1724677850,0,'','revista.jdc.edu.co'),('5a91713faf363f615b8aec65e156b729',NULL,'196.245.151.42','Pingdom.com_bot_version_1.4_(http://www.pingdom.com/)',1724638911,1724638911,0,'','revista.jdc.edu.co'),('5ac4ddbe8ee2ef5f52db88ddcd831f11',NULL,'181.91.84.212','Mozilla/5.0 (Windows NT 10.0; Win64; x64) AppleWebKit/537.36 (KHTML, like Gecko) Chrome/128.0.0.0 Safari/537.36',1724644113,1724644128,0,'','revista.jdc.edu.co'),('5aca9ac7fc9d0f6a679063ad5b6bb843',NULL,'148.72.170.233','Pingdom.com_bot_version_1.4_(http://www.pingdom.com/)',1724601411,1724601411,0,'','revista.jdc.edu.co'),('5ae3e301e2d20e38bf2565f63b2d7b04',NULL,'66.249.70.110','Mozilla/5.0 (Linux; Android 6.0.1; Nexus 5X Build/MMB29P) AppleWebKit/537.36 (KHTML, like Gecko) Chrome/127.0.6533.119 Mobile Safari/537.36 (compatible; Googlebot/2.1; +http://www.google.com/bot.html)',1724614555,1724614555,0,'','revista.jdc.edu.co'),('5aee9dc1c7c09b687400dfba83036e39',NULL,'66.249.70.110','Mozilla/5.0 (Linux; Android 6.0.1; Nexus 5X Build/MMB29P) AppleWebKit/537.36 (KHTML, like Gecko) Chrome/127.0.6533.119 Mobile Safari/537.36 (compatible; Googlebot/2.1; +http://www.google.com/bot.html)',1724610197,1724610197,0,'','revista.jdc.edu.co'),('5af6d6c1fdd10b2f7598c52af82ca774',NULL,'66.249.70.108','Googlebot/2.1 (+http://www.google.com/bot.html)',1724681695,1724681695,0,'','revista.jdc.edu.co'),('5af8fb3fe424f4cad0609702876b2e5b',NULL,'173.254.206.242','Pingdom.com_bot_version_1.4_(http://www.pingdom.com/)',1724677310,1724677310,0,'','revista.jdc.edu.co'),('5afac454eeff42ed027f19cf799f8bfd',NULL,'66.249.70.110','Mozilla/5.0 (Linux; Android 6.0.1; Nexus 5X Build/MMB29P) AppleWebKit/537.36 (KHTML, like Gecko) Chrome/127.0.6533.119 Mobile Safari/537.36 (compatible; Googlebot/2.1; +http://www.google.com/bot.html)',1724689833,1724689833,0,'','revista.jdc.edu.co'),('5b11ab21a8dc59bbd9af87c4f0e8bc9a',NULL,'46.20.45.18','Pingdom.com_bot_version_1.4_(http://www.pingdom.com/)',1724683490,1724683490,0,'','revista.jdc.edu.co'),('5b2b018ced5b3d6ac45a033dbb75a253',NULL,'186.81.124.149','Mozilla/5.0 (Linux; Android 10; K) AppleWebKit/537.36 (KHTML, like Gecko) Chrome/127.0.0.0 Mobile Safari/537.36',1724640213,1724640213,0,'','revista.jdc.edu.co'),('5b301a8a290eccb4d0fb16ea6f7cfdd1',NULL,'66.249.70.110','Mozilla/5.0 (Linux; Android 6.0.1; Nexus 5X Build/MMB29P) AppleWebKit/537.36 (KHTML, like Gecko) Chrome/127.0.6533.119 Mobile Safari/537.36 (compatible; Googlebot/2.1; +http://www.google.com/bot.html)',1724637554,1724637554,0,'','revista.jdc.edu.co'),('5b39891924a2012fff970f31ddb678b4',NULL,'191.156.55.14','Mozilla/5.0 (Linux; Android 10; K) AppleWebKit/537.36 (KHTML, like Gecko) Chrome/127.0.0.0 Mobile Safari/537.36',1724636606,1724636612,0,'','revista.jdc.edu.co'),('5b57e9130293086321343e0ad7e13464',NULL,'187.220.163.105','Mozilla/5.0 (Windows NT 10.0; Win64; x64) AppleWebKit/537.36 (KHTML, like Gecko) Chrome/128.0.0.0 Safari/537.36',1724660622,1724660635,0,'','revista.jdc.edu.co'),('5b7fdf3f01db9c0b5f4b4c104ba6eb94',NULL,'66.249.70.108','Mozilla/5.0 (Linux; Android 6.0.1; Nexus 5X Build/MMB29P) AppleWebKit/537.36 (KHTML, like Gecko) Chrome/127.0.6533.119 Mobile Safari/537.36 (compatible; Googlebot/2.1; +http://www.google.com/bot.html)',1724615149,1724615149,0,'','revista.jdc.edu.co'),('5b8883c20959115573f39341f74b01ed',NULL,'66.249.70.108','Mozilla/5.0 (Linux; Android 6.0.1; Nexus 5X Build/MMB29P) AppleWebKit/537.36 (KHTML, like Gecko) Chrome/127.0.6533.119 Mobile Safari/537.36 (compatible; Googlebot/2.1; +http://www.google.com/bot.html)',1724662451,1724662453,0,'currentLocale|s:5:\"es_ES\";','revista.jdc.edu.co'),('5b8a8e12ffdb10de41390a2bfa5a2df2',NULL,'172.241.112.86','Pingdom.com_bot_version_1.4_(http://www.pingdom.com/)',1724665790,1724665790,0,'','revista.jdc.edu.co'),('5b9196a3c41b08da728841cbd000eaae',NULL,'107.182.234.77','Pingdom.com_bot_version_1.4_(http://www.pingdom.com/)',1724612150,1724612150,0,'','revista.jdc.edu.co'),('5b955ae26fa53bd8782ec1767c831e6d',NULL,'189.251.186.107','Mozilla/5.0 (iPhone; CPU iPhone OS 16_7_8 like Mac OS X) AppleWebKit/605.1.15 (KHTML, like Gecko) Version/16.6 Mobile/15E148 Safari/604.1',1724686665,1724686665,0,'','revista.jdc.edu.co'),('5bb48143b899b0156cea3a6c08961732',NULL,'66.249.70.109','Mozilla/5.0 (Linux; Android 6.0.1; Nexus 5X Build/MMB29P) AppleWebKit/537.36 (KHTML, like Gecko) Chrome/127.0.6533.119 Mobile Safari/537.36 (compatible; Googlebot/2.1; +http://www.google.com/bot.html)',1724677159,1724677159,0,'','revista.jdc.edu.co'),('5beaf7cb3c05d762ad9f01b49971296b',NULL,'193.186.4.211','Mozilla/5.0 (Linux; Android 10; K) AppleWebKit/537.36 (KHTML, like Gecko) Chrome/127.0.0.0 Mobile Safari/537.36',1724638673,1724638673,0,'','revista.jdc.edu.co'),('5bf9dcbb9e04f52d2c0091cf7a131cae',NULL,'173.254.206.242','Pingdom.com_bot_version_1.4_(http://www.pingdom.com/)',1724663510,1724663510,0,'','revista.jdc.edu.co'),('5c04143a5946666a773ec7cd7ec641c0',NULL,'66.249.70.108','Mozilla/5.0 (Linux; Android 6.0.1; Nexus 5X Build/MMB29P) AppleWebKit/537.36 (KHTML, like Gecko) Chrome/127.0.6533.119 Mobile Safari/537.36 (compatible; Googlebot/2.1; +http://www.google.com/bot.html)',1724646212,1724646212,0,'','revista.jdc.edu.co'),('5c0c9e76b8f6cf695ec4f74bc3e1cf30',NULL,'46.20.45.18','Pingdom.com_bot_version_1.4_(http://www.pingdom.com/)',1724652290,1724652290,0,'','revista.jdc.edu.co'),('5c0cd00bacb80de6c35dbf64c9855031',NULL,'66.249.70.109','Mozilla/5.0 (Linux; Android 6.0.1; Nexus 5X Build/MMB29P) AppleWebKit/537.36 (KHTML, like Gecko) Chrome/127.0.6533.119 Mobile Safari/537.36 (compatible; Googlebot/2.1; +http://www.google.com/bot.html)',1724644782,1724644782,0,'','revista.jdc.edu.co'),('5c1108a02c83217ad77053a11208ce5a',NULL,'201.230.154.134','Mozilla/5.0 (Linux; Android 10; K) AppleWebKit/537.36 (KHTML, like Gecko) Chrome/127.0.0.0 Mobile Safari/537.36',1724628694,1724628694,0,'','revista.jdc.edu.co'),('5c2c68106094f9ae5ebb445eff438892',NULL,'104.129.24.154','Pingdom.com_bot_version_1.4_(http://www.pingdom.com/)',1724681270,1724681270,0,'','revista.jdc.edu.co'),('5c3277b901a87a21ea263cc0e53f9949',NULL,'191.126.22.207','Mozilla/5.0 (Macintosh; Intel Mac OS X 10_15_7) AppleWebKit/605.1.15 (KHTML, like Gecko) Version/17.5 Safari/605.1.15',1724679765,1724679765,0,'','revista.jdc.edu.co'),('5c367b71ebe507a8f8968a60d88bf64d',NULL,'107.20.105.74','DreamHost SiteMonitor 1.0',1724612869,1724612869,0,'','revista.jdc.edu.co'),('5c42ac036f8fc8e21f85cf6ca68d80b2',NULL,'190.147.3.118','Mozilla/5.0 (Macintosh; Intel Mac OS X 10_15_7) AppleWebKit/605.1.15 (KHTML, like Gecko) Version/17.6 Safari/605.1.15',1724620057,1724620057,0,'','revista.jdc.edu.co'),('5c45b3c63c7aaee85afe8aa8bc29b2ae',NULL,'172.241.112.86','Pingdom.com_bot_version_1.4_(http://www.pingdom.com/)',1724637591,1724637591,0,'','revista.jdc.edu.co'),('5c6592cb2391251f292366499dafc3f5',NULL,'66.249.70.110','Mozilla/5.0 (Linux; Android 6.0.1; Nexus 5X Build/MMB29P) AppleWebKit/537.36 (KHTML, like Gecko) Chrome/127.0.6533.119 Mobile Safari/537.36 (compatible; Googlebot/2.1; +http://www.google.com/bot.html)',1724603729,1724603729,0,'','revista.jdc.edu.co'),('5c6c360e5bf79058727c66605e8267d6',NULL,'107.20.105.74','DreamHost SiteMonitor 1.0',1724649469,1724649469,0,'','revista.jdc.edu.co'),('5c71ba11493baac8ac775e50eed2a3da',NULL,'173.254.206.242','Pingdom.com_bot_version_1.4_(http://www.pingdom.com/)',1724673110,1724673110,0,'','revista.jdc.edu.co'),('5c8ed76d57f8d3685daf516c53aa8e7f',NULL,'104.129.24.154','Pingdom.com_bot_version_1.4_(http://www.pingdom.com/)',1724617670,1724617670,0,'','revista.jdc.edu.co'),('5cb3786c9f62586b672e165a0568ce33',NULL,'186.236.178.217','Mozilla/5.0 (Macintosh; Intel Mac OS X 10_15_7) AppleWebKit/605.1.15 (KHTML, like Gecko) Version/17.5 Safari/605.1.15',1724679875,1724679887,0,'','revista.jdc.edu.co'),('5cb87910ab902af732ffe4f7e23e37b4',NULL,'173.254.206.242','Pingdom.com_bot_version_1.4_(http://www.pingdom.com/)',1724689852,1724689852,0,'','revista.jdc.edu.co'),('5cbbfa0a53e80a8053dec658c2e66017',NULL,'66.249.70.108','Mozilla/5.0 (Linux; Android 6.0.1; Nexus 5X Build/MMB29P) AppleWebKit/537.36 (KHTML, like Gecko) Chrome/127.0.6533.119 Mobile Safari/537.36 (compatible; Googlebot/2.1; +http://www.google.com/bot.html)',1724604594,1724604594,0,'','revista.jdc.edu.co'),('5cd3898bde9bb6d4ef40da8dc2c7163f',NULL,'201.71.126.92','Mozilla/5.0 (Windows NT 10.0; Win64; x64) AppleWebKit/537.36 (KHTML, like Gecko) Chrome/127.0.0.0 Safari/537.36',1724690036,1724690036,0,'','revista.jdc.edu.co'),('5d1072f86553dfefdd7cec547f077ae6',NULL,'173.254.206.242','Pingdom.com_bot_version_1.4_(http://www.pingdom.com/)',1724637651,1724637651,0,'','revista.jdc.edu.co'),('5d129b30818219773ebe447cf930046f',NULL,'199.87.228.66','Pingdom.com_bot_version_1.4_(http://www.pingdom.com/)',1724649231,1724649231,0,'','revista.jdc.edu.co'),('5d36b8eb1bcb3fd126e09592cbadc67c',NULL,'66.249.70.108','Mozilla/5.0 (Linux; Android 6.0.1; Nexus 5X Build/MMB29P) AppleWebKit/537.36 (KHTML, like Gecko) Chrome/127.0.6533.119 Mobile Safari/537.36 (compatible; Googlebot/2.1; +http://www.google.com/bot.html)',1724686181,1724686181,0,'','revista.jdc.edu.co'),('5d3ba8df52e0a373b5f2c92a0590cba1',NULL,'107.182.234.77','Pingdom.com_bot_version_1.4_(http://www.pingdom.com/)',1724638551,1724638551,0,'','revista.jdc.edu.co'),('5d3eb5c432d975c4db2038fcffc0e2e3',NULL,'66.249.70.110','Mozilla/5.0 (Linux; Android 6.0.1; Nexus 5X Build/MMB29P) AppleWebKit/537.36 (KHTML, like Gecko) Chrome/127.0.6533.119 Mobile Safari/537.36 (compatible; Googlebot/2.1; +http://www.google.com/bot.html)',1724621357,1724621357,0,'currentLocale|s:5:\"pt_BR\";','revista.jdc.edu.co'),('5db6b33531cc0d61356ff8126bf5d367',NULL,'107.20.105.74','DreamHost SiteMonitor 1.0',1724638969,1724638969,0,'','revista.jdc.edu.co'),('5dd8d043df797c90a3f6887ca9e486de',NULL,'66.249.70.109','Mozilla/5.0 (Linux; Android 6.0.1; Nexus 5X Build/MMB29P) AppleWebKit/537.36 (KHTML, like Gecko) Chrome/127.0.6533.119 Mobile Safari/537.36 (compatible; Googlebot/2.1; +http://www.google.com/bot.html)',1724651221,1724651221,0,'','revista.jdc.edu.co'),('5de2885b7adf3231468ca6aba1e5c40a',NULL,'66.249.70.109','Mozilla/5.0 (Linux; Android 6.0.1; Nexus 5X Build/MMB29P) AppleWebKit/537.36 (KHTML, like Gecko) Chrome/127.0.6533.119 Mobile Safari/537.36 (compatible; Googlebot/2.1; +http://www.google.com/bot.html)',1724627176,1724627176,0,'','revista.jdc.edu.co'),('5e03893c781b323006d6dc84a69ffa49',NULL,'173.254.206.242','Pingdom.com_bot_version_1.4_(http://www.pingdom.com/)',1724616650,1724616650,0,'','revista.jdc.edu.co'),('5e07443dc570f401c222fe3b04b63d4f',NULL,'46.20.45.18','Pingdom.com_bot_version_1.4_(http://www.pingdom.com/)',1724636690,1724636690,0,'','revista.jdc.edu.co'),('5e07f5498e7cd33d4db0eba2df2c8fdf',NULL,'64.237.55.3','Pingdom.com_bot_version_1.4_(http://www.pingdom.com/)',1724673170,1724673170,0,'','revista.jdc.edu.co'),('5e41368e738711d5f3071f95273054c7',NULL,'107.20.105.74','DreamHost SiteMonitor 1.0',1724611369,1724611369,0,'','revista.jdc.edu.co'),('5e52cca3794ef771139c64c4361db70c',NULL,'172.241.112.86','Pingdom.com_bot_version_1.4_(http://www.pingdom.com/)',1724641791,1724641791,0,'','revista.jdc.edu.co'),('5e568cad9d5ad2320ca0007a0690c6d4',NULL,'66.249.70.110','Mozilla/5.0 (Linux; Android 6.0.1; Nexus 5X Build/MMB29P) AppleWebKit/537.36 (KHTML, like Gecko) Chrome/127.0.6533.99 Mobile Safari/537.36 (compatible; Googlebot/2.1; +http://www.google.com/bot.html)',1724629440,1724629440,0,'','revista.jdc.edu.co'),('5e88d7a8daca3860f141b76de278fb67',NULL,'172.241.112.86','Pingdom.com_bot_version_1.4_(http://www.pingdom.com/)',1724680790,1724680790,0,'','revista.jdc.edu.co'),('5e8b4875da77e8431d4c741b0b36521a',NULL,'66.249.70.108','Mozilla/5.0 (Linux; Android 6.0.1; Nexus 5X Build/MMB29P) AppleWebKit/537.36 (KHTML, like Gecko) Chrome/127.0.6533.119 Mobile Safari/537.36 (compatible; Googlebot/2.1; +http://www.google.com/bot.html)',1724664668,1724664668,0,'','revista.jdc.edu.co'),('5e99e1fc53dabb64e96f0c6cbc7a9f3b',NULL,'107.182.234.77','Pingdom.com_bot_version_1.4_(http://www.pingdom.com/)',1724682951,1724682951,0,'','revista.jdc.edu.co'),('5eb7e0b643c9c843ae2b83a886c6973d',NULL,'172.241.112.86','Pingdom.com_bot_version_1.4_(http://www.pingdom.com/)',1724663390,1724663390,0,'','revista.jdc.edu.co'),('5f22695274b44d1661d5342bb959a979',NULL,'66.249.70.109','Mozilla/5.0 (Linux; Android 6.0.1; Nexus 5X Build/MMB29P) AppleWebKit/537.36 (KHTML, like Gecko) Chrome/127.0.6533.119 Mobile Safari/537.36 (compatible; Googlebot/2.1; +http://www.google.com/bot.html)',1724669515,1724669516,0,'currentLocale|s:5:\"en_US\";','revista.jdc.edu.co'),('5f55057ef6e53a24c9ff26ec8b40cf20',NULL,'66.249.70.108','Mozilla/5.0 (Linux; Android 6.0.1; Nexus 5X Build/MMB29P) AppleWebKit/537.36 (KHTML, like Gecko) Chrome/127.0.6533.119 Mobile Safari/537.36 (compatible; Googlebot/2.1; +http://www.google.com/bot.html)',1724655381,1724655382,0,'currentLocale|s:5:\"es_ES\";','revista.jdc.edu.co'),('5f64a95e7e847ee3f1ca324505262cae',NULL,'107.182.234.77','Pingdom.com_bot_version_1.4_(http://www.pingdom.com/)',1724651150,1724651150,0,'','revista.jdc.edu.co'),('5f66d2a4785ac4adaa9ec1f5c490bf6d',NULL,'138.84.39.15','Mozilla/5.0 (Windows NT 10.0; Win64; x64) AppleWebKit/537.36 (KHTML, like Gecko) Chrome/127.0.0.0 Safari/537.36',1724621587,1724621587,0,'','revista.jdc.edu.co'),('5f7df56ee254f12686d6ef3a38c1e78e',NULL,'46.20.45.18','Pingdom.com_bot_version_1.4_(http://www.pingdom.com/)',1724633090,1724633090,0,'','revista.jdc.edu.co'),('5f96d6d9a8f365fff4ca1a744947afcd',NULL,'40.77.167.54','Mozilla/5.0 AppleWebKit/537.36 (KHTML, like Gecko; compatible; bingbot/2.0; +http://www.bing.com/bingbot.htm) Chrome/116.0.1938.76 Safari/537.36',1724672660,1724672660,0,'','revista.jdc.edu.co'),('5f9aa81e2d26c5daa0e9a9ee1401967c',NULL,'172.241.112.86','Pingdom.com_bot_version_1.4_(http://www.pingdom.com/)',1724648390,1724648390,0,'','revista.jdc.edu.co'),('5fabc59bee3a34e49c5462f7ed51b8e8',NULL,'107.20.105.74','DreamHost SiteMonitor 1.0',1724675870,1724675870,0,'','revista.jdc.edu.co'),('5fadc25cb3fc8f88c7a3739963788632',NULL,'64.237.55.3','Pingdom.com_bot_version_1.4_(http://www.pingdom.com/)',1724601170,1724601170,0,'','revista.jdc.edu.co'),('5fd019097c40f6c32c1bb417839d130e',NULL,'104.129.24.154','Pingdom.com_bot_version_1.4_(http://www.pingdom.com/)',1724627870,1724627870,0,'','revista.jdc.edu.co'),('5fe0c645208dee8637c6e85d0bb9790d',NULL,'148.72.170.233','Pingdom.com_bot_version_1.4_(http://www.pingdom.com/)',1724620011,1724620011,0,'','revista.jdc.edu.co'),('601a588325de7318d92ecbd3ee768d85',NULL,'72.14.201.246','Mozilla/5.0 (Linux; Android 10; K) AppleWebKit/537.36 (KHTML, like Gecko) Chrome/127.0.0.0 Mobile Safari/537.36',1724623318,1724623318,0,'','revista.jdc.edu.co'),('602d8ebeb537b86be4671436a8b4c69a',NULL,'66.249.70.109','Mozilla/5.0 (Linux; Android 6.0.1; Nexus 5X Build/MMB29P) AppleWebKit/537.36 (KHTML, like Gecko) Chrome/127.0.6533.119 Mobile Safari/537.36 (compatible; Googlebot/2.1; +http://www.google.com/bot.html)',1724616866,1724616866,0,'','revista.jdc.edu.co'),('60327b672020c599fae9616c00301732',NULL,'66.249.70.110','Mozilla/5.0 (Linux; Android 6.0.1; Nexus 5X Build/MMB29P) AppleWebKit/537.36 (KHTML, like Gecko) Chrome/127.0.6533.119 Mobile Safari/537.36 (compatible; Googlebot/2.1; +http://www.google.com/bot.html)',1724611826,1724611827,0,'currentLocale|s:5:\"en_US\";','revista.jdc.edu.co'),('604156828fc894f4834137c0398a5df8',NULL,'107.20.105.74','DreamHost SiteMonitor 1.0',1724681269,1724681269,0,'','revista.jdc.edu.co'),('606e595d4c5e784c29f0ffb17a168c98',NULL,'191.156.148.215','Mozilla/5.0 (Linux; Android 10; K) AppleWebKit/537.36 (KHTML, like Gecko) Chrome/127.0.0.0 Mobile Safari/537.36',1724621851,1724621851,0,'','revista.jdc.edu.co'),('607945c26a2d16457201bf29fe80732d',NULL,'66.249.70.109','Mozilla/5.0 (Linux; Android 6.0.1; Nexus 5X Build/MMB29P) AppleWebKit/537.36 (KHTML, like Gecko) Chrome/127.0.6533.119 Mobile Safari/537.36 (compatible; Googlebot/2.1; +http://www.google.com/bot.html)',1724664170,1724664170,0,'','revista.jdc.edu.co'),('608076123647437eea70f4b374d0d6ab',NULL,'46.20.45.18','Pingdom.com_bot_version_1.4_(http://www.pingdom.com/)',1724640890,1724640890,0,'','revista.jdc.edu.co'),('60aa9af5f1909e7339f37ae7feb025f9',NULL,'148.72.170.233','Pingdom.com_bot_version_1.4_(http://www.pingdom.com/)',1724654811,1724654811,0,'','revista.jdc.edu.co'),('60b266e09cbec2c33fc12547d91087e5',NULL,'66.249.70.108','Mozilla/5.0 (Linux; Android 6.0.1; Nexus 5X Build/MMB29P) AppleWebKit/537.36 (KHTML, like Gecko) Chrome/127.0.6533.119 Mobile Safari/537.36 (compatible; Googlebot/2.1; +http://www.google.com/bot.html)',1724613187,1724613187,0,'currentLocale|s:5:\"es_ES\";','revista.jdc.edu.co'),('60b5bd2f92d668c896b15f3d10fb2545',NULL,'181.57.102.239','Mozilla/5.0 (Macintosh; Intel Mac OS X 10_15_7) AppleWebKit/605.1.15 (KHTML, like Gecko) Version/16.1 Safari/605.1.15',1724628917,1724628917,0,'','revista.jdc.edu.co'),('60f1f93ebc8a9042a76f91a123332afa',NULL,'107.20.105.74','DreamHost SiteMonitor 1.0',1724647369,1724647369,0,'','revista.jdc.edu.co'),('61083dc794a13e974ee346854487177d',NULL,'45.93.128.104','Mozilla/5.0 AppleWebKit/537.36 (KHTML, like Gecko; compatible; PerplexityBot/1.0; +https://docs.perplexity.ai/docs/perplexity-bot)',1724626941,1724626941,0,'','revista.jdc.edu.co'),('61094645b2424ad7cc7e222bd684fe0e',NULL,'66.249.70.110','Mozilla/5.0 (Linux; Android 6.0.1; Nexus 5X Build/MMB29P) AppleWebKit/537.36 (KHTML, like Gecko) Chrome/127.0.6533.119 Mobile Safari/537.36 (compatible; Googlebot/2.1; +http://www.google.com/bot.html)',1724632021,1724632021,0,'','revista.jdc.edu.co'),('6113b7a0ed7779ef8292ea492ee7f61b',NULL,'201.71.126.92','Mozilla/5.0 (Windows NT 10.0; Win64; x64) AppleWebKit/537.36 (KHTML, like Gecko) Chrome/127.0.0.0 Safari/537.36',1724690036,1724690036,0,'','revista.jdc.edu.co'),('6116648f28f6a58b062e54a624776076',NULL,'177.234.245.29','Mozilla/5.0 (Windows NT 10.0; WOW64) AppleWebKit/537.36 (KHTML, like Gecko) Gecko/20100101 Firefox/88.0',1724619407,1724619407,0,'','revista.jdc.edu.co'),('611a90382faeb062dac1ac00bdb58be3',NULL,'5.161.214.123','Mozilla/5.0 (Windows NT 10.0; Win64; x64) AppleWebKit/537.36 (KHTML, like Gecko) Chrome/84.0.4147.105 Safari/537.36',1724614655,1724614655,0,'','revista.jdc.edu.co'),('6122cee4629e29fa3b18261528cf65d4',NULL,'173.254.206.242','Pingdom.com_bot_version_1.4_(http://www.pingdom.com/)',1724665910,1724665910,0,'','revista.jdc.edu.co'),('6127454355331c63635cc4cce4f5e657',NULL,'52.167.144.182','Mozilla/5.0 AppleWebKit/537.36 (KHTML, like Gecko; compatible; bingbot/2.0; +http://www.bing.com/bingbot.htm) Chrome/116.0.1938.76 Safari/537.36',1724620157,1724620157,0,'','revista.jdc.edu.co'),('6153bc127b4c84b3a51f63b564b4d830',NULL,'66.249.70.108','Mozilla/5.0 (Linux; Android 6.0.1; Nexus 5X Build/MMB29P) AppleWebKit/537.36 (KHTML, like Gecko) Chrome/127.0.6533.119 Mobile Safari/537.36 (compatible; Googlebot/2.1; +http://www.google.com/bot.html)',1724679078,1724679078,0,'','revista.jdc.edu.co'),('6169db6a0be36af9ed47a72ccf76cf83',NULL,'168.176.40.141','Mozilla/5.0 (iPhone; CPU iPhone OS 17_3 like Mac OS X) AppleWebKit/605.1.15 (KHTML, like Gecko) CriOS/128.0.6613.34 Mobile/15E148 Safari/604.1',1724631284,1724631284,0,'','revista.jdc.edu.co'),('618a20b333e27eb0e8a65a59d8f123c6',NULL,'132.157.130.154','Mozilla/5.0 (Windows NT 10.0; Win64; x64) AppleWebKit/537.36 (KHTML, like Gecko) Chrome/128.0.0.0 Safari/537.36',1724642774,1724643511,0,'','revista.jdc.edu.co'),('61f030dc915033eae99f17a89afe56b6',NULL,'107.182.234.77','Pingdom.com_bot_version_1.4_(http://www.pingdom.com/)',1724648750,1724648750,0,'','revista.jdc.edu.co'),('620f5e14196c3bfaf385c842bb0b7d6d',NULL,'173.254.206.242','Pingdom.com_bot_version_1.4_(http://www.pingdom.com/)',1724636450,1724636450,0,'','revista.jdc.edu.co'),('6225da98058fe7104a74ac14eb21ac18',NULL,'108.181.70.3','Pingdom.com_bot_version_1.4_(http://www.pingdom.com/)',1724658531,1724658531,0,'','revista.jdc.edu.co'),('6235d4329d168dbbf90ed2399d8c56bb',NULL,'66.249.70.108','Googlebot/2.1 (+http://www.google.com/bot.html)',1724686725,1724686725,0,'','revista.jdc.edu.co'),('623627e4b6da0ae9b38061017f8d1e12',NULL,'64.237.55.3','Pingdom.com_bot_version_1.4_(http://www.pingdom.com/)',1724661170,1724661170,0,'','revista.jdc.edu.co'),('624aac1400b02320df7b2d0491020e7b',NULL,'107.182.234.77','Pingdom.com_bot_version_1.4_(http://www.pingdom.com/)',1724615750,1724615750,0,'','revista.jdc.edu.co'),('6250327d0b14b858c3be40829e1ffa17',NULL,'108.181.70.3','Pingdom.com_bot_version_1.4_(http://www.pingdom.com/)',1724655530,1724655530,0,'','revista.jdc.edu.co'),('6252e8680af5cbe9f79fdc0a45dd4c3e',NULL,'66.249.70.108','Mozilla/5.0 (Linux; Android 6.0.1; Nexus 5X Build/MMB29P) AppleWebKit/537.36 (KHTML, like Gecko) Chrome/127.0.6533.119 Mobile Safari/537.36 (compatible; Googlebot/2.1; +http://www.google.com/bot.html)',1724673481,1724673481,0,'','revista.jdc.edu.co'),('625f519c4b85a32c5eb25e55aef16bba',NULL,'66.249.70.109','Mozilla/5.0 (Linux; Android 6.0.1; Nexus 5X Build/MMB29P) AppleWebKit/537.36 (KHTML, like Gecko) Chrome/127.0.6533.119 Mobile Safari/537.36 (compatible; Googlebot/2.1; +http://www.google.com/bot.html)',1724665435,1724665435,0,'','revista.jdc.edu.co'),('626eadd90b461305adec3550b38347b7',NULL,'108.181.70.3','Pingdom.com_bot_version_1.4_(http://www.pingdom.com/)',1724691531,1724691531,0,'','revista.jdc.edu.co'),('6286f453ed0a5639360ad0eaf46793cf',NULL,'23.106.37.99','Pingdom.com_bot_version_1.4_(http://www.pingdom.com/)',1724677970,1724677970,0,'','revista.jdc.edu.co'),('6291223d57491fe42f93b1f594cdf161',NULL,'66.249.70.109','Mozilla/5.0 (Linux; Android 6.0.1; Nexus 5X Build/MMB29P) AppleWebKit/537.36 (KHTML, like Gecko) Chrome/127.0.6533.119 Mobile Safari/537.36 (compatible; Googlebot/2.1; +http://www.google.com/bot.html)',1724643945,1724643945,0,'','revista.jdc.edu.co'),('629256468c2e079835f02a6bb2b0522e',NULL,'66.249.70.108','Mozilla/5.0 (Linux; Android 6.0.1; Nexus 5X Build/MMB29P) AppleWebKit/537.36 (KHTML, like Gecko) Chrome/127.0.6533.119 Mobile Safari/537.36 (compatible; Googlebot/2.1; +http://www.google.com/bot.html)',1724614965,1724614965,0,'','revista.jdc.edu.co'),('62950b756f6813a438e88620179ae1c2',NULL,'166.108.231.155','Mozilla/5.0 (Windows NT 10.0; Win64; x64) AppleWebKit/537.36 (KHTML, like Gecko) Chrome/101.0.4951.64 Safari/537.36 Edg/101.0.1210.47',1724691421,1724691421,0,'currentLocale|s:5:\"pt_BR\";','revista.jdc.edu.co'),('62a3609ebf8bbba515daf80ea19b8240',NULL,'76.164.234.130','Pingdom.com_bot_version_1.4_(http://www.pingdom.com/)',1724679410,1724679410,0,'','revista.jdc.edu.co'),('62aea55ff9c1108d46d5ed4978e1774d',NULL,'172.241.112.86','Pingdom.com_bot_version_1.4_(http://www.pingdom.com/)',1724657990,1724657990,0,'','revista.jdc.edu.co'),('62b16ba8b1ebcb0027fe111d661b4ce0',NULL,'107.20.105.74','DreamHost SiteMonitor 1.0',1724661770,1724661770,0,'','revista.jdc.edu.co'),('62c25a0e950c69ae22dafeb3ce55e062',NULL,'172.241.112.86','Pingdom.com_bot_version_1.4_(http://www.pingdom.com/)',1724681990,1724681990,0,'','revista.jdc.edu.co'),('62cd628fdca9c707569212aa31d7a9d0',NULL,'66.249.70.108','Mozilla/5.0 (Linux; Android 6.0.1; Nexus 5X Build/MMB29P) AppleWebKit/537.36 (KHTML, like Gecko) Chrome/127.0.6533.119 Mobile Safari/537.36 (compatible; Googlebot/2.1; +http://www.google.com/bot.html)',1724687849,1724687849,0,'','revista.jdc.edu.co'),('62d0123f83749043afa362a571f18fe5',NULL,'66.249.70.109','Mozilla/5.0 (Linux; Android 6.0.1; Nexus 5X Build/MMB29P) AppleWebKit/537.36 (KHTML, like Gecko) Chrome/127.0.6533.119 Mobile Safari/537.36 (compatible; Googlebot/2.1; +http://www.google.com/bot.html)',1724672301,1724672301,0,'','revista.jdc.edu.co'),('62d3294ab3abefe43f815bc77f1c6daa',NULL,'66.249.70.110','Mozilla/5.0 (Linux; Android 6.0.1; Nexus 5X Build/MMB29P) AppleWebKit/537.36 (KHTML, like Gecko) Chrome/127.0.6533.119 Mobile Safari/537.36 (compatible; Googlebot/2.1; +http://www.google.com/bot.html)',1724665626,1724665626,0,'','revista.jdc.edu.co'),('62f7ce7b766ab19b5fa59f2a1839c4de',NULL,'66.249.70.109','Mozilla/5.0 (Linux; Android 6.0.1; Nexus 5X Build/MMB29P) AppleWebKit/537.36 (KHTML, like Gecko) Chrome/127.0.6533.119 Mobile Safari/537.36 (compatible; Googlebot/2.1; +http://www.google.com/bot.html)',1724628883,1724628883,0,'','revista.jdc.edu.co'),('632dd65006bd5012cc452b73991d5d0c',NULL,'40.77.167.38','Mozilla/5.0 AppleWebKit/537.36 (KHTML, like Gecko; compatible; bingbot/2.0; +http://www.bing.com/bingbot.htm) Chrome/116.0.1938.76 Safari/537.36',1724669247,1724669247,0,'','revista.jdc.edu.co'),('633d3da37711a0cad63dfa0e953ee5c7',NULL,'172.241.112.86','Pingdom.com_bot_version_1.4_(http://www.pingdom.com/)',1724667591,1724667591,0,'','revista.jdc.edu.co'),('6375b321da2822090b72dfb7d3a986bd',NULL,'66.249.70.109','Mozilla/5.0 (compatible; Googlebot/2.1; +http://www.google.com/bot.html)',1724637784,1724637784,0,'','revista.jdc.edu.co'),('637c184ca4ea6cf659c1fff12ca3f3f8',NULL,'107.20.105.74','DreamHost SiteMonitor 1.0',1724686970,1724686970,0,'','revista.jdc.edu.co'),('639dc51cbd175da2ffaa68d63ee40861',NULL,'66.249.70.109','Mozilla/5.0 (compatible; Googlebot/2.1; +http://www.google.com/bot.html)',1724683025,1724683025,0,'','revista.jdc.edu.co'),('63a34b7abb7cbe1dee29b130097dcbfe',NULL,'190.145.240.41','Mozilla/5.0 (Windows NT 10.0; Win64; x64) AppleWebKit/537.36 (KHTML, like Gecko) Chrome/126.0.0.0 Safari/537.36 OPR/112.0.0.0',1724650943,1724650944,0,'','revista.jdc.edu.co'),('63bda6f56e34503473e4dfc02369c0c8',NULL,'148.72.170.233','Pingdom.com_bot_version_1.4_(http://www.pingdom.com/)',1724633211,1724633211,0,'','revista.jdc.edu.co'),('63c2290488d3d7b88a82dd0c331d758d',NULL,'66.249.70.108','Mozilla/5.0 (Linux; Android 6.0.1; Nexus 5X Build/MMB29P) AppleWebKit/537.36 (KHTML, like Gecko) Chrome/127.0.6533.119 Mobile Safari/537.36 (compatible; Googlebot/2.1; +http://www.google.com/bot.html)',1724611258,1724611258,0,'','revista.jdc.edu.co'),('63ccdb313ad1d990b480a0ef13c50f0f',NULL,'177.222.99.92','Mozilla/5.0 (Linux; Android 10; K) AppleWebKit/537.36 (KHTML, like Gecko) Chrome/127.0.0.0 Mobile Safari/537.36',1724646537,1724646537,0,'','revista.jdc.edu.co'),('63d7b3496d8069429c33b3430ea3b388',NULL,'107.20.105.74','DreamHost SiteMonitor 1.0',1724652169,1724652169,0,'','revista.jdc.edu.co'),('63daeb2d3e67082ba7b16d7b63569eb8',NULL,'107.20.105.74','DreamHost SiteMonitor 1.0',1724645269,1724645269,0,'','revista.jdc.edu.co'),('63e428706ec0639e8bee2a4130bcd93f',NULL,'40.77.167.73','Mozilla/5.0 AppleWebKit/537.36 (KHTML, like Gecko; compatible; bingbot/2.0; +http://www.bing.com/bingbot.htm) Chrome/116.0.1938.76 Safari/537.36',1724688330,1724688330,0,'','revista.jdc.edu.co'),('640bde69bf83dffe28842a614956e0e0',NULL,'184.75.214.66','Pingdom.com_bot_version_1.4_(http://www.pingdom.com/)',1724662851,1724662851,0,'','revista.jdc.edu.co'),('641ed99a2b1ab64c324417ccdf60fba2',NULL,'201.114.1.45','Mozilla/5.0 (iPhone; CPU iPhone OS 16_7_10 like Mac OS X) AppleWebKit/605.1.15 (KHTML, like Gecko) Version/16.6 Mobile/15E148 Safari/604.1',1724609912,1724609912,0,'','revista.jdc.edu.co'),('6423aa9d17eb4217e69c3781d36fd807',NULL,'148.72.170.233','Pingdom.com_bot_version_1.4_(http://www.pingdom.com/)',1724609810,1724609810,0,'','revista.jdc.edu.co'),('643e0cef7868a92537f8c7c20128704c',NULL,'107.20.105.74','DreamHost SiteMonitor 1.0',1724680969,1724680969,0,'','revista.jdc.edu.co'),('646a90e394b90f415f50a545fe69cdb0',NULL,'107.20.105.74','DreamHost SiteMonitor 1.0',1724617069,1724617069,0,'','revista.jdc.edu.co'),('64771fa8d9ff4ef965dcc64574f82daa',NULL,'46.20.45.18','Pingdom.com_bot_version_1.4_(http://www.pingdom.com/)',1724646290,1724646290,0,'','revista.jdc.edu.co'),('6479b9062f3604f25c37f7941b2c1163',NULL,'45.41.130.161','Mozilla/5.0 AppleWebKit/537.36 (KHTML, like Gecko; compatible; PerplexityBot/1.0; +https://docs.perplexity.ai/docs/perplexity-bot)',1724627779,1724627779,0,'','revista.jdc.edu.co'),('6485d067a6f2bfad8c9b078ae69bd5b7',NULL,'108.181.70.3','Pingdom.com_bot_version_1.4_(http://www.pingdom.com/)',1724635131,1724635131,0,'','revista.jdc.edu.co'),('64a5daa7b08f94f0370f86ca8dd90227',NULL,'38.56.219.42','Mozilla/5.0 (Windows NT 10.0; Win64; x64) AppleWebKit/537.36 (KHTML, like Gecko) Chrome/127.0.0.0 Safari/537.36',1724602039,1724602039,0,'','revista.jdc.edu.co'),('64d6fc5b69af7a94951eee7a39269c81',NULL,'181.51.89.15','Mozilla/5.0 (Windows NT 10.0; Win64; x64) AppleWebKit/537.36 (KHTML, like Gecko) Chrome/127.0.0.0 Safari/537.36',1724630210,1724630675,0,'','revista.jdc.edu.co'),('64f032f6faec1706e1182dee77a1dbb6',NULL,'181.209.233.146','Mozilla/5.0 (Windows NT 10.0; Win64; x64) AppleWebKit/537.36 (KHTML, like Gecko) Chrome/127.0.0.0 Safari/537.36',1724648781,1724648783,0,'','revista.jdc.edu.co'),('64f1e271a2cfe38f9c104cee0bf6570b',NULL,'66.249.70.108','Mozilla/5.0 (Linux; Android 6.0.1; Nexus 5X Build/MMB29P) AppleWebKit/537.36 (KHTML, like Gecko) Chrome/127.0.6533.119 Mobile Safari/537.36 (compatible; Googlebot/2.1; +http://www.google.com/bot.html)',1724687868,1724687868,0,'','revista.jdc.edu.co'),('64f76d1a628ac14fe67356aab78d7f4f',NULL,'66.249.70.108','Mozilla/5.0 (Linux; Android 6.0.1; Nexus 5X Build/MMB29P) AppleWebKit/537.36 (KHTML, like Gecko) Chrome/127.0.6533.119 Mobile Safari/537.36 (compatible; Googlebot/2.1; +http://www.google.com/bot.html)',1724629868,1724629868,0,'','revista.jdc.edu.co'),('65094561677175373b62c82051480c51',NULL,'107.20.105.74','DreamHost SiteMonitor 1.0',1724621569,1724621569,0,'','revista.jdc.edu.co'),('6518ed69e4c7b46b931195421ed5b763',NULL,'184.75.214.66','Pingdom.com_bot_version_1.4_(http://www.pingdom.com/)',1724651451,1724651451,0,'','revista.jdc.edu.co'),('651afcd171dc4d31202285c615d6040d',NULL,'46.20.45.18','Pingdom.com_bot_version_1.4_(http://www.pingdom.com/)',1724661950,1724661950,0,'','revista.jdc.edu.co'),('65346d0a7ea8c0a7f857fb17286c0126',NULL,'107.182.234.77','Pingdom.com_bot_version_1.4_(http://www.pingdom.com/)',1724601951,1724601951,0,'','revista.jdc.edu.co'),('6536563372c17b0fbbbc0c4a1d8ec102',NULL,'148.72.170.233','Pingdom.com_bot_version_1.4_(http://www.pingdom.com/)',1724629010,1724629010,0,'','revista.jdc.edu.co'),('655bd943db6662cd1209db6a6388f44f',NULL,'64.237.55.3','Pingdom.com_bot_version_1.4_(http://www.pingdom.com/)',1724638370,1724638370,0,'','revista.jdc.edu.co'),('659ab3eb4c6327da028a0ffbe57416f9',NULL,'148.72.170.233','Pingdom.com_bot_version_1.4_(http://www.pingdom.com/)',1724621211,1724621211,0,'','revista.jdc.edu.co'),('65a8f22a96650e65d8c62dd9b7551a95',NULL,'46.20.45.18','Pingdom.com_bot_version_1.4_(http://www.pingdom.com/)',1724663150,1724663150,0,'','revista.jdc.edu.co'),('65ab6a1abbcd66fe926a41a227a5570b',NULL,'107.182.234.77','Pingdom.com_bot_version_1.4_(http://www.pingdom.com/)',1724694950,1724694950,0,'','revista.jdc.edu.co'),('65baa07a2df6664904c13e48dcebbada',NULL,'66.249.70.110','Mozilla/5.0 (Linux; Android 6.0.1; Nexus 5X Build/MMB29P) AppleWebKit/537.36 (KHTML, like Gecko) Chrome/127.0.6533.119 Mobile Safari/537.36 (compatible; Googlebot/2.1; +http://www.google.com/bot.html)',1724690507,1724690507,0,'','revista.jdc.edu.co'),('65c2ad59241f577c79eb2c6da3da14f1',NULL,'199.87.228.66','Pingdom.com_bot_version_1.4_(http://www.pingdom.com/)',1724669091,1724669091,0,'','revista.jdc.edu.co'),('65d61dedae03bb141b0a4374484ea3b8',NULL,'200.92.162.59','Mozilla/5.0 (Linux; Android 10; K) AppleWebKit/537.36 (KHTML, like Gecko) Chrome/127.0.0.0 Mobile Safari/537.36',1724656657,1724656657,0,'','revista.jdc.edu.co'),('65e431ab2632a1a4dae78146b6763ace',NULL,'46.20.45.18','Pingdom.com_bot_version_1.4_(http://www.pingdom.com/)',1724658350,1724658350,0,'','revista.jdc.edu.co'),('65f12c5a4e40b29090dac2371beb46d9',NULL,'45.228.234.127','Mozilla/5.0 (Windows NT 10.0; Win64; x64) AppleWebKit/537.36 (KHTML, like Gecko) Chrome/127.0.0.0 Safari/537.36',1724635802,1724635802,0,'','revista.jdc.edu.co'),('65f5c3a8ec843495cb849779e91d6cdd',NULL,'104.129.24.154','Pingdom.com_bot_version_1.4_(http://www.pingdom.com/)',1724666871,1724666871,0,'','revista.jdc.edu.co'),('65f83b38aec5202191a3cee3d4d5adc6',NULL,'172.241.112.86','Pingdom.com_bot_version_1.4_(http://www.pingdom.com/)',1724693391,1724693391,0,'','revista.jdc.edu.co'),('660cfc540cd3e5ef869a5de72a14e2dc',NULL,'46.20.45.18','Pingdom.com_bot_version_1.4_(http://www.pingdom.com/)',1724637290,1724637290,0,'','revista.jdc.edu.co'),('661e87f6ef90417ba28ce35128803577',NULL,'107.182.234.77','Pingdom.com_bot_version_1.4_(http://www.pingdom.com/)',1724625350,1724625350,0,'','revista.jdc.edu.co'),('66243b37794ed800914024bf0c868387',NULL,'199.87.228.66','Pingdom.com_bot_version_1.4_(http://www.pingdom.com/)',1724670891,1724670891,0,'','revista.jdc.edu.co'),('663e627bb69481ce43fe565b2629c051',NULL,'124.243.147.252','Mozilla/5.0 (Windows NT 10.0; Win64; x64) AppleWebKit/537.36 (KHTML, like Gecko) Chrome/104.0.0.0 Safari/537.36',1724608048,1724608053,0,'currentLocale|s:5:\"es_ES\";','revista.jdc.edu.co'),('6644387d2f0ee7bbfae7fbf802ea5944',NULL,'66.249.70.109','Mozilla/5.0 (Linux; Android 6.0.1; Nexus 5X Build/MMB29P) AppleWebKit/537.36 (KHTML, like Gecko) Chrome/127.0.6533.119 Mobile Safari/537.36 (compatible; Googlebot/2.1; +http://www.google.com/bot.html)',1724648595,1724648595,0,'','revista.jdc.edu.co'),('66635c430b3dee8e84d3fb20f5b8b781',NULL,'64.237.55.3','Pingdom.com_bot_version_1.4_(http://www.pingdom.com/)',1724616770,1724616770,0,'','revista.jdc.edu.co'),('66818b7b527627f4759fe3396e88b99a',NULL,'107.20.105.74','DreamHost SiteMonitor 1.0',1724648869,1724648869,0,'','revista.jdc.edu.co'),('66af956f0f118a07a0af9805e85bc450',NULL,'108.181.70.3','Pingdom.com_bot_version_1.4_(http://www.pingdom.com/)',1724641130,1724641130,0,'','revista.jdc.edu.co'),('66c699ab9527887277a5226320557334',NULL,'173.254.206.242','Pingdom.com_bot_version_1.4_(http://www.pingdom.com/)',1724666511,1724666511,0,'','revista.jdc.edu.co'),('66d40c68b3636d970bb55a399ac1d6ae',NULL,'35.202.33.181','Mozilla/5.0 (Windows NT 10.0; Win64; x64) AppleWebKit/537.36 (KHTML, like Gecko) Chrome/108.0.0.0 Safari/537.36',1724620928,1724620928,0,'','revista.jdc.edu.co'),('66e2a87e904e5abff3358f3bf560c73b',NULL,'66.249.70.109','Mozilla/5.0 (Linux; Android 6.0.1; Nexus 5X Build/MMB29P) AppleWebKit/537.36 (KHTML, like Gecko) Chrome/127.0.6533.119 Mobile Safari/537.36 (compatible; Googlebot/2.1; +http://www.google.com/bot.html)',1724627973,1724627973,0,'','revista.jdc.edu.co'),('66e63e12a27a040bbe3f9c90a8ada6ff',NULL,'64.237.55.3','Pingdom.com_bot_version_1.4_(http://www.pingdom.com/)',1724688711,1724688711,0,'','revista.jdc.edu.co'),('66f04980615a1bb659ea2d929f3589e2',NULL,'148.72.170.233','Pingdom.com_bot_version_1.4_(http://www.pingdom.com/)',1724688770,1724688770,0,'','revista.jdc.edu.co'),('67077d698a1fceb75f922c0cec857ad9',NULL,'184.75.214.66','Pingdom.com_bot_version_1.4_(http://www.pingdom.com/)',1724656850,1724656850,0,'','revista.jdc.edu.co'),('67466cd8cb7db533b062dfe789036a24',NULL,'66.249.70.110','Mozilla/5.0 (Linux; Android 6.0.1; Nexus 5X Build/MMB29P) AppleWebKit/537.36 (KHTML, like Gecko) Chrome/127.0.6533.119 Mobile Safari/537.36 (compatible; Googlebot/2.1; +http://www.google.com/bot.html)',1724619663,1724619663,0,'','revista.jdc.edu.co'),('6746e01de44db5f35620fa44b6c8b33f',NULL,'199.87.228.66','Pingdom.com_bot_version_1.4_(http://www.pingdom.com/)',1724661290,1724661290,0,'','revista.jdc.edu.co'),('674a7b4c702dc770f4b592cf2460fda8',NULL,'66.249.70.110','Mozilla/5.0 (Linux; Android 6.0.1; Nexus 5X Build/MMB29P) AppleWebKit/537.36 (KHTML, like Gecko) Chrome/127.0.6533.119 Mobile Safari/537.36 (compatible; Googlebot/2.1; +http://www.google.com/bot.html)',1724668688,1724668688,0,'','revista.jdc.edu.co'),('6769bdfd44313f2b5bae28bf7b5d90c2',NULL,'66.249.70.109','Mozilla/5.0 (Linux; Android 6.0.1; Nexus 5X Build/MMB29P) AppleWebKit/537.36 (KHTML, like Gecko) Chrome/127.0.6533.119 Mobile Safari/537.36 (compatible; Googlebot/2.1; +http://www.google.com/bot.html)',1724683754,1724683754,0,'','revista.jdc.edu.co'),('677702324761642cb1c67a5da5422054',NULL,'66.249.70.110','Mozilla/5.0 (Linux; Android 6.0.1; Nexus 5X Build/MMB29P) AppleWebKit/537.36 (KHTML, like Gecko) Chrome/127.0.6533.119 Mobile Safari/537.36 (compatible; Googlebot/2.1; +http://www.google.com/bot.html)',1724630436,1724630436,0,'currentLocale|s:5:\"pt_BR\";','revista.jdc.edu.co'),('677a8ca8beacbdae6a43d45371d859a3',NULL,'66.249.70.108','Mozilla/5.0 (Linux; Android 6.0.1; Nexus 5X Build/MMB29P) AppleWebKit/537.36 (KHTML, like Gecko) Chrome/127.0.6533.119 Mobile Safari/537.36 (compatible; Googlebot/2.1; +http://www.google.com/bot.html)',1724652579,1724652579,0,'','revista.jdc.edu.co'),('6784a07327c9b9ec2476ca175ec6b3cc',NULL,'40.77.167.13','Mozilla/5.0 AppleWebKit/537.36 (KHTML, like Gecko; compatible; bingbot/2.0; +http://www.bing.com/bingbot.htm) Chrome/116.0.1938.76 Safari/537.36',1724659601,1724659601,0,'','revista.jdc.edu.co'),('67a8c34f11fce91004ce4a542fb457be',NULL,'196.245.151.42','Pingdom.com_bot_version_1.4_(http://www.pingdom.com/)',1724610711,1724610711,0,'','revista.jdc.edu.co'),('67b6b1e80391c80ce1bc9ab617fc05dc',NULL,'76.164.234.130','Pingdom.com_bot_version_1.4_(http://www.pingdom.com/)',1724689011,1724689011,0,'','revista.jdc.edu.co'),('67c857ec33d8366107c11505d9d877ee',NULL,'66.249.70.110','Mozilla/5.0 (Linux; Android 6.0.1; Nexus 5X Build/MMB29P) AppleWebKit/537.36 (KHTML, like Gecko) Chrome/127.0.6533.119 Mobile Safari/537.36 (compatible; Googlebot/2.1; +http://www.google.com/bot.html)',1724603347,1724603347,0,'currentLocale|s:5:\"es_ES\";','revista.jdc.edu.co'),('680c25a7a3b8410b3e60aa225325c535',NULL,'66.249.70.108','Mozilla/5.0 (Linux; Android 6.0.1; Nexus 5X Build/MMB29P) AppleWebKit/537.36 (KHTML, like Gecko) Chrome/127.0.6533.119 Mobile Safari/537.36 (compatible; Googlebot/2.1; +http://www.google.com/bot.html)',1724642376,1724642376,0,'','revista.jdc.edu.co'),('680f39063d123e205f7c4cded748c0e0',NULL,'107.20.105.74','DreamHost SiteMonitor 1.0',1724602369,1724602369,0,'','revista.jdc.edu.co'),('6839adb120ed43194c6c8436ccde01fd',NULL,'193.186.4.211','Mozilla/5.0 (Linux; Android 10; K) AppleWebKit/537.36 (KHTML, like Gecko) Chrome/127.0.0.0 Mobile Safari/537.36',1724637855,1724637855,0,'','revista.jdc.edu.co'),('68558cbe50ae1989eddf945ecff4a33e',NULL,'66.249.70.108','Mozilla/5.0 (Linux; Android 6.0.1; Nexus 5X Build/MMB29P) AppleWebKit/537.36 (KHTML, like Gecko) Chrome/127.0.6533.99 Mobile Safari/537.36 (compatible; Googlebot/2.1; +http://www.google.com/bot.html)',1724647672,1724647672,0,'','revista.jdc.edu.co'),('6856786c1a2c57c9891566302035465a',NULL,'107.182.234.77','Pingdom.com_bot_version_1.4_(http://www.pingdom.com/)',1724676350,1724676350,0,'','revista.jdc.edu.co'),('6867440260c09e49d0499d9cbeb0b9a8',NULL,'108.181.70.3','Pingdom.com_bot_version_1.4_(http://www.pingdom.com/)',1724639930,1724639930,0,'','revista.jdc.edu.co'),('68697eebdf585ce5abc033731f3802eb',NULL,'35.88.171.189','Mozilla/5.0 (Windows NT 10.0; Win64; x64; rv:109.0) Gecko/20100101 Firefox/109.0',1724676577,1724676578,0,'','revista.jdc.edu.co'),('68700abcbe1ac127218bd6b55124377e',NULL,'66.249.70.109','Mozilla/5.0 (Linux; Android 6.0.1; Nexus 5X Build/MMB29P) AppleWebKit/537.36 (KHTML, like Gecko) Chrome/127.0.6533.119 Mobile Safari/537.36 (compatible; Googlebot/2.1; +http://www.google.com/bot.html)',1724678488,1724678488,0,'','revista.jdc.edu.co'),('6890d57539ee14d6d584f923485d7601',NULL,'64.237.55.3','Pingdom.com_bot_version_1.4_(http://www.pingdom.com/)',1724602970,1724602970,0,'','revista.jdc.edu.co'),('68c48599ca340c09022d4800dfaf4814',NULL,'107.20.105.74','DreamHost SiteMonitor 1.0',1724657270,1724657270,0,'','revista.jdc.edu.co'),('68c7271c0a5b23a20e4e70abfc68628a',NULL,'66.249.70.108','Mozilla/5.0 (Linux; Android 6.0.1; Nexus 5X Build/MMB29P) AppleWebKit/537.36 (KHTML, like Gecko) Chrome/127.0.6533.119 Mobile Safari/537.36 (compatible; Googlebot/2.1; +http://www.google.com/bot.html)',1724679459,1724679459,0,'','revista.jdc.edu.co'),('68ed1490f0590dbf0c20a47e3589307d',NULL,'172.241.112.86','Pingdom.com_bot_version_1.4_(http://www.pingdom.com/)',1724609990,1724609990,0,'','revista.jdc.edu.co'),('6903e7e4c6617af18bafff8e2efeeab3',NULL,'108.181.70.3','Pingdom.com_bot_version_1.4_(http://www.pingdom.com/)',1724627930,1724627930,0,'','revista.jdc.edu.co'),('690a386eea2d3589aa90d1561c733bef',NULL,'107.20.105.74','DreamHost SiteMonitor 1.0',1724668970,1724668970,0,'','revista.jdc.edu.co'),('6940c23d55d67fd810c272baf8e0e8eb',NULL,'193.186.4.211','Mozilla/5.0 (Windows NT 10.0; Win64; x64) AppleWebKit/537.36 (KHTML, like Gecko) Chrome/127.0.0.0 Safari/537.36',1724679353,1724679353,0,'','revista.jdc.edu.co'),('694c0e0ddfce6e001047459b05d6b7c9',NULL,'66.249.70.109','Mozilla/5.0 (Linux; Android 6.0.1; Nexus 5X Build/MMB29P) AppleWebKit/537.36 (KHTML, like Gecko) Chrome/127.0.6533.119 Mobile Safari/537.36 (compatible; Googlebot/2.1; +http://www.google.com/bot.html)',1724678573,1724678573,0,'','revista.jdc.edu.co'),('694f6326c4ac7b6272a6433d7448501e',NULL,'66.249.70.108','Mozilla/5.0 (Linux; Android 6.0.1; Nexus 5X Build/MMB29P) AppleWebKit/537.36 (KHTML, like Gecko) Chrome/127.0.6533.99 Mobile Safari/537.36 (compatible; Googlebot/2.1; +http://www.google.com/bot.html)',1724681854,1724681854,0,'','revista.jdc.edu.co'),('6955aeec5ccad94cb101e38cd1d7c0be',NULL,'172.241.112.86','Pingdom.com_bot_version_1.4_(http://www.pingdom.com/)',1724645990,1724645990,0,'','revista.jdc.edu.co'),('695659b168c442a6fe44a2f5b7e03778',NULL,'46.20.45.18','Pingdom.com_bot_version_1.4_(http://www.pingdom.com/)',1724671550,1724671550,0,'','revista.jdc.edu.co'),('69573f77b2282d0b3a1a6b5b9428f99a',NULL,'190.217.65.139','Mozilla/5.0 (Windows NT 10.0; Win64; x64) AppleWebKit/537.36 (KHTML, like Gecko) Chrome/127.0.0.0 Safari/537.36',1724618208,1724618209,0,'','revista.jdc.edu.co'),('6974bde7b6565b6317dc1a5ade1362c4',NULL,'173.254.206.242','Pingdom.com_bot_version_1.4_(http://www.pingdom.com/)',1724607050,1724607050,0,'','revista.jdc.edu.co'),('6992fb229b2c593b7e064501bb0e1960',NULL,'23.106.37.99','Pingdom.com_bot_version_1.4_(http://www.pingdom.com/)',1724670831,1724670831,0,'','revista.jdc.edu.co'),('69a03845c2987eceeee8d3b64a4e2425',NULL,'66.249.70.108','Googlebot/2.1 (+http://www.google.com/bot.html)',1724683636,1724683636,0,'','revista.jdc.edu.co'),('69a076e60982d34e71d074217805a63d',NULL,'108.181.70.3','Pingdom.com_bot_version_1.4_(http://www.pingdom.com/)',1724687331,1724687331,0,'','revista.jdc.edu.co'),('69bb7c2446bcd8c15755ae05f72a278d',NULL,'148.206.51.18','Mozilla/5.0 (iPhone; CPU iPhone OS 17_5 like Mac OS X) AppleWebKit/605.1.15 (KHTML, like Gecko) CriOS/128.0.6613.92 Mobile/15E148 Safari/604.1',1724694195,1724694195,0,'','revista.jdc.edu.co'),('69cc86b9b9570927bb121dc88a3c9732',NULL,'107.20.105.74','DreamHost SiteMonitor 1.0',1724662369,1724662369,0,'','revista.jdc.edu.co'),('69d7f81353b96f01d45f9b1522299a54',NULL,'66.249.70.108','Mozilla/5.0 (Linux; Android 6.0.1; Nexus 5X Build/MMB29P) AppleWebKit/537.36 (KHTML, like Gecko) Chrome/127.0.6533.119 Mobile Safari/537.36 (compatible; Googlebot/2.1; +http://www.google.com/bot.html)',1724632868,1724632868,0,'','revista.jdc.edu.co'),('69e0b8f311a2e7f372323b9b5cc65881',NULL,'191.91.39.37','',1724632813,1724632813,0,'','revista.jdc.edu.co'),('69e4e2d1daa1e361ded5c35e285fb5bc',NULL,'148.72.170.233','Pingdom.com_bot_version_1.4_(http://www.pingdom.com/)',1724604411,1724604411,0,'','revista.jdc.edu.co'),('69ea81ede358909b7f2d779a27bd36c9',NULL,'52.167.144.140','Mozilla/5.0 AppleWebKit/537.36 (KHTML, like Gecko; compatible; bingbot/2.0; +http://www.bing.com/bingbot.htm) Chrome/116.0.1938.76 Safari/537.36',1724607205,1724607205,0,'','revista.jdc.edu.co'),('6a00550b04629463c21fe3bb915a27c9',NULL,'199.87.228.66','Pingdom.com_bot_version_1.4_(http://www.pingdom.com/)',1724661891,1724661891,0,'','revista.jdc.edu.co'),('6a07d32f3995b350ba2ce0bfe4d920d1',NULL,'66.249.70.108','Mozilla/5.0 (Linux; Android 6.0.1; Nexus 5X Build/MMB29P) AppleWebKit/537.36 (KHTML, like Gecko) Chrome/127.0.6533.119 Mobile Safari/537.36 (compatible; Googlebot/2.1; +http://www.google.com/bot.html)',1724648108,1724648108,0,'','revista.jdc.edu.co'),('6a58e8aec5d1d342406617ad4e6d01d2',NULL,'46.20.45.18','Pingdom.com_bot_version_1.4_(http://www.pingdom.com/)',1724651690,1724651690,0,'','revista.jdc.edu.co'),('6a59d44876e9558662686b0ee31b6507',NULL,'187.235.8.125','Mozilla/5.0 (Windows NT 10.0; Win64; x64) AppleWebKit/537.36 (KHTML, like Gecko) Chrome/128.0.0.0 Safari/537.36',1724650046,1724650046,0,'','revista.jdc.edu.co'),('6a67e906ee81e4e9cb719cd1122d7c9c',NULL,'172.241.112.86','Pingdom.com_bot_version_1.4_(http://www.pingdom.com/)',1724612990,1724612990,0,'','revista.jdc.edu.co'),('6a689cd680c53bfbf6dcee70b02f6858',NULL,'108.181.70.3','Pingdom.com_bot_version_1.4_(http://www.pingdom.com/)',1724690930,1724690930,0,'','revista.jdc.edu.co'),('6a6aff922517cdfd4b929e9b5778d014',NULL,'104.129.24.154','Pingdom.com_bot_version_1.4_(http://www.pingdom.com/)',1724691470,1724691470,0,'','revista.jdc.edu.co'),('6a6c6d09587cc5fc437d3095e5d880e8',NULL,'173.254.206.242','Pingdom.com_bot_version_1.4_(http://www.pingdom.com/)',1724613651,1724613651,0,'','revista.jdc.edu.co'),('6a75266fa420f67be169352454029e2f',NULL,'66.249.70.108','Mozilla/5.0 (Linux; Android 6.0.1; Nexus 5X Build/MMB29P) AppleWebKit/537.36 (KHTML, like Gecko) Chrome/127.0.6533.119 Mobile Safari/537.36 (compatible; Googlebot/2.1; +http://www.google.com/bot.html)',1724680374,1724680374,0,'','revista.jdc.edu.co'),('6a82f04f41b5606e3dcd8daed24052e1',NULL,'107.20.105.74','DreamHost SiteMonitor 1.0',1724670169,1724670169,0,'','revista.jdc.edu.co'),('6a83fad4ecc40cbd0780b0c80e84a68d',NULL,'66.249.70.109','Mozilla/5.0 (Linux; Android 6.0.1; Nexus 5X Build/MMB29P) AppleWebKit/537.36 (KHTML, like Gecko) Chrome/127.0.6533.99 Mobile Safari/537.36 (compatible; Googlebot/2.1; +http://www.google.com/bot.html)',1724611074,1724611086,0,'','revista.jdc.edu.co'),('6a8b121cf8e8c2d6527bb6bed902b844',NULL,'189.230.120.9','Mozilla/5.0 (Windows NT 10.0; Win64; x64) AppleWebKit/537.36 (KHTML, like Gecko) Chrome/128.0.0.0 Safari/537.36 Edg/128.0.0.0',1724622519,1724622534,0,'','revista.jdc.edu.co'),('6a8b5b9f19b0b07b450549b51ab106c8',NULL,'72.14.201.211','Mozilla/5.0 (Windows NT 10.0; Win64; x64) AppleWebKit/537.36 (KHTML, like Gecko) Chrome/127.0.0.0 Safari/537.36',1724685913,1724685913,0,'','revista.jdc.edu.co'),('6aa576a265626b8bc1b93213054dd9a2',NULL,'104.129.24.154','Pingdom.com_bot_version_1.4_(http://www.pingdom.com/)',1724667470,1724667470,0,'','revista.jdc.edu.co'),('6aacb6e54b52a24c4f4b0c1ed839735d',NULL,'66.249.70.108','Googlebot/2.1 (+http://www.google.com/bot.html)',1724692558,1724692558,0,'','revista.jdc.edu.co'),('6aae63dd5981cf4c77386d8a75b1e72f',NULL,'66.249.70.108','Googlebot/2.1 (+http://www.google.com/bot.html)',1724689830,1724689830,0,'','revista.jdc.edu.co'),('6ac1d13861b5599b5e55150062da6c49',NULL,'38.25.26.169','Mozilla/5.0 (Windows NT 10.0; Win64; x64) AppleWebKit/537.36 (KHTML, like Gecko) Chrome/128.0.0.0 Safari/537.36 Edg/128.0.0.0',1724685337,1724685338,0,'','revista.jdc.edu.co'),('6aecfcc76f58d336b8a877c6d53abe29',NULL,'64.237.55.3','Pingdom.com_bot_version_1.4_(http://www.pingdom.com/)',1724684511,1724684511,0,'','revista.jdc.edu.co'),('6b12c7eb35cbb69fb467cd5d85551fbe',NULL,'191.91.39.37','',1724629777,1724629777,0,'currentLocale|s:5:\"en_US\";','revista.jdc.edu.co'),('6b55c76fcc70f6540c7085a9bfde6437',NULL,'66.249.70.110','Mozilla/5.0 (Linux; Android 6.0.1; Nexus 5X Build/MMB29P) AppleWebKit/537.36 (KHTML, like Gecko) Chrome/127.0.6533.119 Mobile Safari/537.36 (compatible; Googlebot/2.1; +http://www.google.com/bot.html)',1724662720,1724662720,0,'','revista.jdc.edu.co'),('6b5aad9051bc89eb8fb1e750f7853c71',NULL,'189.233.154.118','Mozilla/5.0 (Linux; Android 10; K) AppleWebKit/537.36 (KHTML, like Gecko) Chrome/128.0.0.0 Mobile Safari/537.36',1724693227,1724693271,0,'','revista.jdc.edu.co'),('6b7ce5913777b8cc8f135af1cee28e8f',NULL,'66.249.70.110','Mozilla/5.0 (Linux; Android 6.0.1; Nexus 5X Build/MMB29P) AppleWebKit/537.36 (KHTML, like Gecko) Chrome/127.0.6533.119 Mobile Safari/537.36 (compatible; Googlebot/2.1; +http://www.google.com/bot.html)',1724628156,1724628156,0,'','revista.jdc.edu.co'),('6b9b1529990f4a634c56f91dca515ebd',NULL,'66.249.70.110','Mozilla/5.0 (Linux; Android 6.0.1; Nexus 5X Build/MMB29P) AppleWebKit/537.36 (KHTML, like Gecko) Chrome/127.0.6533.119 Mobile Safari/537.36 (compatible; Googlebot/2.1; +http://www.google.com/bot.html)',1724671249,1724671249,0,'','revista.jdc.edu.co'),('6b9c8731f65b6fa58ccffd6889b08542',NULL,'191.156.228.7','Mozilla/5.0 (Windows NT 10.0; Win64; x64) AppleWebKit/537.36 (KHTML, like Gecko) Chrome/127.0.0.0 Safari/537.36',1724678594,1724678596,0,'','revista.jdc.edu.co'),('6bc5530e026992ef7374cd71d2b33466',NULL,'200.68.183.52','Mozilla/5.0 (Linux; Android 10; K) AppleWebKit/537.36 (KHTML, like Gecko) Chrome/127.0.0.0 Mobile Safari/537.36',1724694848,1724694848,0,'','revista.jdc.edu.co'),('6bf40054142bdfb16b74beced834e927',NULL,'193.186.4.211','Mozilla/5.0 (Linux; Android 10; K) AppleWebKit/537.36 (KHTML, like Gecko) Chrome/127.0.0.0 Mobile Safari/537.36',1724616112,1724616112,0,'','revista.jdc.edu.co'),('6bfb13b0bcf2fc20c2c44863e857be10',NULL,'66.249.70.110','Mozilla/5.0 (Linux; Android 6.0.1; Nexus 5X Build/MMB29P) AppleWebKit/537.36 (KHTML, like Gecko) Chrome/127.0.6533.119 Mobile Safari/537.36 (compatible; Googlebot/2.1; +http://www.google.com/bot.html)',1724676552,1724676552,0,'','revista.jdc.edu.co'),('6c1a95a83d04a149491b357c98120339',NULL,'199.87.228.66','Pingdom.com_bot_version_1.4_(http://www.pingdom.com/)',1724642630,1724642630,0,'','revista.jdc.edu.co'),('6c1f6cb6ca683e2dcbb6199bcf76df78',NULL,'172.241.112.86','Pingdom.com_bot_version_1.4_(http://www.pingdom.com/)',1724660991,1724660991,0,'','revista.jdc.edu.co'),('6c353aa4eb4d76d4176bb6449c1d2f3b',NULL,'190.242.43.230','Mozilla/5.0 (Windows NT 10.0; Win64; x64) AppleWebKit/537.36 (KHTML, like Gecko) Chrome/127.0.0.0 Safari/537.36',1724685986,1724685986,0,'','revista.jdc.edu.co'),('6c45b86e5922eaa60ab494f0d6ac8994',NULL,'201.110.134.196','Mozilla/5.0 (iPhone; CPU iPhone OS 17_5 like Mac OS X) AppleWebKit/605.1.15 (KHTML, like Gecko) CriOS/128.0.6613.92 Mobile/15E148 Safari/604.1',1724626427,1724626427,0,'','revista.jdc.edu.co'),('6c4a36915dbefb320d0bba2a5ac7b5ed',NULL,'107.182.234.77','Pingdom.com_bot_version_1.4_(http://www.pingdom.com/)',1724602550,1724602550,0,'','revista.jdc.edu.co'),('6c4bba435b56a155fb54d1153b83b75f',NULL,'201.71.126.92','Mozilla/5.0 (Windows NT 10.0; Win64; x64) AppleWebKit/537.36 (KHTML, like Gecko) Chrome/127.0.0.0 Safari/537.36',1724690031,1724690031,0,'','revista.jdc.edu.co'),('6c55f2548b69c6d3e91919cc9cf05d36',NULL,'66.249.83.112','Mozilla/5.0 (Linux; Android 7.0; SM-G930V Build/NRD90M) AppleWebKit/537.36 (KHTML, like Gecko) Chrome/59.0.3071.125 Mobile Safari/537.36 (compatible; Google-Read-Aloud; +https://support.google.com/webmasters/answer/1061943)',1724636654,1724636654,0,'','revista.jdc.edu.co'),('6c744ba31e620803fd6d13dfe6f0a08b',NULL,'108.181.70.3','Pingdom.com_bot_version_1.4_(http://www.pingdom.com/)',1724646530,1724646530,0,'','revista.jdc.edu.co'),('6c76c76a76fd323cb75e5d7fdafdd914',NULL,'66.249.70.110','Mozilla/5.0 (Linux; Android 6.0.1; Nexus 5X Build/MMB29P) AppleWebKit/537.36 (KHTML, like Gecko) Chrome/127.0.6533.119 Mobile Safari/537.36 (compatible; Googlebot/2.1; +http://www.google.com/bot.html)',1724693737,1724693737,0,'','revista.jdc.edu.co'),('6c78a286e03cbfda85604ab3fc1b59d7',NULL,'66.249.70.110','Mozilla/5.0 (Linux; Android 6.0.1; Nexus 5X Build/MMB29P) AppleWebKit/537.36 (KHTML, like Gecko) Chrome/127.0.6533.119 Mobile Safari/537.36 (compatible; Googlebot/2.1; +http://www.google.com/bot.html)',1724641447,1724641447,0,'','revista.jdc.edu.co'),('6c877d82a4e4244251a5cc6396f976b9',NULL,'108.181.70.3','Pingdom.com_bot_version_1.4_(http://www.pingdom.com/)',1724686130,1724686130,0,'','revista.jdc.edu.co'),('6c8d06c8827233c0bd24a1a7234d06fc',NULL,'66.249.70.108','Mozilla/5.0 (Linux; Android 6.0.1; Nexus 5X Build/MMB29P) AppleWebKit/537.36 (KHTML, like Gecko) Chrome/127.0.6533.119 Mobile Safari/537.36 (compatible; Googlebot/2.1; +http://www.google.com/bot.html)',1724680844,1724680844,0,'','revista.jdc.edu.co'),('6c981d3afec42545fe3746e2460ec198',NULL,'46.20.45.18','Pingdom.com_bot_version_1.4_(http://www.pingdom.com/)',1724603090,1724603090,0,'','revista.jdc.edu.co'),('6c9dca9679c3da72ecdca1308006e725',NULL,'184.75.214.66','Pingdom.com_bot_version_1.4_(http://www.pingdom.com/)',1724650251,1724650251,0,'','revista.jdc.edu.co'),('6ca8ba582c2ee56f1cc38cbe3fe36a06',NULL,'46.20.45.18','Pingdom.com_bot_version_1.4_(http://www.pingdom.com/)',1724645690,1724645690,0,'','revista.jdc.edu.co'),('6cad263df663375408f4741aea9becf5',NULL,'199.87.228.66','Pingdom.com_bot_version_1.4_(http://www.pingdom.com/)',1724622831,1724622831,0,'','revista.jdc.edu.co'),('6cb4c1d433d4ebe20f8576df715d16b2',NULL,'66.249.70.109','Mozilla/5.0 (Linux; Android 6.0.1; Nexus 5X Build/MMB29P) AppleWebKit/537.36 (KHTML, like Gecko) Chrome/127.0.6533.119 Mobile Safari/537.36 (compatible; Googlebot/2.1; +http://www.google.com/bot.html)',1724661021,1724661021,0,'','revista.jdc.edu.co'),('6cbd7dcb3bf6673dea69442f32af8998',NULL,'199.87.228.66','Pingdom.com_bot_version_1.4_(http://www.pingdom.com/)',1724610230,1724610230,0,'','revista.jdc.edu.co'),('6cd3fb19efdb4944554131bebc571ac4',NULL,'66.249.70.108','Mozilla/5.0 (Linux; Android 6.0.1; Nexus 5X Build/MMB29P) AppleWebKit/537.36 (KHTML, like Gecko) Chrome/127.0.6533.119 Mobile Safari/537.36 (compatible; Googlebot/2.1; +http://www.google.com/bot.html)',1724678384,1724678384,0,'','revista.jdc.edu.co'),('6ce6c3cf20e26f059f69c63a4c318902',NULL,'201.103.74.98','Mozilla/5.0 (Windows NT 10.0; Win64; x64) AppleWebKit/537.36 (KHTML, like Gecko) Chrome/109.0.0.0 Safari/537.36',1724617963,1724617963,0,'','revista.jdc.edu.co'),('6cf09f130a0b154c1f1653728fba4c8f',NULL,'20.120.122.239','python-requests/2.32.0',1724614320,1724614320,0,'','revista.jdc.edu.co'),('6cfd0be9835668479fc1df1fe79e9057',NULL,'104.129.24.154','Pingdom.com_bot_version_1.4_(http://www.pingdom.com/)',1724636271,1724636271,0,'','revista.jdc.edu.co'),('6d0393356e58748f2ddf9cb7881db2fb',NULL,'200.10.230.107','Mozilla/5.0 (Windows NT 10.0; Win64; x64) AppleWebKit/537.36 (KHTML, like Gecko) Chrome/127.0.0.0 Safari/537.36',1724686881,1724686884,0,'','revista.jdc.edu.co'),('6d4542660174d68fd076839101a2af36',NULL,'107.182.234.77','Pingdom.com_bot_version_1.4_(http://www.pingdom.com/)',1724659610,1724659610,0,'','revista.jdc.edu.co'),('6d4baf7885a00298c4f04bbb3c744bf1',NULL,'66.249.70.110','Mozilla/5.0 (Linux; Android 6.0.1; Nexus 5X Build/MMB29P) AppleWebKit/537.36 (KHTML, like Gecko) Chrome/127.0.6533.119 Mobile Safari/537.36 (compatible; Googlebot/2.1; +http://www.google.com/bot.html)',1724601144,1724601144,0,'','revista.jdc.edu.co'),('6d550918dedd4d103939ddbcd17fbc05',NULL,'177.228.146.162','Mozilla/5.0 (Linux; Android 10; K) AppleWebKit/537.36 (KHTML, like Gecko) Chrome/127.0.0.0 Mobile Safari/537.36',1724642556,1724642556,0,'','revista.jdc.edu.co'),('6d60caa09cd8e8559abbd0c24fddce46',NULL,'66.249.70.110','Mozilla/5.0 (Linux; Android 6.0.1; Nexus 5X Build/MMB29P) AppleWebKit/537.36 (KHTML, like Gecko) Chrome/127.0.6533.119 Mobile Safari/537.36 (compatible; Googlebot/2.1; +http://www.google.com/bot.html)',1724654873,1724654873,0,'','revista.jdc.edu.co'),('6d8fff3b90d453077b981339ca1b1aca',NULL,'66.249.70.108','Mozilla/5.0 (Linux; Android 6.0.1; Nexus 5X Build/MMB29P) AppleWebKit/537.36 (KHTML, like Gecko) Chrome/127.0.6533.119 Mobile Safari/537.36 (compatible; Googlebot/2.1; +http://www.google.com/bot.html)',1724648109,1724648109,0,'','revista.jdc.edu.co'),('6dae17f981847746e9680784b7bd8401',NULL,'107.20.105.74','DreamHost SiteMonitor 1.0',1724632969,1724632969,0,'','revista.jdc.edu.co'),('6dce839713285c58a1e14116b34937bc',NULL,'196.245.151.42','Pingdom.com_bot_version_1.4_(http://www.pingdom.com/)',1724613111,1724613111,0,'','revista.jdc.edu.co'),('6ddbac220d47b916a466b469a8e296a4',NULL,'172.241.112.86','Pingdom.com_bot_version_1.4_(http://www.pingdom.com/)',1724621390,1724621390,0,'','revista.jdc.edu.co'),('6df0d93c63fb621821334c2bc885abaf',NULL,'107.20.105.74','DreamHost SiteMonitor 1.0',1724666870,1724666870,0,'','revista.jdc.edu.co'),('6df176d49a623fc9bb0675db73e01428',NULL,'23.109.197.35','Mozilla/5.0 AppleWebKit/537.36 (KHTML, like Gecko; compatible; PerplexityBot/1.0; +https://docs.perplexity.ai/docs/perplexity-bot)',1724621406,1724621406,0,'','revista.jdc.edu.co'),('6e159f5623504db98810ba8369bb9fcf',NULL,'196.245.151.42','Pingdom.com_bot_version_1.4_(http://www.pingdom.com/)',1724613710,1724613710,0,'','revista.jdc.edu.co'),('6e2ce9d6af57948d603890834d9c2f78',NULL,'66.249.70.110','Mozilla/5.0 (Linux; Android 6.0.1; Nexus 5X Build/MMB29P) AppleWebKit/537.36 (KHTML, like Gecko) Chrome/127.0.6533.119 Mobile Safari/537.36 (compatible; Googlebot/2.1; +http://www.google.com/bot.html)',1724607465,1724607465,0,'','revista.jdc.edu.co'),('6e3eab39c6a88c308f0d2a31dcef72d4',NULL,'148.72.170.233','Pingdom.com_bot_version_1.4_(http://www.pingdom.com/)',1724611010,1724611010,0,'','revista.jdc.edu.co'),('6e5494071d00348ef9854e3ce5dcc53b',NULL,'66.249.70.109','Mozilla/5.0 AppleWebKit/537.36 (KHTML, like Gecko; compatible; Googlebot/2.1; +http://www.google.com/bot.html) Chrome/127.0.6533.99 Safari/537.36',1724617653,1724617653,0,'','revista.jdc.edu.co'),('6e8188e6fd8b0f4fe366011b50e657b5',NULL,'107.20.105.74','DreamHost SiteMonitor 1.0',1724681570,1724681570,0,'','revista.jdc.edu.co'),('6e9f777b131d91396d52dec4c9ee5019',NULL,'66.249.70.109','Mozilla/5.0 (Linux; Android 6.0.1; Nexus 5X Build/MMB29P) AppleWebKit/537.36 (KHTML, like Gecko) Chrome/127.0.6533.119 Mobile Safari/537.36 (compatible; Googlebot/2.1; +http://www.google.com/bot.html)',1724673418,1724673418,0,'','revista.jdc.edu.co'),('6eb000beece1f6862622c81c1908bc38',NULL,'108.181.70.3','Pingdom.com_bot_version_1.4_(http://www.pingdom.com/)',1724682531,1724682531,0,'','revista.jdc.edu.co'),('6ec5b94a529f016dd89c96ec403460cc',NULL,'172.121.217.200','Mozilla/5.0 (X11; U; Linux i686; en-US; rv:1.4) Gecko/20030624',1724678496,1724678621,0,'csrf|a:2:{s:9:\"timestamp\";i:1724678613;s:5:\"token\";s:32:\"c0dedf04788d8a6a32dc926a65da79d5\";}currentLocale|s:5:\"es_ES\";','revista.jdc.edu.co'),('6ec73e445eeee34fdca867acc1dcdf80',NULL,'66.249.70.108','Mozilla/5.0 (Linux; Android 6.0.1; Nexus 5X Build/MMB29P) AppleWebKit/537.36 (KHTML, like Gecko) Chrome/127.0.6533.119 Mobile Safari/537.36 (compatible; Googlebot/2.1; +http://www.google.com/bot.html)',1724648973,1724648973,0,'','revista.jdc.edu.co'),('6edfaefec785f17e8d2d30735650c602',NULL,'208.70.244.23','Mozilla/5.0 (X11; Ubuntu; Linux x86_64; rv:79.0) Gecko/20100101 Firefox/79.0',1724660583,1724660583,0,'','revista.jdc.edu.co'),('6ee47ebd9c8dc28eb53e7d501a49cdf5',NULL,'168.176.40.141','Mozilla/5.0 (iPhone; CPU iPhone OS 17_3 like Mac OS X) AppleWebKit/605.1.15 (KHTML, like Gecko) CriOS/128.0.6613.34 Mobile/15E148 Safari/604.1',1724631309,1724631309,0,'','revista.jdc.edu.co'),('6ee715af95872669c6cffb34d0bf4eb3',NULL,'104.129.24.154','Pingdom.com_bot_version_1.4_(http://www.pingdom.com/)',1724647070,1724647070,0,'','revista.jdc.edu.co'),('6f04b0702eba9e46cdaded93254ca713',NULL,'108.181.70.3','Pingdom.com_bot_version_1.4_(http://www.pingdom.com/)',1724635730,1724635730,0,'','revista.jdc.edu.co'),('6f0eb33358ed48d4715e7d6cc5060611',NULL,'107.20.105.74','DreamHost SiteMonitor 1.0',1724662969,1724662969,0,'','revista.jdc.edu.co'),('6f17a8c93af0d734003710a9ff7f67e4',NULL,'172.241.112.86','Pingdom.com_bot_version_1.4_(http://www.pingdom.com/)',1724604590,1724604590,0,'','revista.jdc.edu.co'),('6f18c65e5818448b94e9211600eb57b2',NULL,'66.249.70.109','Mozilla/5.0 (Linux; Android 6.0.1; Nexus 5X Build/MMB29P) AppleWebKit/537.36 (KHTML, like Gecko) Chrome/127.0.6533.119 Mobile Safari/537.36 (compatible; Googlebot/2.1; +http://www.google.com/bot.html)',1724652392,1724652392,0,'','revista.jdc.edu.co'),('6f3bc76ab94243b1947108943ffdb398',NULL,'209.58.139.193','Pingdom.com_bot_version_1.4_(http://www.pingdom.com/)',1724688230,1724688230,0,'','revista.jdc.edu.co'),('6f40674ca2342117032ff27f4e0669a3',NULL,'66.249.70.108','Googlebot/2.1 (+http://www.google.com/bot.html)',1724689530,1724689530,0,'','revista.jdc.edu.co'),('6f4600796c1aef2b4448ad27e3c078be',NULL,'66.249.70.109','Mozilla/5.0 (Linux; Android 6.0.1; Nexus 5X Build/MMB29P) AppleWebKit/537.36 (KHTML, like Gecko) Chrome/127.0.6533.119 Mobile Safari/537.36 (compatible; Googlebot/2.1; +http://www.google.com/bot.html)',1724678051,1724678051,0,'','revista.jdc.edu.co'),('6f4be9be07f9040569a4b86fd3d3678e',NULL,'23.106.37.99','Pingdom.com_bot_version_1.4_(http://www.pingdom.com/)',1724663031,1724663031,0,'','revista.jdc.edu.co'),('6f4c64a5d16d8c933c56de118391ea08',NULL,'107.182.234.77','Pingdom.com_bot_version_1.4_(http://www.pingdom.com/)',1724633150,1724633150,0,'','revista.jdc.edu.co'),('6fa1bbf30673a39fb7642281783b4192',NULL,'202.56.166.173','Mozilla/5.0 (Linux; Android 10; K) AppleWebKit/537.36 (KHTML, like Gecko) Chrome/128.0.0.0 Mobile Safari/537.36',1724630618,1724630618,0,'','revista.jdc.edu.co'),('6fe5b336a419ec4b662df9eef63d0be9',NULL,'124.243.180.228','Mozilla/5.0 (Windows NT 10.0; Win64; x64) AppleWebKit/537.36 (KHTML, like Gecko) Chrome/101.0.4951.64 Safari/537.36 Edg/101.0.1210.47',1724623649,1724623649,0,'','revista.jdc.edu.co'),('70047586b48290d2b9d12484d6823d97',NULL,'148.72.170.233','Pingdom.com_bot_version_1.4_(http://www.pingdom.com/)',1724692430,1724692430,0,'','revista.jdc.edu.co'),('70166913ad3f5eeadce1e60e59332671',NULL,'199.87.228.66','Pingdom.com_bot_version_1.4_(http://www.pingdom.com/)',1724660690,1724660690,0,'','revista.jdc.edu.co'),('702e52fcb7ac5f0eb0d751205fe00698',NULL,'148.72.170.233','Pingdom.com_bot_version_1.4_(http://www.pingdom.com/)',1724650011,1724650011,0,'','revista.jdc.edu.co'),('705dc194196de94bcaa89456018c23cc',NULL,'201.162.240.28','Mozilla/5.0 (Linux; Android 10; K) AppleWebKit/537.36 (KHTML, like Gecko) Chrome/127.0.0.0 Mobile Safari/537.36',1724685228,1724685228,0,'','revista.jdc.edu.co'),('7087ec900e8c81745b29b885c6f20720',NULL,'46.20.45.18','Pingdom.com_bot_version_1.4_(http://www.pingdom.com/)',1724604291,1724604291,0,'','revista.jdc.edu.co'),('70a16051c76848b5aea8367edde06edf',NULL,'139.18.242.215','metha/0.3.11',1724612932,1724612932,0,'','revista.jdc.edu.co'),('70b985a2857787878bdffebf419b73c0',NULL,'107.20.105.74','DreamHost SiteMonitor 1.0',1724614969,1724614969,0,'','revista.jdc.edu.co'),('70bd66af81416f34cecd3f9b6f335886',NULL,'107.20.105.74','DreamHost SiteMonitor 1.0',1724690569,1724690569,0,'','revista.jdc.edu.co'),('70bde724d9896e002d6f2e65f43be460',NULL,'64.237.55.3','Pingdom.com_bot_version_1.4_(http://www.pingdom.com/)',1724607170,1724607170,0,'','revista.jdc.edu.co'),('70c5efe1c33eddec4da8959c4b104b19',NULL,'107.20.105.74','DreamHost SiteMonitor 1.0',1724678270,1724678270,0,'','revista.jdc.edu.co'),('70cc23927a92a71b924ce05eee7d9953',NULL,'108.181.70.3','Pingdom.com_bot_version_1.4_(http://www.pingdom.com/)',1724671731,1724671731,0,'','revista.jdc.edu.co'),('70d26e961c1ee073583c2511c7e537fb',NULL,'52.167.144.235','Mozilla/5.0 AppleWebKit/537.36 (KHTML, like Gecko; compatible; bingbot/2.0; +http://www.bing.com/bingbot.htm) Chrome/116.0.1938.76 Safari/537.36',1724602977,1724602977,0,'','revista.jdc.edu.co'),('70de9f21e0b1cec4449b3689722489f3',NULL,'190.237.162.36','Mozilla/5.0 (Windows NT 10.0; Win64; x64) AppleWebKit/537.36 (KHTML, like Gecko) Chrome/127.0.0.0 Safari/537.36',1724619141,1724619141,0,'','revista.jdc.edu.co'),('70e1f447fa9dbdda54f3b56dcda25671',NULL,'104.129.24.154','Pingdom.com_bot_version_1.4_(http://www.pingdom.com/)',1724635070,1724635070,0,'','revista.jdc.edu.co'),('7123f582211908ca3d5678f5e3629d7c',NULL,'46.20.45.18','Pingdom.com_bot_version_1.4_(http://www.pingdom.com/)',1724613290,1724613290,0,'','revista.jdc.edu.co'),('71355085a45792dbba6fbda7a8f30a7f',NULL,'107.182.234.77','Pingdom.com_bot_version_1.4_(http://www.pingdom.com/)',1724671611,1724671611,0,'','revista.jdc.edu.co'),('715323cf2a9872163c0de5de69b0206a',NULL,'123.6.49.15','Mozilla/5.0 (Linux; Android 8.0; Pixel 2 Build/OPD3.170816.012) AppleWebKit/537.36 (KHTML, like Gecko) Chrome/87.0.4280.88 Mobile Safari/537.36',1724654366,1724654368,0,'','revista.jdc.edu.co'),('7153ea35febe6e68e58a756ddb7e185e',NULL,'107.20.105.74','DreamHost SiteMonitor 1.0',1724678570,1724678570,0,'','revista.jdc.edu.co'),('716601de563fc6f3d091b755c38f507e',NULL,'107.182.234.77','Pingdom.com_bot_version_1.4_(http://www.pingdom.com/)',1724610950,1724610950,0,'','revista.jdc.edu.co'),('71727df08a7ed4534af56cbf41e336ea',NULL,'107.182.234.77','Pingdom.com_bot_version_1.4_(http://www.pingdom.com/)',1724688352,1724688352,0,'','revista.jdc.edu.co'),('7184a00e4e4d07489cdad3f1456e1fb0',NULL,'196.245.151.42','Pingdom.com_bot_version_1.4_(http://www.pingdom.com/)',1724630510,1724630510,0,'','revista.jdc.edu.co'),('7191f6a6f3f7c6cac0266a3b808796f3',NULL,'23.106.37.99','Pingdom.com_bot_version_1.4_(http://www.pingdom.com/)',1724684571,1724684571,0,'','revista.jdc.edu.co'),('71a8013b266126d0470e2bf463d9f7ca',NULL,'46.20.45.18','Pingdom.com_bot_version_1.4_(http://www.pingdom.com/)',1724694290,1724694290,0,'','revista.jdc.edu.co'),('71bde83e3a0d99d29a92aed5de51ab1e',NULL,'173.254.206.242','Pingdom.com_bot_version_1.4_(http://www.pingdom.com/)',1724608250,1724608250,0,'','revista.jdc.edu.co'),('71c07b6d35b0fceaa972fb9fbe720747',NULL,'64.237.55.3','Pingdom.com_bot_version_1.4_(http://www.pingdom.com/)',1724629370,1724629370,0,'','revista.jdc.edu.co'),('71c97688ce0cf96ea69db76b213d78cd',NULL,'107.20.105.74','DreamHost SiteMonitor 1.0',1724679469,1724679469,0,'','revista.jdc.edu.co'),('71d3d317834a2a67d80fdcc6cc700197',NULL,'107.20.105.74','DreamHost SiteMonitor 1.0',1724668069,1724668069,0,'','revista.jdc.edu.co'),('71e938950a5fe12feed5af47b4cb5401',NULL,'66.249.70.110','Mozilla/5.0 (Linux; Android 6.0.1; Nexus 5X Build/MMB29P) AppleWebKit/537.36 (KHTML, like Gecko) Chrome/127.0.6533.119 Mobile Safari/537.36 (compatible; Googlebot/2.1; +http://www.google.com/bot.html)',1724602601,1724602601,0,'','revista.jdc.edu.co'),('7232207884eec1d0f454488b53b74b8c',NULL,'72.14.201.214','Mozilla/5.0 (Linux; Android 10; K) AppleWebKit/537.36 (KHTML, like Gecko) Chrome/127.0.0.0 Mobile Safari/537.36',1724643150,1724643150,0,'','revista.jdc.edu.co'),('723b25058642f05f58e25e50bba67c55',NULL,'173.254.206.242','Pingdom.com_bot_version_1.4_(http://www.pingdom.com/)',1724602850,1724602850,0,'','revista.jdc.edu.co'),('724a4a98b42aac3268c5b279100b0995',NULL,'107.20.105.74','DreamHost SiteMonitor 1.0',1724682470,1724682470,0,'','revista.jdc.edu.co'),('7269b0193703b9f30cd16c6372137952',NULL,'76.164.234.130','Pingdom.com_bot_version_1.4_(http://www.pingdom.com/)',1724675211,1724675211,0,'','revista.jdc.edu.co'),('7276c280cc6bbc1f81bfd92ab5b14b82',NULL,'64.237.55.3','Pingdom.com_bot_version_1.4_(http://www.pingdom.com/)',1724690571,1724690571,0,'','revista.jdc.edu.co'),('7279414d96822f512c155370267baa2e',NULL,'66.249.70.109','Mozilla/5.0 (Linux; Android 6.0.1; Nexus 5X Build/MMB29P) AppleWebKit/537.36 (KHTML, like Gecko) Chrome/127.0.6533.119 Mobile Safari/537.36 (compatible; Googlebot/2.1; +http://www.google.com/bot.html)',1724605654,1724605654,0,'','revista.jdc.edu.co'),('728df56bc0615a7d7373ea90686bfa19',NULL,'72.14.201.211','Mozilla/5.0 (Linux; Android 10; K) AppleWebKit/537.36 (KHTML, like Gecko) Chrome/127.0.0.0 Mobile Safari/537.36',1724675872,1724675872,0,'','revista.jdc.edu.co'),('7290782f694fb00b3ec9f61c141d3c74',NULL,'181.204.169.19','Mozilla/5.0 (Windows NT 10.0; Win64; x64) AppleWebKit/537.36 (KHTML, like Gecko) Chrome/128.0.0.0 Safari/537.36',1724610717,1724610717,0,'','revista.jdc.edu.co'),('72bcd0d29dc27bc8002fe40d38934ada',NULL,'107.182.234.77','Pingdom.com_bot_version_1.4_(http://www.pingdom.com/)',1724673411,1724673411,0,'','revista.jdc.edu.co'),('72cfef9f641bee6749ee61300d63ca21',NULL,'172.241.112.86','Pingdom.com_bot_version_1.4_(http://www.pingdom.com/)',1724672990,1724672990,0,'','revista.jdc.edu.co'),('72d95369d8c8f2d954638a25096920dd',NULL,'66.249.70.108','Mozilla/5.0 (Linux; Android 6.0.1; Nexus 5X Build/MMB29P) AppleWebKit/537.36 (KHTML, like Gecko) Chrome/127.0.6533.119 Mobile Safari/537.36 (compatible; Googlebot/2.1; +http://www.google.com/bot.html)',1724606908,1724606908,0,'','revista.jdc.edu.co'),('72deef8758ec8acb07d565280997b063',NULL,'46.20.45.18','Pingdom.com_bot_version_1.4_(http://www.pingdom.com/)',1724625290,1724625290,0,'','revista.jdc.edu.co'),('72e47fffdb22834409b9c718aa389de5',NULL,'107.20.105.74','DreamHost SiteMonitor 1.0',1724647969,1724647969,0,'','revista.jdc.edu.co'),('72f69cb42b63294db712bd4f08ebfdd5',NULL,'103.219.235.113','Mozilla/5.0 (Windows NT 10.0; Win64; x64; rv:129.0) Gecko/20100101 Firefox/129.0',1724630252,1724630252,0,'','revista.jdc.edu.co'),('72fc9fcb84a2ff6cc2e703a092423c13',NULL,'199.87.228.66','Pingdom.com_bot_version_1.4_(http://www.pingdom.com/)',1724622231,1724622231,0,'','revista.jdc.edu.co'),('7337fc436a0bdc49582bafd0d7c5af77',NULL,'104.129.24.154','Pingdom.com_bot_version_1.4_(http://www.pingdom.com/)',1724643470,1724643470,0,'','revista.jdc.edu.co'),('733becb4210a0e7564c5970c8142063f',NULL,'190.25.170.222','Mozilla/5.0 (Windows NT 10.0; Win64; x64) AppleWebKit/537.36 (KHTML, like Gecko) Chrome/126.0.0.0 Safari/537.36 OPR/112.0.0.0',1724674369,1724674369,0,'','revista.jdc.edu.co'),('734d58e966ffac1e9f07cc84b946e341',NULL,'209.58.139.193','Pingdom.com_bot_version_1.4_(http://www.pingdom.com/)',1724679830,1724679830,0,'','revista.jdc.edu.co'),('739f602d525cb02c0afe1c7cb5f26354',NULL,'199.87.228.66','Pingdom.com_bot_version_1.4_(http://www.pingdom.com/)',1724670290,1724670290,0,'','revista.jdc.edu.co'),('73b5ac788fe50c12b95f716a198575fd',NULL,'107.182.234.77','Pingdom.com_bot_version_1.4_(http://www.pingdom.com/)',1724625951,1724625951,0,'','revista.jdc.edu.co'),('73d2a2e47f12ddf1dd4fc75967bbd0ad',NULL,'187.190.187.248','Mozilla/5.0 (iPhone; CPU iPhone OS 17_5 like Mac OS X) AppleWebKit/605.1.15 (KHTML, like Gecko) GSA/330.0.663358993 Mobile/15E148 Safari/604.1',1724631986,1724631986,0,'','revista.jdc.edu.co'),('73d3f237932eab8ea2cad520ea9281b4',NULL,'46.20.45.18','Pingdom.com_bot_version_1.4_(http://www.pingdom.com/)',1724620490,1724620490,0,'','revista.jdc.edu.co'),('73d852b74c8e6b07a578d8b424c77d39',NULL,'66.249.70.109','Mozilla/5.0 (Linux; Android 6.0.1; Nexus 5X Build/MMB29P) AppleWebKit/537.36 (KHTML, like Gecko) Chrome/127.0.6533.119 Mobile Safari/537.36 (compatible; Googlebot/2.1; +http://www.google.com/bot.html)',1724658172,1724658172,0,'','revista.jdc.edu.co'),('73e4dc9ef79552bce389abc0e8a3f19e',NULL,'66.249.70.110','Mozilla/5.0 (Linux; Android 6.0.1; Nexus 5X Build/MMB29P) AppleWebKit/537.36 (KHTML, like Gecko) Chrome/127.0.6533.119 Mobile Safari/537.36 (compatible; Googlebot/2.1; +http://www.google.com/bot.html)',1724652769,1724652769,0,'','revista.jdc.edu.co'),('7418714da23e47c653adf67e8c143509',NULL,'179.51.118.54','Mozilla/5.0 (Windows NT 10.0; Win64; x64) AppleWebKit/537.36 (KHTML, like Gecko) Chrome/127.0.0.0 Safari/537.36',1724645724,1724645763,0,'','revista.jdc.edu.co'),('7427af37feb70395921f4fc094bc6f8a',NULL,'66.249.70.110','Mozilla/5.0 (Linux; Android 6.0.1; Nexus 5X Build/MMB29P) AppleWebKit/537.36 (KHTML, like Gecko) Chrome/127.0.6533.119 Mobile Safari/537.36 (compatible; Googlebot/2.1; +http://www.google.com/bot.html)',1724622665,1724622665,0,'','revista.jdc.edu.co'),('744034ddb0ee266ed922cb3edbb67111',NULL,'216.244.91.82','',1724654392,1724654392,0,'','revista.jdc.edu.co'),('748f537e4c83a52d6ac9a53ec6011186',NULL,'200.110.171.82','Mozilla/5.0 (Windows NT 10.0; Win64; x64) AppleWebKit/537.36 (KHTML, like Gecko) Chrome/127.0.0.0 Safari/537.36',1724676577,1724676577,0,'','revista.jdc.edu.co'),('749c2b4e55c482cc8b354d42b0a4197a',NULL,'107.20.105.74','DreamHost SiteMonitor 1.0',1724608069,1724608069,0,'','revista.jdc.edu.co'),('74a19d2b581a9cedd1a8d28a94563a38',NULL,'52.167.144.206','Mozilla/5.0 AppleWebKit/537.36 (KHTML, like Gecko; compatible; bingbot/2.0; +http://www.bing.com/bingbot.htm) Chrome/116.0.1938.76 Safari/537.36',1724641129,1724641129,0,'','revista.jdc.edu.co'),('74b58013c6df4851fdad7b556f19dad6',NULL,'184.75.214.66','Pingdom.com_bot_version_1.4_(http://www.pingdom.com/)',1724675451,1724675451,0,'','revista.jdc.edu.co'),('74b6bcdecc711524e5bf10c00a6c2919',NULL,'66.249.70.108','Googlebot/2.1 (+http://www.google.com/bot.html)',1724687915,1724687915,0,'','revista.jdc.edu.co'),('74ce786a90cc04d80a94c9a1126b0824',NULL,'107.182.234.77','Pingdom.com_bot_version_1.4_(http://www.pingdom.com/)',1724649350,1724649350,0,'','revista.jdc.edu.co'),('75141c54f2542862c4ccd11e0a025578',NULL,'104.129.24.154','Pingdom.com_bot_version_1.4_(http://www.pingdom.com/)',1724650670,1724650670,0,'','revista.jdc.edu.co'),('7516b72271d9240aac23c72311c2d71c',NULL,'107.20.105.74','DreamHost SiteMonitor 1.0',1724661169,1724661169,0,'','revista.jdc.edu.co'),('751f6514aef1bae36dbae76327b53fa6',NULL,'66.249.70.110','Mozilla/5.0 (Linux; Android 6.0.1; Nexus 5X Build/MMB29P) AppleWebKit/537.36 (KHTML, like Gecko) Chrome/127.0.6533.119 Mobile Safari/537.36 (compatible; Googlebot/2.1; +http://www.google.com/bot.html)',1724663903,1724663903,0,'','revista.jdc.edu.co'),('75328f5e45bc2f51e2d8b3a0d218572a',NULL,'66.249.70.110','Mozilla/5.0 (Linux; Android 6.0.1; Nexus 5X Build/MMB29P) AppleWebKit/537.36 (KHTML, like Gecko) Chrome/127.0.6533.119 Mobile Safari/537.36 (compatible; Googlebot/2.1; +http://www.google.com/bot.html)',1724642751,1724642751,0,'','revista.jdc.edu.co'),('753d72a445586a327dee52a11f803b66',NULL,'186.154.204.145','Mozilla/5.0 (Windows NT 10.0; Win64; x64) AppleWebKit/537.36 (KHTML, like Gecko) Chrome/128.0.0.0 Safari/537.36',1724670119,1724670119,0,'','revista.jdc.edu.co'),('7560f3e7dd74b22ad21f983ab1eebfde',NULL,'108.181.70.3','Pingdom.com_bot_version_1.4_(http://www.pingdom.com/)',1724603331,1724603331,0,'','revista.jdc.edu.co'),('7574ccbc5c09659c9847dde37e066819',NULL,'66.249.70.109','Mozilla/5.0 (Linux; Android 6.0.1; Nexus 5X Build/MMB29P) AppleWebKit/537.36 (KHTML, like Gecko) Chrome/127.0.6533.119 Mobile Safari/537.36 (compatible; Googlebot/2.1; +http://www.google.com/bot.html)',1724649421,1724649421,0,'','revista.jdc.edu.co'),('758290dd15ccc9572ab3ae96618c33a4',NULL,'209.58.139.193','Pingdom.com_bot_version_1.4_(http://www.pingdom.com/)',1724681030,1724681030,0,'','revista.jdc.edu.co'),('759b39594de7d17b861f691a46239637',NULL,'107.182.234.77','Pingdom.com_bot_version_1.4_(http://www.pingdom.com/)',1724648151,1724648151,0,'','revista.jdc.edu.co'),('75c748434011ea7034f67cb3736de74f',NULL,'66.249.70.108','Mozilla/5.0 (Linux; Android 6.0.1; Nexus 5X Build/MMB29P) AppleWebKit/537.36 (KHTML, like Gecko) Chrome/127.0.6533.119 Mobile Safari/537.36 (compatible; Googlebot/2.1; +http://www.google.com/bot.html)',1724648846,1724648846,0,'','revista.jdc.edu.co'),('75e3444b2c6d6fabdfb556b89636c857',NULL,'199.87.228.66','Pingdom.com_bot_version_1.4_(http://www.pingdom.com/)',1724651630,1724651630,0,'','revista.jdc.edu.co'),('75f0325014152a9a00d32424a5a82cdc',NULL,'46.20.45.18','Pingdom.com_bot_version_1.4_(http://www.pingdom.com/)',1724678090,1724678090,0,'','revista.jdc.edu.co'),('760799f6916604ef32cf42ff63889739',NULL,'184.75.214.66','Pingdom.com_bot_version_1.4_(http://www.pingdom.com/)',1724673651,1724673651,0,'','revista.jdc.edu.co'),('7617390512149baff25c8a4260b457d7',NULL,'191.91.39.37','',1724622866,1724622866,0,'currentLocale|s:5:\"en_US\";','revista.jdc.edu.co'),('761cbed619414eb8aa533a0c9b91e4aa',NULL,'66.249.70.110','Googlebot/2.1 (+http://www.google.com/bot.html)',1724683829,1724683829,0,'','revista.jdc.edu.co'),('76223c7b6910daa219e443cae2599635',NULL,'64.237.55.3','Pingdom.com_bot_version_1.4_(http://www.pingdom.com/)',1724632371,1724632371,0,'','revista.jdc.edu.co'),('765aa53eca7d4ed3cd37514adf090a13',NULL,'107.20.105.74','DreamHost SiteMonitor 1.0',1724663270,1724663270,0,'','revista.jdc.edu.co'),('7697ee96c5d1eabb83558d33c5b6fe4e',NULL,'107.189.3.11','Mozilla/5.0 (Macintosh; Intel Mac OS X 12_5) AppleWebKit/537.36 (KHTML, like Gecko) Chrome/114.0.0.0 YaBrowser/22.7.0 Yowser/2.5 Safari/537.36',1724669416,1724669416,0,'','revista.jdc.edu.co'),('76b4b7faa0bfad2876c562de84ba3598',NULL,'139.18.242.215','metha/0.3.11',1724602132,1724602132,0,'','revista.jdc.edu.co'),('76b92e6e6b03099a94c9490ac1f85050',NULL,'201.216.48.140','Mozilla/5.0 (Windows NT 10.0; Win64; x64; rv:129.0) Gecko/20100101 Firefox/129.0',1724675609,1724675616,0,'','revista.jdc.edu.co'),('76bd951e1a042f30e665e0c6850c8ed1',NULL,'76.164.234.130','Pingdom.com_bot_version_1.4_(http://www.pingdom.com/)',1724689610,1724689610,0,'','revista.jdc.edu.co'),('76beba5bd3f3f77a47954a5f6ef50602',NULL,'104.129.24.154','Pingdom.com_bot_version_1.4_(http://www.pingdom.com/)',1724607470,1724607470,0,'','revista.jdc.edu.co'),('76e3143b28cbedabc4d327c845c1d857',NULL,'107.20.105.74','DreamHost SiteMonitor 1.0',1724673169,1724673169,0,'','revista.jdc.edu.co'),('76f4e45bc7176bbdf947009f80ce8df4',NULL,'173.254.206.242','Pingdom.com_bot_version_1.4_(http://www.pingdom.com/)',1724615450,1724615450,0,'','revista.jdc.edu.co'),('7709986371e3b4393f254b2de9d2c326',NULL,'46.20.45.18','Pingdom.com_bot_version_1.4_(http://www.pingdom.com/)',1724609690,1724609690,0,'','revista.jdc.edu.co'),('770b9cac0ddcee389ba15287e8743393',NULL,'196.245.151.42','Pingdom.com_bot_version_1.4_(http://www.pingdom.com/)',1724611311,1724611311,0,'','revista.jdc.edu.co'),('775228b999487ab661baaa9a725b3ab5',NULL,'190.66.219.202','Mozilla/5.0 (Windows NT 10.0; Win64; x64) AppleWebKit/537.36 (KHTML, like Gecko) Chrome/128.0.0.0 Safari/537.36',1724678639,1724678639,0,'','revista.jdc.edu.co'),('77541d29a3eca25897936cc2d8081bd5',NULL,'196.245.151.42','Pingdom.com_bot_version_1.4_(http://www.pingdom.com/)',1724623911,1724623911,0,'','revista.jdc.edu.co'),('777491eafec3eff89e87e77dce133b6d',NULL,'66.249.70.108','Mozilla/5.0 (Linux; Android 6.0.1; Nexus 5X Build/MMB29P) AppleWebKit/537.36 (KHTML, like Gecko) Chrome/127.0.6533.119 Mobile Safari/537.36 (compatible; Googlebot/2.1; +http://www.google.com/bot.html)',1724674029,1724674029,0,'','revista.jdc.edu.co'),('777774d0b0c0954ca6a332578cff3211',NULL,'66.249.70.110','Mozilla/5.0 (Linux; Android 6.0.1; Nexus 5X Build/MMB29P) AppleWebKit/537.36 (KHTML, like Gecko) Chrome/127.0.6533.119 Mobile Safari/537.36 (compatible; Googlebot/2.1; +http://www.google.com/bot.html)',1724674598,1724674598,0,'','revista.jdc.edu.co'),('77922365928c20b201bb2df09d1f90b6',NULL,'107.20.105.74','DreamHost SiteMonitor 1.0',1724667769,1724667769,0,'','revista.jdc.edu.co'),('7799f00f435af0f5010459b3d0adb926',NULL,'66.249.70.108','Mozilla/5.0 (Linux; Android 6.0.1; Nexus 5X Build/MMB29P) AppleWebKit/537.36 (KHTML, like Gecko) Chrome/127.0.6533.119 Mobile Safari/537.36 (compatible; Googlebot/2.1; +http://www.google.com/bot.html)',1724681072,1724681072,0,'','revista.jdc.edu.co'),('77bcd88c9fdd52b8ec60a038be927ff1',NULL,'66.249.70.109','Mozilla/5.0 (Linux; Android 6.0.1; Nexus 5X Build/MMB29P) AppleWebKit/537.36 (KHTML, like Gecko) Chrome/127.0.6533.119 Mobile Safari/537.36 (compatible; Googlebot/2.1; +http://www.google.com/bot.html)',1724677615,1724677615,0,'','revista.jdc.edu.co'),('77e4bf2881965a77c939e396cf49df57',NULL,'172.241.112.86','Pingdom.com_bot_version_1.4_(http://www.pingdom.com/)',1724630990,1724630990,0,'','revista.jdc.edu.co'),('7801a0da5afe4f2fec2b0c9a7b7c1fc4',NULL,'38.18.20.251','Mozilla/5.0 AppleWebKit/537.36 (KHTML, like Gecko; compatible; PerplexityBot/1.0; +https://docs.perplexity.ai/docs/perplexity-bot)',1724688921,1724688921,0,'','revista.jdc.edu.co'),('781f6178688a03be8d25af398a07a1d9',NULL,'66.249.70.109','Mozilla/5.0 (Linux; Android 6.0.1; Nexus 5X Build/MMB29P) AppleWebKit/537.36 (KHTML, like Gecko) Chrome/127.0.6533.119 Mobile Safari/537.36 (compatible; Googlebot/2.1; +http://www.google.com/bot.html)',1724676195,1724676195,0,'','revista.jdc.edu.co'),('7831e5c15b2104d940b175fcaf1399a2',NULL,'64.237.55.3','Pingdom.com_bot_version_1.4_(http://www.pingdom.com/)',1724632970,1724632970,0,'','revista.jdc.edu.co'),('783605dfcf80b48b528de3f498366d7f',NULL,'107.182.234.77','Pingdom.com_bot_version_1.4_(http://www.pingdom.com/)',1724680550,1724680550,0,'','revista.jdc.edu.co'),('7838512ead288807cf4a71d4aed395a9',NULL,'189.191.133.243','Mozilla/5.0 (Windows NT 10.0; Win64; x64) AppleWebKit/537.36 (KHTML, like Gecko) Chrome/128.0.0.0 Safari/537.36',1724608382,1724608384,0,'','revista.jdc.edu.co'),('783e2a16295a5c0d564b7e5eefbb395e',NULL,'66.249.70.108','Mozilla/5.0 (Linux; Android 6.0.1; Nexus 5X Build/MMB29P) AppleWebKit/537.36 (KHTML, like Gecko) Chrome/127.0.6533.119 Mobile Safari/537.36 (compatible; Googlebot/2.1; +http://www.google.com/bot.html)',1724680125,1724680126,0,'currentLocale|s:5:\"pt_BR\";','revista.jdc.edu.co'),('7866f20ae53f7ae779c4a0fcfa6fa730',NULL,'66.249.70.110','Mozilla/5.0 (Linux; Android 6.0.1; Nexus 5X Build/MMB29P) AppleWebKit/537.36 (KHTML, like Gecko) Chrome/127.0.6533.119 Mobile Safari/537.36 (compatible; Googlebot/2.1; +http://www.google.com/bot.html)',1724664606,1724664606,0,'','revista.jdc.edu.co'),('786c13e31500ae8c5be3e94666b9090c',NULL,'139.18.242.215','metha/0.3.11',1724614371,1724614371,0,'','revista.jdc.edu.co'),('786d12f2c8a82c3703bc2f748524a7fc',NULL,'201.71.126.92','Mozilla/5.0 (Windows NT 10.0; Win64; x64) AppleWebKit/537.36 (KHTML, like Gecko) Chrome/127.0.0.0 Safari/537.36',1724690026,1724690026,0,'','revista.jdc.edu.co'),('7871f552c99036ede4c667a97ca3088a',NULL,'184.75.214.66','Pingdom.com_bot_version_1.4_(http://www.pingdom.com/)',1724650851,1724650851,0,'','revista.jdc.edu.co'),('7874467745c7d32cb62e5baf5b62d87d',NULL,'173.254.206.242','Pingdom.com_bot_version_1.4_(http://www.pingdom.com/)',1724687450,1724687450,0,'','revista.jdc.edu.co'),('7880cc6f62b5e8b449ea58537f713863',NULL,'181.135.254.159','Mozilla/5.0 (Windows NT 10.0; Win64; x64) AppleWebKit/537.36 (KHTML, like Gecko) Chrome/128.0.0.0 Safari/537.36',1724639685,1724639697,0,'','revista.jdc.edu.co'),('788308d47c613018f0d6a16bf30b86bf',NULL,'47.116.2.190','Mozilla/5.0 (Macintosh; Intel Mac OS X 10_15_7) AppleWebKit/537.36 (KHTML, like Gecko) Chrome/121.0.0.0 Safari/537.36',1724642500,1724642501,0,'','revista.jdc.edu.co'),('78a2131697b4e3e314d60bcbcc1a21f7',NULL,'66.249.70.110','Mozilla/5.0 (Linux; Android 6.0.1; Nexus 5X Build/MMB29P) AppleWebKit/537.36 (KHTML, like Gecko) Chrome/127.0.6533.119 Mobile Safari/537.36 (compatible; Googlebot/2.1; +http://www.google.com/bot.html)',1724631768,1724631768,0,'','revista.jdc.edu.co'),('78a88af2a1131940a5c8dec5d5bece7c',NULL,'64.237.55.3','Pingdom.com_bot_version_1.4_(http://www.pingdom.com/)',1724673770,1724673770,0,'','revista.jdc.edu.co'),('78bc56c788268331aa5df7d6e9e452d3',NULL,'187.245.69.92','Mozilla/5.0 (Macintosh; Intel Mac OS X 10_15_7) AppleWebKit/605.1.15 (KHTML, like Gecko) CriOS/128 Version/11.1.1 Safari/605.1.15',1724631732,1724631746,0,'','revista.jdc.edu.co'),('78fa3fcf32bcec88c6c6196ba35a8a59',NULL,'189.151.4.14','Mozilla/5.0 (Linux; Android 13; moto e13 Build/TLAS33.105-290-2) AppleWebKit/537.36 (KHTML, like Gecko) Chrome/127.0.6533.103 Mobile Safari/537.36',1724626741,1724626741,0,'','revista.jdc.edu.co'),('7917c2dc32ebb1641bd7aed9c81d5df6',NULL,'76.164.234.130','Pingdom.com_bot_version_1.4_(http://www.pingdom.com/)',1724678211,1724678211,0,'','revista.jdc.edu.co'),('791be53ac1ca70311b16212d29ab809d',NULL,'66.249.70.109','Mozilla/5.0 (Linux; Android 6.0.1; Nexus 5X Build/MMB29P) AppleWebKit/537.36 (KHTML, like Gecko) Chrome/127.0.6533.119 Mobile Safari/537.36 (compatible; Googlebot/2.1; +http://www.google.com/bot.html)',1724629561,1724629561,0,'','revista.jdc.edu.co'),('7926466218c52e7f84ca2d815c931070',NULL,'66.249.70.109','Mozilla/5.0 (Linux; Android 6.0.1; Nexus 5X Build/MMB29P) AppleWebKit/537.36 (KHTML, like Gecko) Chrome/127.0.6533.119 Mobile Safari/537.36 (compatible; Googlebot/2.1; +http://www.google.com/bot.html)',1724648486,1724648487,0,'currentLocale|s:5:\"pt_BR\";','revista.jdc.edu.co'),('795151cfb3e9fb4ffb706f8512f4b970',NULL,'66.249.70.108','Googlebot/2.1 (+http://www.google.com/bot.html)',1724680578,1724680578,0,'','revista.jdc.edu.co'),('7959cafa206449e6b7ae142ae0489e80',NULL,'172.241.112.86','Pingdom.com_bot_version_1.4_(http://www.pingdom.com/)',1724653190,1724653190,0,'','revista.jdc.edu.co'),('795ce4139aa26be6e27542fdc6b65217',NULL,'152.58.163.136','Mozilla/5.0 (Windows NT 10.0; Win64; x64) AppleWebKit/537.36 (KHTML, like Gecko) Chrome/127.0.0.0 Safari/537.36',1724694659,1724694659,0,'','revista.jdc.edu.co'),('795d615c1560da983fc3014f450a2b24',NULL,'66.249.70.110','Mozilla/5.0 (Linux; Android 6.0.1; Nexus 5X Build/MMB29P) AppleWebKit/537.36 (KHTML, like Gecko) Chrome/127.0.6533.119 Mobile Safari/537.36 (compatible; Googlebot/2.1; +http://www.google.com/bot.html)',1724619216,1724619217,0,'','revista.jdc.edu.co'),('79629781e4377ce84ca7c9c524b480cc',NULL,'181.115.138.17','Mozilla/5.0 (Linux; Android 10; K) AppleWebKit/537.36 (KHTML, like Gecko) Chrome/127.0.0.0 Mobile Safari/537.36',1724681480,1724681480,0,'','revista.jdc.edu.co'),('799122b395f510584ff1ec017838c2a5',NULL,'172.241.112.86','Pingdom.com_bot_version_1.4_(http://www.pingdom.com/)',1724633390,1724633390,0,'','revista.jdc.edu.co'),('799f00958d763a06447c01094582bb83',NULL,'52.167.144.163','Mozilla/5.0 AppleWebKit/537.36 (KHTML, like Gecko; compatible; bingbot/2.0; +http://www.bing.com/bingbot.htm) Chrome/116.0.1938.76 Safari/537.36',1724661747,1724661747,0,'','revista.jdc.edu.co'),('79c715106312808d09098866772a2e86',NULL,'107.20.105.74','DreamHost SiteMonitor 1.0',1724666569,1724666569,0,'','revista.jdc.edu.co'),('79c9a671e9c0424b467698d0066ba915',NULL,'108.181.70.3','Pingdom.com_bot_version_1.4_(http://www.pingdom.com/)',1724668131,1724668131,0,'','revista.jdc.edu.co'),('79d768c9601164b6dae18320358959c3',NULL,'107.20.105.74','DreamHost SiteMonitor 1.0',1724630569,1724630569,0,'','revista.jdc.edu.co'),('79dbb19387c15887adb9617a4a055bfb',NULL,'66.249.70.109','Mozilla/5.0 (Linux; Android 6.0.1; Nexus 5X Build/MMB29P) AppleWebKit/537.36 (KHTML, like Gecko) Chrome/127.0.6533.119 Mobile Safari/537.36 (compatible; Googlebot/2.1; +http://www.google.com/bot.html)',1724688589,1724688589,0,'','revista.jdc.edu.co'),('79fc024fe4132a95fe9de9db93416986',NULL,'46.20.45.18','Pingdom.com_bot_version_1.4_(http://www.pingdom.com/)',1724612091,1724612091,0,'','revista.jdc.edu.co'),('7a0cc766b3cf20b93e369cb151403297',NULL,'66.249.70.110','Mozilla/5.0 (Linux; Android 6.0.1; Nexus 5X Build/MMB29P) AppleWebKit/537.36 (KHTML, like Gecko) Chrome/127.0.6533.119 Mobile Safari/537.36 (compatible; Googlebot/2.1; +http://www.google.com/bot.html)',1724693184,1724693184,0,'','revista.jdc.edu.co'),('7a38ccae734667c5ab0f8dda7f15534d',NULL,'179.6.14.217','Mozilla/5.0 (Windows NT 10.0; Win64; x64) AppleWebKit/537.36 (KHTML, like Gecko) Chrome/127.0.0.0 Safari/537.36',1724609844,1724609844,0,'','revista.jdc.edu.co'),('7a517f7873110ce89977e3970b9413c9',NULL,'190.96.247.141','Mozilla/5.0 (iPhone; CPU iPhone OS 17_6_1 like Mac OS X) AppleWebKit/605.1.15 (KHTML, like Gecko) Version/17.6 Mobile/15E148 Safari/604.1',1724615420,1724615420,0,'','revista.jdc.edu.co'),('7a5218661a1dcbb56e3f2416e2e5e436',NULL,'66.249.70.108','Mozilla/5.0 (Linux; Android 6.0.1; Nexus 5X Build/MMB29P) AppleWebKit/537.36 (KHTML, like Gecko) Chrome/127.0.6533.119 Mobile Safari/537.36 (compatible; Googlebot/2.1; +http://www.google.com/bot.html)',1724658620,1724658620,0,'','revista.jdc.edu.co'),('7a5ec20e97ff4aebc0074601833f22ba',NULL,'66.249.70.110','Mozilla/5.0 (Linux; Android 6.0.1; Nexus 5X Build/MMB29P) AppleWebKit/537.36 (KHTML, like Gecko) Chrome/127.0.6533.119 Mobile Safari/537.36 (compatible; Googlebot/2.1; +http://www.google.com/bot.html)',1724611322,1724611322,0,'currentLocale|s:5:\"en_US\";','revista.jdc.edu.co'),('7a8199da356b0c7253d2be79fdd7fdc1',NULL,'107.20.105.74','DreamHost SiteMonitor 1.0',1724606869,1724606869,0,'','revista.jdc.edu.co'),('7a8eec9ec3e76c57e91a5e95ea7d8d9e',NULL,'46.20.45.18','Pingdom.com_bot_version_1.4_(http://www.pingdom.com/)',1724614491,1724614491,0,'','revista.jdc.edu.co'),('7ab533c00e199c973b858326fe819138',NULL,'66.249.70.109','Mozilla/5.0 (Linux; Android 6.0.1; Nexus 5X Build/MMB29P) AppleWebKit/537.36 (KHTML, like Gecko) Chrome/127.0.6533.119 Mobile Safari/537.36 (compatible; Googlebot/2.1; +http://www.google.com/bot.html)',1724617445,1724617445,0,'','revista.jdc.edu.co'),('7ad8ec965359a21a489b6d761b51afc3',NULL,'46.20.45.18','Pingdom.com_bot_version_1.4_(http://www.pingdom.com/)',1724646891,1724646891,0,'','revista.jdc.edu.co'),('7aeb2974251e279c1ce0df2fb31fb518',NULL,'66.249.70.108','Mozilla/5.0 (Linux; Android 6.0.1; Nexus 5X Build/MMB29P) AppleWebKit/537.36 (KHTML, like Gecko) Chrome/127.0.6533.119 Mobile Safari/537.36 (compatible; Googlebot/2.1; +http://www.google.com/bot.html)',1724671818,1724671818,0,'','revista.jdc.edu.co'),('7af430837c75e12dd1ef494bf3d93e65',NULL,'191.109.64.59','Mozilla/5.0 (Windows NT 10.0; Win64; x64) AppleWebKit/537.36 (KHTML, like Gecko) Chrome/123.0.0.0 Safari/537.36 OPR/109.0.0.0 (Edition std-1)',1724633616,1724633616,0,'','revista.jdc.edu.co'),